[INFO] fetching crate tinyvecdeque 0.1.2...
[INFO] testing tinyvecdeque-0.1.2 against 1.83.0 for beta-1.84.0-4-retry
[INFO] extracting crate tinyvecdeque 0.1.2 into /workspace/builds/worker-7-tc1/source
[INFO] validating manifest of crates.io crate tinyvecdeque 0.1.2 on toolchain 1.83.0
[INFO] running `Command { std: CARGO_HOME="/workspace/cargo-home" RUSTUP_HOME="/workspace/rustup-home" "/workspace/cargo-home/bin/cargo" "+1.83.0" "metadata" "--manifest-path" "Cargo.toml" "--no-deps", kill_on_drop: false }`
[INFO] started tweaking crates.io crate tinyvecdeque 0.1.2
[INFO] finished tweaking crates.io crate tinyvecdeque 0.1.2
[INFO] tweaked toml for crates.io crate tinyvecdeque 0.1.2 written to /workspace/builds/worker-7-tc1/source/Cargo.toml
[INFO] running `Command { std: CARGO_HOME="/workspace/cargo-home" RUSTUP_HOME="/workspace/rustup-home" "/workspace/cargo-home/bin/cargo" "+1.83.0" "generate-lockfile" "--manifest-path" "Cargo.toml", kill_on_drop: false }`
[INFO] [stderr]     Updating crates.io index
[INFO] [stderr]      Locking 75 packages to latest compatible versions
[INFO] [stderr]       Adding criterion v0.4.0 (available: v0.5.1)
[INFO] running `Command { std: CARGO_HOME="/workspace/cargo-home" RUSTUP_HOME="/workspace/rustup-home" "/workspace/cargo-home/bin/cargo" "+1.83.0" "fetch" "--manifest-path" "Cargo.toml", kill_on_drop: false }`
[INFO] running `Command { std: "docker" "create" "-v" "/var/lib/crater-agent-workspace/builds/worker-7-tc1/target:/opt/rustwide/target:rw,Z" "-v" "/var/lib/crater-agent-workspace/builds/worker-7-tc1/source:/opt/rustwide/workdir:ro,Z" "-v" "/var/lib/crater-agent-workspace/cargo-home:/opt/rustwide/cargo-home:ro,Z" "-v" "/var/lib/crater-agent-workspace/rustup-home:/opt/rustwide/rustup-home:ro,Z" "-e" "SOURCE_DIR=/opt/rustwide/workdir" "-e" "CARGO_TARGET_DIR=/opt/rustwide/target" "-e" "CARGO_HOME=/opt/rustwide/cargo-home" "-e" "RUSTUP_HOME=/opt/rustwide/rustup-home" "-w" "/opt/rustwide/workdir" "-m" "1610612736" "--user" "0:0" "--network" "none" "ghcr.io/rust-lang/crates-build-env/linux@sha256:f3a9d4ad9d972b27faf3965f35b62e55ba32bbce8f20bc8fe909558a86702fde" "/opt/rustwide/cargo-home/bin/cargo" "+1.83.0" "metadata" "--no-deps" "--format-version=1", kill_on_drop: false }`
[INFO] [stdout] d0d3968cadee3cdd7a5a27e67a113ed2fa002e3e4f9e3edaa02c0ef555b81ecd
[INFO] running `Command { std: "docker" "start" "-a" "d0d3968cadee3cdd7a5a27e67a113ed2fa002e3e4f9e3edaa02c0ef555b81ecd", kill_on_drop: false }`
[INFO] running `Command { std: "docker" "inspect" "d0d3968cadee3cdd7a5a27e67a113ed2fa002e3e4f9e3edaa02c0ef555b81ecd", kill_on_drop: false }`
[INFO] running `Command { std: "docker" "rm" "-f" "d0d3968cadee3cdd7a5a27e67a113ed2fa002e3e4f9e3edaa02c0ef555b81ecd", kill_on_drop: false }`
[INFO] [stdout] d0d3968cadee3cdd7a5a27e67a113ed2fa002e3e4f9e3edaa02c0ef555b81ecd
[INFO] running `Command { std: "docker" "create" "-v" "/var/lib/crater-agent-workspace/builds/worker-7-tc1/target:/opt/rustwide/target:rw,Z" "-v" "/var/lib/crater-agent-workspace/builds/worker-7-tc1/source:/opt/rustwide/workdir:ro,Z" "-v" "/var/lib/crater-agent-workspace/cargo-home:/opt/rustwide/cargo-home:ro,Z" "-v" "/var/lib/crater-agent-workspace/rustup-home:/opt/rustwide/rustup-home:ro,Z" "-e" "SOURCE_DIR=/opt/rustwide/workdir" "-e" "CARGO_TARGET_DIR=/opt/rustwide/target" "-e" "CARGO_INCREMENTAL=0" "-e" "RUST_BACKTRACE=full" "-e" "RUSTFLAGS=--cap-lints=warn" "-e" "RUSTDOCFLAGS=--cap-lints=warn" "-e" "CARGO_HOME=/opt/rustwide/cargo-home" "-e" "RUSTUP_HOME=/opt/rustwide/rustup-home" "-w" "/opt/rustwide/workdir" "-m" "1610612736" "--user" "0:0" "--network" "none" "ghcr.io/rust-lang/crates-build-env/linux@sha256:f3a9d4ad9d972b27faf3965f35b62e55ba32bbce8f20bc8fe909558a86702fde" "/opt/rustwide/cargo-home/bin/cargo" "+1.83.0" "build" "--frozen" "--message-format=json", kill_on_drop: false }`
[INFO] [stdout] 78c76b918146f325ca82974f9ceb874bc8190120603b5d8765399a96173e5410
[INFO] running `Command { std: "docker" "start" "-a" "78c76b918146f325ca82974f9ceb874bc8190120603b5d8765399a96173e5410", kill_on_drop: false }`
[INFO] [stderr]    Compiling proc-macro2 v1.0.92
[INFO] [stderr]    Compiling unicode-ident v1.0.14
[INFO] [stderr]    Compiling autocfg v1.4.0
[INFO] [stderr]    Compiling crossbeam-utils v0.8.20
[INFO] [stderr]    Compiling serde v1.0.216
[INFO] [stderr]    Compiling either v1.13.0
[INFO] [stderr]    Compiling serde_json v1.0.133
[INFO] [stderr]    Compiling libc v0.2.168
[INFO] [stderr]    Compiling rayon-core v1.12.1
[INFO] [stderr]    Compiling cfg-if v1.0.0
[INFO] [stderr]    Compiling half v2.4.1
[INFO] [stderr]    Compiling regex-syntax v0.8.5
[INFO] [stderr]    Compiling os_str_bytes v6.6.1
[INFO] [stderr]    Compiling itoa v1.0.14
[INFO] [stderr]    Compiling memchr v2.7.4
[INFO] [stderr]    Compiling ryu v1.0.18
[INFO] [stderr]    Compiling hashbrown v0.12.3
[INFO] [stderr]    Compiling num-traits v0.2.19
[INFO] [stderr]    Compiling crossbeam-epoch v0.9.18
[INFO] [stderr]    Compiling indexmap v1.9.3
[INFO] [stderr]    Compiling plotters-backend v0.3.7
[INFO] [stderr]    Compiling ciborium-io v0.2.2
[INFO] [stderr]    Compiling quote v1.0.37
[INFO] [stderr]    Compiling ciborium-ll v0.2.2
[INFO] [stderr]    Compiling crossbeam-deque v0.8.5
[INFO] [stderr]    Compiling syn v2.0.90
[INFO] [stderr]    Compiling plotters-svg v0.3.7
[INFO] [stderr]    Compiling clap_lex v0.2.4
[INFO] [stderr]    Compiling itertools v0.10.5
[INFO] [stderr]    Compiling same-file v1.0.6
[INFO] [stderr]    Compiling cast v0.3.0
[INFO] [stderr]    Compiling textwrap v0.16.1
[INFO] [stderr]    Compiling regex-automata v0.4.9
[INFO] [stderr]    Compiling bitflags v1.3.2
[INFO] [stderr]    Compiling clap v3.2.25
[INFO] [stderr]    Compiling plotters v0.3.7
[INFO] [stderr]    Compiling atty v0.2.14
[INFO] [stderr]    Compiling rayon v1.10.0
[INFO] [stderr]    Compiling walkdir v2.5.0
[INFO] [stderr]    Compiling oorandom v11.1.4
[INFO] [stderr]    Compiling anes v0.1.6
[INFO] [stderr]    Compiling lazy_static v1.5.0
[INFO] [stderr]    Compiling criterion-plot v0.5.0
[INFO] [stderr]    Compiling regex v1.11.1
[INFO] [stderr]    Compiling serde_derive v1.0.216
[INFO] [stderr]    Compiling ciborium v0.2.2
[INFO] [stderr]    Compiling tinytemplate v1.2.1
[INFO] [stderr]    Compiling criterion v0.4.0
[INFO] [stderr]    Compiling tinyvecdeque v0.1.2 (/opt/rustwide/workdir)
[INFO] [stderr]     Finished `dev` profile [unoptimized + debuginfo] target(s) in 52.59s
[INFO] running `Command { std: "docker" "inspect" "78c76b918146f325ca82974f9ceb874bc8190120603b5d8765399a96173e5410", kill_on_drop: false }`
[INFO] running `Command { std: "docker" "rm" "-f" "78c76b918146f325ca82974f9ceb874bc8190120603b5d8765399a96173e5410", kill_on_drop: false }`
[INFO] [stdout] 78c76b918146f325ca82974f9ceb874bc8190120603b5d8765399a96173e5410
[INFO] running `Command { std: "docker" "create" "-v" "/var/lib/crater-agent-workspace/builds/worker-7-tc1/target:/opt/rustwide/target:rw,Z" "-v" "/var/lib/crater-agent-workspace/builds/worker-7-tc1/source:/opt/rustwide/workdir:ro,Z" "-v" "/var/lib/crater-agent-workspace/cargo-home:/opt/rustwide/cargo-home:ro,Z" "-v" "/var/lib/crater-agent-workspace/rustup-home:/opt/rustwide/rustup-home:ro,Z" "-e" "SOURCE_DIR=/opt/rustwide/workdir" "-e" "CARGO_TARGET_DIR=/opt/rustwide/target" "-e" "CARGO_INCREMENTAL=0" "-e" "RUST_BACKTRACE=full" "-e" "RUSTFLAGS=--cap-lints=warn" "-e" "RUSTDOCFLAGS=--cap-lints=warn" "-e" "CARGO_HOME=/opt/rustwide/cargo-home" "-e" "RUSTUP_HOME=/opt/rustwide/rustup-home" "-w" "/opt/rustwide/workdir" "-m" "1610612736" "--user" "0:0" "--network" "none" "ghcr.io/rust-lang/crates-build-env/linux@sha256:f3a9d4ad9d972b27faf3965f35b62e55ba32bbce8f20bc8fe909558a86702fde" "/opt/rustwide/cargo-home/bin/cargo" "+1.83.0" "test" "--frozen" "--no-run" "--message-format=json", kill_on_drop: false }`
[INFO] [stdout] e071544c6e8a7b54d5b4dfdafd6bf57a5645c9370ca94da718eb290f6b07531c
[INFO] running `Command { std: "docker" "start" "-a" "e071544c6e8a7b54d5b4dfdafd6bf57a5645c9370ca94da718eb290f6b07531c", kill_on_drop: false }`
[INFO] [stderr]    Compiling tinyvecdeque v0.1.2 (/opt/rustwide/workdir)
[INFO] [stderr]     Finished `test` profile [unoptimized + debuginfo] target(s) in 1.34s
[INFO] running `Command { std: "docker" "inspect" "e071544c6e8a7b54d5b4dfdafd6bf57a5645c9370ca94da718eb290f6b07531c", kill_on_drop: false }`
[INFO] running `Command { std: "docker" "rm" "-f" "e071544c6e8a7b54d5b4dfdafd6bf57a5645c9370ca94da718eb290f6b07531c", kill_on_drop: false }`
[INFO] [stdout] e071544c6e8a7b54d5b4dfdafd6bf57a5645c9370ca94da718eb290f6b07531c
[INFO] running `Command { std: "docker" "create" "-v" "/var/lib/crater-agent-workspace/builds/worker-7-tc1/target:/opt/rustwide/target:rw,Z" "-v" "/var/lib/crater-agent-workspace/builds/worker-7-tc1/source:/opt/rustwide/workdir:ro,Z" "-v" "/var/lib/crater-agent-workspace/cargo-home:/opt/rustwide/cargo-home:ro,Z" "-v" "/var/lib/crater-agent-workspace/rustup-home:/opt/rustwide/rustup-home:ro,Z" "-e" "SOURCE_DIR=/opt/rustwide/workdir" "-e" "CARGO_TARGET_DIR=/opt/rustwide/target" "-e" "CARGO_INCREMENTAL=0" "-e" "RUST_BACKTRACE=full" "-e" "RUSTFLAGS=--cap-lints=warn" "-e" "RUSTDOCFLAGS=--cap-lints=warn" "-e" "CARGO_HOME=/opt/rustwide/cargo-home" "-e" "RUSTUP_HOME=/opt/rustwide/rustup-home" "-w" "/opt/rustwide/workdir" "-m" "1610612736" "--user" "0:0" "--network" "none" "ghcr.io/rust-lang/crates-build-env/linux@sha256:f3a9d4ad9d972b27faf3965f35b62e55ba32bbce8f20bc8fe909558a86702fde" "/opt/rustwide/cargo-home/bin/cargo" "+1.83.0" "test" "--frozen", kill_on_drop: false }`
[INFO] [stdout] d3986167cb7a734d3c5fe1a385482ac0ea741334e509e24546f576c0c4b137ad
[INFO] running `Command { std: "docker" "start" "-a" "d3986167cb7a734d3c5fe1a385482ac0ea741334e509e24546f576c0c4b137ad", kill_on_drop: false }`
[INFO] [stderr]     Finished `test` profile [unoptimized + debuginfo] target(s) in 0.09s
[INFO] [stderr]      Running unittests src/lib.rs (/opt/rustwide/target/debug/deps/tinyvecdeque-851d2b26d617ac31)
[INFO] [stdout] 
[INFO] [stdout] running 16 tests
[INFO] [stdout] test arrayvecdeq::test::make_contiguous_head_to_end_2 ... ok
[INFO] [stdout] test arrayvecdeq::test::make_contiguous_big_head ... ok
[INFO] [stdout] test arrayvecdeq::test::make_contiguous_big_tail ... ok
[INFO] [stdout] test arrayvecdeq::test::make_contiguous_head_to_end ... ok
[INFO] [stdout] test arrayvecdeq::test::make_contiguous_small_free ... ok
[INFO] [stdout] test arrayvecdeq::test::test_clone_from ... ok
[INFO] [stdout] test arrayvecdeq::test::test_get ... ok
[INFO] [stdout] test arrayvecdeq::test::test_get_mut ... ok
[INFO] [stdout] test arrayvecdeq::test::test_range ... ok
[INFO] [stdout] test arrayvecdeq::test::test_insert ... ok
[INFO] [stdout] test arrayvecdeq::test::test_swap ... ok
[INFO] [stdout] test arrayvecdeq::test::test_swap_front_back_remove ... ok
[INFO] [stdout] test arrayvecdeq::test::test_range_mut ... ok
[INFO] [stdout] test arrayvecdeq::test::test_remove ... ok
[INFO] [stdout] test arrayvecdeq::test::test_drain ... ok
[INFO] [stdout] test arrayvecdeq::test::test_swap_panic - should panic ... ok
[INFO] [stdout] 
[INFO] [stdout] test result: ok. 16 passed; 0 failed; 0 ignored; 0 measured; 0 filtered out; finished in 0.04s
[INFO] [stdout] 
[INFO] [stderr]    Doc-tests tinyvecdeque
[INFO] [stdout] 
[INFO] [stdout] running 1 test
[INFO] [stdout] test src/arrayvecdeq.rs - arrayvecdeq::ArrayVecDeq<A>::drain_to_vec_and_reserve (line 118) ... FAILED
[INFO] [stdout] 
[INFO] [stdout] failures:
[INFO] [stdout] 
[INFO] [stdout] ---- src/arrayvecdeq.rs - arrayvecdeq::ArrayVecDeq<A>::drain_to_vec_and_reserve (line 118) stdout ----
[INFO] [stdout] error[E0433]: failed to resolve: use of undeclared crate or module `tinyvecdeq`
[INFO] [stdout]  --> src/arrayvecdeq.rs:119:5
[INFO] [stdout]   |
[INFO] [stdout] 3 | use tinyvecdeq::arrayvecdeq::ArrayVecDeq;
[INFO] [stdout]   |     ^^^^^^^^^^ use of undeclared crate or module `tinyvecdeq`
[INFO] [stdout]   |
[INFO] [stdout] help: there is a crate or module with a similar name
[INFO] [stdout]   |
[INFO] [stdout] 3 | use tinyvecdeque::arrayvecdeq::ArrayVecDeq;
[INFO] [stdout]   |     ~~~~~~~~~~~~
[INFO] [stdout] 
[INFO] [stdout] error: aborting due to 1 previous error
[INFO] [stdout] 
[INFO] [stdout] For more information about this error, try `rustc --explain E0433`.
[INFO] [stdout] Couldn't compile the test.
[INFO] [stdout] 
[INFO] [stdout] failures:
[INFO] [stdout]     src/arrayvecdeq.rs - arrayvecdeq::ArrayVecDeq<A>::drain_to_vec_and_reserve (line 118)
[INFO] [stdout] 
[INFO] [stdout] test result: FAILED. 0 passed; 1 failed; 0 ignored; 0 measured; 0 filtered out; finished in 0.07s
[INFO] [stdout] 
[INFO] [stderr] error: doctest failed, to rerun pass `--doc`
[INFO] running `Command { std: "docker" "inspect" "d3986167cb7a734d3c5fe1a385482ac0ea741334e509e24546f576c0c4b137ad", kill_on_drop: false }`
[INFO] running `Command { std: "docker" "rm" "-f" "d3986167cb7a734d3c5fe1a385482ac0ea741334e509e24546f576c0c4b137ad", kill_on_drop: false }`
[INFO] [stdout] d3986167cb7a734d3c5fe1a385482ac0ea741334e509e24546f576c0c4b137ad
