[INFO] fetching crate tinyparse 0.2.3...
[INFO] testing tinyparse-0.2.3 against 1.83.0 for beta-1.84.0-4-retry
[INFO] extracting crate tinyparse 0.2.3 into /workspace/builds/worker-0-tc1/source
[INFO] validating manifest of crates.io crate tinyparse 0.2.3 on toolchain 1.83.0
[INFO] running `Command { std: CARGO_HOME="/workspace/cargo-home" RUSTUP_HOME="/workspace/rustup-home" "/workspace/cargo-home/bin/cargo" "+1.83.0" "metadata" "--manifest-path" "Cargo.toml" "--no-deps", kill_on_drop: false }`
[INFO] removed /workspace/builds/worker-0-tc1/source/rust-toolchain.toml
[INFO] started tweaking crates.io crate tinyparse 0.2.3
[INFO] finished tweaking crates.io crate tinyparse 0.2.3
[INFO] tweaked toml for crates.io crate tinyparse 0.2.3 written to /workspace/builds/worker-0-tc1/source/Cargo.toml
[INFO] running `Command { std: CARGO_HOME="/workspace/cargo-home" RUSTUP_HOME="/workspace/rustup-home" "/workspace/cargo-home/bin/cargo" "+1.83.0" "generate-lockfile" "--manifest-path" "Cargo.toml", kill_on_drop: false }`
[INFO] running `Command { std: CARGO_HOME="/workspace/cargo-home" RUSTUP_HOME="/workspace/rustup-home" "/workspace/cargo-home/bin/cargo" "+1.83.0" "fetch" "--manifest-path" "Cargo.toml", kill_on_drop: false }`
[INFO] running `Command { std: "docker" "create" "-v" "/var/lib/crater-agent-workspace/builds/worker-0-tc1/target:/opt/rustwide/target:rw,Z" "-v" "/var/lib/crater-agent-workspace/builds/worker-0-tc1/source:/opt/rustwide/workdir:ro,Z" "-v" "/var/lib/crater-agent-workspace/cargo-home:/opt/rustwide/cargo-home:ro,Z" "-v" "/var/lib/crater-agent-workspace/rustup-home:/opt/rustwide/rustup-home:ro,Z" "-e" "SOURCE_DIR=/opt/rustwide/workdir" "-e" "CARGO_TARGET_DIR=/opt/rustwide/target" "-e" "CARGO_HOME=/opt/rustwide/cargo-home" "-e" "RUSTUP_HOME=/opt/rustwide/rustup-home" "-w" "/opt/rustwide/workdir" "-m" "1610612736" "--user" "0:0" "--network" "none" "ghcr.io/rust-lang/crates-build-env/linux@sha256:f3a9d4ad9d972b27faf3965f35b62e55ba32bbce8f20bc8fe909558a86702fde" "/opt/rustwide/cargo-home/bin/cargo" "+1.83.0" "metadata" "--no-deps" "--format-version=1", kill_on_drop: false }`
[INFO] [stdout] ef4d3ab9f60a885bdb561602b24b8a87f61c111d9270d6cafb5b6a36e6ab0be5
[INFO] running `Command { std: "docker" "start" "-a" "ef4d3ab9f60a885bdb561602b24b8a87f61c111d9270d6cafb5b6a36e6ab0be5", kill_on_drop: false }`
[INFO] running `Command { std: "docker" "inspect" "ef4d3ab9f60a885bdb561602b24b8a87f61c111d9270d6cafb5b6a36e6ab0be5", kill_on_drop: false }`
[INFO] running `Command { std: "docker" "rm" "-f" "ef4d3ab9f60a885bdb561602b24b8a87f61c111d9270d6cafb5b6a36e6ab0be5", kill_on_drop: false }`
[INFO] [stdout] ef4d3ab9f60a885bdb561602b24b8a87f61c111d9270d6cafb5b6a36e6ab0be5
[INFO] running `Command { std: "docker" "create" "-v" "/var/lib/crater-agent-workspace/builds/worker-0-tc1/target:/opt/rustwide/target:rw,Z" "-v" "/var/lib/crater-agent-workspace/builds/worker-0-tc1/source:/opt/rustwide/workdir:ro,Z" "-v" "/var/lib/crater-agent-workspace/cargo-home:/opt/rustwide/cargo-home:ro,Z" "-v" "/var/lib/crater-agent-workspace/rustup-home:/opt/rustwide/rustup-home:ro,Z" "-e" "SOURCE_DIR=/opt/rustwide/workdir" "-e" "CARGO_TARGET_DIR=/opt/rustwide/target" "-e" "CARGO_INCREMENTAL=0" "-e" "RUST_BACKTRACE=full" "-e" "RUSTFLAGS=--cap-lints=warn" "-e" "RUSTDOCFLAGS=--cap-lints=warn" "-e" "CARGO_HOME=/opt/rustwide/cargo-home" "-e" "RUSTUP_HOME=/opt/rustwide/rustup-home" "-w" "/opt/rustwide/workdir" "-m" "1610612736" "--user" "0:0" "--network" "none" "ghcr.io/rust-lang/crates-build-env/linux@sha256:f3a9d4ad9d972b27faf3965f35b62e55ba32bbce8f20bc8fe909558a86702fde" "/opt/rustwide/cargo-home/bin/cargo" "+1.83.0" "build" "--frozen" "--message-format=json", kill_on_drop: false }`
[INFO] [stdout] ca87514611d14b8998a5bbe65115a0f1be6fa00f5673813c37cf155094736c9b
[INFO] running `Command { std: "docker" "start" "-a" "ca87514611d14b8998a5bbe65115a0f1be6fa00f5673813c37cf155094736c9b", kill_on_drop: false }`
[INFO] [stderr]    Compiling tinyparse v0.2.3 (/opt/rustwide/workdir)
[INFO] [stderr]     Finished `dev` profile [unoptimized + debuginfo] target(s) in 0.44s
[INFO] running `Command { std: "docker" "inspect" "ca87514611d14b8998a5bbe65115a0f1be6fa00f5673813c37cf155094736c9b", kill_on_drop: false }`
[INFO] running `Command { std: "docker" "rm" "-f" "ca87514611d14b8998a5bbe65115a0f1be6fa00f5673813c37cf155094736c9b", kill_on_drop: false }`
[INFO] [stdout] ca87514611d14b8998a5bbe65115a0f1be6fa00f5673813c37cf155094736c9b
[INFO] running `Command { std: "docker" "create" "-v" "/var/lib/crater-agent-workspace/builds/worker-0-tc1/target:/opt/rustwide/target:rw,Z" "-v" "/var/lib/crater-agent-workspace/builds/worker-0-tc1/source:/opt/rustwide/workdir:ro,Z" "-v" "/var/lib/crater-agent-workspace/cargo-home:/opt/rustwide/cargo-home:ro,Z" "-v" "/var/lib/crater-agent-workspace/rustup-home:/opt/rustwide/rustup-home:ro,Z" "-e" "SOURCE_DIR=/opt/rustwide/workdir" "-e" "CARGO_TARGET_DIR=/opt/rustwide/target" "-e" "CARGO_INCREMENTAL=0" "-e" "RUST_BACKTRACE=full" "-e" "RUSTFLAGS=--cap-lints=warn" "-e" "RUSTDOCFLAGS=--cap-lints=warn" "-e" "CARGO_HOME=/opt/rustwide/cargo-home" "-e" "RUSTUP_HOME=/opt/rustwide/rustup-home" "-w" "/opt/rustwide/workdir" "-m" "1610612736" "--user" "0:0" "--network" "none" "ghcr.io/rust-lang/crates-build-env/linux@sha256:f3a9d4ad9d972b27faf3965f35b62e55ba32bbce8f20bc8fe909558a86702fde" "/opt/rustwide/cargo-home/bin/cargo" "+1.83.0" "test" "--frozen" "--no-run" "--message-format=json", kill_on_drop: false }`
[INFO] [stdout] 4874f5804fc5eaf29e9e206e8a1e11251e28211f4f58a9451c9048b16daa7dba
[INFO] running `Command { std: "docker" "start" "-a" "4874f5804fc5eaf29e9e206e8a1e11251e28211f4f58a9451c9048b16daa7dba", kill_on_drop: false }`
[INFO] [stderr]    Compiling tinyparse v0.2.3 (/opt/rustwide/workdir)
[INFO] [stderr]     Finished `test` profile [unoptimized + debuginfo] target(s) in 0.67s
[INFO] running `Command { std: "docker" "inspect" "4874f5804fc5eaf29e9e206e8a1e11251e28211f4f58a9451c9048b16daa7dba", kill_on_drop: false }`
[INFO] running `Command { std: "docker" "rm" "-f" "4874f5804fc5eaf29e9e206e8a1e11251e28211f4f58a9451c9048b16daa7dba", kill_on_drop: false }`
[INFO] [stdout] 4874f5804fc5eaf29e9e206e8a1e11251e28211f4f58a9451c9048b16daa7dba
[INFO] running `Command { std: "docker" "create" "-v" "/var/lib/crater-agent-workspace/builds/worker-0-tc1/target:/opt/rustwide/target:rw,Z" "-v" "/var/lib/crater-agent-workspace/builds/worker-0-tc1/source:/opt/rustwide/workdir:ro,Z" "-v" "/var/lib/crater-agent-workspace/cargo-home:/opt/rustwide/cargo-home:ro,Z" "-v" "/var/lib/crater-agent-workspace/rustup-home:/opt/rustwide/rustup-home:ro,Z" "-e" "SOURCE_DIR=/opt/rustwide/workdir" "-e" "CARGO_TARGET_DIR=/opt/rustwide/target" "-e" "CARGO_INCREMENTAL=0" "-e" "RUST_BACKTRACE=full" "-e" "RUSTFLAGS=--cap-lints=warn" "-e" "RUSTDOCFLAGS=--cap-lints=warn" "-e" "CARGO_HOME=/opt/rustwide/cargo-home" "-e" "RUSTUP_HOME=/opt/rustwide/rustup-home" "-w" "/opt/rustwide/workdir" "-m" "1610612736" "--user" "0:0" "--network" "none" "ghcr.io/rust-lang/crates-build-env/linux@sha256:f3a9d4ad9d972b27faf3965f35b62e55ba32bbce8f20bc8fe909558a86702fde" "/opt/rustwide/cargo-home/bin/cargo" "+1.83.0" "test" "--frozen", kill_on_drop: false }`
[INFO] [stdout] 9d3ea296c12607463781eeb080e31b85d8c6579b26632134017915c952d8c89c
[INFO] running `Command { std: "docker" "start" "-a" "9d3ea296c12607463781eeb080e31b85d8c6579b26632134017915c952d8c89c", kill_on_drop: false }`
[INFO] [stderr]     Finished `test` profile [unoptimized + debuginfo] target(s) in 0.01s
[INFO] [stderr]      Running unittests src/lib.rs (/opt/rustwide/target/debug/deps/tinyparse-630f1aa8e6e7f264)
[INFO] [stdout] 
[INFO] [stdout] running 2 tests
[INFO] [stdout] test tests::it_parses_numbers ... ok
[INFO] [stdout] test tests::it_parses_literals ... ok
[INFO] [stdout] 
[INFO] [stdout] test result: ok. 2 passed; 0 failed; 0 ignored; 0 measured; 0 filtered out; finished in 0.00s
[INFO] [stdout] 
[INFO] [stderr]    Doc-tests tinyparse
[INFO] [stdout] 
[INFO] [stdout] running 1 test
[INFO] [stdout] test src/lib.rs - Span (line 178) ... FAILED
[INFO] [stdout] 
[INFO] [stdout] failures:
[INFO] [stdout] 
[INFO] [stdout] ---- src/lib.rs - Span (line 178) stdout ----
[INFO] [stdout] error[E0603]: struct `ParseError` is private
[INFO] [stdout]  --> src/lib.rs:180:31
[INFO] [stdout]   |
[INFO] [stdout] 5 | use tinyparse::{Parser, Span, ParseError, ParseErrorKind, IntoParser};
[INFO] [stdout]   |                               ^^^^^^^^^^ private struct
[INFO] [stdout]   |
[INFO] [stdout] note: the struct `ParseError` is defined here
[INFO] [stdout]  --> /opt/rustwide/workdir/src/lib.rs:5:13
[INFO] [stdout]   |
[INFO] [stdout] 5 | use error::{ParseError, ParseResult, ParseErrorKind};
[INFO] [stdout]   |             ^^^^^^^^^^
[INFO] [stdout] help: import `ParseError` directly
[INFO] [stdout]   |
[INFO] [stdout] 5 | use tinyparse::{Parser, Span, tinyparse::error::ParseError, ParseErrorKind, IntoParser};
[INFO] [stdout]   |                               ~~~~~~~~~~~~~~~~~~~~~~~~~~~~
[INFO] [stdout] 
[INFO] [stdout] error[E0603]: enum `ParseErrorKind` is private
[INFO] [stdout]  --> src/lib.rs:180:43
[INFO] [stdout]   |
[INFO] [stdout] 5 | use tinyparse::{Parser, Span, ParseError, ParseErrorKind, IntoParser};
[INFO] [stdout]   |                                           ^^^^^^^^^^^^^^ private enum
[INFO] [stdout]   |
[INFO] [stdout] note: the enum `ParseErrorKind` is defined here
[INFO] [stdout]  --> /opt/rustwide/workdir/src/lib.rs:5:38
[INFO] [stdout]   |
[INFO] [stdout] 5 | use error::{ParseError, ParseResult, ParseErrorKind};
[INFO] [stdout]   |                                      ^^^^^^^^^^^^^^
[INFO] [stdout] help: import `ParseErrorKind` directly
[INFO] [stdout]   |
[INFO] [stdout] 5 | use tinyparse::{Parser, Span, ParseError, tinyparse::error::ParseErrorKind, IntoParser};
[INFO] [stdout]   |                                           ~~~~~~~~~~~~~~~~~~~~~~~~~~~~~~~~
[INFO] [stdout] 
[INFO] [stdout] error: aborting due to 2 previous errors
[INFO] [stdout] 
[INFO] [stdout] For more information about this error, try `rustc --explain E0603`.
[INFO] [stdout] Couldn't compile the test.
[INFO] [stdout] 
[INFO] [stdout] failures:
[INFO] [stdout]     src/lib.rs - Span (line 178)
[INFO] [stdout] 
[INFO] [stdout] test result: FAILED. 0 passed; 1 failed; 0 ignored; 0 measured; 0 filtered out; finished in 0.11s
[INFO] [stdout] 
[INFO] [stderr] error: doctest failed, to rerun pass `--doc`
[INFO] running `Command { std: "docker" "inspect" "9d3ea296c12607463781eeb080e31b85d8c6579b26632134017915c952d8c89c", kill_on_drop: false }`
[INFO] running `Command { std: "docker" "rm" "-f" "9d3ea296c12607463781eeb080e31b85d8c6579b26632134017915c952d8c89c", kill_on_drop: false }`
[INFO] [stdout] 9d3ea296c12607463781eeb080e31b85d8c6579b26632134017915c952d8c89c
