[INFO] fetching crate tinycrypt 0.1.0...
[INFO] testing tinycrypt-0.1.0 against beta-2024-12-08 for beta-1.84.0-4-retry
[INFO] extracting crate tinycrypt 0.1.0 into /workspace/builds/worker-4-tc2/source
[INFO] validating manifest of crates.io crate tinycrypt 0.1.0 on toolchain beta-2024-12-08
[INFO] running `Command { std: CARGO_HOME="/workspace/cargo-home" RUSTUP_HOME="/workspace/rustup-home" "/workspace/cargo-home/bin/cargo" "+beta-2024-12-08" "metadata" "--manifest-path" "Cargo.toml" "--no-deps", kill_on_drop: false }`
[INFO] started tweaking crates.io crate tinycrypt 0.1.0
[INFO] finished tweaking crates.io crate tinycrypt 0.1.0
[INFO] tweaked toml for crates.io crate tinycrypt 0.1.0 written to /workspace/builds/worker-4-tc2/source/Cargo.toml
[INFO] running `Command { std: CARGO_HOME="/workspace/cargo-home" RUSTUP_HOME="/workspace/rustup-home" "/workspace/cargo-home/bin/cargo" "+beta-2024-12-08" "generate-lockfile" "--manifest-path" "Cargo.toml", kill_on_drop: false }`
[INFO] [stderr]     Updating crates.io index
[INFO] [stderr]      Locking 34 packages to latest compatible versions
[INFO] running `Command { std: CARGO_HOME="/workspace/cargo-home" RUSTUP_HOME="/workspace/rustup-home" "/workspace/cargo-home/bin/cargo" "+beta-2024-12-08" "fetch" "--manifest-path" "Cargo.toml", kill_on_drop: false }`
[INFO] running `Command { std: "docker" "create" "-v" "/var/lib/crater-agent-workspace/builds/worker-4-tc2/target:/opt/rustwide/target:rw,Z" "-v" "/var/lib/crater-agent-workspace/builds/worker-4-tc2/source:/opt/rustwide/workdir:ro,Z" "-v" "/var/lib/crater-agent-workspace/cargo-home:/opt/rustwide/cargo-home:ro,Z" "-v" "/var/lib/crater-agent-workspace/rustup-home:/opt/rustwide/rustup-home:ro,Z" "-e" "SOURCE_DIR=/opt/rustwide/workdir" "-e" "CARGO_TARGET_DIR=/opt/rustwide/target" "-e" "CARGO_HOME=/opt/rustwide/cargo-home" "-e" "RUSTUP_HOME=/opt/rustwide/rustup-home" "-w" "/opt/rustwide/workdir" "-m" "1610612736" "--user" "0:0" "--network" "none" "ghcr.io/rust-lang/crates-build-env/linux@sha256:f3a9d4ad9d972b27faf3965f35b62e55ba32bbce8f20bc8fe909558a86702fde" "/opt/rustwide/cargo-home/bin/cargo" "+beta-2024-12-08" "metadata" "--no-deps" "--format-version=1", kill_on_drop: false }`
[INFO] [stdout] cb8c1ed171bc8a91dd58223632e27d9082f8727eef3561b373efa3b6b8a083f2
[INFO] running `Command { std: "docker" "start" "-a" "cb8c1ed171bc8a91dd58223632e27d9082f8727eef3561b373efa3b6b8a083f2", kill_on_drop: false }`
[INFO] running `Command { std: "docker" "inspect" "cb8c1ed171bc8a91dd58223632e27d9082f8727eef3561b373efa3b6b8a083f2", kill_on_drop: false }`
[INFO] running `Command { std: "docker" "rm" "-f" "cb8c1ed171bc8a91dd58223632e27d9082f8727eef3561b373efa3b6b8a083f2", kill_on_drop: false }`
[INFO] [stdout] cb8c1ed171bc8a91dd58223632e27d9082f8727eef3561b373efa3b6b8a083f2
[INFO] running `Command { std: "docker" "create" "-v" "/var/lib/crater-agent-workspace/builds/worker-4-tc2/target:/opt/rustwide/target:rw,Z" "-v" "/var/lib/crater-agent-workspace/builds/worker-4-tc2/source:/opt/rustwide/workdir:ro,Z" "-v" "/var/lib/crater-agent-workspace/cargo-home:/opt/rustwide/cargo-home:ro,Z" "-v" "/var/lib/crater-agent-workspace/rustup-home:/opt/rustwide/rustup-home:ro,Z" "-e" "SOURCE_DIR=/opt/rustwide/workdir" "-e" "CARGO_TARGET_DIR=/opt/rustwide/target" "-e" "CARGO_INCREMENTAL=0" "-e" "RUST_BACKTRACE=full" "-e" "RUSTFLAGS=--cap-lints=warn" "-e" "RUSTDOCFLAGS=--cap-lints=warn" "-e" "CARGO_HOME=/opt/rustwide/cargo-home" "-e" "RUSTUP_HOME=/opt/rustwide/rustup-home" "-w" "/opt/rustwide/workdir" "-m" "1610612736" "--user" "0:0" "--network" "none" "ghcr.io/rust-lang/crates-build-env/linux@sha256:f3a9d4ad9d972b27faf3965f35b62e55ba32bbce8f20bc8fe909558a86702fde" "/opt/rustwide/cargo-home/bin/cargo" "+beta-2024-12-08" "build" "--frozen" "--message-format=json", kill_on_drop: false }`
[INFO] [stdout] ee6ad1da2c6b25aea3e448e5b7738e25c46f0aad606ec669a7c3603652b0a0ed
[INFO] running `Command { std: "docker" "start" "-a" "ee6ad1da2c6b25aea3e448e5b7738e25c46f0aad606ec669a7c3603652b0a0ed", kill_on_drop: false }`
[INFO] [stderr]    Compiling typenum v1.17.0
[INFO] [stderr]    Compiling libc v0.2.168
[INFO] [stderr]    Compiling version_check v0.9.5
[INFO] [stderr]    Compiling cfg-if v1.0.0
[INFO] [stderr]    Compiling proc-macro2 v1.0.92
[INFO] [stderr]    Compiling unicode-ident v1.0.14
[INFO] [stderr]    Compiling subtle v2.6.1
[INFO] [stderr]    Compiling serde v1.0.216
[INFO] [stderr]    Compiling cpufeatures v0.2.16
[INFO] [stderr]    Compiling arrayvec v0.7.6
[INFO] [stderr]    Compiling constant_time_eq v0.3.1
[INFO] [stderr]    Compiling arrayref v0.3.9
[INFO] [stderr]    Compiling opaque-debug v0.3.1
[INFO] [stderr]    Compiling zeroize v1.8.1
[INFO] [stderr]    Compiling base64 v0.21.7
[INFO] [stderr]    Compiling generic-array v0.14.7
[INFO] [stderr]    Compiling blake2b_simd v1.0.2
[INFO] [stderr]    Compiling rust-argon2 v2.1.0
[INFO] [stderr]    Compiling quote v1.0.37
[INFO] [stderr]    Compiling getrandom v0.2.15
[INFO] [stderr]    Compiling syn v2.0.90
[INFO] [stderr]    Compiling rand_core v0.6.4
[INFO] [stderr]    Compiling crypto-common v0.1.6
[INFO] [stderr]    Compiling inout v0.1.3
[INFO] [stderr]    Compiling universal-hash v0.5.1
[INFO] [stderr]    Compiling aead v0.5.2
[INFO] [stderr]    Compiling cipher v0.4.4
[INFO] [stderr]    Compiling polyval v0.6.2
[INFO] [stderr]    Compiling aes v0.8.4
[INFO] [stderr]    Compiling ctr v0.9.2
[INFO] [stderr]    Compiling aes-gcm-siv v0.11.1
[INFO] [stderr]    Compiling serde_derive v1.0.216
[INFO] [stderr]    Compiling bincode v1.3.3
[INFO] [stderr]    Compiling tinycrypt v0.1.0 (/opt/rustwide/workdir)
[INFO] [stderr]     Finished `dev` profile [unoptimized + debuginfo] target(s) in 15.91s
[INFO] running `Command { std: "docker" "inspect" "ee6ad1da2c6b25aea3e448e5b7738e25c46f0aad606ec669a7c3603652b0a0ed", kill_on_drop: false }`
[INFO] running `Command { std: "docker" "rm" "-f" "ee6ad1da2c6b25aea3e448e5b7738e25c46f0aad606ec669a7c3603652b0a0ed", kill_on_drop: false }`
[INFO] [stdout] ee6ad1da2c6b25aea3e448e5b7738e25c46f0aad606ec669a7c3603652b0a0ed
[INFO] running `Command { std: "docker" "create" "-v" "/var/lib/crater-agent-workspace/builds/worker-4-tc2/target:/opt/rustwide/target:rw,Z" "-v" "/var/lib/crater-agent-workspace/builds/worker-4-tc2/source:/opt/rustwide/workdir:ro,Z" "-v" "/var/lib/crater-agent-workspace/cargo-home:/opt/rustwide/cargo-home:ro,Z" "-v" "/var/lib/crater-agent-workspace/rustup-home:/opt/rustwide/rustup-home:ro,Z" "-e" "SOURCE_DIR=/opt/rustwide/workdir" "-e" "CARGO_TARGET_DIR=/opt/rustwide/target" "-e" "CARGO_INCREMENTAL=0" "-e" "RUST_BACKTRACE=full" "-e" "RUSTFLAGS=--cap-lints=warn" "-e" "RUSTDOCFLAGS=--cap-lints=warn" "-e" "CARGO_HOME=/opt/rustwide/cargo-home" "-e" "RUSTUP_HOME=/opt/rustwide/rustup-home" "-w" "/opt/rustwide/workdir" "-m" "1610612736" "--user" "0:0" "--network" "none" "ghcr.io/rust-lang/crates-build-env/linux@sha256:f3a9d4ad9d972b27faf3965f35b62e55ba32bbce8f20bc8fe909558a86702fde" "/opt/rustwide/cargo-home/bin/cargo" "+beta-2024-12-08" "test" "--frozen" "--no-run" "--message-format=json", kill_on_drop: false }`
[INFO] [stdout] a18cad0109af49274d972710ee59091068a2b1d633416d18451fbc41e168488b
[INFO] running `Command { std: "docker" "start" "-a" "a18cad0109af49274d972710ee59091068a2b1d633416d18451fbc41e168488b", kill_on_drop: false }`
[INFO] [stderr]    Compiling tinycrypt v0.1.0 (/opt/rustwide/workdir)
[INFO] [stderr]     Finished `test` profile [unoptimized + debuginfo] target(s) in 0.59s
[INFO] running `Command { std: "docker" "inspect" "a18cad0109af49274d972710ee59091068a2b1d633416d18451fbc41e168488b", kill_on_drop: false }`
[INFO] running `Command { std: "docker" "rm" "-f" "a18cad0109af49274d972710ee59091068a2b1d633416d18451fbc41e168488b", kill_on_drop: false }`
[INFO] [stdout] a18cad0109af49274d972710ee59091068a2b1d633416d18451fbc41e168488b
[INFO] running `Command { std: "docker" "create" "-v" "/var/lib/crater-agent-workspace/builds/worker-4-tc2/target:/opt/rustwide/target:rw,Z" "-v" "/var/lib/crater-agent-workspace/builds/worker-4-tc2/source:/opt/rustwide/workdir:ro,Z" "-v" "/var/lib/crater-agent-workspace/cargo-home:/opt/rustwide/cargo-home:ro,Z" "-v" "/var/lib/crater-agent-workspace/rustup-home:/opt/rustwide/rustup-home:ro,Z" "-e" "SOURCE_DIR=/opt/rustwide/workdir" "-e" "CARGO_TARGET_DIR=/opt/rustwide/target" "-e" "CARGO_INCREMENTAL=0" "-e" "RUST_BACKTRACE=full" "-e" "RUSTFLAGS=--cap-lints=warn" "-e" "RUSTDOCFLAGS=--cap-lints=warn" "-e" "CARGO_HOME=/opt/rustwide/cargo-home" "-e" "RUSTUP_HOME=/opt/rustwide/rustup-home" "-w" "/opt/rustwide/workdir" "-m" "1610612736" "--user" "0:0" "--network" "none" "ghcr.io/rust-lang/crates-build-env/linux@sha256:f3a9d4ad9d972b27faf3965f35b62e55ba32bbce8f20bc8fe909558a86702fde" "/opt/rustwide/cargo-home/bin/cargo" "+beta-2024-12-08" "test" "--frozen", kill_on_drop: false }`
[INFO] [stdout] f9ab6b71bc6bf5d2dba68187de6a92148c456823b4f138958f305bd667e78dbf
[INFO] running `Command { std: "docker" "start" "-a" "f9ab6b71bc6bf5d2dba68187de6a92148c456823b4f138958f305bd667e78dbf", kill_on_drop: false }`
[INFO] [stderr]     Finished `test` profile [unoptimized + debuginfo] target(s) in 0.05s
[INFO] [stderr]      Running unittests src/lib.rs (/opt/rustwide/target/debug/deps/tinycrypt-6bdb3a7c0f48d967)
[INFO] [stdout] 
[INFO] [stdout] running 0 tests
[INFO] [stdout] 
[INFO] [stdout] test result: ok. 0 passed; 0 failed; 0 ignored; 0 measured; 0 filtered out; finished in 0.00s
[INFO] [stdout] 
[INFO] [stderr]    Doc-tests tinycrypt
[INFO] [stdout] 
[INFO] [stdout] running 3 tests
[INFO] [stdout] test src/lib.rs - encrypt (line 77) ... FAILED
[INFO] [stdout] test src/lib.rs - (line 7) ... FAILED
[INFO] [stdout] test src/lib.rs - decrypt (line 118) ... FAILED
[INFO] [stdout] 
[INFO] [stdout] failures:
[INFO] [stdout] 
[INFO] [stdout] ---- src/lib.rs - encrypt (line 77) stdout ----
[INFO] [stdout] error[E0425]: cannot find function `encrypt` in this scope
[INFO] [stdout]  --> src/lib.rs:81:31
[INFO] [stdout]   |
[INFO] [stdout] 6 | let encrypted_data: Vec<u8> = encrypt(data.as_bytes(), password.as_bytes()).expect("Failed to encrypt!");
[INFO] [stdout]   |                               ^^^^^^^ not found in this scope
[INFO] [stdout]   |
[INFO] [stdout] help: consider importing this function
[INFO] [stdout]   |
[INFO] [stdout] 2 + use tinycrypt::encrypt;
[INFO] [stdout]   |
[INFO] [stdout] 
[INFO] [stdout] error: aborting due to 1 previous error
[INFO] [stdout] 
[INFO] [stdout] For more information about this error, try `rustc --explain E0425`.
[INFO] [stdout] Couldn't compile the test.
[INFO] [stdout] ---- src/lib.rs - (line 7) stdout ----
[INFO] [stdout] error[E0432]: unresolved imports `tinycrypt::Encrypt`, `tinycrypt::Decrypt`
[INFO] [stdout]  --> src/lib.rs:9:17
[INFO] [stdout]   |
[INFO] [stdout] 5 | use tinycrypt::{Encrypt, Decrypt, CryptographyError};
[INFO] [stdout]   |                 ^^^^^^^  ^^^^^^^ no `Decrypt` in the root
[INFO] [stdout]   |                 |
[INFO] [stdout]   |                 no `Encrypt` in the root
[INFO] [stdout]   |
[INFO] [stdout] help: a similar name exists in the module
[INFO] [stdout]   |
[INFO] [stdout] 5 | use tinycrypt::{encrypt, Decrypt, CryptographyError};
[INFO] [stdout]   |                 ~~~~~~~
[INFO] [stdout] help: a similar name exists in the module
[INFO] [stdout]   |
[INFO] [stdout] 5 | use tinycrypt::{Encrypt, decrypt, CryptographyError};
[INFO] [stdout]   |                          ~~~~~~~
[INFO] [stdout] 
[INFO] [stdout] error[E0425]: cannot find function `encrypt` in this scope
[INFO] [stdout]   --> src/lib.rs:14:31
[INFO] [stdout]    |
[INFO] [stdout] 10 | let encrypted_data: Vec<u8> = encrypt(data.as_bytes(), secure_password.as_bytes()).unwrap();
[INFO] [stdout]    |                               ^^^^^^^ not found in this scope
[INFO] [stdout]    |
[INFO] [stdout] help: consider importing this function
[INFO] [stdout]    |
[INFO] [stdout] 2  + use tinycrypt::encrypt;
[INFO] [stdout]    |
[INFO] [stdout] 
[INFO] [stdout] error[E0425]: cannot find function `decrypt` in this scope
[INFO] [stdout]   --> src/lib.rs:18:31
[INFO] [stdout]    |
[INFO] [stdout] 14 | let decrypted_data: Vec<u8> = decrypt(&encrypted_data, password.as_bytes()).unwrap();
[INFO] [stdout]    |                               ^^^^^^^ not found in this scope
[INFO] [stdout]    |
[INFO] [stdout] help: consider importing this function
[INFO] [stdout]    |
[INFO] [stdout] 2  + use tinycrypt::decrypt;
[INFO] [stdout]    |
[INFO] [stdout] 
[INFO] [stdout] error[E0425]: cannot find value `password` in this scope
[INFO] [stdout]   --> src/lib.rs:18:56
[INFO] [stdout]    |
[INFO] [stdout] 14 | let decrypted_data: Vec<u8> = decrypt(&encrypted_data, password.as_bytes()).unwrap();
[INFO] [stdout]    |                                                        ^^^^^^^^ not found in this scope
[INFO] [stdout] 
[INFO] [stdout] error[E0425]: cannot find function `decrypt` in this scope
[INFO] [stdout]   --> src/lib.rs:21:7
[INFO] [stdout]    |
[INFO] [stdout] 17 | match decrypt(&encrypted_data, password.as_bytes()) {
[INFO] [stdout]    |       ^^^^^^^ not found in this scope
[INFO] [stdout]    |
[INFO] [stdout] help: consider importing this function
[INFO] [stdout]    |
[INFO] [stdout] 2  + use tinycrypt::decrypt;
[INFO] [stdout]    |
[INFO] [stdout] 
[INFO] [stdout] error[E0425]: cannot find value `password` in this scope
[INFO] [stdout]   --> src/lib.rs:21:32
[INFO] [stdout]    |
[INFO] [stdout] 17 | match decrypt(&encrypted_data, password.as_bytes()) {
[INFO] [stdout]    |                                ^^^^^^^^ not found in this scope
[INFO] [stdout] 
[INFO] [stdout] error: aborting due to 6 previous errors
[INFO] [stdout] 
[INFO] [stdout] Some errors have detailed explanations: E0425, E0432.
[INFO] [stdout] For more information about an error, try `rustc --explain E0425`.
[INFO] [stdout] Couldn't compile the test.
[INFO] [stdout] ---- src/lib.rs - decrypt (line 118) stdout ----
[INFO] [stdout] error[E0425]: cannot find function `encrypt` in this scope
[INFO] [stdout]  --> src/lib.rs:122:31
[INFO] [stdout]   |
[INFO] [stdout] 6 | let encrypted_data: Vec<u8> = encrypt(data.as_bytes(), password.as_bytes()).expect("Failed to encrypt!");
[INFO] [stdout]   |                               ^^^^^^^ not found in this scope
[INFO] [stdout]   |
[INFO] [stdout] help: consider importing this function
[INFO] [stdout]   |
[INFO] [stdout] 2 + use tinycrypt::encrypt;
[INFO] [stdout]   |
[INFO] [stdout] 
[INFO] [stdout] error[E0425]: cannot find function `decrypt` in this scope
[INFO] [stdout]  --> src/lib.rs:124:31
[INFO] [stdout]   |
[INFO] [stdout] 8 | let decrypted_data : Vec<u8>= decrypt(&encrypted_data, password.as_bytes()).expect("Failed to decrypt data!");
[INFO] [stdout]   |                               ^^^^^^^ not found in this scope
[INFO] [stdout]   |
[INFO] [stdout] help: consider importing this function
[INFO] [stdout]   |
[INFO] [stdout] 2 + use tinycrypt::decrypt;
[INFO] [stdout]   |
[INFO] [stdout] 
[INFO] [stdout] error: aborting due to 2 previous errors
[INFO] [stdout] 
[INFO] [stdout] For more information about this error, try `rustc --explain E0425`.
[INFO] [stdout] Couldn't compile the test.
[INFO] [stdout] 
[INFO] [stdout] failures:
[INFO] [stdout]     src/lib.rs - (line 7)
[INFO] [stdout]     src/lib.rs - decrypt (line 118)
[INFO] [stdout]     src/lib.rs - encrypt (line 77)
[INFO] [stdout] 
[INFO] [stdout] test result: FAILED. 0 passed; 3 failed; 0 ignored; 0 measured; 0 filtered out; finished in 0.15s
[INFO] [stdout] 
[INFO] [stderr] error: doctest failed, to rerun pass `--doc`
[INFO] running `Command { std: "docker" "inspect" "f9ab6b71bc6bf5d2dba68187de6a92148c456823b4f138958f305bd667e78dbf", kill_on_drop: false }`
[INFO] running `Command { std: "docker" "rm" "-f" "f9ab6b71bc6bf5d2dba68187de6a92148c456823b4f138958f305bd667e78dbf", kill_on_drop: false }`
[INFO] [stdout] f9ab6b71bc6bf5d2dba68187de6a92148c456823b4f138958f305bd667e78dbf
