[INFO] fetching crate tiny-multihash-proc-macro 0.1.0...
[INFO] testing tiny-multihash-proc-macro-0.1.0 against beta-2024-12-08 for beta-1.84.0-4-retry
[INFO] extracting crate tiny-multihash-proc-macro 0.1.0 into /workspace/builds/worker-6-tc2/source
[INFO] validating manifest of crates.io crate tiny-multihash-proc-macro 0.1.0 on toolchain beta-2024-12-08
[INFO] running `Command { std: CARGO_HOME="/workspace/cargo-home" RUSTUP_HOME="/workspace/rustup-home" "/workspace/cargo-home/bin/cargo" "+beta-2024-12-08" "metadata" "--manifest-path" "Cargo.toml" "--no-deps", kill_on_drop: false }`
[INFO] started tweaking crates.io crate tiny-multihash-proc-macro 0.1.0
[INFO] finished tweaking crates.io crate tiny-multihash-proc-macro 0.1.0
[INFO] tweaked toml for crates.io crate tiny-multihash-proc-macro 0.1.0 written to /workspace/builds/worker-6-tc2/source/Cargo.toml
[INFO] running `Command { std: CARGO_HOME="/workspace/cargo-home" RUSTUP_HOME="/workspace/rustup-home" "/workspace/cargo-home/bin/cargo" "+beta-2024-12-08" "generate-lockfile" "--manifest-path" "Cargo.toml", kill_on_drop: false }`
[INFO] [stderr]     Updating crates.io index
[INFO] [stderr]      Locking 22 packages to latest compatible versions
[INFO] [stderr]       Adding pretty_assertions v0.6.1 (available: v1.4.1)
[INFO] [stderr]       Adding proc-macro-crate v0.1.5 (available: v3.2.0)
[INFO] [stderr]       Adding syn v1.0.109 (available: v2.0.90)
[INFO] [stderr]       Adding synstructure v0.12.6 (available: v0.13.1)
[INFO] running `Command { std: CARGO_HOME="/workspace/cargo-home" RUSTUP_HOME="/workspace/rustup-home" "/workspace/cargo-home/bin/cargo" "+beta-2024-12-08" "fetch" "--manifest-path" "Cargo.toml", kill_on_drop: false }`
[INFO] [stderr]     Blocking waiting for file lock on package cache
[INFO] running `Command { std: "docker" "create" "-v" "/var/lib/crater-agent-workspace/builds/worker-6-tc2/target:/opt/rustwide/target:rw,Z" "-v" "/var/lib/crater-agent-workspace/builds/worker-6-tc2/source:/opt/rustwide/workdir:ro,Z" "-v" "/var/lib/crater-agent-workspace/cargo-home:/opt/rustwide/cargo-home:ro,Z" "-v" "/var/lib/crater-agent-workspace/rustup-home:/opt/rustwide/rustup-home:ro,Z" "-e" "SOURCE_DIR=/opt/rustwide/workdir" "-e" "CARGO_TARGET_DIR=/opt/rustwide/target" "-e" "CARGO_HOME=/opt/rustwide/cargo-home" "-e" "RUSTUP_HOME=/opt/rustwide/rustup-home" "-w" "/opt/rustwide/workdir" "-m" "1610612736" "--user" "0:0" "--network" "none" "ghcr.io/rust-lang/crates-build-env/linux@sha256:f3a9d4ad9d972b27faf3965f35b62e55ba32bbce8f20bc8fe909558a86702fde" "/opt/rustwide/cargo-home/bin/cargo" "+beta-2024-12-08" "metadata" "--no-deps" "--format-version=1", kill_on_drop: false }`
[INFO] [stdout] 86ad92d926b653b46da1751c8ff7668f9a342f9c742bf2b49e192d66d1d586cc
[INFO] running `Command { std: "docker" "start" "-a" "86ad92d926b653b46da1751c8ff7668f9a342f9c742bf2b49e192d66d1d586cc", kill_on_drop: false }`
[INFO] running `Command { std: "docker" "inspect" "86ad92d926b653b46da1751c8ff7668f9a342f9c742bf2b49e192d66d1d586cc", kill_on_drop: false }`
[INFO] running `Command { std: "docker" "rm" "-f" "86ad92d926b653b46da1751c8ff7668f9a342f9c742bf2b49e192d66d1d586cc", kill_on_drop: false }`
[INFO] [stdout] 86ad92d926b653b46da1751c8ff7668f9a342f9c742bf2b49e192d66d1d586cc
[INFO] running `Command { std: "docker" "create" "-v" "/var/lib/crater-agent-workspace/builds/worker-6-tc2/target:/opt/rustwide/target:rw,Z" "-v" "/var/lib/crater-agent-workspace/builds/worker-6-tc2/source:/opt/rustwide/workdir:ro,Z" "-v" "/var/lib/crater-agent-workspace/cargo-home:/opt/rustwide/cargo-home:ro,Z" "-v" "/var/lib/crater-agent-workspace/rustup-home:/opt/rustwide/rustup-home:ro,Z" "-e" "SOURCE_DIR=/opt/rustwide/workdir" "-e" "CARGO_TARGET_DIR=/opt/rustwide/target" "-e" "CARGO_INCREMENTAL=0" "-e" "RUST_BACKTRACE=full" "-e" "RUSTFLAGS=--cap-lints=warn" "-e" "RUSTDOCFLAGS=--cap-lints=warn" "-e" "CARGO_HOME=/opt/rustwide/cargo-home" "-e" "RUSTUP_HOME=/opt/rustwide/rustup-home" "-w" "/opt/rustwide/workdir" "-m" "1610612736" "--user" "0:0" "--network" "none" "ghcr.io/rust-lang/crates-build-env/linux@sha256:f3a9d4ad9d972b27faf3965f35b62e55ba32bbce8f20bc8fe909558a86702fde" "/opt/rustwide/cargo-home/bin/cargo" "+beta-2024-12-08" "build" "--frozen" "--message-format=json", kill_on_drop: false }`
[INFO] [stdout] f7c4fe11317c56ad11363cb91db7bd65c273587a156b40ffae2a42b6c2fb3de1
[INFO] running `Command { std: "docker" "start" "-a" "f7c4fe11317c56ad11363cb91db7bd65c273587a156b40ffae2a42b6c2fb3de1", kill_on_drop: false }`
[INFO] [stderr]    Compiling proc-macro2 v1.0.92
[INFO] [stderr]    Compiling unicode-ident v1.0.14
[INFO] [stderr]    Compiling version_check v0.9.5
[INFO] [stderr]    Compiling serde v1.0.216
[INFO] [stderr]    Compiling syn v1.0.109
[INFO] [stderr]    Compiling unicode-xid v0.2.6
[INFO] [stderr]    Compiling proc-macro-error-attr v1.0.4
[INFO] [stderr]    Compiling proc-macro-error v1.0.4
[INFO] [stderr]    Compiling quote v1.0.37
[INFO] [stderr]    Compiling toml v0.5.11
[INFO] [stderr]    Compiling proc-macro-crate v0.1.5
[INFO] [stderr]    Compiling synstructure v0.12.6
[INFO] [stderr]    Compiling tiny-multihash-proc-macro v0.1.0 (/opt/rustwide/workdir)
[INFO] [stdout] warning: field `paren` is never read
[INFO] [stdout]   --> src/utils.rs:12:9
[INFO] [stdout]    |
[INFO] [stdout] 11 | pub struct Attrs<A> {
[INFO] [stdout]    |            ----- field in this struct
[INFO] [stdout] 12 |     pub paren: syn::token::Paren,
[INFO] [stdout]    |         ^^^^^
[INFO] [stdout]    |
[INFO] [stdout]    = note: `Attrs` has a derived impl for the trait `Debug`, but this is intentionally ignored during dead code analysis
[INFO] [stdout]    = note: `#[warn(dead_code)]` on by default
[INFO] [stdout] 
[INFO] [stdout] 
[INFO] [stdout] warning: fields `key` and `eq` are never read
[INFO] [stdout]   --> src/utils.rs:27:9
[INFO] [stdout]    |
[INFO] [stdout] 26 | pub struct Attr<K, V> {
[INFO] [stdout]    |            ---- fields in this struct
[INFO] [stdout] 27 |     pub key: K,
[INFO] [stdout]    |         ^^^
[INFO] [stdout] 28 |     pub eq: syn::token::Eq,
[INFO] [stdout]    |         ^^
[INFO] [stdout]    |
[INFO] [stdout]    = note: `Attr` has a derived impl for the trait `Debug`, but this is intentionally ignored during dead code analysis
[INFO] [stdout] 
[INFO] [stdout] 
[INFO] [stderr]     Finished `dev` profile [unoptimized + debuginfo] target(s) in 10.27s
[INFO] running `Command { std: "docker" "inspect" "f7c4fe11317c56ad11363cb91db7bd65c273587a156b40ffae2a42b6c2fb3de1", kill_on_drop: false }`
[INFO] running `Command { std: "docker" "rm" "-f" "f7c4fe11317c56ad11363cb91db7bd65c273587a156b40ffae2a42b6c2fb3de1", kill_on_drop: false }`
[INFO] [stdout] f7c4fe11317c56ad11363cb91db7bd65c273587a156b40ffae2a42b6c2fb3de1
[INFO] running `Command { std: "docker" "create" "-v" "/var/lib/crater-agent-workspace/builds/worker-6-tc2/target:/opt/rustwide/target:rw,Z" "-v" "/var/lib/crater-agent-workspace/builds/worker-6-tc2/source:/opt/rustwide/workdir:ro,Z" "-v" "/var/lib/crater-agent-workspace/cargo-home:/opt/rustwide/cargo-home:ro,Z" "-v" "/var/lib/crater-agent-workspace/rustup-home:/opt/rustwide/rustup-home:ro,Z" "-e" "SOURCE_DIR=/opt/rustwide/workdir" "-e" "CARGO_TARGET_DIR=/opt/rustwide/target" "-e" "CARGO_INCREMENTAL=0" "-e" "RUST_BACKTRACE=full" "-e" "RUSTFLAGS=--cap-lints=warn" "-e" "RUSTDOCFLAGS=--cap-lints=warn" "-e" "CARGO_HOME=/opt/rustwide/cargo-home" "-e" "RUSTUP_HOME=/opt/rustwide/rustup-home" "-w" "/opt/rustwide/workdir" "-m" "1610612736" "--user" "0:0" "--network" "none" "ghcr.io/rust-lang/crates-build-env/linux@sha256:f3a9d4ad9d972b27faf3965f35b62e55ba32bbce8f20bc8fe909558a86702fde" "/opt/rustwide/cargo-home/bin/cargo" "+beta-2024-12-08" "test" "--frozen" "--no-run" "--message-format=json", kill_on_drop: false }`
[INFO] [stdout] 76056904ec79aea57c9ec1db4bf862966f0111e856184660c9b9022b0a7bb4d7
[INFO] running `Command { std: "docker" "start" "-a" "76056904ec79aea57c9ec1db4bf862966f0111e856184660c9b9022b0a7bb4d7", kill_on_drop: false }`
[INFO] [stderr]    Compiling difference v2.0.0
[INFO] [stderr]    Compiling ansi_term v0.11.0
[INFO] [stderr]    Compiling tiny-multihash-proc-macro v0.1.0 (/opt/rustwide/workdir)
[INFO] [stderr]    Compiling pretty_assertions v0.6.1
[INFO] [stdout] warning: field `paren` is never read
[INFO] [stdout]   --> src/utils.rs:12:9
[INFO] [stdout]    |
[INFO] [stdout] 11 | pub struct Attrs<A> {
[INFO] [stdout]    |            ----- field in this struct
[INFO] [stdout] 12 |     pub paren: syn::token::Paren,
[INFO] [stdout]    |         ^^^^^
[INFO] [stdout]    |
[INFO] [stdout]    = note: `Attrs` has a derived impl for the trait `Debug`, but this is intentionally ignored during dead code analysis
[INFO] [stdout]    = note: `#[warn(dead_code)]` on by default
[INFO] [stdout] 
[INFO] [stdout] 
[INFO] [stdout] warning: fields `key` and `eq` are never read
[INFO] [stdout]   --> src/utils.rs:27:9
[INFO] [stdout]    |
[INFO] [stdout] 26 | pub struct Attr<K, V> {
[INFO] [stdout]    |            ---- fields in this struct
[INFO] [stdout] 27 |     pub key: K,
[INFO] [stdout]    |         ^^^
[INFO] [stdout] 28 |     pub eq: syn::token::Eq,
[INFO] [stdout]    |         ^^
[INFO] [stdout]    |
[INFO] [stdout]    = note: `Attr` has a derived impl for the trait `Debug`, but this is intentionally ignored during dead code analysis
[INFO] [stdout] 
[INFO] [stdout] 
[INFO] [stdout] warning: field `paren` is never read
[INFO] [stdout]   --> src/utils.rs:12:9
[INFO] [stdout]    |
[INFO] [stdout] 11 | pub struct Attrs<A> {
[INFO] [stdout]    |            ----- field in this struct
[INFO] [stdout] 12 |     pub paren: syn::token::Paren,
[INFO] [stdout]    |         ^^^^^
[INFO] [stdout]    |
[INFO] [stdout]    = note: `Attrs` has a derived impl for the trait `Debug`, but this is intentionally ignored during dead code analysis
[INFO] [stdout]    = note: `#[warn(dead_code)]` on by default
[INFO] [stdout] 
[INFO] [stdout] 
[INFO] [stdout] warning: fields `key` and `eq` are never read
[INFO] [stdout]   --> src/utils.rs:27:9
[INFO] [stdout]    |
[INFO] [stdout] 26 | pub struct Attr<K, V> {
[INFO] [stdout]    |            ---- fields in this struct
[INFO] [stdout] 27 |     pub key: K,
[INFO] [stdout]    |         ^^^
[INFO] [stdout] 28 |     pub eq: syn::token::Eq,
[INFO] [stdout]    |         ^^
[INFO] [stdout]    |
[INFO] [stdout]    = note: `Attr` has a derived impl for the trait `Debug`, but this is intentionally ignored during dead code analysis
[INFO] [stdout] 
[INFO] [stdout] 
[INFO] [stderr]     Finished `test` profile [unoptimized + debuginfo] target(s) in 1.92s
[INFO] running `Command { std: "docker" "inspect" "76056904ec79aea57c9ec1db4bf862966f0111e856184660c9b9022b0a7bb4d7", kill_on_drop: false }`
[INFO] running `Command { std: "docker" "rm" "-f" "76056904ec79aea57c9ec1db4bf862966f0111e856184660c9b9022b0a7bb4d7", kill_on_drop: false }`
[INFO] [stdout] 76056904ec79aea57c9ec1db4bf862966f0111e856184660c9b9022b0a7bb4d7
[INFO] running `Command { std: "docker" "create" "-v" "/var/lib/crater-agent-workspace/builds/worker-6-tc2/target:/opt/rustwide/target:rw,Z" "-v" "/var/lib/crater-agent-workspace/builds/worker-6-tc2/source:/opt/rustwide/workdir:ro,Z" "-v" "/var/lib/crater-agent-workspace/cargo-home:/opt/rustwide/cargo-home:ro,Z" "-v" "/var/lib/crater-agent-workspace/rustup-home:/opt/rustwide/rustup-home:ro,Z" "-e" "SOURCE_DIR=/opt/rustwide/workdir" "-e" "CARGO_TARGET_DIR=/opt/rustwide/target" "-e" "CARGO_INCREMENTAL=0" "-e" "RUST_BACKTRACE=full" "-e" "RUSTFLAGS=--cap-lints=warn" "-e" "RUSTDOCFLAGS=--cap-lints=warn" "-e" "CARGO_HOME=/opt/rustwide/cargo-home" "-e" "RUSTUP_HOME=/opt/rustwide/rustup-home" "-w" "/opt/rustwide/workdir" "-m" "1610612736" "--user" "0:0" "--network" "none" "ghcr.io/rust-lang/crates-build-env/linux@sha256:f3a9d4ad9d972b27faf3965f35b62e55ba32bbce8f20bc8fe909558a86702fde" "/opt/rustwide/cargo-home/bin/cargo" "+beta-2024-12-08" "test" "--frozen", kill_on_drop: false }`
[INFO] [stdout] 5e04d2f7d61d69ed4d7fad38f727bbc6448bccb548cea757a935efee2a81c764
[INFO] running `Command { std: "docker" "start" "-a" "5e04d2f7d61d69ed4d7fad38f727bbc6448bccb548cea757a935efee2a81c764", kill_on_drop: false }`
[INFO] [stderr] warning: field `paren` is never read
[INFO] [stderr]   --> src/utils.rs:12:9
[INFO] [stderr]    |
[INFO] [stderr] 11 | pub struct Attrs<A> {
[INFO] [stderr]    |            ----- field in this struct
[INFO] [stderr] 12 |     pub paren: syn::token::Paren,
[INFO] [stderr]    |         ^^^^^
[INFO] [stderr]    |
[INFO] [stderr]    = note: `Attrs` has a derived impl for the trait `Debug`, but this is intentionally ignored during dead code analysis
[INFO] [stderr]    = note: `#[warn(dead_code)]` on by default
[INFO] [stderr] 
[INFO] [stderr] warning: fields `key` and `eq` are never read
[INFO] [stderr]   --> src/utils.rs:27:9
[INFO] [stderr]    |
[INFO] [stderr] 26 | pub struct Attr<K, V> {
[INFO] [stderr]    |            ---- fields in this struct
[INFO] [stderr] 27 |     pub key: K,
[INFO] [stderr]    |         ^^^
[INFO] [stderr] 28 |     pub eq: syn::token::Eq,
[INFO] [stderr]    |         ^^
[INFO] [stderr]    |
[INFO] [stderr]    = note: `Attr` has a derived impl for the trait `Debug`, but this is intentionally ignored during dead code analysis
[INFO] [stderr] 
[INFO] [stderr] warning: `tiny-multihash-proc-macro` (lib) generated 2 warnings
[INFO] [stderr] warning: `tiny-multihash-proc-macro` (lib test) generated 2 warnings (2 duplicates)
[INFO] [stderr]     Finished `test` profile [unoptimized + debuginfo] target(s) in 0.03s
[INFO] [stderr]      Running unittests src/lib.rs (/opt/rustwide/target/debug/deps/tiny_multihash_proc_macro-7e619dd9b7c28cf8)
[INFO] [stdout] 
[INFO] [stdout] running 1 test
[INFO] [stdout] test multihash::tests::test_multihash_derive ... FAILED
[INFO] [stdout] 
[INFO] [stdout] failures:
[INFO] [stdout] 
[INFO] [stdout] ---- multihash::tests::test_multihash_derive stdout ----
[INFO] [stdout] thread 'multihash::tests::test_multihash_derive' panicked at src/utils.rs:49:5:
[INFO] [stdout] assertion failed: `(left == right)`
[INFO] [stdout] 
[INFO] [stdout] [1mDiff[0m [31m< left[0m / [32mright >[0m :
[INFO] [stdout] [31m<[0m[31m"impl From < Code > for u64 { fn from (c : Code) -> Self { match c { Code :: Identity256 => 0x00 , # [cfg (feature = \"strobe\")] Code :: Strobe256 => 0x01 , } } } impl core :: convert :: TryFrom < u64 > for Code { type Error = [0m[1;48;5;52;31mcr[0m[31ma[0m[1;48;5;52;31mte[0m[31m :: Error ; fn try_from (n : u64) -> Result < Self , Self :: Error > { match n { 0x00 => Ok (Self :: Identity256) , # [cfg (feature = \"strobe\")] 0x01 => Ok (Self :: Strobe256) , _ => Err (Self :: Error :: UnsupportedCode (n)) , } } } # [doc = r\" Multihash.\"] # [derive (Clone , Debug , Eq , PartialEq)] pub enum Multihash { # [doc = r\" Multihash array for hash function.\"] Identity256 (< multihash :: Identity256 as [0m[1;48;5;52;31mcr[0m[31ma[0m[1;48;5;52;31mte[0m[31m :: Hasher > :: Digest) , # [doc = r\" Multihash array for hash function.\"] # [cfg (feature = \"strobe\")] Strobe256 (< multihash :: Strobe256 as [0m[1;48;5;52;31mcr[0m[31ma[0m[1;48;5;52;31mte[0m[31m :: Hasher > :: Digest) , } impl [0m[1;48;5;52;31mcr[0m[31ma[0m[1;48;5;52;31mte[0m[31m :: MultihashDigest < Code > for Multihash { fn code (& self) -> Code { match self { Multihash :: Identity256 (mh) => Code :: Identity256 , # [cfg (feature = \"strobe\")] Multihash :: Strobe256 (mh) => Code :: Strobe256 , } } fn digest (& self) -> & [u8] { match self { Multihash :: Identity256 (mh) => mh . as_ref () , # [cfg (feature = \"strobe\")] Multihash :: Strobe256 (mh) => mh . as_ref () , } } # [cfg (feature = \"std\")] fn read < R : std :: io :: Read > (mut r : R) -> Result < Self , [0m[1;48;5;52;31mcr[0m[31ma[0m[1;48;5;52;31mte[0m[31m :: Error > where Self : Sized { let code = [0m[1;48;5;52;31mcr[0m[31ma[0m[1;48;5;52;31mte[0m[31m :: read_code (& mut r) ? ; match code { Code :: Identity256 => Ok (Self :: Identity256 ([0m[1;48;5;52;31mcr[0m[31ma[0m[1;48;5;52;31mte[0m[31m :: read_digest (r) ?)) , # [cfg (feature = \"strobe\")] Code :: Strobe256 => Ok (Self :: Strobe256 ([0m[1;48;5;52;31mcr[0m[31ma[0m[1;48;5;52;31mte[0m[31m :: read_digest (r) ?)) , } } } impl From << multihash :: Identity256 as [0m[1;48;5;52;31mcr[0m[31ma[0m[1;48;5;52;31mte[0m[31m :: Hasher > :: Digest > for Multihash { fn from (digest : < multihash :: Identity256 as [0m[1;48;5;52;31mcr[0m[31ma[0m[1;48;5;52;31mte[0m[31m :: Hasher > :: Digest) -> Self { Self :: Identity256 (digest) } } # [cfg (feature = \"strobe\")] impl From << multihash :: Strobe256 as [0m[1;48;5;52;31mcr[0m[31ma[0m[1;48;5;52;31mte[0m[31m :: Hasher > :: Digest > for Multihash { fn from (digest : < multihash :: Strobe256 as [0m[1;48;5;52;31mcr[0m[31ma[0m[1;48;5;52;31mte[0m[31m :: Hasher > :: Digest) -> Self { Self :: Strobe256 (digest) } } impl [0m[1;48;5;52;31mcr[0m[31ma[0m[1;48;5;52;31mte[0m[31m :: MultihashCode for Code { type Multihash = Multihash ; fn size (& self) -> u8 { use [0m[1;48;5;52;31mcr[0m[31ma[0m[1;48;5;52;31mte[0m[31m :: Hasher ; match self { Code :: Identity256 => multihash :: Identity256 :: size () , # [cfg (feature = \"strobe\")] Code :: Strobe256 => multihash :: Strobe256 :: size () , } } fn digest (& self , input : & [u8]) -> Self :: Multihash { use [0m[1;48;5;52;31mcr[0m[31ma[0m[1;48;5;52;31mte[0m[31m :: Hasher ; match self { Code :: Identity256 => Multihash :: Identity256 (multihash :: Identity256 :: digest (input)) , # [cfg (feature = \"strobe\")] Code :: Strobe256 => Multihash :: Strobe256 (multihash :: Strobe256 :: digest (input)) , } } }"[0m
[INFO] [stdout] [32m>[0m[32m"impl From < Code > for u64 { fn from (c : Code) -> Self { match c { Code :: Identity256 => 0x00 , # [cfg (feature = \"strobe\")] Code :: Strobe256 => 0x01 , } } } impl core :: convert :: TryFrom < u64 > for Code { type Error = [0m[1;48;5;22;32mmultih[0m[32ma[0m[1;48;5;22;32msh[0m[32m :: Error ; fn try_from (n : u64) -> Result < Self , Self :: Error > { match n { 0x00 => Ok (Self :: Identity256) , # [cfg (feature = \"strobe\")] 0x01 => Ok (Self :: Strobe256) , _ => Err (Self :: Error :: UnsupportedCode (n)) , } } } # [doc = r\" Multihash.\"] # [derive (Clone , Debug , Eq , PartialEq)] pub enum Multihash { # [doc = r\" Multihash array for hash function.\"] Identity256 (< multihash :: Identity256 as [0m[1;48;5;22;32mmultih[0m[32ma[0m[1;48;5;22;32msh[0m[32m :: Hasher > :: Digest) , # [doc = r\" Multihash array for hash function.\"] # [cfg (feature = \"strobe\")] Strobe256 (< multihash :: Strobe256 as [0m[1;48;5;22;32mmultih[0m[32ma[0m[1;48;5;22;32msh[0m[32m :: Hasher > :: Digest) , } impl [0m[1;48;5;22;32mmultih[0m[32ma[0m[1;48;5;22;32msh[0m[32m :: MultihashDigest < Code > for Multihash { fn code (& self) -> Code { match self { Multihash :: Identity256 (mh) => Code :: Identity256 , # [cfg (feature = \"strobe\")] Multihash :: Strobe256 (mh) => Code :: Strobe256 , } } fn digest (& self) -> & [u8] { match self { Multihash :: Identity256 (mh) => mh . as_ref () , # [cfg (feature = \"strobe\")] Multihash :: Strobe256 (mh) => mh . as_ref () , } } # [cfg (feature = \"std\")] fn read < R : std :: io :: Read > (mut r : R) -> Result < Self , [0m[1;48;5;22;32mmultih[0m[32ma[0m[1;48;5;22;32msh[0m[32m :: Error > where Self : Sized { let code = [0m[1;48;5;22;32mmultih[0m[32ma[0m[1;48;5;22;32msh[0m[32m :: read_code (& mut r) ? ; match code { Code :: Identity256 => Ok (Self :: Identity256 ([0m[1;48;5;22;32mmultih[0m[32ma[0m[1;48;5;22;32msh[0m[32m :: read_digest (r) ?)) , # [cfg (feature = \"strobe\")] Code :: Strobe256 => Ok (Self :: Strobe256 ([0m[1;48;5;22;32mmultih[0m[32ma[0m[1;48;5;22;32msh[0m[32m :: read_digest (r) ?)) , } } } impl From << multihash :: Identity256 as [0m[1;48;5;22;32mmultih[0m[32ma[0m[1;48;5;22;32msh[0m[32m :: Hasher > :: Digest > for Multihash { fn from (digest : < multihash :: Identity256 as [0m[1;48;5;22;32mmultih[0m[32ma[0m[1;48;5;22;32msh[0m[32m :: Hasher > :: Digest) -> Self { Self :: Identity256 (digest) } } # [cfg (feature = \"strobe\")] impl From << multihash :: Strobe256 as [0m[1;48;5;22;32mmultih[0m[32ma[0m[1;48;5;22;32msh[0m[32m :: Hasher > :: Digest > for Multihash { fn from (digest : < multihash :: Strobe256 as [0m[1;48;5;22;32mmultih[0m[32ma[0m[1;48;5;22;32msh[0m[32m :: Hasher > :: Digest) -> Self { Self :: Strobe256 (digest) } } impl [0m[1;48;5;22;32mmultih[0m[32ma[0m[1;48;5;22;32msh[0m[32m :: MultihashCode for Code { type Multihash = Multihash ; fn size (& self) -> u8 { use [0m[1;48;5;22;32mmultih[0m[32ma[0m[1;48;5;22;32msh[0m[32m :: Hasher ; match self { Code :: Identity256 => multihash :: Identity256 :: size () , # [cfg (feature = \"strobe\")] Code :: Strobe256 => multihash :: Strobe256 :: size () , } } fn digest (& self , input : & [u8]) -> Self :: Multihash { use [0m[1;48;5;22;32mmultih[0m[32ma[0m[1;48;5;22;32msh[0m[32m :: Hasher ; match self { Code :: Identity256 => Multihash :: Identity256 (multihash :: Identity256 :: digest (input)) , # [cfg (feature = \"strobe\")] Code :: Strobe256 => Multihash :: Strobe256 (multihash :: Strobe256 :: digest (input)) , } } }"[0m
[INFO] [stdout] 
[INFO] [stdout] 
[INFO] [stdout] stack backtrace:
[INFO] [stdout]    0:     0x7079195bc5aa - std::backtrace_rs::backtrace::libunwind::trace::h8810477743020387
[INFO] [stdout]                                at /rustc/202008a1b8de96d2e5b6bc02d379db03a877d34d/library/std/src/../../backtrace/src/backtrace/libunwind.rs:116:5
[INFO] [stdout]    1:     0x7079195bc5aa - std::backtrace_rs::backtrace::trace_unsynchronized::h3aa55355dd6c54a6
[INFO] [stdout]                                at /rustc/202008a1b8de96d2e5b6bc02d379db03a877d34d/library/std/src/../../backtrace/src/backtrace/mod.rs:66:5
[INFO] [stdout]    2:     0x7079195bc5aa - std::sys::backtrace::_print_fmt::h8588b0f62410823f
[INFO] [stdout]                                at /rustc/202008a1b8de96d2e5b6bc02d379db03a877d34d/library/std/src/sys/backtrace.rs:66:9
[INFO] [stdout]    3:     0x7079195bc5aa - <std::sys::backtrace::BacktraceLock::print::DisplayBacktrace as core::fmt::Display>::fmt::h98c26ac25ffe89bb
[INFO] [stdout]                                at /rustc/202008a1b8de96d2e5b6bc02d379db03a877d34d/library/std/src/sys/backtrace.rs:39:26
[INFO] [stdout]    4:     0x70791960d173 - core::fmt::rt::Argument::fmt::hf95377f4aebd453b
[INFO] [stdout]                                at /rustc/202008a1b8de96d2e5b6bc02d379db03a877d34d/library/core/src/fmt/rt.rs:177:76
[INFO] [stdout]    5:     0x70791960d173 - core::fmt::write::h0dd5f6e2238c7982
[INFO] [stdout]                                at /rustc/202008a1b8de96d2e5b6bc02d379db03a877d34d/library/core/src/fmt/mod.rs:1189:21
[INFO] [stdout]    6:     0x7079195afeb3 - std::io::Write::write_fmt::h03bb0ca26e6faf8c
[INFO] [stdout]                                at /rustc/202008a1b8de96d2e5b6bc02d379db03a877d34d/library/std/src/io/mod.rs:1884:15
[INFO] [stdout]    7:     0x7079195bc3f2 - std::sys::backtrace::BacktraceLock::print::h5c19c1c038ee186d
[INFO] [stdout]                                at /rustc/202008a1b8de96d2e5b6bc02d379db03a877d34d/library/std/src/sys/backtrace.rs:42:9
[INFO] [stdout]    8:     0x7079195bea1d - std::panicking::default_hook::{{closure}}::h77172f079a1fcb13
[INFO] [stdout]                                at /rustc/202008a1b8de96d2e5b6bc02d379db03a877d34d/library/std/src/panicking.rs:268:22
[INFO] [stdout]    9:     0x7079195be827 - std::panicking::default_hook::he5f8e3b203ccddba
[INFO] [stdout]                                at /rustc/202008a1b8de96d2e5b6bc02d379db03a877d34d/library/std/src/panicking.rs:292:9
[INFO] [stdout]   10:     0x5931afb659d7 - <alloc::boxed::Box<F,A> as core::ops::function::Fn<Args>>::call::h7a3c7b4a1ae77f2f
[INFO] [stdout]                                at /rustc/202008a1b8de96d2e5b6bc02d379db03a877d34d/library/alloc/src/boxed.rs:1986:9
[INFO] [stdout]   11:     0x5931afb659d7 - test::test_main::{{closure}}::hf0d3b69ae9b353d1
[INFO] [stdout]                                at /rustc/202008a1b8de96d2e5b6bc02d379db03a877d34d/library/test/src/lib.rs:134:21
[INFO] [stdout]   12:     0x7079195bf198 - <alloc::boxed::Box<F,A> as core::ops::function::Fn<Args>>::call::h6332e82e7b189abd
[INFO] [stdout]                                at /rustc/202008a1b8de96d2e5b6bc02d379db03a877d34d/library/alloc/src/boxed.rs:1986:9
[INFO] [stdout]   13:     0x7079195bf198 - std::panicking::rust_panic_with_hook::h53863d4e9018df39
[INFO] [stdout]                                at /rustc/202008a1b8de96d2e5b6bc02d379db03a877d34d/library/std/src/panicking.rs:809:13
[INFO] [stdout]   14:     0x7079195bef5a - std::panicking::begin_panic_handler::{{closure}}::h67280e6fa0757873
[INFO] [stdout]                                at /rustc/202008a1b8de96d2e5b6bc02d379db03a877d34d/library/std/src/panicking.rs:674:13
[INFO] [stdout]   15:     0x7079195bca89 - std::sys::backtrace::__rust_end_short_backtrace::h1dac3f54d6fbbeb2
[INFO] [stdout]                                at /rustc/202008a1b8de96d2e5b6bc02d379db03a877d34d/library/std/src/sys/backtrace.rs:170:18
[INFO] [stdout]   16:     0x7079195bebec - rust_begin_unwind
[INFO] [stdout]                                at /rustc/202008a1b8de96d2e5b6bc02d379db03a877d34d/library/std/src/panicking.rs:665:5
[INFO] [stdout]   17:     0x707919609580 - core::panicking::panic_fmt::h6792bd1b2bf01041
[INFO] [stdout]                                at /rustc/202008a1b8de96d2e5b6bc02d379db03a877d34d/library/core/src/panicking.rs:76:14
[INFO] [stdout]   18:     0x5931afabbf38 - tiny_multihash_proc_macro::utils::assert_proc_macro::hf3b312a7c49af4ba
[INFO] [stdout]                                at /opt/rustwide/workdir/src/utils.rs:49:5
[INFO] [stdout]   19:     0x5931afac6f2e - tiny_multihash_proc_macro::multihash::tests::test_multihash_derive::h5dd1ef4a4ca062f0
[INFO] [stdout]                                at /opt/rustwide/workdir/src/multihash.rs:403:9
[INFO] [stdout]   20:     0x5931afac0617 - tiny_multihash_proc_macro::multihash::tests::test_multihash_derive::{{closure}}::h8aed56fe5d768994
[INFO] [stdout]                                at /opt/rustwide/workdir/src/multihash.rs:290:31
[INFO] [stdout]   21:     0x5931afab1cf6 - core::ops::function::FnOnce::call_once::h8c469460e1b2d501
[INFO] [stdout]                                at /rustc/202008a1b8de96d2e5b6bc02d379db03a877d34d/library/core/src/ops/function.rs:250:5
[INFO] [stdout]   22:     0x5931afb6a4fb - core::ops::function::FnOnce::call_once::h871bf86719ec9aa4
[INFO] [stdout]                                at /rustc/202008a1b8de96d2e5b6bc02d379db03a877d34d/library/core/src/ops/function.rs:250:5
[INFO] [stdout]   23:     0x5931afb6a4fb - test::__rust_begin_short_backtrace::h2167df1e2b7d76fd
[INFO] [stdout]                                at /rustc/202008a1b8de96d2e5b6bc02d379db03a877d34d/library/test/src/lib.rs:632:18
[INFO] [stdout]   24:     0x5931afb69ee8 - test::run_test_in_process::{{closure}}::h15d92f75a3adfb79
[INFO] [stdout]                                at /rustc/202008a1b8de96d2e5b6bc02d379db03a877d34d/library/test/src/lib.rs:655:60
[INFO] [stdout]   25:     0x5931afb69ee8 - <core::panic::unwind_safe::AssertUnwindSafe<F> as core::ops::function::FnOnce<()>>::call_once::hb6c8955835a8dbbb
[INFO] [stdout]                                at /rustc/202008a1b8de96d2e5b6bc02d379db03a877d34d/library/core/src/panic/unwind_safe.rs:272:9
[INFO] [stdout]   26:     0x5931afb69ee8 - std::panicking::try::do_call::hc79d0fc888a0bd30
[INFO] [stdout]                                at /rustc/202008a1b8de96d2e5b6bc02d379db03a877d34d/library/std/src/panicking.rs:557:40
[INFO] [stdout]   27:     0x5931afb69ee8 - std::panicking::try::hb8a7878e3a8589d6
[INFO] [stdout]                                at /rustc/202008a1b8de96d2e5b6bc02d379db03a877d34d/library/std/src/panicking.rs:520:19
[INFO] [stdout]   28:     0x5931afb69ee8 - std::panic::catch_unwind::hb8e4600ff0ff5cfa
[INFO] [stdout]                                at /rustc/202008a1b8de96d2e5b6bc02d379db03a877d34d/library/std/src/panic.rs:358:14
[INFO] [stdout]   29:     0x5931afb69ee8 - test::run_test_in_process::hc2900b0b18688dd6
[INFO] [stdout]                                at /rustc/202008a1b8de96d2e5b6bc02d379db03a877d34d/library/test/src/lib.rs:655:27
[INFO] [stdout]   30:     0x5931afb69ee8 - test::run_test::{{closure}}::hac2a9cb07be3d48d
[INFO] [stdout]                                at /rustc/202008a1b8de96d2e5b6bc02d379db03a877d34d/library/test/src/lib.rs:576:43
[INFO] [stdout]   31:     0x5931afb2d98a - test::run_test::{{closure}}::h4a5b729e66a38cd8
[INFO] [stdout]                                at /rustc/202008a1b8de96d2e5b6bc02d379db03a877d34d/library/test/src/lib.rs:606:41
[INFO] [stdout]   32:     0x5931afb2d98a - std::sys::backtrace::__rust_begin_short_backtrace::h0496fb742492f573
[INFO] [stdout]                                at /rustc/202008a1b8de96d2e5b6bc02d379db03a877d34d/library/std/src/sys/backtrace.rs:154:18
[INFO] [stdout]   33:     0x5931afb31304 - std::thread::Builder::spawn_unchecked_::{{closure}}::{{closure}}::hbb6d257c550a54bd
[INFO] [stdout]                                at /rustc/202008a1b8de96d2e5b6bc02d379db03a877d34d/library/std/src/thread/mod.rs:561:17
[INFO] [stdout]   34:     0x5931afb31304 - <core::panic::unwind_safe::AssertUnwindSafe<F> as core::ops::function::FnOnce<()>>::call_once::h46696fe4a6832328
[INFO] [stdout]                                at /rustc/202008a1b8de96d2e5b6bc02d379db03a877d34d/library/core/src/panic/unwind_safe.rs:272:9
[INFO] [stdout]   35:     0x5931afb31304 - std::panicking::try::do_call::h2625a51b667bfb64
[INFO] [stdout]                                at /rustc/202008a1b8de96d2e5b6bc02d379db03a877d34d/library/std/src/panicking.rs:557:40
[INFO] [stdout]   36:     0x5931afb31304 - std::panicking::try::hb956a59a1973aa4c
[INFO] [stdout]                                at /rustc/202008a1b8de96d2e5b6bc02d379db03a877d34d/library/std/src/panicking.rs:520:19
[INFO] [stdout]   37:     0x5931afb31304 - std::panic::catch_unwind::h64f3b9d1067ef6a0
[INFO] [stdout]                                at /rustc/202008a1b8de96d2e5b6bc02d379db03a877d34d/library/std/src/panic.rs:358:14
[INFO] [stdout]   38:     0x5931afb31304 - std::thread::Builder::spawn_unchecked_::{{closure}}::h42b2841295b6c0b2
[INFO] [stdout]                                at /rustc/202008a1b8de96d2e5b6bc02d379db03a877d34d/library/std/src/thread/mod.rs:559:30
[INFO] [stdout]   39:     0x5931afb31304 - core::ops::function::FnOnce::call_once{{vtable.shim}}::h6127de71b8124639
[INFO] [stdout]                                at /rustc/202008a1b8de96d2e5b6bc02d379db03a877d34d/library/core/src/ops/function.rs:250:5
[INFO] [stdout]   40:     0x7079195c8e8b - <alloc::boxed::Box<F,A> as core::ops::function::FnOnce<Args>>::call_once::h42f0ba71002a1b2c
[INFO] [stdout]                                at /rustc/202008a1b8de96d2e5b6bc02d379db03a877d34d/library/alloc/src/boxed.rs:1972:9
[INFO] [stdout]   41:     0x7079195c8e8b - <alloc::boxed::Box<F,A> as core::ops::function::FnOnce<Args>>::call_once::had9e47d7a3dcecb8
[INFO] [stdout]                                at /rustc/202008a1b8de96d2e5b6bc02d379db03a877d34d/library/alloc/src/boxed.rs:1972:9
[INFO] [stdout]   42:     0x7079195c8e8b - std::sys::pal::unix::thread::Thread::new::thread_start::h48cf765408f6f5f2
[INFO] [stdout]                                at /rustc/202008a1b8de96d2e5b6bc02d379db03a877d34d/library/std/src/sys/pal/unix/thread.rs:105:17
[INFO] [stdout]   43:     0x70791923aac3 - <unknown>
[INFO] [stdout]   44:     0x7079192cba04 - clone
[INFO] [stdout]   45:                0x0 - <unknown>
[INFO] [stdout] 
[INFO] [stdout] 
[INFO] [stdout] failures:
[INFO] [stdout]     multihash::tests::test_multihash_derive
[INFO] [stdout] 
[INFO] [stdout] test result: FAILED. 0 passed; 1 failed; 0 ignored; 0 measured; 0 filtered out; finished in 1.01s
[INFO] [stdout] 
[INFO] [stderr] error: test failed, to rerun pass `--lib`
[INFO] running `Command { std: "docker" "inspect" "5e04d2f7d61d69ed4d7fad38f727bbc6448bccb548cea757a935efee2a81c764", kill_on_drop: false }`
[INFO] running `Command { std: "docker" "rm" "-f" "5e04d2f7d61d69ed4d7fad38f727bbc6448bccb548cea757a935efee2a81c764", kill_on_drop: false }`
[INFO] [stdout] 5e04d2f7d61d69ed4d7fad38f727bbc6448bccb548cea757a935efee2a81c764
