[INFO] fetching crate tiny-game-loop 0.2.0...
[INFO] testing tiny-game-loop-0.2.0 against 1.83.0 for beta-1.84.0-4-retry
[INFO] extracting crate tiny-game-loop 0.2.0 into /workspace/builds/worker-2-tc1/source
[INFO] validating manifest of crates.io crate tiny-game-loop 0.2.0 on toolchain 1.83.0
[INFO] running `Command { std: CARGO_HOME="/workspace/cargo-home" RUSTUP_HOME="/workspace/rustup-home" "/workspace/cargo-home/bin/cargo" "+1.83.0" "metadata" "--manifest-path" "Cargo.toml" "--no-deps", kill_on_drop: false }`
[INFO] started tweaking crates.io crate tiny-game-loop 0.2.0
[INFO] finished tweaking crates.io crate tiny-game-loop 0.2.0
[INFO] tweaked toml for crates.io crate tiny-game-loop 0.2.0 written to /workspace/builds/worker-2-tc1/source/Cargo.toml
[INFO] running `Command { std: CARGO_HOME="/workspace/cargo-home" RUSTUP_HOME="/workspace/rustup-home" "/workspace/cargo-home/bin/cargo" "+1.83.0" "generate-lockfile" "--manifest-path" "Cargo.toml", kill_on_drop: false }`
[INFO] running `Command { std: CARGO_HOME="/workspace/cargo-home" RUSTUP_HOME="/workspace/rustup-home" "/workspace/cargo-home/bin/cargo" "+1.83.0" "fetch" "--manifest-path" "Cargo.toml", kill_on_drop: false }`
[INFO] running `Command { std: "docker" "create" "-v" "/var/lib/crater-agent-workspace/builds/worker-2-tc1/target:/opt/rustwide/target:rw,Z" "-v" "/var/lib/crater-agent-workspace/builds/worker-2-tc1/source:/opt/rustwide/workdir:ro,Z" "-v" "/var/lib/crater-agent-workspace/cargo-home:/opt/rustwide/cargo-home:ro,Z" "-v" "/var/lib/crater-agent-workspace/rustup-home:/opt/rustwide/rustup-home:ro,Z" "-e" "SOURCE_DIR=/opt/rustwide/workdir" "-e" "CARGO_TARGET_DIR=/opt/rustwide/target" "-e" "CARGO_HOME=/opt/rustwide/cargo-home" "-e" "RUSTUP_HOME=/opt/rustwide/rustup-home" "-w" "/opt/rustwide/workdir" "-m" "1610612736" "--user" "0:0" "--network" "none" "ghcr.io/rust-lang/crates-build-env/linux@sha256:f3a9d4ad9d972b27faf3965f35b62e55ba32bbce8f20bc8fe909558a86702fde" "/opt/rustwide/cargo-home/bin/cargo" "+1.83.0" "metadata" "--no-deps" "--format-version=1", kill_on_drop: false }`
[INFO] [stdout] b79debd8550e31d59089c9dee229c589de729ffe8b2178d49d0d069d10b324f1
[INFO] running `Command { std: "docker" "start" "-a" "b79debd8550e31d59089c9dee229c589de729ffe8b2178d49d0d069d10b324f1", kill_on_drop: false }`
[INFO] running `Command { std: "docker" "inspect" "b79debd8550e31d59089c9dee229c589de729ffe8b2178d49d0d069d10b324f1", kill_on_drop: false }`
[INFO] running `Command { std: "docker" "rm" "-f" "b79debd8550e31d59089c9dee229c589de729ffe8b2178d49d0d069d10b324f1", kill_on_drop: false }`
[INFO] [stdout] b79debd8550e31d59089c9dee229c589de729ffe8b2178d49d0d069d10b324f1
[INFO] running `Command { std: "docker" "create" "-v" "/var/lib/crater-agent-workspace/builds/worker-2-tc1/target:/opt/rustwide/target:rw,Z" "-v" "/var/lib/crater-agent-workspace/builds/worker-2-tc1/source:/opt/rustwide/workdir:ro,Z" "-v" "/var/lib/crater-agent-workspace/cargo-home:/opt/rustwide/cargo-home:ro,Z" "-v" "/var/lib/crater-agent-workspace/rustup-home:/opt/rustwide/rustup-home:ro,Z" "-e" "SOURCE_DIR=/opt/rustwide/workdir" "-e" "CARGO_TARGET_DIR=/opt/rustwide/target" "-e" "CARGO_INCREMENTAL=0" "-e" "RUST_BACKTRACE=full" "-e" "RUSTFLAGS=--cap-lints=warn" "-e" "RUSTDOCFLAGS=--cap-lints=warn" "-e" "CARGO_HOME=/opt/rustwide/cargo-home" "-e" "RUSTUP_HOME=/opt/rustwide/rustup-home" "-w" "/opt/rustwide/workdir" "-m" "1610612736" "--user" "0:0" "--network" "none" "ghcr.io/rust-lang/crates-build-env/linux@sha256:f3a9d4ad9d972b27faf3965f35b62e55ba32bbce8f20bc8fe909558a86702fde" "/opt/rustwide/cargo-home/bin/cargo" "+1.83.0" "build" "--frozen" "--message-format=json", kill_on_drop: false }`
[INFO] [stdout] b384fc76e5c2bd6ebdb45a7876f8e1d2c64b8c959848456712b35d58b7f9996b
[INFO] running `Command { std: "docker" "start" "-a" "b384fc76e5c2bd6ebdb45a7876f8e1d2c64b8c959848456712b35d58b7f9996b", kill_on_drop: false }`
[INFO] [stderr]    Compiling tiny-game-loop v0.2.0 (/opt/rustwide/workdir)
[INFO] [stderr]     Finished `dev` profile [unoptimized + debuginfo] target(s) in 0.27s
[INFO] running `Command { std: "docker" "inspect" "b384fc76e5c2bd6ebdb45a7876f8e1d2c64b8c959848456712b35d58b7f9996b", kill_on_drop: false }`
[INFO] running `Command { std: "docker" "rm" "-f" "b384fc76e5c2bd6ebdb45a7876f8e1d2c64b8c959848456712b35d58b7f9996b", kill_on_drop: false }`
[INFO] [stdout] b384fc76e5c2bd6ebdb45a7876f8e1d2c64b8c959848456712b35d58b7f9996b
[INFO] running `Command { std: "docker" "create" "-v" "/var/lib/crater-agent-workspace/builds/worker-2-tc1/target:/opt/rustwide/target:rw,Z" "-v" "/var/lib/crater-agent-workspace/builds/worker-2-tc1/source:/opt/rustwide/workdir:ro,Z" "-v" "/var/lib/crater-agent-workspace/cargo-home:/opt/rustwide/cargo-home:ro,Z" "-v" "/var/lib/crater-agent-workspace/rustup-home:/opt/rustwide/rustup-home:ro,Z" "-e" "SOURCE_DIR=/opt/rustwide/workdir" "-e" "CARGO_TARGET_DIR=/opt/rustwide/target" "-e" "CARGO_INCREMENTAL=0" "-e" "RUST_BACKTRACE=full" "-e" "RUSTFLAGS=--cap-lints=warn" "-e" "RUSTDOCFLAGS=--cap-lints=warn" "-e" "CARGO_HOME=/opt/rustwide/cargo-home" "-e" "RUSTUP_HOME=/opt/rustwide/rustup-home" "-w" "/opt/rustwide/workdir" "-m" "1610612736" "--user" "0:0" "--network" "none" "ghcr.io/rust-lang/crates-build-env/linux@sha256:f3a9d4ad9d972b27faf3965f35b62e55ba32bbce8f20bc8fe909558a86702fde" "/opt/rustwide/cargo-home/bin/cargo" "+1.83.0" "test" "--frozen" "--no-run" "--message-format=json", kill_on_drop: false }`
[INFO] [stdout] d54373df5eee31d8e0b17d8295d283c3875e59c5aa32ef0c71cf6661dc3b0905
[INFO] running `Command { std: "docker" "start" "-a" "d54373df5eee31d8e0b17d8295d283c3875e59c5aa32ef0c71cf6661dc3b0905", kill_on_drop: false }`
[INFO] [stderr]    Compiling tiny-game-loop v0.2.0 (/opt/rustwide/workdir)
[INFO] [stderr]     Finished `test` profile [unoptimized + debuginfo] target(s) in 0.44s
[INFO] running `Command { std: "docker" "inspect" "d54373df5eee31d8e0b17d8295d283c3875e59c5aa32ef0c71cf6661dc3b0905", kill_on_drop: false }`
[INFO] running `Command { std: "docker" "rm" "-f" "d54373df5eee31d8e0b17d8295d283c3875e59c5aa32ef0c71cf6661dc3b0905", kill_on_drop: false }`
[INFO] [stdout] d54373df5eee31d8e0b17d8295d283c3875e59c5aa32ef0c71cf6661dc3b0905
[INFO] running `Command { std: "docker" "create" "-v" "/var/lib/crater-agent-workspace/builds/worker-2-tc1/target:/opt/rustwide/target:rw,Z" "-v" "/var/lib/crater-agent-workspace/builds/worker-2-tc1/source:/opt/rustwide/workdir:ro,Z" "-v" "/var/lib/crater-agent-workspace/cargo-home:/opt/rustwide/cargo-home:ro,Z" "-v" "/var/lib/crater-agent-workspace/rustup-home:/opt/rustwide/rustup-home:ro,Z" "-e" "SOURCE_DIR=/opt/rustwide/workdir" "-e" "CARGO_TARGET_DIR=/opt/rustwide/target" "-e" "CARGO_INCREMENTAL=0" "-e" "RUST_BACKTRACE=full" "-e" "RUSTFLAGS=--cap-lints=warn" "-e" "RUSTDOCFLAGS=--cap-lints=warn" "-e" "CARGO_HOME=/opt/rustwide/cargo-home" "-e" "RUSTUP_HOME=/opt/rustwide/rustup-home" "-w" "/opt/rustwide/workdir" "-m" "1610612736" "--user" "0:0" "--network" "none" "ghcr.io/rust-lang/crates-build-env/linux@sha256:f3a9d4ad9d972b27faf3965f35b62e55ba32bbce8f20bc8fe909558a86702fde" "/opt/rustwide/cargo-home/bin/cargo" "+1.83.0" "test" "--frozen", kill_on_drop: false }`
[INFO] [stdout] 9ec1a090b3fd34e0fc449b5e8758b6fdd0b25575758ab7b76579fd3f261fb951
[INFO] running `Command { std: "docker" "start" "-a" "9ec1a090b3fd34e0fc449b5e8758b6fdd0b25575758ab7b76579fd3f261fb951", kill_on_drop: false }`
[INFO] [stderr]     Finished `test` profile [unoptimized + debuginfo] target(s) in 0.01s
[INFO] [stderr]      Running unittests src/lib.rs (/opt/rustwide/target/debug/deps/tiny_game_loop-5d62b83802802ade)
[INFO] [stdout] 
[INFO] [stdout] running 0 tests
[INFO] [stdout] 
[INFO] [stdout] test result: ok. 0 passed; 0 failed; 0 ignored; 0 measured; 0 filtered out; finished in 0.00s
[INFO] [stdout] 
[INFO] [stderr]    Doc-tests tiny_game_loop
[INFO] [stdout] 
[INFO] [stdout] running 1 test
[INFO] [stdout] test src/lib.rs - GameLoop::update (line 61) ... FAILED
[INFO] [stdout] 
[INFO] [stdout] failures:
[INFO] [stdout] 
[INFO] [stdout] ---- src/lib.rs - GameLoop::update (line 61) stdout ----
[INFO] [stdout] error[E0425]: cannot find value `instance` in this scope
[INFO] [stdout]  --> src/lib.rs:65:19
[INFO] [stdout]   |
[INFO] [stdout] 6 |     let elapsed = instance.elapsed(); // using `std::time::Instance` to measure time between updates
[INFO] [stdout]   |                   ^^^^^^^^ not found in this scope
[INFO] [stdout] 
[INFO] [stdout] error[E0425]: cannot find value `instance` in this scope
[INFO] [stdout]  --> src/lib.rs:66:5
[INFO] [stdout]   |
[INFO] [stdout] 7 |     instance = Instance::now();
[INFO] [stdout]   |     ^^^^^^^^
[INFO] [stdout]   |
[INFO] [stdout] help: you might have meant to introduce a new binding
[INFO] [stdout]   |
[INFO] [stdout] 7 |     let instance = Instance::now();
[INFO] [stdout]   |     +++
[INFO] [stdout] 
[INFO] [stdout] error[E0425]: cannot find value `game_loop` in this scope
[INFO] [stdout]  --> src/lib.rs:68:25
[INFO] [stdout]   |
[INFO] [stdout] 9 |     let update_result = game_loop.update(elapsed).run(|update_result| {
[INFO] [stdout]   |                         ^^^^^^^^^ not found in this scope
[INFO] [stdout] 
[INFO] [stdout] error[E0433]: failed to resolve: use of undeclared type `Instance`
[INFO] [stdout]  --> src/lib.rs:66:16
[INFO] [stdout]   |
[INFO] [stdout] 7 |     instance = Instance::now();
[INFO] [stdout]   |                ^^^^^^^^ use of undeclared type `Instance`
[INFO] [stdout] 
[INFO] [stdout] error: aborting due to 4 previous errors
[INFO] [stdout] 
[INFO] [stdout] Some errors have detailed explanations: E0425, E0433.
[INFO] [stdout] For more information about an error, try `rustc --explain E0425`.
[INFO] [stdout] Couldn't compile the test.
[INFO] [stdout] 
[INFO] [stdout] failures:
[INFO] [stdout]     src/lib.rs - GameLoop::update (line 61)
[INFO] [stdout] 
[INFO] [stdout] test result: FAILED. 0 passed; 1 failed; 0 ignored; 0 measured; 0 filtered out; finished in 0.09s
[INFO] [stdout] 
[INFO] [stderr] error: doctest failed, to rerun pass `--doc`
[INFO] running `Command { std: "docker" "inspect" "9ec1a090b3fd34e0fc449b5e8758b6fdd0b25575758ab7b76579fd3f261fb951", kill_on_drop: false }`
[INFO] running `Command { std: "docker" "rm" "-f" "9ec1a090b3fd34e0fc449b5e8758b6fdd0b25575758ab7b76579fd3f261fb951", kill_on_drop: false }`
[INFO] [stdout] 9ec1a090b3fd34e0fc449b5e8758b6fdd0b25575758ab7b76579fd3f261fb951
