[INFO] fetching crate tiny-actor 0.2.1...
[INFO] testing tiny-actor-0.2.1 against 1.83.0 for beta-1.84.0-4-retry
[INFO] extracting crate tiny-actor 0.2.1 into /workspace/builds/worker-7-tc1/source
[INFO] validating manifest of crates.io crate tiny-actor 0.2.1 on toolchain 1.83.0
[INFO] running `Command { std: CARGO_HOME="/workspace/cargo-home" RUSTUP_HOME="/workspace/rustup-home" "/workspace/cargo-home/bin/cargo" "+1.83.0" "metadata" "--manifest-path" "Cargo.toml" "--no-deps", kill_on_drop: false }`
[INFO] started tweaking crates.io crate tiny-actor 0.2.1
[INFO] finished tweaking crates.io crate tiny-actor 0.2.1
[INFO] tweaked toml for crates.io crate tiny-actor 0.2.1 written to /workspace/builds/worker-7-tc1/source/Cargo.toml
[INFO] crate crates.io crate tiny-actor 0.2.1 already has a lockfile, it will not be regenerated
[INFO] running `Command { std: CARGO_HOME="/workspace/cargo-home" RUSTUP_HOME="/workspace/rustup-home" "/workspace/cargo-home/bin/cargo" "+1.83.0" "fetch" "--manifest-path" "Cargo.toml", kill_on_drop: false }`
[INFO] running `Command { std: "docker" "create" "-v" "/var/lib/crater-agent-workspace/builds/worker-7-tc1/target:/opt/rustwide/target:rw,Z" "-v" "/var/lib/crater-agent-workspace/builds/worker-7-tc1/source:/opt/rustwide/workdir:ro,Z" "-v" "/var/lib/crater-agent-workspace/cargo-home:/opt/rustwide/cargo-home:ro,Z" "-v" "/var/lib/crater-agent-workspace/rustup-home:/opt/rustwide/rustup-home:ro,Z" "-e" "SOURCE_DIR=/opt/rustwide/workdir" "-e" "CARGO_TARGET_DIR=/opt/rustwide/target" "-e" "CARGO_HOME=/opt/rustwide/cargo-home" "-e" "RUSTUP_HOME=/opt/rustwide/rustup-home" "-w" "/opt/rustwide/workdir" "-m" "1610612736" "--user" "0:0" "--network" "none" "ghcr.io/rust-lang/crates-build-env/linux@sha256:f3a9d4ad9d972b27faf3965f35b62e55ba32bbce8f20bc8fe909558a86702fde" "/opt/rustwide/cargo-home/bin/cargo" "+1.83.0" "metadata" "--no-deps" "--format-version=1", kill_on_drop: false }`
[INFO] [stdout] b5e8979c7b2cde06b209b6a71520943c4859eba5309dd17f7a8be33d50d409ea
[INFO] running `Command { std: "docker" "start" "-a" "b5e8979c7b2cde06b209b6a71520943c4859eba5309dd17f7a8be33d50d409ea", kill_on_drop: false }`
[INFO] running `Command { std: "docker" "inspect" "b5e8979c7b2cde06b209b6a71520943c4859eba5309dd17f7a8be33d50d409ea", kill_on_drop: false }`
[INFO] running `Command { std: "docker" "rm" "-f" "b5e8979c7b2cde06b209b6a71520943c4859eba5309dd17f7a8be33d50d409ea", kill_on_drop: false }`
[INFO] [stdout] b5e8979c7b2cde06b209b6a71520943c4859eba5309dd17f7a8be33d50d409ea
[INFO] running `Command { std: "docker" "create" "-v" "/var/lib/crater-agent-workspace/builds/worker-7-tc1/target:/opt/rustwide/target:rw,Z" "-v" "/var/lib/crater-agent-workspace/builds/worker-7-tc1/source:/opt/rustwide/workdir:ro,Z" "-v" "/var/lib/crater-agent-workspace/cargo-home:/opt/rustwide/cargo-home:ro,Z" "-v" "/var/lib/crater-agent-workspace/rustup-home:/opt/rustwide/rustup-home:ro,Z" "-e" "SOURCE_DIR=/opt/rustwide/workdir" "-e" "CARGO_TARGET_DIR=/opt/rustwide/target" "-e" "CARGO_INCREMENTAL=0" "-e" "RUST_BACKTRACE=full" "-e" "RUSTFLAGS=--cap-lints=warn" "-e" "RUSTDOCFLAGS=--cap-lints=warn" "-e" "CARGO_HOME=/opt/rustwide/cargo-home" "-e" "RUSTUP_HOME=/opt/rustwide/rustup-home" "-w" "/opt/rustwide/workdir" "-m" "1610612736" "--user" "0:0" "--network" "none" "ghcr.io/rust-lang/crates-build-env/linux@sha256:f3a9d4ad9d972b27faf3965f35b62e55ba32bbce8f20bc8fe909558a86702fde" "/opt/rustwide/cargo-home/bin/cargo" "+1.83.0" "build" "--frozen" "--message-format=json", kill_on_drop: false }`
[INFO] [stdout] 5f0cac75bcc7054385d72a3346b444a0e30af4d8a7ec4b2d7cb258ef5adfe0c6
[INFO] running `Command { std: "docker" "start" "-a" "5f0cac75bcc7054385d72a3346b444a0e30af4d8a7ec4b2d7cb258ef5adfe0c6", kill_on_drop: false }`
[INFO] [stderr]    Compiling proc-macro2 v1.0.43
[INFO] [stderr]    Compiling quote v1.0.21
[INFO] [stderr]    Compiling unicode-ident v1.0.3
[INFO] [stderr]    Compiling syn v1.0.99
[INFO] [stderr]    Compiling autocfg v1.1.0
[INFO] [stderr]    Compiling futures-core v0.3.21
[INFO] [stderr]    Compiling memchr v2.5.0
[INFO] [stderr]    Compiling futures-task v0.3.21
[INFO] [stderr]    Compiling futures-channel v0.3.21
[INFO] [stderr]    Compiling pin-project-lite v0.2.9
[INFO] [stderr]    Compiling futures-sink v0.3.21
[INFO] [stderr]    Compiling futures-util v0.3.21
[INFO] [stderr]    Compiling futures-io v0.3.21
[INFO] [stderr]    Compiling slab v0.4.7
[INFO] [stderr]    Compiling pin-utils v0.1.0
[INFO] [stderr]    Compiling tokio v1.20.1
[INFO] [stderr]    Compiling once_cell v1.13.0
[INFO] [stderr]    Compiling cache-padded v1.2.0
[INFO] [stderr]    Compiling concurrent-queue v1.2.4
[INFO] [stderr]    Compiling event-listener v2.5.3
[INFO] [stderr]    Compiling futures-macro v0.3.21
[INFO] [stderr]    Compiling tokio-macros v1.8.0
[INFO] [stderr]    Compiling thiserror-impl v1.0.32
[INFO] [stderr]    Compiling thiserror v1.0.32
[INFO] [stderr]    Compiling futures-executor v0.3.21
[INFO] [stderr]    Compiling futures v0.3.21
[INFO] [stderr]    Compiling tiny-actor v0.2.1 (/opt/rustwide/workdir)
[INFO] [stderr]     Finished `dev` profile [unoptimized + debuginfo] target(s) in 17.01s
[INFO] running `Command { std: "docker" "inspect" "5f0cac75bcc7054385d72a3346b444a0e30af4d8a7ec4b2d7cb258ef5adfe0c6", kill_on_drop: false }`
[INFO] running `Command { std: "docker" "rm" "-f" "5f0cac75bcc7054385d72a3346b444a0e30af4d8a7ec4b2d7cb258ef5adfe0c6", kill_on_drop: false }`
[INFO] [stdout] 5f0cac75bcc7054385d72a3346b444a0e30af4d8a7ec4b2d7cb258ef5adfe0c6
[INFO] running `Command { std: "docker" "create" "-v" "/var/lib/crater-agent-workspace/builds/worker-7-tc1/target:/opt/rustwide/target:rw,Z" "-v" "/var/lib/crater-agent-workspace/builds/worker-7-tc1/source:/opt/rustwide/workdir:ro,Z" "-v" "/var/lib/crater-agent-workspace/cargo-home:/opt/rustwide/cargo-home:ro,Z" "-v" "/var/lib/crater-agent-workspace/rustup-home:/opt/rustwide/rustup-home:ro,Z" "-e" "SOURCE_DIR=/opt/rustwide/workdir" "-e" "CARGO_TARGET_DIR=/opt/rustwide/target" "-e" "CARGO_INCREMENTAL=0" "-e" "RUST_BACKTRACE=full" "-e" "RUSTFLAGS=--cap-lints=warn" "-e" "RUSTDOCFLAGS=--cap-lints=warn" "-e" "CARGO_HOME=/opt/rustwide/cargo-home" "-e" "RUSTUP_HOME=/opt/rustwide/rustup-home" "-w" "/opt/rustwide/workdir" "-m" "1610612736" "--user" "0:0" "--network" "none" "ghcr.io/rust-lang/crates-build-env/linux@sha256:f3a9d4ad9d972b27faf3965f35b62e55ba32bbce8f20bc8fe909558a86702fde" "/opt/rustwide/cargo-home/bin/cargo" "+1.83.0" "test" "--frozen" "--no-run" "--message-format=json", kill_on_drop: false }`
[INFO] [stdout] d3254a3f06f9e65ac59f780cb54e2a09da0ace80515bbd4f962dbec4d68496b0
[INFO] running `Command { std: "docker" "start" "-a" "d3254a3f06f9e65ac59f780cb54e2a09da0ace80515bbd4f962dbec4d68496b0", kill_on_drop: false }`
[INFO] [stderr]    Compiling libc v0.2.127
[INFO] [stderr]    Compiling cfg-if v1.0.0
[INFO] [stderr]    Compiling lock_api v0.4.7
[INFO] [stderr]    Compiling parking_lot_core v0.9.3
[INFO] [stderr]    Compiling log v0.4.17
[INFO] [stderr]    Compiling scopeguard v1.1.0
[INFO] [stderr]    Compiling smallvec v1.9.0
[INFO] [stderr]    Compiling tokio v1.20.1
[INFO] [stderr]    Compiling bytes v1.2.1
[INFO] [stderr]    Compiling spin_sleep v1.1.1
[INFO] [stderr]    Compiling socket2 v0.4.4
[INFO] [stderr]    Compiling signal-hook-registry v1.4.0
[INFO] [stderr]    Compiling num_cpus v1.13.1
[INFO] [stderr]    Compiling mio v0.8.4
[INFO] [stderr]    Compiling parking_lot v0.12.1
[INFO] [stderr]    Compiling tiny-actor v0.2.1 (/opt/rustwide/workdir)
[INFO] [stderr]     Finished `test` profile [unoptimized + debuginfo] target(s) in 20.71s
[INFO] running `Command { std: "docker" "inspect" "d3254a3f06f9e65ac59f780cb54e2a09da0ace80515bbd4f962dbec4d68496b0", kill_on_drop: false }`
[INFO] running `Command { std: "docker" "rm" "-f" "d3254a3f06f9e65ac59f780cb54e2a09da0ace80515bbd4f962dbec4d68496b0", kill_on_drop: false }`
[INFO] [stdout] d3254a3f06f9e65ac59f780cb54e2a09da0ace80515bbd4f962dbec4d68496b0
[INFO] running `Command { std: "docker" "create" "-v" "/var/lib/crater-agent-workspace/builds/worker-7-tc1/target:/opt/rustwide/target:rw,Z" "-v" "/var/lib/crater-agent-workspace/builds/worker-7-tc1/source:/opt/rustwide/workdir:ro,Z" "-v" "/var/lib/crater-agent-workspace/cargo-home:/opt/rustwide/cargo-home:ro,Z" "-v" "/var/lib/crater-agent-workspace/rustup-home:/opt/rustwide/rustup-home:ro,Z" "-e" "SOURCE_DIR=/opt/rustwide/workdir" "-e" "CARGO_TARGET_DIR=/opt/rustwide/target" "-e" "CARGO_INCREMENTAL=0" "-e" "RUST_BACKTRACE=full" "-e" "RUSTFLAGS=--cap-lints=warn" "-e" "RUSTDOCFLAGS=--cap-lints=warn" "-e" "CARGO_HOME=/opt/rustwide/cargo-home" "-e" "RUSTUP_HOME=/opt/rustwide/rustup-home" "-w" "/opt/rustwide/workdir" "-m" "1610612736" "--user" "0:0" "--network" "none" "ghcr.io/rust-lang/crates-build-env/linux@sha256:f3a9d4ad9d972b27faf3965f35b62e55ba32bbce8f20bc8fe909558a86702fde" "/opt/rustwide/cargo-home/bin/cargo" "+1.83.0" "test" "--frozen", kill_on_drop: false }`
[INFO] [stdout] c28ff6b19b8690b4de80e5aca4267105886928df658b1f2a0830c3a35db7d71e
[INFO] running `Command { std: "docker" "start" "-a" "c28ff6b19b8690b4de80e5aca4267105886928df658b1f2a0830c3a35db7d71e", kill_on_drop: false }`
[INFO] [stderr]     Finished `test` profile [unoptimized + debuginfo] target(s) in 0.09s
[INFO] [stderr]      Running unittests src/lib.rs (/opt/rustwide/target/debug/deps/tiny_actor-7df14673e80593d4)
[INFO] [stdout] 
[INFO] [stdout] running 57 tests
[INFO] [stdout] test actor::child::test::downcast ... ok
[INFO] [stdout] test actor::child::test::dropping ... ok
[INFO] [stdout] test actor::child::test::dropping_aborts ... ok
[INFO] [stdout] test actor::child::test::into_childpool ... ok
[INFO] [stdout] test actor::child::test::is_finished ... ok
[INFO] [stdout] test actor::child_pool::test::downcast ... ok
[INFO] [stdout] test actor::child::test::abort ... ok
[INFO] [stdout] test actor::child_pool::test::spawn_err_exit ... ok
[INFO] [stdout] test actor::child_pool::test::spawn_ok ... ok
[INFO] [stdout] test actor::child_pool::test::dropping ... ok
[INFO] [stdout] test actor::child::test::dropping_detached ... ok
[INFO] [stdout] test actor::child_pool::test::spawn_err_incorrect_type ... ok
[INFO] [stdout] test actor::child_pool::test::dropping_detached ... ok
[INFO] [stdout] test actor::shutdown::test::shutdown_pool_success ... ok
[INFO] [stdout] test actor::shutdown::test::shutdown_success ... ok
[INFO] [stdout] test channel::receiving::test::recv_immedeate ... ok
[INFO] [stdout] test actor::child_pool::test::dropping_halts_then_aborts ... ok
[INFO] [stdout] test actor::shutdown::test::shutdown_pool_failure ... ok
[INFO] [stdout] test channel::receiving::test::try_recv ... ok
[INFO] [stdout] test actor::shutdown::test::shutdown_failure ... ok
[INFO] [stdout] test channel::receiving::test::try_recv_halt ... ok
[INFO] [stdout] test actor::shutdown::test::shutdown_pool_mixed ... ok
[INFO] [stdout] test channel::sending::test::try_send_bounded_full ... ok
[INFO] [stdout] test channel::receiving::test::try_recv_closed ... ok
[INFO] [stdout] test channel::sending::test::try_send_unbounded_full ... ok
[INFO] [stdout] test channel::sending::test::try_send_with_space ... ok
[INFO] [stdout] test channel::test::actor_ids_increase ... ok
[INFO] [stdout] test channel::test::add_inbox_with_0_addresses_is_ok ... ok
[INFO] [stdout] test channel::test::add_inbox_with_0_inboxes_is_err ... ok
[INFO] [stdout] test channel::test::adding_removing_addresses ... ok
[INFO] [stdout] test channel::test::adding_removing_inboxes ... ok
[INFO] [stdout] test channel::test::channels_have_actor_ids ... ok
[INFO] [stdout] test channel::test::closing ... ok
[INFO] [stdout] test channel::test::capacity_types_are_correct ... ok
[INFO] [stdout] test channel::receiving::test::recv_delayed ... ok
[INFO] [stdout] test channel::test::exiting_drops_all_messages ... ok
[INFO] [stdout] test channel::test::halt ... ok
[INFO] [stdout] test channel::test::halt_closes_channel ... ok
[INFO] [stdout] test channel::test::closing_doesnt_drop_messages ... ok
[INFO] [stdout] test channel::test::inbox_should_halt ... ok
[INFO] [stdout] test channel::test::exiting ... ok
[INFO] [stdout] test channel::test::partial_halt ... ok
[INFO] [stdout] test channel::receiving::test::dropping_recv_notifies_next ... ok
[INFO] [stdout] test channel::test::immedeate_halt ... ok
[INFO] [stdout] test channel::sending::test::send_unbounded_full ... ok
[INFO] [stdout] test channel::test::pop_msg ... ok
[INFO] [stdout] test channel::test::push_msg ... ok
[INFO] [stdout] test channel::test::removing_all_addresses ... ok
[INFO] [stdout] test config::test::backpressure_exponential ... ok
[INFO] [stdout] test config::test::backpressure_linear ... ok
[INFO] [stdout] test config::test::backpressure_linear_start_at ... ok
[INFO] [stdout] test config::test::disabled ... ok
[INFO] [stdout] test channel::sending::test::send_with_space ... ok
[INFO] [stdout] test config::test::backpressure_exponential_start_at ... ok
[INFO] [stdout] test channel::sending::test::send_bounded_full ... ok
[INFO] [stdout] test channel::test::remove_address_below_0 - should panic ... ok
[INFO] [stdout] test channel::test::remove_inbox_below_0 - should panic ... ok
[INFO] [stdout] 
[INFO] [stdout] test result: ok. 57 passed; 0 failed; 0 ignored; 0 measured; 0 filtered out; finished in 0.13s
[INFO] [stdout] 
[INFO] [stderr]      Running tests/lib.rs (/opt/rustwide/target/debug/deps/lib-3eaa44dc3a29cc43)
[INFO] [stdout] 
[INFO] [stdout] running 11 tests
[INFO] [stdout] test base_counts ... ok
[INFO] [stdout] test spawn_and_halt ... ok
[INFO] [stdout] test spawn_and_abort ... ok
[INFO] [stdout] test spawn_and_normal_exit ... ok
[INFO] [stdout] test spawn_and_drop ... ok
[INFO] [stdout] test spawn_and_drop_detached ... ok
[INFO] [stdout] test address_counts ... ok
[INFO] [stdout] test spawn_await_address ... ok
[INFO] [stdout] test inbox_counts ... ok
[INFO] [stdout] test pooled_messaging_split ... ok
[INFO] [stdout] test spawn_and_panic ... ok
[INFO] [stdout] 
[INFO] [stdout] test result: ok. 11 passed; 0 failed; 0 ignored; 0 measured; 0 filtered out; finished in 0.07s
[INFO] [stdout] 
[INFO] [stderr]    Doc-tests tiny_actor
[INFO] [stdout] 
[INFO] [stdout] running 9 tests
[INFO] [stdout] test src/config/mod.rs - config::Config::bounded (line 34) - compile ... ok
[INFO] [stdout] test src/config/mod.rs - config::Config::detached (line 50) - compile ... ok
[INFO] [stdout] test src/actor/spawning.rs - actor::spawning::spawn (line 8) - compile ... ok
[INFO] [stdout] test src/config/mod.rs - config::Config (line 9) - compile ... ok
[INFO] [stdout] test src/actor/spawning.rs - actor::spawning::spawn_many (line 86) - compile ... ok
[INFO] [stdout] test src/actor/child_pool.rs - actor::child_pool::ChildPool<E,C>::shutdown (line 159) - compile ... ok
[INFO] [stdout] test src/actor/spawning.rs - actor::spawning::spawn_one (line 47) - compile ... ok
[INFO] [stdout] test src/../README.md - (line 85) ... ok
[INFO] [stdout] test src/../README.md - (line 134) ... FAILED
[INFO] [stdout] 
[INFO] [stdout] failures:
[INFO] [stdout] 
[INFO] [stdout] ---- src/../README.md - (line 134) stdout ----
[INFO] [stdout] Test executable failed (exit status: 101).
[INFO] [stdout] 
[INFO] [stdout] stdout:
[INFO] [stdout] Received message on actor 0: 0
[INFO] [stdout] Received message on actor 0: 1
[INFO] [stdout] Received message on actor 0: 2
[INFO] [stdout] Received message on actor 0: 3
[INFO] [stdout] Received message on actor 0: 4
[INFO] [stdout] Received message on actor 0: 6
[INFO] [stdout] Received message on actor 0: 7
[INFO] [stdout] Received message on actor 0: 8
[INFO] [stdout] Received message on actor 0: 9
[INFO] [stdout] Channel is closed - Exiting now...
[INFO] [stdout] Channel is closed - Exiting now...
[INFO] [stdout] Received message on actor 1: 5
[INFO] [stdout] Channel is closed - Exiting now...
[INFO] [stdout] 
[INFO] [stdout] stderr:
[INFO] [stdout] thread 'main' panicked at src/../README.md:59:17:
[INFO] [stdout] assertion `left == right` failed
[INFO] [stdout]   left: "Closed"
[INFO] [stdout]  right: "Halt"
[INFO] [stdout] stack backtrace:
[INFO] [stdout]    0:     0x5b81f3cda5ea - std::backtrace_rs::backtrace::libunwind::trace::h5a5b8284f2d0c266
[INFO] [stdout]                                at /rustc/90b35a6239c3d8bdabc530a6a0816f7ff89a0aaf/library/std/src/../../backtrace/src/backtrace/libunwind.rs:116:5
[INFO] [stdout]    1:     0x5b81f3cda5ea - std::backtrace_rs::backtrace::trace_unsynchronized::h76d4f1c9b0b875e3
[INFO] [stdout]                                at /rustc/90b35a6239c3d8bdabc530a6a0816f7ff89a0aaf/library/std/src/../../backtrace/src/backtrace/mod.rs:66:5
[INFO] [stdout]    2:     0x5b81f3cda5ea - std::sys::backtrace::_print_fmt::hc4546b8364a537c6
[INFO] [stdout]                                at /rustc/90b35a6239c3d8bdabc530a6a0816f7ff89a0aaf/library/std/src/sys/backtrace.rs:66:9
[INFO] [stdout]    3:     0x5b81f3cda5ea - <std::sys::backtrace::BacktraceLock::print::DisplayBacktrace as core::fmt::Display>::fmt::h5b6bd5631a6d1f6b
[INFO] [stdout]                                at /rustc/90b35a6239c3d8bdabc530a6a0816f7ff89a0aaf/library/std/src/sys/backtrace.rs:39:26
[INFO] [stdout]    4:     0x5b81f3cf6fd3 - core::fmt::rt::Argument::fmt::h270f6602a2b96f62
[INFO] [stdout]                                at /rustc/90b35a6239c3d8bdabc530a6a0816f7ff89a0aaf/library/core/src/fmt/rt.rs:177:76
[INFO] [stdout]    5:     0x5b81f3cf6fd3 - core::fmt::write::h7550c97b06c86515
[INFO] [stdout]                                at /rustc/90b35a6239c3d8bdabc530a6a0816f7ff89a0aaf/library/core/src/fmt/mod.rs:1186:21
[INFO] [stdout]    6:     0x5b81f3cd7d33 - std::io::Write::write_fmt::h7b09c64fe0be9c84
[INFO] [stdout]                                at /rustc/90b35a6239c3d8bdabc530a6a0816f7ff89a0aaf/library/std/src/io/mod.rs:1839:15
[INFO] [stdout]    7:     0x5b81f3cda432 - std::sys::backtrace::BacktraceLock::print::h2395ccd2c84ba3aa
[INFO] [stdout]                                at /rustc/90b35a6239c3d8bdabc530a6a0816f7ff89a0aaf/library/std/src/sys/backtrace.rs:42:9
[INFO] [stdout]    8:     0x5b81f3cdb3dc - std::panicking::default_hook::{{closure}}::he19d4c7230e07961
[INFO] [stdout]                                at /rustc/90b35a6239c3d8bdabc530a6a0816f7ff89a0aaf/library/std/src/panicking.rs:268:22
[INFO] [stdout]    9:     0x5b81f3cdb222 - std::panicking::default_hook::hf614597d3c67bbdb
[INFO] [stdout]                                at /rustc/90b35a6239c3d8bdabc530a6a0816f7ff89a0aaf/library/std/src/panicking.rs:295:9
[INFO] [stdout]   10:     0x5b81f3cdb9b7 - std::panicking::rust_panic_with_hook::h8942133a8b252070
[INFO] [stdout]                                at /rustc/90b35a6239c3d8bdabc530a6a0816f7ff89a0aaf/library/std/src/panicking.rs:801:13
[INFO] [stdout]   11:     0x5b81f3cdb84a - std::panicking::begin_panic_handler::{{closure}}::hb5f5963570096b29
[INFO] [stdout]                                at /rustc/90b35a6239c3d8bdabc530a6a0816f7ff89a0aaf/library/std/src/panicking.rs:674:13
[INFO] [stdout]   12:     0x5b81f3cdaac9 - std::sys::backtrace::__rust_end_short_backtrace::h6208cedc1922feda
[INFO] [stdout]                                at /rustc/90b35a6239c3d8bdabc530a6a0816f7ff89a0aaf/library/std/src/sys/backtrace.rs:170:18
[INFO] [stdout]   13:     0x5b81f3cdb4dc - rust_begin_unwind
[INFO] [stdout]                                at /rustc/90b35a6239c3d8bdabc530a6a0816f7ff89a0aaf/library/std/src/panicking.rs:665:5
[INFO] [stdout]   14:     0x5b81f3bdf4d0 - core::panicking::panic_fmt::h0c3082644d1bf418
[INFO] [stdout]                                at /rustc/90b35a6239c3d8bdabc530a6a0816f7ff89a0aaf/library/core/src/panicking.rs:74:14
[INFO] [stdout]   15:     0x5b81f3bdf862 - core::panicking::assert_failed_inner::h2ddf1fcc067fa858
[INFO] [stdout]   16:     0x5b81f3bed965 - core::panicking::assert_failed::hfab54027e6f22a50
[INFO] [stdout]   17:     0x5b81f3c04e1b - rust_out::main::{{closure}}::h23e0a6cdca3b38c2
[INFO] [stdout]   18:     0x5b81f3befd15 - tokio::park::thread::CachedParkThread::block_on::{{closure}}::hb99fa705cc659905
[INFO] [stdout]   19:     0x5b81f3beea1b - tokio::coop::with_budget::{{closure}}::h4a7175080e36d1e5
[INFO] [stdout]   20:     0x5b81f3be76fa - std::thread::local::LocalKey<T>::try_with::haecfea892cf0c19c
[INFO] [stdout]   21:     0x5b81f3be7396 - std::thread::local::LocalKey<T>::with::he9b8ad2518bbae08
[INFO] [stdout]   22:     0x5b81f3befb6a - tokio::park::thread::CachedParkThread::block_on::h9e9cfb846ec899a5
[INFO] [stdout]   23:     0x5b81f3c01a28 - tokio::runtime::enter::Enter::block_on::h7d4cc7cf96313961
[INFO] [stdout]   24:     0x5b81f3bf11bb - tokio::runtime::thread_pool::ThreadPool::block_on::hd1a5c7b24285a9ed
[INFO] [stdout]   25:     0x5b81f3c01b87 - tokio::runtime::Runtime::block_on::h61b36bde607f2fad
[INFO] [stdout]   26:     0x5b81f3c04363 - rust_out::main::h86d391cc11b8a827
[INFO] [stdout]   27:     0x5b81f3be9443 - core::ops::function::FnOnce::call_once::hd1e0b33d350e8c2e
[INFO] [stdout]   28:     0x5b81f3be6286 - std::sys::backtrace::__rust_begin_short_backtrace::hb7c4fd168269da08
[INFO] [stdout]   29:     0x5b81f3be6269 - std::rt::lang_start::{{closure}}::h7630186e3858a44d
[INFO] [stdout]   30:     0x5b81f3cd50de - core::ops::function::impls::<impl core::ops::function::FnOnce<A> for &F>::call_once::hfdb85f4ee94732d3
[INFO] [stdout]                                at /rustc/90b35a6239c3d8bdabc530a6a0816f7ff89a0aaf/library/core/src/ops/function.rs:284:13
[INFO] [stdout]   31:     0x5b81f3cd50de - std::panicking::try::do_call::h6e577310f330cbef
[INFO] [stdout]                                at /rustc/90b35a6239c3d8bdabc530a6a0816f7ff89a0aaf/library/std/src/panicking.rs:557:40
[INFO] [stdout]   32:     0x5b81f3cd50de - std::panicking::try::ha588d438267d2645
[INFO] [stdout]                                at /rustc/90b35a6239c3d8bdabc530a6a0816f7ff89a0aaf/library/std/src/panicking.rs:520:19
[INFO] [stdout]   33:     0x5b81f3cd50de - std::panic::catch_unwind::h429fda1e025f26d9
[INFO] [stdout]                                at /rustc/90b35a6239c3d8bdabc530a6a0816f7ff89a0aaf/library/std/src/panic.rs:358:14
[INFO] [stdout]   34:     0x5b81f3cd50de - std::rt::lang_start_internal::{{closure}}::h7b731265e841c4bf
[INFO] [stdout]                                at /rustc/90b35a6239c3d8bdabc530a6a0816f7ff89a0aaf/library/std/src/rt.rs:174:48
[INFO] [stdout]   35:     0x5b81f3cd50de - std::panicking::try::do_call::hc0f6a675b7ae5a36
[INFO] [stdout]                                at /rustc/90b35a6239c3d8bdabc530a6a0816f7ff89a0aaf/library/std/src/panicking.rs:557:40
[INFO] [stdout]   36:     0x5b81f3cd50de - std::panicking::try::h4c93b7ff0671f1ff
[INFO] [stdout]                                at /rustc/90b35a6239c3d8bdabc530a6a0816f7ff89a0aaf/library/std/src/panicking.rs:520:19
[INFO] [stdout]   37:     0x5b81f3cd50de - std::panic::catch_unwind::hcc1e154961d16ce6
[INFO] [stdout]                                at /rustc/90b35a6239c3d8bdabc530a6a0816f7ff89a0aaf/library/std/src/panic.rs:358:14
[INFO] [stdout]   38:     0x5b81f3cd50de - std::rt::lang_start_internal::h1c66660c99c8424c
[INFO] [stdout]                                at /rustc/90b35a6239c3d8bdabc530a6a0816f7ff89a0aaf/library/std/src/rt.rs:174:20
[INFO] [stdout]   39:     0x5b81f3be6247 - std::rt::lang_start::hcdb31f4834f76b8c
[INFO] [stdout]   40:     0x5b81f3c05375 - main
[INFO] [stdout]   41:     0x75fae1f09d90 - <unknown>
[INFO] [stdout]   42:     0x75fae1f09e40 - __libc_start_main
[INFO] [stdout]   43:     0x5b81f3bdfe25 - _start
[INFO] [stdout]   44:                0x0 - <unknown>
[INFO] [stdout] 
[INFO] [stdout] 
[INFO] [stdout] 
[INFO] [stdout] failures:
[INFO] [stdout]     src/../README.md - (line 134)
[INFO] [stdout] 
[INFO] [stdout] test result: FAILED. 8 passed; 1 failed; 0 ignored; 0 measured; 0 filtered out; finished in 2.75s
[INFO] [stdout] 
[INFO] [stderr] error: doctest failed, to rerun pass `--doc`
[INFO] running `Command { std: "docker" "inspect" "c28ff6b19b8690b4de80e5aca4267105886928df658b1f2a0830c3a35db7d71e", kill_on_drop: false }`
[INFO] running `Command { std: "docker" "rm" "-f" "c28ff6b19b8690b4de80e5aca4267105886928df658b1f2a0830c3a35db7d71e", kill_on_drop: false }`
[INFO] [stdout] c28ff6b19b8690b4de80e5aca4267105886928df658b1f2a0830c3a35db7d71e
