[INFO] fetching crate timedmap 1.0.2...
[INFO] testing timedmap-1.0.2 against 1.83.0 for beta-1.84.0-4-retry
[INFO] extracting crate timedmap 1.0.2 into /workspace/builds/worker-0-tc1/source
[INFO] validating manifest of crates.io crate timedmap 1.0.2 on toolchain 1.83.0
[INFO] running `Command { std: CARGO_HOME="/workspace/cargo-home" RUSTUP_HOME="/workspace/rustup-home" "/workspace/cargo-home/bin/cargo" "+1.83.0" "metadata" "--manifest-path" "Cargo.toml" "--no-deps", kill_on_drop: false }`
[INFO] started tweaking crates.io crate timedmap 1.0.2
[INFO] finished tweaking crates.io crate timedmap 1.0.2
[INFO] tweaked toml for crates.io crate timedmap 1.0.2 written to /workspace/builds/worker-0-tc1/source/Cargo.toml
[INFO] running `Command { std: CARGO_HOME="/workspace/cargo-home" RUSTUP_HOME="/workspace/rustup-home" "/workspace/cargo-home/bin/cargo" "+1.83.0" "generate-lockfile" "--manifest-path" "Cargo.toml", kill_on_drop: false }`
[INFO] [stderr]     Blocking waiting for file lock on package cache
[INFO] [stderr]     Updating crates.io index
[INFO] [stderr]     Blocking waiting for file lock on package cache
[INFO] [stderr]      Locking 48 packages to latest compatible versions
[INFO] [stderr]       Adding mock_instant v0.3.2 (available: v0.5.1)
[INFO] running `Command { std: CARGO_HOME="/workspace/cargo-home" RUSTUP_HOME="/workspace/rustup-home" "/workspace/cargo-home/bin/cargo" "+1.83.0" "fetch" "--manifest-path" "Cargo.toml", kill_on_drop: false }`
[INFO] [stderr]     Blocking waiting for file lock on package cache
[INFO] running `Command { std: "docker" "create" "-v" "/var/lib/crater-agent-workspace/builds/worker-0-tc1/target:/opt/rustwide/target:rw,Z" "-v" "/var/lib/crater-agent-workspace/builds/worker-0-tc1/source:/opt/rustwide/workdir:ro,Z" "-v" "/var/lib/crater-agent-workspace/cargo-home:/opt/rustwide/cargo-home:ro,Z" "-v" "/var/lib/crater-agent-workspace/rustup-home:/opt/rustwide/rustup-home:ro,Z" "-e" "SOURCE_DIR=/opt/rustwide/workdir" "-e" "CARGO_TARGET_DIR=/opt/rustwide/target" "-e" "CARGO_HOME=/opt/rustwide/cargo-home" "-e" "RUSTUP_HOME=/opt/rustwide/rustup-home" "-w" "/opt/rustwide/workdir" "-m" "1610612736" "--user" "0:0" "--network" "none" "ghcr.io/rust-lang/crates-build-env/linux@sha256:f3a9d4ad9d972b27faf3965f35b62e55ba32bbce8f20bc8fe909558a86702fde" "/opt/rustwide/cargo-home/bin/cargo" "+1.83.0" "metadata" "--no-deps" "--format-version=1", kill_on_drop: false }`
[INFO] [stdout] 4acb02b6f6e698dce2b5b297114bd3cad81da69a73bf4797e0d4958b2f87ef16
[INFO] running `Command { std: "docker" "start" "-a" "4acb02b6f6e698dce2b5b297114bd3cad81da69a73bf4797e0d4958b2f87ef16", kill_on_drop: false }`
[INFO] running `Command { std: "docker" "inspect" "4acb02b6f6e698dce2b5b297114bd3cad81da69a73bf4797e0d4958b2f87ef16", kill_on_drop: false }`
[INFO] running `Command { std: "docker" "rm" "-f" "4acb02b6f6e698dce2b5b297114bd3cad81da69a73bf4797e0d4958b2f87ef16", kill_on_drop: false }`
[INFO] [stdout] 4acb02b6f6e698dce2b5b297114bd3cad81da69a73bf4797e0d4958b2f87ef16
[INFO] running `Command { std: "docker" "create" "-v" "/var/lib/crater-agent-workspace/builds/worker-0-tc1/target:/opt/rustwide/target:rw,Z" "-v" "/var/lib/crater-agent-workspace/builds/worker-0-tc1/source:/opt/rustwide/workdir:ro,Z" "-v" "/var/lib/crater-agent-workspace/cargo-home:/opt/rustwide/cargo-home:ro,Z" "-v" "/var/lib/crater-agent-workspace/rustup-home:/opt/rustwide/rustup-home:ro,Z" "-e" "SOURCE_DIR=/opt/rustwide/workdir" "-e" "CARGO_TARGET_DIR=/opt/rustwide/target" "-e" "CARGO_INCREMENTAL=0" "-e" "RUST_BACKTRACE=full" "-e" "RUSTFLAGS=--cap-lints=warn" "-e" "RUSTDOCFLAGS=--cap-lints=warn" "-e" "CARGO_HOME=/opt/rustwide/cargo-home" "-e" "RUSTUP_HOME=/opt/rustwide/rustup-home" "-w" "/opt/rustwide/workdir" "-m" "1610612736" "--user" "0:0" "--network" "none" "ghcr.io/rust-lang/crates-build-env/linux@sha256:f3a9d4ad9d972b27faf3965f35b62e55ba32bbce8f20bc8fe909558a86702fde" "/opt/rustwide/cargo-home/bin/cargo" "+1.83.0" "build" "--frozen" "--message-format=json", kill_on_drop: false }`
[INFO] [stdout] a62748fff663a071cdbf7491b5dce2d136efb1c529ce262555cb323953ee9f4b
[INFO] running `Command { std: "docker" "start" "-a" "a62748fff663a071cdbf7491b5dce2d136efb1c529ce262555cb323953ee9f4b", kill_on_drop: false }`
[INFO] [stderr]    Compiling timedmap v1.0.2 (/opt/rustwide/workdir)
[INFO] [stderr]     Finished `dev` profile [unoptimized + debuginfo] target(s) in 0.17s
[INFO] running `Command { std: "docker" "inspect" "a62748fff663a071cdbf7491b5dce2d136efb1c529ce262555cb323953ee9f4b", kill_on_drop: false }`
[INFO] running `Command { std: "docker" "rm" "-f" "a62748fff663a071cdbf7491b5dce2d136efb1c529ce262555cb323953ee9f4b", kill_on_drop: false }`
[INFO] [stdout] a62748fff663a071cdbf7491b5dce2d136efb1c529ce262555cb323953ee9f4b
[INFO] running `Command { std: "docker" "create" "-v" "/var/lib/crater-agent-workspace/builds/worker-0-tc1/target:/opt/rustwide/target:rw,Z" "-v" "/var/lib/crater-agent-workspace/builds/worker-0-tc1/source:/opt/rustwide/workdir:ro,Z" "-v" "/var/lib/crater-agent-workspace/cargo-home:/opt/rustwide/cargo-home:ro,Z" "-v" "/var/lib/crater-agent-workspace/rustup-home:/opt/rustwide/rustup-home:ro,Z" "-e" "SOURCE_DIR=/opt/rustwide/workdir" "-e" "CARGO_TARGET_DIR=/opt/rustwide/target" "-e" "CARGO_INCREMENTAL=0" "-e" "RUST_BACKTRACE=full" "-e" "RUSTFLAGS=--cap-lints=warn" "-e" "RUSTDOCFLAGS=--cap-lints=warn" "-e" "CARGO_HOME=/opt/rustwide/cargo-home" "-e" "RUSTUP_HOME=/opt/rustwide/rustup-home" "-w" "/opt/rustwide/workdir" "-m" "1610612736" "--user" "0:0" "--network" "none" "ghcr.io/rust-lang/crates-build-env/linux@sha256:f3a9d4ad9d972b27faf3965f35b62e55ba32bbce8f20bc8fe909558a86702fde" "/opt/rustwide/cargo-home/bin/cargo" "+1.83.0" "test" "--frozen" "--no-run" "--message-format=json", kill_on_drop: false }`
[INFO] [stdout] f6dd9ff47190a931207f1ade3df445b82c0f0629314794d8e94ae420a36e9985
[INFO] running `Command { std: "docker" "start" "-a" "f6dd9ff47190a931207f1ade3df445b82c0f0629314794d8e94ae420a36e9985", kill_on_drop: false }`
[INFO] [stderr]    Compiling libc v0.2.168
[INFO] [stderr]    Compiling parking_lot_core v0.9.10
[INFO] [stderr]    Compiling smallvec v1.13.2
[INFO] [stderr]    Compiling bytes v1.9.0
[INFO] [stderr]    Compiling mock_instant v0.3.2
[INFO] [stderr]    Compiling syn v2.0.90
[INFO] [stderr]    Compiling socket2 v0.5.8
[INFO] [stderr]    Compiling signal-hook-registry v1.4.2
[INFO] [stderr]    Compiling mio v1.0.3
[INFO] [stderr]    Compiling parking_lot v0.12.3
[INFO] [stderr]    Compiling tokio-macros v2.4.0
[INFO] [stderr]    Compiling async-stream-impl v0.3.6
[INFO] [stderr]    Compiling actix-macros v0.2.4
[INFO] [stderr]    Compiling async-stream v0.3.6
[INFO] [stderr]    Compiling tokio v1.42.0
[INFO] [stderr]    Compiling tokio-stream v0.1.17
[INFO] [stderr]    Compiling actix-rt v2.10.0
[INFO] [stderr]    Compiling tokio-test v0.4.4
[INFO] [stderr]    Compiling timedmap v1.0.2 (/opt/rustwide/workdir)
[INFO] [stderr]     Finished `test` profile [unoptimized + debuginfo] target(s) in 9.98s
[INFO] running `Command { std: "docker" "inspect" "f6dd9ff47190a931207f1ade3df445b82c0f0629314794d8e94ae420a36e9985", kill_on_drop: false }`
[INFO] running `Command { std: "docker" "rm" "-f" "f6dd9ff47190a931207f1ade3df445b82c0f0629314794d8e94ae420a36e9985", kill_on_drop: false }`
[INFO] [stdout] f6dd9ff47190a931207f1ade3df445b82c0f0629314794d8e94ae420a36e9985
[INFO] running `Command { std: "docker" "create" "-v" "/var/lib/crater-agent-workspace/builds/worker-0-tc1/target:/opt/rustwide/target:rw,Z" "-v" "/var/lib/crater-agent-workspace/builds/worker-0-tc1/source:/opt/rustwide/workdir:ro,Z" "-v" "/var/lib/crater-agent-workspace/cargo-home:/opt/rustwide/cargo-home:ro,Z" "-v" "/var/lib/crater-agent-workspace/rustup-home:/opt/rustwide/rustup-home:ro,Z" "-e" "SOURCE_DIR=/opt/rustwide/workdir" "-e" "CARGO_TARGET_DIR=/opt/rustwide/target" "-e" "CARGO_INCREMENTAL=0" "-e" "RUST_BACKTRACE=full" "-e" "RUSTFLAGS=--cap-lints=warn" "-e" "RUSTDOCFLAGS=--cap-lints=warn" "-e" "CARGO_HOME=/opt/rustwide/cargo-home" "-e" "RUSTUP_HOME=/opt/rustwide/rustup-home" "-w" "/opt/rustwide/workdir" "-m" "1610612736" "--user" "0:0" "--network" "none" "ghcr.io/rust-lang/crates-build-env/linux@sha256:f3a9d4ad9d972b27faf3965f35b62e55ba32bbce8f20bc8fe909558a86702fde" "/opt/rustwide/cargo-home/bin/cargo" "+1.83.0" "test" "--frozen", kill_on_drop: false }`
[INFO] [stdout] 745f1c94beb2164071b10572874acf7aa2568a52f5cc1294d1e1ba5def8fc139
[INFO] running `Command { std: "docker" "start" "-a" "745f1c94beb2164071b10572874acf7aa2568a52f5cc1294d1e1ba5def8fc139", kill_on_drop: false }`
[INFO] [stderr]     Finished `test` profile [unoptimized + debuginfo] target(s) in 0.03s
[INFO] [stderr]      Running unittests src/lib.rs (/opt/rustwide/target/debug/deps/timedmap-7be77d6b01a6c09a)
[INFO] [stdout] 
[INFO] [stdout] running 8 tests
[INFO] [stdout] test timedmap::tests::cleanup ... ok
[INFO] [stdout] test timedmap::tests::clear ... ok
[INFO] [stdout] test timedmap::tests::extend ... ok
[INFO] [stdout] test timedmap::tests::get_checked ... ok
[INFO] [stdout] test timedmap::tests::refresh ... ok
[INFO] [stdout] test timedmap::tests::remove ... ok
[INFO] [stdout] test timedmap::tests::strings ... ok
[INFO] [stdout] test value::test::expiry ... ok
[INFO] [stdout] 
[INFO] [stdout] test result: ok. 8 passed; 0 failed; 0 ignored; 0 measured; 0 filtered out; finished in 0.00s
[INFO] [stdout] 
[INFO] [stderr]    Doc-tests timedmap
[INFO] [stdout] 
[INFO] [stdout] running 4 tests
[INFO] [stdout] test src/lib.rs - (line 40) ... FAILED
[INFO] [stdout] test src/timedmap.rs - timedmap::TimedMap (line 13) ... ok
[INFO] [stdout] test src/timedmap.rs - timedmap::TimedMap<K,V,TS>::insert (line 57) ... ok
[INFO] [stdout] test src/lib.rs - (line 5) ... ok
[INFO] [stdout] 
[INFO] [stdout] failures:
[INFO] [stdout] 
[INFO] [stdout] ---- src/lib.rs - (line 40) stdout ----
[INFO] [stdout] error[E0432]: unresolved import `timedmap::start_cleaner`
[INFO] [stdout]  --> src/lib.rs:42:26
[INFO] [stdout]   |
[INFO] [stdout] 5 | use timedmap::{TimedMap, start_cleaner};
[INFO] [stdout]   |                          ^^^^^^^^^^^^^ no `start_cleaner` in the root
[INFO] [stdout] 
[INFO] [stdout] error: aborting due to 1 previous error
[INFO] [stdout] 
[INFO] [stdout] For more information about this error, try `rustc --explain E0432`.
[INFO] [stdout] Couldn't compile the test.
[INFO] [stdout] 
[INFO] [stdout] failures:
[INFO] [stdout]     src/lib.rs - (line 40)
[INFO] [stdout] 
[INFO] [stdout] test result: FAILED. 3 passed; 1 failed; 0 ignored; 0 measured; 0 filtered out; finished in 0.53s
[INFO] [stdout] 
[INFO] [stderr] error: doctest failed, to rerun pass `--doc`
[INFO] running `Command { std: "docker" "inspect" "745f1c94beb2164071b10572874acf7aa2568a52f5cc1294d1e1ba5def8fc139", kill_on_drop: false }`
[INFO] running `Command { std: "docker" "rm" "-f" "745f1c94beb2164071b10572874acf7aa2568a52f5cc1294d1e1ba5def8fc139", kill_on_drop: false }`
[INFO] [stdout] 745f1c94beb2164071b10572874acf7aa2568a52f5cc1294d1e1ba5def8fc139
