[INFO] fetching crate time-elapsed 0.1.0...
[INFO] testing time-elapsed-0.1.0 against 1.83.0 for beta-1.84.0-4-retry
[INFO] extracting crate time-elapsed 0.1.0 into /workspace/builds/worker-7-tc1/source
[INFO] validating manifest of crates.io crate time-elapsed 0.1.0 on toolchain 1.83.0
[INFO] running `Command { std: CARGO_HOME="/workspace/cargo-home" RUSTUP_HOME="/workspace/rustup-home" "/workspace/cargo-home/bin/cargo" "+1.83.0" "metadata" "--manifest-path" "Cargo.toml" "--no-deps", kill_on_drop: false }`
[INFO] started tweaking crates.io crate time-elapsed 0.1.0
[INFO] finished tweaking crates.io crate time-elapsed 0.1.0
[INFO] tweaked toml for crates.io crate time-elapsed 0.1.0 written to /workspace/builds/worker-7-tc1/source/Cargo.toml
[INFO] running `Command { std: CARGO_HOME="/workspace/cargo-home" RUSTUP_HOME="/workspace/rustup-home" "/workspace/cargo-home/bin/cargo" "+1.83.0" "generate-lockfile" "--manifest-path" "Cargo.toml", kill_on_drop: false }`
[INFO] running `Command { std: CARGO_HOME="/workspace/cargo-home" RUSTUP_HOME="/workspace/rustup-home" "/workspace/cargo-home/bin/cargo" "+1.83.0" "fetch" "--manifest-path" "Cargo.toml", kill_on_drop: false }`
[INFO] running `Command { std: "docker" "create" "-v" "/var/lib/crater-agent-workspace/builds/worker-7-tc1/target:/opt/rustwide/target:rw,Z" "-v" "/var/lib/crater-agent-workspace/builds/worker-7-tc1/source:/opt/rustwide/workdir:ro,Z" "-v" "/var/lib/crater-agent-workspace/cargo-home:/opt/rustwide/cargo-home:ro,Z" "-v" "/var/lib/crater-agent-workspace/rustup-home:/opt/rustwide/rustup-home:ro,Z" "-e" "SOURCE_DIR=/opt/rustwide/workdir" "-e" "CARGO_TARGET_DIR=/opt/rustwide/target" "-e" "CARGO_HOME=/opt/rustwide/cargo-home" "-e" "RUSTUP_HOME=/opt/rustwide/rustup-home" "-w" "/opt/rustwide/workdir" "-m" "1610612736" "--user" "0:0" "--network" "none" "ghcr.io/rust-lang/crates-build-env/linux@sha256:f3a9d4ad9d972b27faf3965f35b62e55ba32bbce8f20bc8fe909558a86702fde" "/opt/rustwide/cargo-home/bin/cargo" "+1.83.0" "metadata" "--no-deps" "--format-version=1", kill_on_drop: false }`
[INFO] [stdout] 352b25932861eb5fa64fff619ab38d4319ea381c3c08afd657a46a8ef6af08f4
[INFO] running `Command { std: "docker" "start" "-a" "352b25932861eb5fa64fff619ab38d4319ea381c3c08afd657a46a8ef6af08f4", kill_on_drop: false }`
[INFO] running `Command { std: "docker" "inspect" "352b25932861eb5fa64fff619ab38d4319ea381c3c08afd657a46a8ef6af08f4", kill_on_drop: false }`
[INFO] running `Command { std: "docker" "rm" "-f" "352b25932861eb5fa64fff619ab38d4319ea381c3c08afd657a46a8ef6af08f4", kill_on_drop: false }`
[INFO] [stdout] 352b25932861eb5fa64fff619ab38d4319ea381c3c08afd657a46a8ef6af08f4
[INFO] running `Command { std: "docker" "create" "-v" "/var/lib/crater-agent-workspace/builds/worker-7-tc1/target:/opt/rustwide/target:rw,Z" "-v" "/var/lib/crater-agent-workspace/builds/worker-7-tc1/source:/opt/rustwide/workdir:ro,Z" "-v" "/var/lib/crater-agent-workspace/cargo-home:/opt/rustwide/cargo-home:ro,Z" "-v" "/var/lib/crater-agent-workspace/rustup-home:/opt/rustwide/rustup-home:ro,Z" "-e" "SOURCE_DIR=/opt/rustwide/workdir" "-e" "CARGO_TARGET_DIR=/opt/rustwide/target" "-e" "CARGO_INCREMENTAL=0" "-e" "RUST_BACKTRACE=full" "-e" "RUSTFLAGS=--cap-lints=warn" "-e" "RUSTDOCFLAGS=--cap-lints=warn" "-e" "CARGO_HOME=/opt/rustwide/cargo-home" "-e" "RUSTUP_HOME=/opt/rustwide/rustup-home" "-w" "/opt/rustwide/workdir" "-m" "1610612736" "--user" "0:0" "--network" "none" "ghcr.io/rust-lang/crates-build-env/linux@sha256:f3a9d4ad9d972b27faf3965f35b62e55ba32bbce8f20bc8fe909558a86702fde" "/opt/rustwide/cargo-home/bin/cargo" "+1.83.0" "build" "--frozen" "--message-format=json", kill_on_drop: false }`
[INFO] [stdout] b0a4c20c3a6573d80f8795996787a9b27e109e8c79077ca9ad2de340c02f89be
[INFO] running `Command { std: "docker" "start" "-a" "b0a4c20c3a6573d80f8795996787a9b27e109e8c79077ca9ad2de340c02f89be", kill_on_drop: false }`
[INFO] [stderr]    Compiling time-elapsed v0.1.0 (/opt/rustwide/workdir)
[INFO] [stderr]     Finished `dev` profile [unoptimized + debuginfo] target(s) in 0.21s
[INFO] running `Command { std: "docker" "inspect" "b0a4c20c3a6573d80f8795996787a9b27e109e8c79077ca9ad2de340c02f89be", kill_on_drop: false }`
[INFO] running `Command { std: "docker" "rm" "-f" "b0a4c20c3a6573d80f8795996787a9b27e109e8c79077ca9ad2de340c02f89be", kill_on_drop: false }`
[INFO] [stdout] b0a4c20c3a6573d80f8795996787a9b27e109e8c79077ca9ad2de340c02f89be
[INFO] running `Command { std: "docker" "create" "-v" "/var/lib/crater-agent-workspace/builds/worker-7-tc1/target:/opt/rustwide/target:rw,Z" "-v" "/var/lib/crater-agent-workspace/builds/worker-7-tc1/source:/opt/rustwide/workdir:ro,Z" "-v" "/var/lib/crater-agent-workspace/cargo-home:/opt/rustwide/cargo-home:ro,Z" "-v" "/var/lib/crater-agent-workspace/rustup-home:/opt/rustwide/rustup-home:ro,Z" "-e" "SOURCE_DIR=/opt/rustwide/workdir" "-e" "CARGO_TARGET_DIR=/opt/rustwide/target" "-e" "CARGO_INCREMENTAL=0" "-e" "RUST_BACKTRACE=full" "-e" "RUSTFLAGS=--cap-lints=warn" "-e" "RUSTDOCFLAGS=--cap-lints=warn" "-e" "CARGO_HOME=/opt/rustwide/cargo-home" "-e" "RUSTUP_HOME=/opt/rustwide/rustup-home" "-w" "/opt/rustwide/workdir" "-m" "1610612736" "--user" "0:0" "--network" "none" "ghcr.io/rust-lang/crates-build-env/linux@sha256:f3a9d4ad9d972b27faf3965f35b62e55ba32bbce8f20bc8fe909558a86702fde" "/opt/rustwide/cargo-home/bin/cargo" "+1.83.0" "test" "--frozen" "--no-run" "--message-format=json", kill_on_drop: false }`
[INFO] [stdout] ada9d8de2e3283e93d8ce56a66cd775f68c9fa38a01bbaae966039ad22d1079b
[INFO] running `Command { std: "docker" "start" "-a" "ada9d8de2e3283e93d8ce56a66cd775f68c9fa38a01bbaae966039ad22d1079b", kill_on_drop: false }`
[INFO] [stderr]    Compiling time-elapsed v0.1.0 (/opt/rustwide/workdir)
[INFO] [stderr]     Finished `test` profile [unoptimized + debuginfo] target(s) in 0.65s
[INFO] running `Command { std: "docker" "inspect" "ada9d8de2e3283e93d8ce56a66cd775f68c9fa38a01bbaae966039ad22d1079b", kill_on_drop: false }`
[INFO] running `Command { std: "docker" "rm" "-f" "ada9d8de2e3283e93d8ce56a66cd775f68c9fa38a01bbaae966039ad22d1079b", kill_on_drop: false }`
[INFO] [stdout] ada9d8de2e3283e93d8ce56a66cd775f68c9fa38a01bbaae966039ad22d1079b
[INFO] running `Command { std: "docker" "create" "-v" "/var/lib/crater-agent-workspace/builds/worker-7-tc1/target:/opt/rustwide/target:rw,Z" "-v" "/var/lib/crater-agent-workspace/builds/worker-7-tc1/source:/opt/rustwide/workdir:ro,Z" "-v" "/var/lib/crater-agent-workspace/cargo-home:/opt/rustwide/cargo-home:ro,Z" "-v" "/var/lib/crater-agent-workspace/rustup-home:/opt/rustwide/rustup-home:ro,Z" "-e" "SOURCE_DIR=/opt/rustwide/workdir" "-e" "CARGO_TARGET_DIR=/opt/rustwide/target" "-e" "CARGO_INCREMENTAL=0" "-e" "RUST_BACKTRACE=full" "-e" "RUSTFLAGS=--cap-lints=warn" "-e" "RUSTDOCFLAGS=--cap-lints=warn" "-e" "CARGO_HOME=/opt/rustwide/cargo-home" "-e" "RUSTUP_HOME=/opt/rustwide/rustup-home" "-w" "/opt/rustwide/workdir" "-m" "1610612736" "--user" "0:0" "--network" "none" "ghcr.io/rust-lang/crates-build-env/linux@sha256:f3a9d4ad9d972b27faf3965f35b62e55ba32bbce8f20bc8fe909558a86702fde" "/opt/rustwide/cargo-home/bin/cargo" "+1.83.0" "test" "--frozen", kill_on_drop: false }`
[INFO] [stdout] fd78e7eb4f1eeabe2c6cd67d06d504e1d3a147a5f47b70d8a9bb838e921f7738
[INFO] running `Command { std: "docker" "start" "-a" "fd78e7eb4f1eeabe2c6cd67d06d504e1d3a147a5f47b70d8a9bb838e921f7738", kill_on_drop: false }`
[INFO] [stderr]     Finished `test` profile [unoptimized + debuginfo] target(s) in 0.02s
[INFO] [stderr]      Running unittests src/lib.rs (/opt/rustwide/target/debug/deps/time_elapsed-3fa417e4ea6c8c8a)
[INFO] [stdout] 
[INFO] [stdout] running 0 tests
[INFO] [stdout] 
[INFO] [stdout] test result: ok. 0 passed; 0 failed; 0 ignored; 0 measured; 0 filtered out; finished in 0.00s
[INFO] [stdout] 
[INFO] [stderr]    Doc-tests time_elapsed
[INFO] [stdout] 
[INFO] [stdout] running 8 tests
[INFO] [stdout] test src/lib.rs - (line 21) ... FAILED
[INFO] [stdout] test src/lib.rs - (line 6) ... FAILED
[INFO] [stdout] test src/lib.rs - TimeElapsed::end (line 166) ... ok
[INFO] [stdout] test src/lib.rs - start (line 65) ... ok
[INFO] [stdout] test src/lib.rs - TimeElapsed (line 128) ... ok
[INFO] [stdout] test src/lib.rs - TimeElapsed::log (line 190) ... ok
[INFO] [stdout] test src/lib.rs - TimeElapsed::timestamp (line 234) ... ok
[INFO] [stdout] test src/lib.rs - TimeElapsed::log_overall (line 210) ... ok
[INFO] [stdout] 
[INFO] [stdout] failures:
[INFO] [stdout] 
[INFO] [stdout] ---- src/lib.rs - (line 21) stdout ----
[INFO] [stdout] error[E0254]: the name `time_elapsed` is defined multiple times
[INFO] [stdout]  --> src/lib.rs:26:5
[INFO] [stdout]   |
[INFO] [stdout] 3 | extern crate r#time_elapsed;
[INFO] [stdout]   | ---------------------------- previous import of the extern crate `time_elapsed` here
[INFO] [stdout] ...
[INFO] [stdout] 7 | use time_elapsed;
[INFO] [stdout]   |     ^^^^^^^^^^^^ `time_elapsed` reimported here
[INFO] [stdout]   |
[INFO] [stdout]   = note: `time_elapsed` must be defined only once in the type namespace of this module
[INFO] [stdout] 
[INFO] [stdout] error: aborting due to 1 previous error
[INFO] [stdout] 
[INFO] [stdout] For more information about this error, try `rustc --explain E0254`.
[INFO] [stdout] Couldn't compile the test.
[INFO] [stdout] ---- src/lib.rs - (line 6) stdout ----
[INFO] [stdout] error: expected `;`, found `time`
[INFO] [stdout]  --> src/lib.rs:7:15
[INFO] [stdout]   |
[INFO] [stdout] 3 | [dependencies]
[INFO] [stdout]   |               ^ help: add `;` here
[INFO] [stdout] 4 | time-elapsed = "0.1.0"
[INFO] [stdout]   | ---- unexpected token
[INFO] [stdout] 
[INFO] [stdout] error[E0425]: cannot find value `time` in this scope
[INFO] [stdout]  --> src/lib.rs:8:1
[INFO] [stdout]   |
[INFO] [stdout] 4 | time-elapsed = "0.1.0"
[INFO] [stdout]   | ^^^^ not found in this scope
[INFO] [stdout] 
[INFO] [stdout] error[E0425]: cannot find value `elapsed` in this scope
[INFO] [stdout]  --> src/lib.rs:8:6
[INFO] [stdout]   |
[INFO] [stdout] 4 | time-elapsed = "0.1.0"
[INFO] [stdout]   |      ^^^^^^^ not found in this scope
[INFO] [stdout] 
[INFO] [stdout] error[E0070]: invalid left-hand side of assignment
[INFO] [stdout]  --> src/lib.rs:8:14
[INFO] [stdout]   |
[INFO] [stdout] 4 | time-elapsed = "0.1.0"
[INFO] [stdout]   | ------------ ^
[INFO] [stdout]   | |
[INFO] [stdout]   | cannot assign to this expression
[INFO] [stdout] 
[INFO] [stdout] error: aborting due to 4 previous errors
[INFO] [stdout] 
[INFO] [stdout] Some errors have detailed explanations: E0070, E0425.
[INFO] [stdout] For more information about an error, try `rustc --explain E0070`.
[INFO] [stdout] Couldn't compile the test.
[INFO] [stdout] 
[INFO] [stdout] failures:
[INFO] [stdout]     src/lib.rs - (line 21)
[INFO] [stdout]     src/lib.rs - (line 6)
[INFO] [stdout] 
[INFO] [stdout] test result: FAILED. 6 passed; 2 failed; 0 ignored; 0 measured; 0 filtered out; finished in 1.23s
[INFO] [stdout] 
[INFO] [stderr] error: doctest failed, to rerun pass `--doc`
[INFO] running `Command { std: "docker" "inspect" "fd78e7eb4f1eeabe2c6cd67d06d504e1d3a147a5f47b70d8a9bb838e921f7738", kill_on_drop: false }`
[INFO] running `Command { std: "docker" "rm" "-f" "fd78e7eb4f1eeabe2c6cd67d06d504e1d3a147a5f47b70d8a9bb838e921f7738", kill_on_drop: false }`
[INFO] [stdout] fd78e7eb4f1eeabe2c6cd67d06d504e1d3a147a5f47b70d8a9bb838e921f7738
