[INFO] fetching crate tide-jsx 0.4.0...
[INFO] testing tide-jsx-0.4.0 against beta-2024-12-08 for beta-1.84.0-4-retry
[INFO] extracting crate tide-jsx 0.4.0 into /workspace/builds/worker-4-tc2/source
[INFO] validating manifest of crates.io crate tide-jsx 0.4.0 on toolchain beta-2024-12-08
[INFO] running `Command { std: CARGO_HOME="/workspace/cargo-home" RUSTUP_HOME="/workspace/rustup-home" "/workspace/cargo-home/bin/cargo" "+beta-2024-12-08" "metadata" "--manifest-path" "Cargo.toml" "--no-deps", kill_on_drop: false }`
[INFO] started tweaking crates.io crate tide-jsx 0.4.0
[INFO] finished tweaking crates.io crate tide-jsx 0.4.0
[INFO] tweaked toml for crates.io crate tide-jsx 0.4.0 written to /workspace/builds/worker-4-tc2/source/Cargo.toml
[INFO] crate crates.io crate tide-jsx 0.4.0 already has a lockfile, it will not be regenerated
[INFO] running `Command { std: CARGO_HOME="/workspace/cargo-home" RUSTUP_HOME="/workspace/rustup-home" "/workspace/cargo-home/bin/cargo" "+beta-2024-12-08" "fetch" "--manifest-path" "Cargo.toml", kill_on_drop: false }`
[INFO] running `Command { std: "docker" "create" "-v" "/var/lib/crater-agent-workspace/builds/worker-4-tc2/target:/opt/rustwide/target:rw,Z" "-v" "/var/lib/crater-agent-workspace/builds/worker-4-tc2/source:/opt/rustwide/workdir:ro,Z" "-v" "/var/lib/crater-agent-workspace/cargo-home:/opt/rustwide/cargo-home:ro,Z" "-v" "/var/lib/crater-agent-workspace/rustup-home:/opt/rustwide/rustup-home:ro,Z" "-e" "SOURCE_DIR=/opt/rustwide/workdir" "-e" "CARGO_TARGET_DIR=/opt/rustwide/target" "-e" "CARGO_HOME=/opt/rustwide/cargo-home" "-e" "RUSTUP_HOME=/opt/rustwide/rustup-home" "-w" "/opt/rustwide/workdir" "-m" "1610612736" "--user" "0:0" "--network" "none" "ghcr.io/rust-lang/crates-build-env/linux@sha256:f3a9d4ad9d972b27faf3965f35b62e55ba32bbce8f20bc8fe909558a86702fde" "/opt/rustwide/cargo-home/bin/cargo" "+beta-2024-12-08" "metadata" "--no-deps" "--format-version=1", kill_on_drop: false }`
[INFO] [stdout] 73520157a72032cdc800d01d2dd8f00f7d5ef55378ae77b8abe1df2dbd7240fb
[INFO] running `Command { std: "docker" "start" "-a" "73520157a72032cdc800d01d2dd8f00f7d5ef55378ae77b8abe1df2dbd7240fb", kill_on_drop: false }`
[INFO] running `Command { std: "docker" "inspect" "73520157a72032cdc800d01d2dd8f00f7d5ef55378ae77b8abe1df2dbd7240fb", kill_on_drop: false }`
[INFO] running `Command { std: "docker" "rm" "-f" "73520157a72032cdc800d01d2dd8f00f7d5ef55378ae77b8abe1df2dbd7240fb", kill_on_drop: false }`
[INFO] [stdout] 73520157a72032cdc800d01d2dd8f00f7d5ef55378ae77b8abe1df2dbd7240fb
[INFO] running `Command { std: "docker" "create" "-v" "/var/lib/crater-agent-workspace/builds/worker-4-tc2/target:/opt/rustwide/target:rw,Z" "-v" "/var/lib/crater-agent-workspace/builds/worker-4-tc2/source:/opt/rustwide/workdir:ro,Z" "-v" "/var/lib/crater-agent-workspace/cargo-home:/opt/rustwide/cargo-home:ro,Z" "-v" "/var/lib/crater-agent-workspace/rustup-home:/opt/rustwide/rustup-home:ro,Z" "-e" "SOURCE_DIR=/opt/rustwide/workdir" "-e" "CARGO_TARGET_DIR=/opt/rustwide/target" "-e" "CARGO_INCREMENTAL=0" "-e" "RUST_BACKTRACE=full" "-e" "RUSTFLAGS=--cap-lints=warn" "-e" "RUSTDOCFLAGS=--cap-lints=warn" "-e" "CARGO_HOME=/opt/rustwide/cargo-home" "-e" "RUSTUP_HOME=/opt/rustwide/rustup-home" "-w" "/opt/rustwide/workdir" "-m" "1610612736" "--user" "0:0" "--network" "none" "ghcr.io/rust-lang/crates-build-env/linux@sha256:f3a9d4ad9d972b27faf3965f35b62e55ba32bbce8f20bc8fe909558a86702fde" "/opt/rustwide/cargo-home/bin/cargo" "+beta-2024-12-08" "build" "--frozen" "--message-format=json", kill_on_drop: false }`
[INFO] [stdout] 5b77e1fc0ab42fd7b1f6f64ce08f1d6e05d4fe4e83beb7a73e6e77d1b4331d5f
[INFO] running `Command { std: "docker" "start" "-a" "5b77e1fc0ab42fd7b1f6f64ce08f1d6e05d4fe4e83beb7a73e6e77d1b4331d5f", kill_on_drop: false }`
[INFO] [stderr]    Compiling version_check v0.9.2
[INFO] [stderr]    Compiling proc-macro2 v1.0.43
[INFO] [stderr]    Compiling unicode-ident v1.0.4
[INFO] [stderr]    Compiling syn v1.0.99
[INFO] [stderr]    Compiling autocfg v1.1.0
[INFO] [stderr]    Compiling libc v0.2.132
[INFO] [stderr]    Compiling typenum v1.15.0
[INFO] [stderr]    Compiling serde_derive v1.0.144
[INFO] [stderr]    Compiling serde v1.0.144
[INFO] [stderr]    Compiling cfg-if v1.0.0
[INFO] [stderr]    Compiling subtle v2.4.1
[INFO] [stderr]    Compiling futures-core v0.3.24
[INFO] [stderr]    Compiling generic-array v0.14.6
[INFO] [stderr]    Compiling erased-serde v0.3.23
[INFO] [stderr]    Compiling value-bag v1.0.0-alpha.9
[INFO] [stderr]    Compiling log v0.4.17
[INFO] [stderr]    Compiling quote v1.0.7
[INFO] [stderr]    Compiling memchr v2.5.0
[INFO] [stderr]    Compiling slab v0.4.7
[INFO] [stderr]    Compiling futures-io v0.3.24
[INFO] [stderr]    Compiling event-listener v2.5.3
[INFO] [stderr]    Compiling pin-project-lite v0.2.9
[INFO] [stderr]    Compiling cache-padded v1.2.0
[INFO] [stderr]    Compiling opaque-debug v0.3.0
[INFO] [stderr]    Compiling once_cell v1.14.0
[INFO] [stderr]    Compiling concurrent-queue v1.2.4
[INFO] [stderr]    Compiling fastrand v1.8.0
[INFO] [stderr]    Compiling parking v2.0.0
[INFO] [stderr]    Compiling waker-fn v1.1.0
[INFO] [stderr]    Compiling polling v2.3.0
[INFO] [stderr]    Compiling async-io v1.9.0
[INFO] [stderr]    Compiling standback v0.2.17
[INFO] [stderr]    Compiling getrandom v0.1.16
[INFO] [stderr]    Compiling ppv-lite86 v0.2.16
[INFO] [stderr]    Compiling digest v0.9.0
[INFO] [stderr]    Compiling proc-macro-hack v0.5.19
[INFO] [stderr]    Compiling cipher v0.2.5
[INFO] [stderr]    Compiling futures-lite v1.12.0
[INFO] [stderr]    Compiling socket2 v0.4.7
[INFO] [stderr]    Compiling signal-hook v0.3.14
[INFO] [stderr]    Compiling async-task v4.3.0
[INFO] [stderr]    Compiling percent-encoding v2.2.0
[INFO] [stderr]    Compiling universal-hash v0.4.1
[INFO] [stderr]    Compiling async-channel v1.7.1
[INFO] [stderr]    Compiling getrandom v0.2.7
[INFO] [stderr]    Compiling signal-hook-registry v1.4.0
[INFO] [stderr]    Compiling async-process v1.5.0
[INFO] [stderr]    Compiling serde_json v1.0.85
[INFO] [stderr]    Compiling crossbeam-utils v0.8.11
[INFO] [stderr]    Compiling tinyvec_macros v0.1.0
[INFO] [stderr]    Compiling const_fn v0.4.9
[INFO] [stderr]    Compiling itoa v1.0.3
[INFO] [stderr]    Compiling cpuid-bool v0.2.0
[INFO] [stderr]    Compiling ryu v1.0.11
[INFO] [stderr]    Compiling atomic-waker v1.0.0
[INFO] [stderr]    Compiling polyval v0.4.5
[INFO] [stderr]    Compiling blocking v1.2.0
[INFO] [stderr]    Compiling tinyvec v1.6.0
[INFO] [stderr]    Compiling rand_core v0.6.4
[INFO] [stderr]    Compiling async-executor v1.4.1
[INFO] [stderr]    Compiling rand_core v0.5.1
[INFO] [stderr]    Compiling aes-soft v0.6.4
[INFO] [stderr]    Compiling block-buffer v0.9.0
[INFO] [stderr]    Compiling crypto-mac v0.10.1
[INFO] [stderr]    Compiling async-lock v2.5.0
[INFO] [stderr]    Compiling time v0.2.27
[INFO] [stderr]    Compiling anyhow v1.0.65
[INFO] [stderr]    Compiling cpufeatures v0.2.5
[INFO] [stderr]    Compiling thiserror v1.0.35
[INFO] [stderr]    Compiling pin-utils v0.1.0
[INFO] [stderr]    Compiling sha2 v0.9.9
[INFO] [stderr]    Compiling hmac v0.10.1
[INFO] [stderr]    Compiling unicode-normalization v0.1.22
[INFO] [stderr]    Compiling aes v0.6.0
[INFO] [stderr]    Compiling rand_chacha v0.2.2
[INFO] [stderr]    Compiling rand_chacha v0.3.1
[INFO] [stderr]    Compiling ghash v0.3.1
[INFO] [stderr]    Compiling form_urlencoded v1.1.0
[INFO] [stderr]    Compiling ctr v0.6.0
[INFO] [stderr]    Compiling aead v0.3.2
[INFO] [stderr]    Compiling cookie v0.14.4
[INFO] [stderr]    Compiling unicode-bidi v0.3.8
[INFO] [stderr]    Compiling rand v0.8.5
[INFO] [stderr]    Compiling aes-gcm v0.8.0
[INFO] [stderr]    Compiling rand v0.7.3
[INFO] [stderr]    Compiling hkdf v0.10.0
[INFO] [stderr]    Compiling num-traits v0.2.15
[INFO] [stderr]    Compiling base64 v0.13.0
[INFO] [stderr]    Compiling idna v0.3.0
[INFO] [stderr]    Compiling http-types v2.12.0
[INFO] [stderr]    Compiling num-integer v0.1.45
[INFO] [stderr]    Compiling cc v1.0.73
[INFO] [stderr]    Compiling infer v0.2.3
[INFO] [stderr]    Compiling async-trait v0.1.57
[INFO] [stderr]    Compiling crypto-mac v0.8.0
[INFO] [stderr]    Compiling ctor v0.1.15
[INFO] [stderr]    Compiling time-macros-impl v0.1.2
[INFO] [stderr]    Compiling thiserror-impl v1.0.35
[INFO] [stderr]    Compiling proc-macro-error-attr v1.0.3
[INFO] [stderr]    Compiling httparse v1.8.0
[INFO] [stderr]    Compiling futures-task v0.3.24
[INFO] [stderr]    Compiling pin-project-internal v1.0.12
[INFO] [stderr]    Compiling syn-mid v0.5.0
[INFO] [stderr]    Compiling blake3 v0.3.8
[INFO] [stderr]    Compiling time-macros v0.1.1
[INFO] [stderr]    Compiling simple-mutex v1.1.5
[INFO] [stderr]    Compiling time v0.1.44
[INFO] [stderr]    Compiling proc-macro-error v1.0.3
[INFO] [stderr]    Compiling futures-util v0.3.24
[INFO] [stderr]    Compiling cfg-if v0.1.10
[INFO] [stderr]    Compiling iana-time-zone v0.1.48
[INFO] [stderr]    Compiling arrayvec v0.5.2
[INFO] [stderr]    Compiling arrayref v0.3.6
[INFO] [stderr]    Compiling constant_time_eq v0.1.5
[INFO] [stderr]    Compiling async-dup v1.2.2
[INFO] [stderr]    Compiling pin-project v1.0.12
[INFO] [stderr]    Compiling hmac v0.8.1
[INFO] [stderr]    Compiling futures-macro v0.3.24
[INFO] [stderr]    Compiling pin-project-lite v0.1.12
[INFO] [stderr]    Compiling base64 v0.12.3
[INFO] [stderr]    Compiling route-recognizer v0.2.0
[INFO] [stderr]    Compiling tide-jsx-impl v0.3.0
[INFO] [stderr]    Compiling serde_fmt v1.0.1
[INFO] [stderr]    Compiling sval v1.0.0-alpha.5
[INFO] [stderr]    Compiling url v2.3.1
[INFO] [stderr]    Compiling serde_urlencoded v0.7.1
[INFO] [stderr]    Compiling serde_qs v0.8.5
[INFO] [stderr]    Compiling bincode v1.3.3
[INFO] [stderr]    Compiling chrono v0.4.22
[INFO] [stderr]    Compiling kv-log-macro v1.0.7
[INFO] [stderr]    Compiling femme v2.2.1
[INFO] [stderr]    Compiling async-global-executor v2.3.0
[INFO] [stderr]    Compiling async-std v1.12.0
[INFO] [stderr]    Compiling async-session v2.0.1
[INFO] [stderr]    Compiling async-sse v4.1.0
[INFO] [stderr]    Compiling async-h1 v2.3.3
[INFO] [stderr]    Compiling http-client v6.5.3
[INFO] [stderr]    Compiling tide v0.16.0
[INFO] [stderr]    Compiling tide-jsx v0.4.0 (/opt/rustwide/workdir)
[INFO] [stderr]     Finished `dev` profile [unoptimized + debuginfo] target(s) in 51.79s
[INFO] running `Command { std: "docker" "inspect" "5b77e1fc0ab42fd7b1f6f64ce08f1d6e05d4fe4e83beb7a73e6e77d1b4331d5f", kill_on_drop: false }`
[INFO] running `Command { std: "docker" "rm" "-f" "5b77e1fc0ab42fd7b1f6f64ce08f1d6e05d4fe4e83beb7a73e6e77d1b4331d5f", kill_on_drop: false }`
[INFO] [stdout] 5b77e1fc0ab42fd7b1f6f64ce08f1d6e05d4fe4e83beb7a73e6e77d1b4331d5f
[INFO] running `Command { std: "docker" "create" "-v" "/var/lib/crater-agent-workspace/builds/worker-4-tc2/target:/opt/rustwide/target:rw,Z" "-v" "/var/lib/crater-agent-workspace/builds/worker-4-tc2/source:/opt/rustwide/workdir:ro,Z" "-v" "/var/lib/crater-agent-workspace/cargo-home:/opt/rustwide/cargo-home:ro,Z" "-v" "/var/lib/crater-agent-workspace/rustup-home:/opt/rustwide/rustup-home:ro,Z" "-e" "SOURCE_DIR=/opt/rustwide/workdir" "-e" "CARGO_TARGET_DIR=/opt/rustwide/target" "-e" "CARGO_INCREMENTAL=0" "-e" "RUST_BACKTRACE=full" "-e" "RUSTFLAGS=--cap-lints=warn" "-e" "RUSTDOCFLAGS=--cap-lints=warn" "-e" "CARGO_HOME=/opt/rustwide/cargo-home" "-e" "RUSTUP_HOME=/opt/rustwide/rustup-home" "-w" "/opt/rustwide/workdir" "-m" "1610612736" "--user" "0:0" "--network" "none" "ghcr.io/rust-lang/crates-build-env/linux@sha256:f3a9d4ad9d972b27faf3965f35b62e55ba32bbce8f20bc8fe909558a86702fde" "/opt/rustwide/cargo-home/bin/cargo" "+beta-2024-12-08" "test" "--frozen" "--no-run" "--message-format=json", kill_on_drop: false }`
[INFO] [stdout] 223718e9b7bf25a4c4c36e3e753cfa28cf3e206a5937a111c7ab9a0fd5bed9b1
[INFO] running `Command { std: "docker" "start" "-a" "223718e9b7bf25a4c4c36e3e753cfa28cf3e206a5937a111c7ab9a0fd5bed9b1", kill_on_drop: false }`
[INFO] [stderr]    Compiling async-attributes v1.1.2
[INFO] [stderr]    Compiling trybuild v1.0.64
[INFO] [stderr]    Compiling toml v0.5.9
[INFO] [stderr]    Compiling ansi_term v0.11.0
[INFO] [stderr]    Compiling difference v2.0.0
[INFO] [stderr]    Compiling termcolor v1.1.3
[INFO] [stderr]    Compiling glob v0.3.0
[INFO] [stderr]    Compiling pretty_assertions v0.6.1
[INFO] [stderr]    Compiling async-std v1.12.0
[INFO] [stderr]    Compiling http-types v2.12.0
[INFO] [stderr]    Compiling async-session v2.0.1
[INFO] [stderr]    Compiling http-client v6.5.3
[INFO] [stderr]    Compiling async-h1 v2.3.3
[INFO] [stderr]    Compiling async-sse v4.1.0
[INFO] [stderr]    Compiling tide v0.16.0
[INFO] [stderr]    Compiling tide-jsx v0.4.0 (/opt/rustwide/workdir)
[INFO] [stderr]     Finished `test` profile [unoptimized + debuginfo] target(s) in 23.67s
[INFO] running `Command { std: "docker" "inspect" "223718e9b7bf25a4c4c36e3e753cfa28cf3e206a5937a111c7ab9a0fd5bed9b1", kill_on_drop: false }`
[INFO] running `Command { std: "docker" "rm" "-f" "223718e9b7bf25a4c4c36e3e753cfa28cf3e206a5937a111c7ab9a0fd5bed9b1", kill_on_drop: false }`
[INFO] [stdout] 223718e9b7bf25a4c4c36e3e753cfa28cf3e206a5937a111c7ab9a0fd5bed9b1
[INFO] running `Command { std: "docker" "create" "-v" "/var/lib/crater-agent-workspace/builds/worker-4-tc2/target:/opt/rustwide/target:rw,Z" "-v" "/var/lib/crater-agent-workspace/builds/worker-4-tc2/source:/opt/rustwide/workdir:ro,Z" "-v" "/var/lib/crater-agent-workspace/cargo-home:/opt/rustwide/cargo-home:ro,Z" "-v" "/var/lib/crater-agent-workspace/rustup-home:/opt/rustwide/rustup-home:ro,Z" "-e" "SOURCE_DIR=/opt/rustwide/workdir" "-e" "CARGO_TARGET_DIR=/opt/rustwide/target" "-e" "CARGO_INCREMENTAL=0" "-e" "RUST_BACKTRACE=full" "-e" "RUSTFLAGS=--cap-lints=warn" "-e" "RUSTDOCFLAGS=--cap-lints=warn" "-e" "CARGO_HOME=/opt/rustwide/cargo-home" "-e" "RUSTUP_HOME=/opt/rustwide/rustup-home" "-w" "/opt/rustwide/workdir" "-m" "1610612736" "--user" "0:0" "--network" "none" "ghcr.io/rust-lang/crates-build-env/linux@sha256:f3a9d4ad9d972b27faf3965f35b62e55ba32bbce8f20bc8fe909558a86702fde" "/opt/rustwide/cargo-home/bin/cargo" "+beta-2024-12-08" "test" "--frozen", kill_on_drop: false }`
[INFO] [stdout] 62aa4701be40b9efd272bc99e279093854771ed5b0b3692e006f1c3500471612
[INFO] running `Command { std: "docker" "start" "-a" "62aa4701be40b9efd272bc99e279093854771ed5b0b3692e006f1c3500471612", kill_on_drop: false }`
[INFO] [stderr]     Finished `test` profile [unoptimized + debuginfo] target(s) in 0.20s
[INFO] [stderr]      Running unittests src/lib.rs (/opt/rustwide/target/debug/deps/tide_jsx-00197078c68fb8e2)
[INFO] [stdout] 
[INFO] [stdout] running 2 tests
[INFO] [stdout] test text_element::tests::decodes_html ... ok
[INFO] [stdout] test text_element::tests::allows_raw_text ... ok
[INFO] [stdout] 
[INFO] [stdout] test result: ok. 2 passed; 0 failed; 0 ignored; 0 measured; 0 filtered out; finished in 0.00s
[INFO] [stdout] 
[INFO] [stderr]      Running tests/lib.rs (/opt/rustwide/target/debug/deps/lib-0bd05e37b5644d58)
[INFO] [stdout] 
[INFO] [stdout] running 14 tests
[INFO] [stdout] test element_ordering ... ok
[INFO] [stdout] test kaki::externals_test ... ok
[INFO] [stdout] test kaki::test ... ok
[INFO] [stdout] test number ... ok
[INFO] [stdout] test owned_string ... ok
[INFO] [stdout] test render_view ... ok
[INFO] [stdout] test some_none ... ok
[INFO] [stdout] test cow_str ... ok
[INFO] [stdout] test vec ... ok
[INFO] [stdout] test works_with_dashes ... ok
[INFO] [stdout] test works_with_keywords ... ok
[INFO] [stdout] test works_with_raw ... ok
[INFO] [stdout] test works_with_raw_ident ... ok
[INFO] [stderr] warning: `/opt/rustwide/target/tests/tide-jsx/.cargo/config` is deprecated in favor of `config.toml`
[INFO] [stderr] note: if you need to support cargo 1.38 or earlier, you can symlink `config` to `config.toml`
[INFO] [stderr]    Compiling version_check v0.9.2
[INFO] [stderr]    Compiling proc-macro2 v1.0.43
[INFO] [stderr]    Compiling unicode-ident v1.0.4
[INFO] [stderr]    Compiling syn v1.0.99
[INFO] [stderr]    Compiling autocfg v1.1.0
[INFO] [stderr]    Compiling libc v0.2.132
[INFO] [stderr]    Compiling typenum v1.15.0
[INFO] [stderr]    Compiling serde_derive v1.0.144
[INFO] [stderr]    Compiling serde v1.0.144
[INFO] [stderr]     Checking cfg-if v1.0.0
[INFO] [stderr]    Compiling generic-array v0.14.6
[INFO] [stderr]    Compiling futures-core v0.3.24
[INFO] [stderr]     Checking subtle v2.4.1
[INFO] [stderr]    Compiling erased-serde v0.3.23
[INFO] [stderr]    Compiling value-bag v1.0.0-alpha.9
[INFO] [stderr]    Compiling memchr v2.5.0
[INFO] [stderr]    Compiling log v0.4.17
[INFO] [stderr]    Compiling slab v0.4.7
[INFO] [stderr]     Checking futures-io v0.3.24
[INFO] [stderr]     Checking pin-project-lite v0.2.9
[INFO] [stderr]     Checking cache-padded v1.2.0
[INFO] [stderr]     Checking event-listener v2.5.3
[INFO] [stderr]     Checking concurrent-queue v1.2.4
[INFO] [stderr]     Checking parking v2.0.0
[INFO] [stderr]     Checking waker-fn v1.1.0
[INFO] [stderr]     Checking once_cell v1.14.0
[INFO] [stderr]     Checking opaque-debug v0.3.0
[INFO] [stderr]    Compiling quote v1.0.7
[INFO] [stderr]     Checking fastrand v1.8.0
[INFO] [stderr]    Compiling polling v2.3.0
[INFO] [stderr]    Compiling standback v0.2.17
[INFO] [stderr]    Compiling async-io v1.9.0
[INFO] [stderr]     Checking ppv-lite86 v0.2.16
[INFO] [stderr]    Compiling proc-macro-hack v0.5.19
[INFO] [stderr]    Compiling getrandom v0.1.16
[INFO] [stderr]     Checking futures-lite v1.12.0
[INFO] [stderr]     Checking socket2 v0.4.7
[INFO] [stderr]     Checking async-task v4.3.0
[INFO] [stderr]    Compiling signal-hook v0.3.14
[INFO] [stderr]     Checking digest v0.9.0
[INFO] [stderr]     Checking cipher v0.2.5
[INFO] [stderr]     Checking percent-encoding v2.2.0
[INFO] [stderr]     Checking universal-hash v0.4.1
[INFO] [stderr]     Checking getrandom v0.2.7
[INFO] [stderr]     Checking signal-hook-registry v1.4.0
[INFO] [stderr]     Checking async-channel v1.7.1
[INFO] [stderr]    Compiling async-process v1.5.0
[INFO] [stderr]     Checking itoa v1.0.3
[INFO] [stderr]    Compiling serde_json v1.0.85
[INFO] [stderr]    Compiling crossbeam-utils v0.8.11
[INFO] [stderr]     Checking cpuid-bool v0.2.0
[INFO] [stderr]     Checking tinyvec_macros v0.1.0
[INFO] [stderr]    Compiling const_fn v0.4.9
[INFO] [stderr]     Checking ryu v1.0.11
[INFO] [stderr]     Checking atomic-waker v1.0.0
[INFO] [stderr]     Checking tinyvec v1.6.0
[INFO] [stderr]     Checking polyval v0.4.5
[INFO] [stderr]     Checking rand_core v0.6.4
[INFO] [stderr]     Checking rand_core v0.5.1
[INFO] [stderr]     Checking aes-soft v0.6.4
[INFO] [stderr]     Checking block-buffer v0.9.0
[INFO] [stderr]     Checking crypto-mac v0.10.1
[INFO] [stderr]     Checking async-lock v2.5.0
[INFO] [stderr]    Compiling time v0.2.27
[INFO] [stderr]    Compiling anyhow v1.0.65
[INFO] [stderr]    Compiling thiserror v1.0.35
[INFO] [stderr]     Checking cpufeatures v0.2.5
[INFO] [stderr]     Checking pin-utils v0.1.0
[INFO] [stderr]     Checking blocking v1.2.0
[INFO] [stderr]     Checking async-executor v1.4.1
[INFO] [stderr]     Checking sha2 v0.9.9
[INFO] [stderr]     Checking aes v0.6.0
[INFO] [stderr]     Checking rand_chacha v0.2.2
[INFO] [stderr]     Checking hmac v0.10.1
[INFO] [stderr]     Checking unicode-normalization v0.1.22
[INFO] [stderr]     Checking rand_chacha v0.3.1
[INFO] [stderr]     Checking ghash v0.3.1
[INFO] [stderr]     Checking ctr v0.6.0
[INFO] [stderr]     Checking form_urlencoded v1.1.0
[INFO] [stderr]     Checking aead v0.3.2
[INFO] [stderr]    Compiling cookie v0.14.4
[INFO] [stderr]     Checking unicode-bidi v0.3.8
[INFO] [stderr]     Checking aes-gcm v0.8.0
[INFO] [stderr]     Checking rand v0.8.5
[INFO] [stderr]     Checking rand v0.7.3
[INFO] [stderr]     Checking hkdf v0.10.0
[INFO] [stderr]    Compiling num-traits v0.2.15
[INFO] [stderr]    Compiling http-types v2.12.0
[INFO] [stderr]     Checking base64 v0.13.0
[INFO] [stderr]     Checking idna v0.3.0
[INFO] [stderr]    Compiling num-integer v0.1.45
[INFO] [stderr]     Checking infer v0.2.3
[INFO] [stderr]    Compiling async-trait v0.1.57
[INFO] [stderr]    Compiling cc v1.0.73
[INFO] [stderr]     Checking crypto-mac v0.8.0
[INFO] [stderr]    Compiling proc-macro-error-attr v1.0.3
[INFO] [stderr]    Compiling futures-task v0.3.24
[INFO] [stderr]    Compiling httparse v1.8.0
[INFO] [stderr]     Checking time v0.1.44
[INFO] [stderr]    Compiling syn-mid v0.5.0
[INFO] [stderr]     Checking simple-mutex v1.1.5
[INFO] [stderr]    Compiling proc-macro-error v1.0.3
[INFO] [stderr]     Checking cfg-if v0.1.10
[INFO] [stderr]     Checking iana-time-zone v0.1.48
[INFO] [stderr]     Checking constant_time_eq v0.1.5
[INFO] [stderr]     Checking arrayref v0.3.6
[INFO] [stderr]    Compiling futures-util v0.3.24
[INFO] [stderr]     Checking arrayvec v0.5.2
[INFO] [stderr]     Checking async-dup v1.2.2
[INFO] [stderr]     Checking hmac v0.8.1
[INFO] [stderr]     Checking base64 v0.12.3
[INFO] [stderr]     Checking pin-project-lite v0.1.12
[INFO] [stderr]     Checking route-recognizer v0.2.0
[INFO] [stderr]     Checking difference v2.0.0
[INFO] [stderr]     Checking ansi_term v0.11.0
[INFO] [stderr]     Checking pretty_assertions v0.6.1
[INFO] [stderr]    Compiling blake3 v0.3.8
[INFO] [stderr]    Compiling ctor v0.1.15
[INFO] [stderr]    Compiling time-macros-impl v0.1.2
[INFO] [stderr]    Compiling thiserror-impl v1.0.35
[INFO] [stderr]    Compiling async-attributes v1.1.2
[INFO] [stderr]    Compiling pin-project-internal v1.0.12
[INFO] [stderr]    Compiling futures-macro v0.3.24
[INFO] [stderr]     Checking time-macros v0.1.1
[INFO] [stderr]    Compiling tide-jsx-impl v0.3.0
[INFO] [stderr]     Checking pin-project v1.0.12
[INFO] [stderr]     Checking serde_fmt v1.0.1
[INFO] [stderr]     Checking sval v1.0.0-alpha.5
[INFO] [stderr]     Checking serde_qs v0.8.5
[INFO] [stderr]     Checking url v2.3.1
[INFO] [stderr]     Checking serde_urlencoded v0.7.1
[INFO] [stderr]     Checking chrono v0.4.22
[INFO] [stderr]     Checking bincode v1.3.3
[INFO] [stderr]     Checking kv-log-macro v1.0.7
[INFO] [stderr]     Checking femme v2.2.1
[INFO] [stdout] test ui has been running for over 60 seconds
[INFO] [stderr]     Checking async-global-executor v2.3.0
[INFO] [stderr]     Checking async-std v1.12.0
[INFO] [stderr]     Checking async-session v2.0.1
[INFO] [stderr]     Checking async-h1 v2.3.3
[INFO] [stderr]     Checking async-sse v4.1.0
[INFO] [stderr]     Checking http-client v6.5.3
[INFO] [stderr]     Checking tide v0.16.0
[INFO] [stderr]     Checking tide-jsx v0.4.0 (/opt/rustwide/workdir)
[INFO] [stderr]     Checking tide-jsx-tests v0.0.0 (/opt/rustwide/target/tests/tide-jsx)
[INFO] [stderr]     Finished `dev` profile [unoptimized + debuginfo] target(s) in 1m 07s
[INFO] [stderr] 
[INFO] [stderr] 
[INFO] [stderr] test tests/ui/fail/unclosed-tag-complex.rs ... ok
[INFO] [stderr] test tests/ui/fail/unclosed-tag.rs ... ok
[INFO] [stderr] test tests/ui/fail/unexpected-attribute.rs ... mismatch
[INFO] [stderr] 
[INFO] [stderr] EXPECTED:
[INFO] [stderr] ┈┈┈┈┈┈┈┈┈┈┈┈┈┈┈┈┈┈┈┈┈┈┈┈┈┈┈┈┈┈┈┈┈┈┈┈┈┈┈┈┈┈┈┈┈┈┈┈┈┈┈┈┈┈┈┈┈┈┈┈
[INFO] [stderr] error[E0560]: struct `Heading<'_>` has no field named `t`
[INFO] [stderr]  --> $DIR/unexpected-attribute.rs:9:22
[INFO] [stderr]   |
[INFO] [stderr] 9 |     html! { <Heading t={"Hello world!"} /> };
[INFO] [stderr]   |                      ^ `Heading<'_>` does not have this field
[INFO] [stderr]   |
[INFO] [stderr]   = note: available fields are: `title`
[INFO] [stderr] ┈┈┈┈┈┈┈┈┈┈┈┈┈┈┈┈┈┈┈┈┈┈┈┈┈┈┈┈┈┈┈┈┈┈┈┈┈┈┈┈┈┈┈┈┈┈┈┈┈┈┈┈┈┈┈┈┈┈┈┈
[INFO] [stderr] 
[INFO] [stderr] ACTUAL OUTPUT:
[INFO] [stderr] ┈┈┈┈┈┈┈┈┈┈┈┈┈┈┈┈┈┈┈┈┈┈┈┈┈┈┈┈┈┈┈┈┈┈┈┈┈┈┈┈┈┈┈┈┈┈┈┈┈┈┈┈┈┈┈┈┈┈┈┈
[INFO] [stderr] error[E0560]: struct `Heading<'_>` has no field named `t`
[INFO] [stderr]  --> tests/ui/fail/unexpected-attribute.rs:9:22
[INFO] [stderr]   |
[INFO] [stderr] 9 |     html! { <Heading t={"Hello world!"} /> };
[INFO] [stderr]   |                      ^ `Heading<'_>` does not have this field
[INFO] [stderr]   |
[INFO] [stderr]   = note: all struct fields are already assigned
[INFO] [stderr] ┈┈┈┈┈┈┈┈┈┈┈┈┈┈┈┈┈┈┈┈┈┈┈┈┈┈┈┈┈┈┈┈┈┈┈┈┈┈┈┈┈┈┈┈┈┈┈┈┈┈┈┈┈┈┈┈┈┈┈┈
[INFO] [stderr] note: If the actual output is the correct output you can bless it by rerunning
[INFO] [stderr]       your test with the environment variable TRYBUILD=overwrite
[INFO] [stderr] 
[INFO] [stderr] 
[INFO] [stderr] 
[INFO] [stdout] test ui ... FAILED
[INFO] [stdout] 
[INFO] [stdout] failures:
[INFO] [stdout] 
[INFO] [stdout] ---- ui stdout ----
[INFO] [stdout] thread 'ui' panicked at /opt/rustwide/cargo-home/registry/src/index.crates.io-6f17d22bba15001f/trybuild-1.0.64/src/run.rs:101:13:
[INFO] [stdout] 1 of 3 tests failed
[INFO] [stdout] stack backtrace:
[INFO] [stdout]    0:     0x57466dbb1ffa - std::backtrace_rs::backtrace::libunwind::trace::h8810477743020387
[INFO] [stdout]                                at /rustc/202008a1b8de96d2e5b6bc02d379db03a877d34d/library/std/src/../../backtrace/src/backtrace/libunwind.rs:116:5
[INFO] [stdout]    1:     0x57466dbb1ffa - std::backtrace_rs::backtrace::trace_unsynchronized::h3aa55355dd6c54a6
[INFO] [stdout]                                at /rustc/202008a1b8de96d2e5b6bc02d379db03a877d34d/library/std/src/../../backtrace/src/backtrace/mod.rs:66:5
[INFO] [stdout]    2:     0x57466dbb1ffa - std::sys::backtrace::_print_fmt::h8588b0f62410823f
[INFO] [stdout]                                at /rustc/202008a1b8de96d2e5b6bc02d379db03a877d34d/library/std/src/sys/backtrace.rs:66:9
[INFO] [stdout]    3:     0x57466dbb1ffa - <std::sys::backtrace::BacktraceLock::print::DisplayBacktrace as core::fmt::Display>::fmt::h98c26ac25ffe89bb
[INFO] [stdout]                                at /rustc/202008a1b8de96d2e5b6bc02d379db03a877d34d/library/std/src/sys/backtrace.rs:39:26
[INFO] [stdout]    4:     0x57466dbda793 - core::fmt::rt::Argument::fmt::hf95377f4aebd453b
[INFO] [stdout]                                at /rustc/202008a1b8de96d2e5b6bc02d379db03a877d34d/library/core/src/fmt/rt.rs:177:76
[INFO] [stdout]    5:     0x57466dbda793 - core::fmt::write::h0dd5f6e2238c7982
[INFO] [stdout]                                at /rustc/202008a1b8de96d2e5b6bc02d379db03a877d34d/library/core/src/fmt/mod.rs:1189:21
[INFO] [stdout]    6:     0x57466dbae633 - std::io::Write::write_fmt::h03bb0ca26e6faf8c
[INFO] [stdout]                                at /rustc/202008a1b8de96d2e5b6bc02d379db03a877d34d/library/std/src/io/mod.rs:1884:15
[INFO] [stdout]    7:     0x57466dbb1e42 - std::sys::backtrace::BacktraceLock::print::h5c19c1c038ee186d
[INFO] [stdout]                                at /rustc/202008a1b8de96d2e5b6bc02d379db03a877d34d/library/std/src/sys/backtrace.rs:42:9
[INFO] [stdout]    8:     0x57466dbb347d - std::panicking::default_hook::{{closure}}::h77172f079a1fcb13
[INFO] [stdout]                                at /rustc/202008a1b8de96d2e5b6bc02d379db03a877d34d/library/std/src/panicking.rs:268:22
[INFO] [stdout]    9:     0x57466dbb3287 - std::panicking::default_hook::he5f8e3b203ccddba
[INFO] [stdout]                                at /rustc/202008a1b8de96d2e5b6bc02d379db03a877d34d/library/std/src/panicking.rs:292:9
[INFO] [stdout]   10:     0x57466dab17f7 - <alloc::boxed::Box<F,A> as core::ops::function::Fn<Args>>::call::h7a3c7b4a1ae77f2f
[INFO] [stdout]                                at /rustc/202008a1b8de96d2e5b6bc02d379db03a877d34d/library/alloc/src/boxed.rs:1986:9
[INFO] [stdout]   11:     0x57466dab17f7 - test::test_main::{{closure}}::hf0d3b69ae9b353d1
[INFO] [stdout]                                at /rustc/202008a1b8de96d2e5b6bc02d379db03a877d34d/library/test/src/lib.rs:134:21
[INFO] [stdout]   12:     0x57466dbb3b28 - <alloc::boxed::Box<F,A> as core::ops::function::Fn<Args>>::call::h6332e82e7b189abd
[INFO] [stdout]                                at /rustc/202008a1b8de96d2e5b6bc02d379db03a877d34d/library/alloc/src/boxed.rs:1986:9
[INFO] [stdout]   13:     0x57466dbb3b28 - std::panicking::rust_panic_with_hook::h53863d4e9018df39
[INFO] [stdout]                                at /rustc/202008a1b8de96d2e5b6bc02d379db03a877d34d/library/std/src/panicking.rs:809:13
[INFO] [stdout]   14:     0x57466dbb38ea - std::panicking::begin_panic_handler::{{closure}}::h67280e6fa0757873
[INFO] [stdout]                                at /rustc/202008a1b8de96d2e5b6bc02d379db03a877d34d/library/std/src/panicking.rs:674:13
[INFO] [stdout]   15:     0x57466dbb24d9 - std::sys::backtrace::__rust_end_short_backtrace::h1dac3f54d6fbbeb2
[INFO] [stdout]                                at /rustc/202008a1b8de96d2e5b6bc02d379db03a877d34d/library/std/src/sys/backtrace.rs:170:18
[INFO] [stdout]   16:     0x57466dbb357c - rust_begin_unwind
[INFO] [stdout]                                at /rustc/202008a1b8de96d2e5b6bc02d379db03a877d34d/library/std/src/panicking.rs:665:5
[INFO] [stdout]   17:     0x57466d896cf0 - core::panicking::panic_fmt::h6792bd1b2bf01041
[INFO] [stdout]                                at /rustc/202008a1b8de96d2e5b6bc02d379db03a877d34d/library/core/src/panicking.rs:76:14
[INFO] [stdout]   18:     0x57466d8c3109 - trybuild::run::<impl trybuild::Runner>::run::hf6595afed8e2a710
[INFO] [stdout]                                at /opt/rustwide/cargo-home/registry/src/index.crates.io-6f17d22bba15001f/trybuild-1.0.64/src/run.rs:101:13
[INFO] [stdout]   19:     0x57466d8c7db8 - <trybuild::TestCases as core::ops::drop::Drop>::drop::h746dddbad04961c7
[INFO] [stdout]                                at /opt/rustwide/cargo-home/registry/src/index.crates.io-6f17d22bba15001f/trybuild-1.0.64/src/lib.rs:310:13
[INFO] [stdout]   20:     0x57466d8ab567 - core::ptr::drop_in_place<trybuild::TestCases>::h77777774fffccb34
[INFO] [stdout]                                at /rustc/202008a1b8de96d2e5b6bc02d379db03a877d34d/library/core/src/ptr/mod.rs:521:1
[INFO] [stdout]   21:     0x57466d8a1963 - lib::ui::h51f91106a92f90e6
[INFO] [stdout]                                at /opt/rustwide/workdir/tests/lib.rs:11:1
[INFO] [stdout]   22:     0x57466d8a18f7 - lib::ui::{{closure}}::h18f47aba75ddb533
[INFO] [stdout]                                at /opt/rustwide/workdir/tests/lib.rs:8:8
[INFO] [stdout]   23:     0x57466d8aa1f6 - core::ops::function::FnOnce::call_once::h2983c4bc22fb69b0
[INFO] [stdout]                                at /rustc/202008a1b8de96d2e5b6bc02d379db03a877d34d/library/core/src/ops/function.rs:250:5
[INFO] [stdout]   24:     0x57466dab631b - core::ops::function::FnOnce::call_once::h871bf86719ec9aa4
[INFO] [stdout]                                at /rustc/202008a1b8de96d2e5b6bc02d379db03a877d34d/library/core/src/ops/function.rs:250:5
[INFO] [stdout]   25:     0x57466dab631b - test::__rust_begin_short_backtrace::h2167df1e2b7d76fd
[INFO] [stdout]                                at /rustc/202008a1b8de96d2e5b6bc02d379db03a877d34d/library/test/src/lib.rs:632:18
[INFO] [stdout]   26:     0x57466dab5d08 - test::run_test_in_process::{{closure}}::h15d92f75a3adfb79
[INFO] [stdout]                                at /rustc/202008a1b8de96d2e5b6bc02d379db03a877d34d/library/test/src/lib.rs:655:60
[INFO] [stdout]   27:     0x57466dab5d08 - <core::panic::unwind_safe::AssertUnwindSafe<F> as core::ops::function::FnOnce<()>>::call_once::hb6c8955835a8dbbb
[INFO] [stdout]                                at /rustc/202008a1b8de96d2e5b6bc02d379db03a877d34d/library/core/src/panic/unwind_safe.rs:272:9
[INFO] [stdout]   28:     0x57466dab5d08 - std::panicking::try::do_call::hc79d0fc888a0bd30
[INFO] [stdout]                                at /rustc/202008a1b8de96d2e5b6bc02d379db03a877d34d/library/std/src/panicking.rs:557:40
[INFO] [stdout]   29:     0x57466dab5d08 - std::panicking::try::hb8a7878e3a8589d6
[INFO] [stdout]                                at /rustc/202008a1b8de96d2e5b6bc02d379db03a877d34d/library/std/src/panicking.rs:520:19
[INFO] [stdout]   30:     0x57466dab5d08 - std::panic::catch_unwind::hb8e4600ff0ff5cfa
[INFO] [stdout]                                at /rustc/202008a1b8de96d2e5b6bc02d379db03a877d34d/library/std/src/panic.rs:358:14
[INFO] [stdout]   31:     0x57466dab5d08 - test::run_test_in_process::hc2900b0b18688dd6
[INFO] [stdout]                                at /rustc/202008a1b8de96d2e5b6bc02d379db03a877d34d/library/test/src/lib.rs:655:27
[INFO] [stdout]   32:     0x57466dab5d08 - test::run_test::{{closure}}::hac2a9cb07be3d48d
[INFO] [stdout]                                at /rustc/202008a1b8de96d2e5b6bc02d379db03a877d34d/library/test/src/lib.rs:576:43
[INFO] [stdout]   33:     0x57466da797aa - test::run_test::{{closure}}::h4a5b729e66a38cd8
[INFO] [stdout]                                at /rustc/202008a1b8de96d2e5b6bc02d379db03a877d34d/library/test/src/lib.rs:606:41
[INFO] [stdout]   34:     0x57466da797aa - std::sys::backtrace::__rust_begin_short_backtrace::h0496fb742492f573
[INFO] [stdout]                                at /rustc/202008a1b8de96d2e5b6bc02d379db03a877d34d/library/std/src/sys/backtrace.rs:154:18
[INFO] [stdout]   35:     0x57466da7d124 - std::thread::Builder::spawn_unchecked_::{{closure}}::{{closure}}::hbb6d257c550a54bd
[INFO] [stdout]                                at /rustc/202008a1b8de96d2e5b6bc02d379db03a877d34d/library/std/src/thread/mod.rs:561:17
[INFO] [stdout]   36:     0x57466da7d124 - <core::panic::unwind_safe::AssertUnwindSafe<F> as core::ops::function::FnOnce<()>>::call_once::h46696fe4a6832328
[INFO] [stdout]                                at /rustc/202008a1b8de96d2e5b6bc02d379db03a877d34d/library/core/src/panic/unwind_safe.rs:272:9
[INFO] [stdout]   37:     0x57466da7d124 - std::panicking::try::do_call::h2625a51b667bfb64
[INFO] [stdout]                                at /rustc/202008a1b8de96d2e5b6bc02d379db03a877d34d/library/std/src/panicking.rs:557:40
[INFO] [stdout]   38:     0x57466da7d124 - std::panicking::try::hb956a59a1973aa4c
[INFO] [stdout]                                at /rustc/202008a1b8de96d2e5b6bc02d379db03a877d34d/library/std/src/panicking.rs:520:19
[INFO] [stdout]   39:     0x57466da7d124 - std::panic::catch_unwind::h64f3b9d1067ef6a0
[INFO] [stdout]                                at /rustc/202008a1b8de96d2e5b6bc02d379db03a877d34d/library/std/src/panic.rs:358:14
[INFO] [stdout]   40:     0x57466da7d124 - std::thread::Builder::spawn_unchecked_::{{closure}}::h42b2841295b6c0b2
[INFO] [stdout]                                at /rustc/202008a1b8de96d2e5b6bc02d379db03a877d34d/library/std/src/thread/mod.rs:559:30
[INFO] [stdout]   41:     0x57466da7d124 - core::ops::function::FnOnce::call_once{{vtable.shim}}::h6127de71b8124639
[INFO] [stdout]                                at /rustc/202008a1b8de96d2e5b6bc02d379db03a877d34d/library/core/src/ops/function.rs:250:5
[INFO] [stdout]   42:     0x57466dbb8a3b - <alloc::boxed::Box<F,A> as core::ops::function::FnOnce<Args>>::call_once::h42f0ba71002a1b2c
[INFO] [stdout]                                at /rustc/202008a1b8de96d2e5b6bc02d379db03a877d34d/library/alloc/src/boxed.rs:1972:9
[INFO] [stdout]   43:     0x57466dbb8a3b - <alloc::boxed::Box<F,A> as core::ops::function::FnOnce<Args>>::call_once::had9e47d7a3dcecb8
[INFO] [stdout]                                at /rustc/202008a1b8de96d2e5b6bc02d379db03a877d34d/library/alloc/src/boxed.rs:1972:9
[INFO] [stdout]   44:     0x57466dbb8a3b - std::sys::pal::unix::thread::Thread::new::thread_start::h48cf765408f6f5f2
[INFO] [stdout]                                at /rustc/202008a1b8de96d2e5b6bc02d379db03a877d34d/library/std/src/sys/pal/unix/thread.rs:105:17
[INFO] [stdout]   45:     0x7438ce594ac3 - <unknown>
[INFO] [stdout]   46:     0x7438ce625a04 - clone
[INFO] [stdout]   47:                0x0 - <unknown>
[INFO] [stdout] 
[INFO] [stdout] 
[INFO] [stdout] failures:
[INFO] [stdout]     ui
[INFO] [stdout] 
[INFO] [stdout] test result: FAILED. 13 passed; 1 failed; 0 ignored; 0 measured; 0 filtered out; finished in 68.80s
[INFO] [stdout] 
[INFO] [stderr] error: test failed, to rerun pass `--test lib`
[INFO] running `Command { std: "docker" "inspect" "62aa4701be40b9efd272bc99e279093854771ed5b0b3692e006f1c3500471612", kill_on_drop: false }`
[INFO] running `Command { std: "docker" "rm" "-f" "62aa4701be40b9efd272bc99e279093854771ed5b0b3692e006f1c3500471612", kill_on_drop: false }`
[INFO] [stdout] 62aa4701be40b9efd272bc99e279093854771ed5b0b3692e006f1c3500471612
