[INFO] fetching crate ti-lp55231 1.0.0...
[INFO] testing ti-lp55231-1.0.0 against 1.83.0 for beta-1.84.0-4-retry
[INFO] extracting crate ti-lp55231 1.0.0 into /workspace/builds/worker-5-tc1/source
[INFO] validating manifest of crates.io crate ti-lp55231 1.0.0 on toolchain 1.83.0
[INFO] running `Command { std: CARGO_HOME="/workspace/cargo-home" RUSTUP_HOME="/workspace/rustup-home" "/workspace/cargo-home/bin/cargo" "+1.83.0" "metadata" "--manifest-path" "Cargo.toml" "--no-deps", kill_on_drop: false }`
[INFO] started tweaking crates.io crate ti-lp55231 1.0.0
[INFO] finished tweaking crates.io crate ti-lp55231 1.0.0
[INFO] tweaked toml for crates.io crate ti-lp55231 1.0.0 written to /workspace/builds/worker-5-tc1/source/Cargo.toml
[INFO] running `Command { std: CARGO_HOME="/workspace/cargo-home" RUSTUP_HOME="/workspace/rustup-home" "/workspace/cargo-home/bin/cargo" "+1.83.0" "generate-lockfile" "--manifest-path" "Cargo.toml", kill_on_drop: false }`
[INFO] [stderr]     Updating crates.io index
[INFO] [stderr]      Locking 25 packages to latest compatible versions
[INFO] [stderr]       Adding linux-embedded-hal v0.3.2 (available: v0.4.0)
[INFO] running `Command { std: CARGO_HOME="/workspace/cargo-home" RUSTUP_HOME="/workspace/rustup-home" "/workspace/cargo-home/bin/cargo" "+1.83.0" "fetch" "--manifest-path" "Cargo.toml", kill_on_drop: false }`
[INFO] [stderr]  Downloading crates ...
[INFO] [stderr]   Downloaded spidev v0.5.2
[INFO] [stderr]   Downloaded gpio-cdev v0.5.1
[INFO] [stderr]   Downloaded i2cdev v0.5.1
[INFO] [stderr]   Downloaded linux-embedded-hal v0.3.2
[INFO] running `Command { std: "docker" "create" "-v" "/var/lib/crater-agent-workspace/builds/worker-5-tc1/target:/opt/rustwide/target:rw,Z" "-v" "/var/lib/crater-agent-workspace/builds/worker-5-tc1/source:/opt/rustwide/workdir:ro,Z" "-v" "/var/lib/crater-agent-workspace/cargo-home:/opt/rustwide/cargo-home:ro,Z" "-v" "/var/lib/crater-agent-workspace/rustup-home:/opt/rustwide/rustup-home:ro,Z" "-e" "SOURCE_DIR=/opt/rustwide/workdir" "-e" "CARGO_TARGET_DIR=/opt/rustwide/target" "-e" "CARGO_HOME=/opt/rustwide/cargo-home" "-e" "RUSTUP_HOME=/opt/rustwide/rustup-home" "-w" "/opt/rustwide/workdir" "-m" "1610612736" "--user" "0:0" "--network" "none" "ghcr.io/rust-lang/crates-build-env/linux@sha256:f3a9d4ad9d972b27faf3965f35b62e55ba32bbce8f20bc8fe909558a86702fde" "/opt/rustwide/cargo-home/bin/cargo" "+1.83.0" "metadata" "--no-deps" "--format-version=1", kill_on_drop: false }`
[INFO] [stdout] b88a7c678435dfc5fb411098499b393a1c8e7c54b530fd709515f37660617c89
[INFO] running `Command { std: "docker" "start" "-a" "b88a7c678435dfc5fb411098499b393a1c8e7c54b530fd709515f37660617c89", kill_on_drop: false }`
[INFO] running `Command { std: "docker" "inspect" "b88a7c678435dfc5fb411098499b393a1c8e7c54b530fd709515f37660617c89", kill_on_drop: false }`
[INFO] running `Command { std: "docker" "rm" "-f" "b88a7c678435dfc5fb411098499b393a1c8e7c54b530fd709515f37660617c89", kill_on_drop: false }`
[INFO] [stdout] b88a7c678435dfc5fb411098499b393a1c8e7c54b530fd709515f37660617c89
[INFO] running `Command { std: "docker" "create" "-v" "/var/lib/crater-agent-workspace/builds/worker-5-tc1/target:/opt/rustwide/target:rw,Z" "-v" "/var/lib/crater-agent-workspace/builds/worker-5-tc1/source:/opt/rustwide/workdir:ro,Z" "-v" "/var/lib/crater-agent-workspace/cargo-home:/opt/rustwide/cargo-home:ro,Z" "-v" "/var/lib/crater-agent-workspace/rustup-home:/opt/rustwide/rustup-home:ro,Z" "-e" "SOURCE_DIR=/opt/rustwide/workdir" "-e" "CARGO_TARGET_DIR=/opt/rustwide/target" "-e" "CARGO_INCREMENTAL=0" "-e" "RUST_BACKTRACE=full" "-e" "RUSTFLAGS=--cap-lints=warn" "-e" "RUSTDOCFLAGS=--cap-lints=warn" "-e" "CARGO_HOME=/opt/rustwide/cargo-home" "-e" "RUSTUP_HOME=/opt/rustwide/rustup-home" "-w" "/opt/rustwide/workdir" "-m" "1610612736" "--user" "0:0" "--network" "none" "ghcr.io/rust-lang/crates-build-env/linux@sha256:f3a9d4ad9d972b27faf3965f35b62e55ba32bbce8f20bc8fe909558a86702fde" "/opt/rustwide/cargo-home/bin/cargo" "+1.83.0" "build" "--frozen" "--message-format=json", kill_on_drop: false }`
[INFO] [stdout] b1857197fecbd1c7499869146e3a11ba88b9423c52fbd6098d049a206c132c1b
[INFO] running `Command { std: "docker" "start" "-a" "b1857197fecbd1c7499869146e3a11ba88b9423c52fbd6098d049a206c132c1b", kill_on_drop: false }`
[INFO] [stderr]    Compiling libc v0.2.168
[INFO] [stderr]    Compiling autocfg v1.4.0
[INFO] [stderr]    Compiling bitflags v1.3.2
[INFO] [stderr]    Compiling cfg-if v1.0.0
[INFO] [stderr]    Compiling nb v1.1.0
[INFO] [stderr]    Compiling byteorder v1.5.0
[INFO] [stderr]    Compiling void v1.0.2
[INFO] [stderr]    Compiling cast v0.3.0
[INFO] [stderr]    Compiling bitflags v2.6.0
[INFO] [stderr]    Compiling scopeguard v1.2.0
[INFO] [stderr]    Compiling nb v0.1.3
[INFO] [stderr]    Compiling embedded-hal v0.2.7
[INFO] [stderr]    Compiling memoffset v0.6.5
[INFO] [stderr]    Compiling nix v0.23.2
[INFO] [stderr]    Compiling serial-core v0.4.0
[INFO] [stderr]    Compiling ioctl-rs v0.1.6
[INFO] [stderr]    Compiling termios v0.2.2
[INFO] [stderr]    Compiling serial-unix v0.4.0
[INFO] [stderr]    Compiling i2cdev v0.5.1
[INFO] [stderr]    Compiling gpio-cdev v0.5.1
[INFO] [stderr]    Compiling spidev v0.5.2
[INFO] [stderr]    Compiling sysfs_gpio v0.6.2
[INFO] [stderr]    Compiling linux-embedded-hal v0.3.2
[INFO] [stderr]    Compiling ti-lp55231 v1.0.0 (/opt/rustwide/workdir)
[INFO] [stderr]     Finished `dev` profile [unoptimized + debuginfo] target(s) in 9.32s
[INFO] running `Command { std: "docker" "inspect" "b1857197fecbd1c7499869146e3a11ba88b9423c52fbd6098d049a206c132c1b", kill_on_drop: false }`
[INFO] running `Command { std: "docker" "rm" "-f" "b1857197fecbd1c7499869146e3a11ba88b9423c52fbd6098d049a206c132c1b", kill_on_drop: false }`
[INFO] [stdout] b1857197fecbd1c7499869146e3a11ba88b9423c52fbd6098d049a206c132c1b
[INFO] running `Command { std: "docker" "create" "-v" "/var/lib/crater-agent-workspace/builds/worker-5-tc1/target:/opt/rustwide/target:rw,Z" "-v" "/var/lib/crater-agent-workspace/builds/worker-5-tc1/source:/opt/rustwide/workdir:ro,Z" "-v" "/var/lib/crater-agent-workspace/cargo-home:/opt/rustwide/cargo-home:ro,Z" "-v" "/var/lib/crater-agent-workspace/rustup-home:/opt/rustwide/rustup-home:ro,Z" "-e" "SOURCE_DIR=/opt/rustwide/workdir" "-e" "CARGO_TARGET_DIR=/opt/rustwide/target" "-e" "CARGO_INCREMENTAL=0" "-e" "RUST_BACKTRACE=full" "-e" "RUSTFLAGS=--cap-lints=warn" "-e" "RUSTDOCFLAGS=--cap-lints=warn" "-e" "CARGO_HOME=/opt/rustwide/cargo-home" "-e" "RUSTUP_HOME=/opt/rustwide/rustup-home" "-w" "/opt/rustwide/workdir" "-m" "1610612736" "--user" "0:0" "--network" "none" "ghcr.io/rust-lang/crates-build-env/linux@sha256:f3a9d4ad9d972b27faf3965f35b62e55ba32bbce8f20bc8fe909558a86702fde" "/opt/rustwide/cargo-home/bin/cargo" "+1.83.0" "test" "--frozen" "--no-run" "--message-format=json", kill_on_drop: false }`
[INFO] [stdout] e245526d0ed335075d2252cdc7e4363f1779ad5dc014c77695aae9a0032c2380
[INFO] running `Command { std: "docker" "start" "-a" "e245526d0ed335075d2252cdc7e4363f1779ad5dc014c77695aae9a0032c2380", kill_on_drop: false }`
[INFO] [stderr]    Compiling ti-lp55231 v1.0.0 (/opt/rustwide/workdir)
[INFO] [stderr]     Finished `test` profile [unoptimized + debuginfo] target(s) in 0.69s
[INFO] running `Command { std: "docker" "inspect" "e245526d0ed335075d2252cdc7e4363f1779ad5dc014c77695aae9a0032c2380", kill_on_drop: false }`
[INFO] running `Command { std: "docker" "rm" "-f" "e245526d0ed335075d2252cdc7e4363f1779ad5dc014c77695aae9a0032c2380", kill_on_drop: false }`
[INFO] [stdout] e245526d0ed335075d2252cdc7e4363f1779ad5dc014c77695aae9a0032c2380
[INFO] running `Command { std: "docker" "create" "-v" "/var/lib/crater-agent-workspace/builds/worker-5-tc1/target:/opt/rustwide/target:rw,Z" "-v" "/var/lib/crater-agent-workspace/builds/worker-5-tc1/source:/opt/rustwide/workdir:ro,Z" "-v" "/var/lib/crater-agent-workspace/cargo-home:/opt/rustwide/cargo-home:ro,Z" "-v" "/var/lib/crater-agent-workspace/rustup-home:/opt/rustwide/rustup-home:ro,Z" "-e" "SOURCE_DIR=/opt/rustwide/workdir" "-e" "CARGO_TARGET_DIR=/opt/rustwide/target" "-e" "CARGO_INCREMENTAL=0" "-e" "RUST_BACKTRACE=full" "-e" "RUSTFLAGS=--cap-lints=warn" "-e" "RUSTDOCFLAGS=--cap-lints=warn" "-e" "CARGO_HOME=/opt/rustwide/cargo-home" "-e" "RUSTUP_HOME=/opt/rustwide/rustup-home" "-w" "/opt/rustwide/workdir" "-m" "1610612736" "--user" "0:0" "--network" "none" "ghcr.io/rust-lang/crates-build-env/linux@sha256:f3a9d4ad9d972b27faf3965f35b62e55ba32bbce8f20bc8fe909558a86702fde" "/opt/rustwide/cargo-home/bin/cargo" "+1.83.0" "test" "--frozen", kill_on_drop: false }`
[INFO] [stdout] 7d9a0081e3726ed7122556d1349801617d7a2601fa5cf549f3b1cfe30dd7e62f
[INFO] running `Command { std: "docker" "start" "-a" "7d9a0081e3726ed7122556d1349801617d7a2601fa5cf549f3b1cfe30dd7e62f", kill_on_drop: false }`
[INFO] [stderr]     Finished `test` profile [unoptimized + debuginfo] target(s) in 0.05s
[INFO] [stderr]      Running unittests src/lib.rs (/opt/rustwide/target/debug/deps/ti_lp55231-b0265e503b38cd4b)
[INFO] [stdout] 
[INFO] [stdout] running 0 tests
[INFO] [stdout] 
[INFO] [stdout] test result: ok. 0 passed; 0 failed; 0 ignored; 0 measured; 0 filtered out; finished in 0.00s
[INFO] [stdout] 
[INFO] [stderr]    Doc-tests ti_lp55231
[INFO] [stdout] 
[INFO] [stdout] running 4 tests
[INFO] [stdout] test src/debug.rs - debug::scope (line 16) ... FAILED
[INFO] [stdout] test src/debug.rs - debug::text (line 109) ... FAILED
[INFO] [stdout] test src/debug.rs - debug::scope (line 40) ... FAILED
[INFO] [stdout] test src/debug.rs - debug::byte (line 136) ... FAILED
[INFO] [stdout] 
[INFO] [stdout] failures:
[INFO] [stdout] 
[INFO] [stdout] ---- src/debug.rs - debug::scope (line 16) stdout ----
[INFO] [stdout] error: expected `;`, found `debug`
[INFO] [stdout]  --> src/debug.rs:18:31
[INFO] [stdout]   |
[INFO] [stdout] 4 | debug::text!(ctx, "message 1")
[INFO] [stdout]   |                               ^ help: add `;` here
[INFO] [stdout] 5 | debug::scope!(ctx, "entering scope 2");
[INFO] [stdout]   | ----- unexpected token
[INFO] [stdout] 
[INFO] [stdout] error: expected `;`, found `{`
[INFO] [stdout]  --> src/debug.rs:20:31
[INFO] [stdout]   |
[INFO] [stdout] 6 | debug::text!(ctx, "message 2")
[INFO] [stdout]   |                               ^ help: add `;` here
[INFO] [stdout] 7 | {
[INFO] [stdout]   | - unexpected token
[INFO] [stdout] 
[INFO] [stdout] error[E0433]: failed to resolve: use of undeclared crate or module `debug`
[INFO] [stdout]   --> src/debug.rs:25:1
[INFO] [stdout]    |
[INFO] [stdout] 11 | debug::text!("message 4")
[INFO] [stdout]    | ^^^^^ use of undeclared crate or module `debug`
[INFO] [stdout] 
[INFO] [stdout] error[E0433]: failed to resolve: use of undeclared crate or module `debug`
[INFO] [stdout]  --> src/debug.rs:23:3
[INFO] [stdout]   |
[INFO] [stdout] 9 |   debug::text!(ctx, "message 3")
[INFO] [stdout]   |   ^^^^^ use of undeclared crate or module `debug`
[INFO] [stdout] 
[INFO] [stdout] error[E0433]: failed to resolve: use of undeclared crate or module `debug`
[INFO] [stdout]  --> src/debug.rs:22:3
[INFO] [stdout]   |
[INFO] [stdout] 8 |   debug::scope!(ctx, "entering scope 3");
[INFO] [stdout]   |   ^^^^^ use of undeclared crate or module `debug`
[INFO] [stdout] 
[INFO] [stdout] error[E0433]: failed to resolve: use of undeclared crate or module `debug`
[INFO] [stdout]  --> src/debug.rs:19:1
[INFO] [stdout]   |
[INFO] [stdout] 5 | debug::scope!(ctx, "entering scope 2");
[INFO] [stdout]   | ^^^^^ use of undeclared crate or module `debug`
[INFO] [stdout] 
[INFO] [stdout] error[E0433]: failed to resolve: use of undeclared crate or module `debug`
[INFO] [stdout]  --> src/debug.rs:17:1
[INFO] [stdout]   |
[INFO] [stdout] 3 | debug::scope!(ctx, "entering scope 1");
[INFO] [stdout]   | ^^^^^ use of undeclared crate or module `debug`
[INFO] [stdout] 
[INFO] [stdout] error: aborting due to 7 previous errors
[INFO] [stdout] 
[INFO] [stdout] For more information about this error, try `rustc --explain E0433`.
[INFO] [stdout] Couldn't compile the test.
[INFO] [stdout] ---- src/debug.rs - debug::text (line 109) stdout ----
[INFO] [stdout] error[E0433]: failed to resolve: use of undeclared crate or module `debug`
[INFO] [stdout]  --> src/debug.rs:112:1
[INFO] [stdout]   |
[INFO] [stdout] 5 | debug::text!(ctx, "2a. in-scope debug text");
[INFO] [stdout]   | ^^^^^ use of undeclared crate or module `debug`
[INFO] [stdout] 
[INFO] [stdout] error[E0433]: failed to resolve: use of undeclared crate or module `debug`
[INFO] [stdout]  --> src/debug.rs:111:1
[INFO] [stdout]   |
[INFO] [stdout] 4 | debug::scope!(ctx, "2. in-scope");
[INFO] [stdout]   | ^^^^^ use of undeclared crate or module `debug`
[INFO] [stdout] 
[INFO] [stdout] error[E0433]: failed to resolve: use of undeclared crate or module `debug`
[INFO] [stdout]  --> src/debug.rs:110:1
[INFO] [stdout]   |
[INFO] [stdout] 3 | debug::text!(ctx, "1. top-level debug text");
[INFO] [stdout]   | ^^^^^ use of undeclared crate or module `debug`
[INFO] [stdout] 
[INFO] [stdout] error: aborting due to 3 previous errors
[INFO] [stdout] 
[INFO] [stdout] For more information about this error, try `rustc --explain E0433`.
[INFO] [stdout] Couldn't compile the test.
[INFO] [stdout] ---- src/debug.rs - debug::scope (line 40) stdout ----
[INFO] [stdout] error: expected `;`, found `device`
[INFO] [stdout]  --> src/debug.rs:44:47
[INFO] [stdout]   |
[INFO] [stdout] 6 |   debug::byte!(byte, "write start byte", byte)
[INFO] [stdout]   |                                               ^ help: add `;` here
[INFO] [stdout] 7 |   device.write(byte);
[INFO] [stdout]   |   ------ unexpected token
[INFO] [stdout] 
[INFO] [stdout] error: expected `;`, found `device`
[INFO] [stdout]   --> src/debug.rs:51:46
[INFO] [stdout]    |
[INFO] [stdout] 13 |   debug::byte!(byte, "write stop byte", byte)
[INFO] [stdout]    |                                              ^ help: add `;` here
[INFO] [stdout] 14 |   device.write(byte);
[INFO] [stdout]    |   ------ unexpected token
[INFO] [stdout] 
[INFO] [stdout] error[E0433]: failed to resolve: use of undeclared crate or module `debug`
[INFO] [stdout]   --> src/debug.rs:56:3
[INFO] [stdout]    |
[INFO] [stdout] 18 |   debug::scope!("restart()");
[INFO] [stdout]    |   ^^^^^ use of undeclared crate or module `debug`
[INFO] [stdout] 
[INFO] [stdout] error[E0433]: failed to resolve: use of undeclared crate or module `debug`
[INFO] [stdout]   --> src/debug.rs:49:3
[INFO] [stdout]    |
[INFO] [stdout] 11 |   debug::scope!("stop()");
[INFO] [stdout]    |   ^^^^^ use of undeclared crate or module `debug`
[INFO] [stdout] 
[INFO] [stdout] error[E0433]: failed to resolve: use of undeclared crate or module `debug`
[INFO] [stdout]  --> src/debug.rs:42:3
[INFO] [stdout]   |
[INFO] [stdout] 4 |   debug::scope!("start()");
[INFO] [stdout]   |   ^^^^^ use of undeclared crate or module `debug`
[INFO] [stdout] 
[INFO] [stdout] error[E0425]: cannot find value `device` in this scope
[INFO] [stdout]  --> src/debug.rs:45:3
[INFO] [stdout]   |
[INFO] [stdout] 7 |   device.write(byte);
[INFO] [stdout]   |   ^^^^^^ not found in this scope
[INFO] [stdout] 
[INFO] [stdout] error[E0425]: cannot find value `device` in this scope
[INFO] [stdout]   --> src/debug.rs:52:3
[INFO] [stdout]    |
[INFO] [stdout] 14 |   device.write(byte);
[INFO] [stdout]    |   ^^^^^^ not found in this scope
[INFO] [stdout] 
[INFO] [stdout] error: aborting due to 7 previous errors
[INFO] [stdout] 
[INFO] [stdout] Some errors have detailed explanations: E0425, E0433.
[INFO] [stdout] For more information about an error, try `rustc --explain E0425`.
[INFO] [stdout] Couldn't compile the test.
[INFO] [stdout] ---- src/debug.rs - debug::byte (line 136) stdout ----
[INFO] [stdout] error[E0433]: failed to resolve: use of undeclared crate or module `debug`
[INFO] [stdout]  --> src/debug.rs:138:1
[INFO] [stdout]   |
[INFO] [stdout] 4 | debug::byte(value, "is binary for {}", value);
[INFO] [stdout]   | ^^^^^ use of undeclared crate or module `debug`
[INFO] [stdout]   |
[INFO] [stdout] help: consider importing this module
[INFO] [stdout]   |
[INFO] [stdout] 2 + use ti_lp55231::debug;
[INFO] [stdout]   |
[INFO] [stdout] 
[INFO] [stdout] error: aborting due to 1 previous error
[INFO] [stdout] 
[INFO] [stdout] For more information about this error, try `rustc --explain E0433`.
[INFO] [stdout] Couldn't compile the test.
[INFO] [stdout] 
[INFO] [stdout] failures:
[INFO] [stdout]     src/debug.rs - debug::byte (line 136)
[INFO] [stdout]     src/debug.rs - debug::scope (line 16)
[INFO] [stdout]     src/debug.rs - debug::scope (line 40)
[INFO] [stdout]     src/debug.rs - debug::text (line 109)
[INFO] [stdout] 
[INFO] [stdout] test result: FAILED. 0 passed; 4 failed; 0 ignored; 0 measured; 0 filtered out; finished in 0.12s
[INFO] [stdout] 
[INFO] [stderr] error: doctest failed, to rerun pass `--doc`
[INFO] running `Command { std: "docker" "inspect" "7d9a0081e3726ed7122556d1349801617d7a2601fa5cf549f3b1cfe30dd7e62f", kill_on_drop: false }`
[INFO] running `Command { std: "docker" "rm" "-f" "7d9a0081e3726ed7122556d1349801617d7a2601fa5cf549f3b1cfe30dd7e62f", kill_on_drop: false }`
[INFO] [stdout] 7d9a0081e3726ed7122556d1349801617d7a2601fa5cf549f3b1cfe30dd7e62f
