[INFO] fetching crate thread-counter 0.1.1...
[INFO] testing thread-counter-0.1.1 against beta-2024-12-08 for beta-1.84.0-4-retry
[INFO] extracting crate thread-counter 0.1.1 into /workspace/builds/worker-0-tc2/source
[INFO] validating manifest of crates.io crate thread-counter 0.1.1 on toolchain beta-2024-12-08
[INFO] running `Command { std: CARGO_HOME="/workspace/cargo-home" RUSTUP_HOME="/workspace/rustup-home" "/workspace/cargo-home/bin/cargo" "+beta-2024-12-08" "metadata" "--manifest-path" "Cargo.toml" "--no-deps", kill_on_drop: false }`
[INFO] started tweaking crates.io crate thread-counter 0.1.1
[INFO] finished tweaking crates.io crate thread-counter 0.1.1
[INFO] tweaked toml for crates.io crate thread-counter 0.1.1 written to /workspace/builds/worker-0-tc2/source/Cargo.toml
[INFO] running `Command { std: CARGO_HOME="/workspace/cargo-home" RUSTUP_HOME="/workspace/rustup-home" "/workspace/cargo-home/bin/cargo" "+beta-2024-12-08" "generate-lockfile" "--manifest-path" "Cargo.toml", kill_on_drop: false }`
[INFO] [stderr]     Updating crates.io index
[INFO] [stderr]      Locking 19 packages to latest compatible versions
[INFO] running `Command { std: CARGO_HOME="/workspace/cargo-home" RUSTUP_HOME="/workspace/rustup-home" "/workspace/cargo-home/bin/cargo" "+beta-2024-12-08" "fetch" "--manifest-path" "Cargo.toml", kill_on_drop: false }`
[INFO] running `Command { std: "docker" "create" "-v" "/var/lib/crater-agent-workspace/builds/worker-0-tc2/target:/opt/rustwide/target:rw,Z" "-v" "/var/lib/crater-agent-workspace/builds/worker-0-tc2/source:/opt/rustwide/workdir:ro,Z" "-v" "/var/lib/crater-agent-workspace/cargo-home:/opt/rustwide/cargo-home:ro,Z" "-v" "/var/lib/crater-agent-workspace/rustup-home:/opt/rustwide/rustup-home:ro,Z" "-e" "SOURCE_DIR=/opt/rustwide/workdir" "-e" "CARGO_TARGET_DIR=/opt/rustwide/target" "-e" "CARGO_HOME=/opt/rustwide/cargo-home" "-e" "RUSTUP_HOME=/opt/rustwide/rustup-home" "-w" "/opt/rustwide/workdir" "-m" "1610612736" "--user" "0:0" "--network" "none" "ghcr.io/rust-lang/crates-build-env/linux@sha256:f3a9d4ad9d972b27faf3965f35b62e55ba32bbce8f20bc8fe909558a86702fde" "/opt/rustwide/cargo-home/bin/cargo" "+beta-2024-12-08" "metadata" "--no-deps" "--format-version=1", kill_on_drop: false }`
[INFO] [stdout] 9d268a6dd91416bc371419ffec7dc013b174e3ef54ab25d7719c827386213ebb
[INFO] running `Command { std: "docker" "start" "-a" "9d268a6dd91416bc371419ffec7dc013b174e3ef54ab25d7719c827386213ebb", kill_on_drop: false }`
[INFO] running `Command { std: "docker" "inspect" "9d268a6dd91416bc371419ffec7dc013b174e3ef54ab25d7719c827386213ebb", kill_on_drop: false }`
[INFO] running `Command { std: "docker" "rm" "-f" "9d268a6dd91416bc371419ffec7dc013b174e3ef54ab25d7719c827386213ebb", kill_on_drop: false }`
[INFO] [stdout] 9d268a6dd91416bc371419ffec7dc013b174e3ef54ab25d7719c827386213ebb
[INFO] running `Command { std: "docker" "create" "-v" "/var/lib/crater-agent-workspace/builds/worker-0-tc2/target:/opt/rustwide/target:rw,Z" "-v" "/var/lib/crater-agent-workspace/builds/worker-0-tc2/source:/opt/rustwide/workdir:ro,Z" "-v" "/var/lib/crater-agent-workspace/cargo-home:/opt/rustwide/cargo-home:ro,Z" "-v" "/var/lib/crater-agent-workspace/rustup-home:/opt/rustwide/rustup-home:ro,Z" "-e" "SOURCE_DIR=/opt/rustwide/workdir" "-e" "CARGO_TARGET_DIR=/opt/rustwide/target" "-e" "CARGO_INCREMENTAL=0" "-e" "RUST_BACKTRACE=full" "-e" "RUSTFLAGS=--cap-lints=warn" "-e" "RUSTDOCFLAGS=--cap-lints=warn" "-e" "CARGO_HOME=/opt/rustwide/cargo-home" "-e" "RUSTUP_HOME=/opt/rustwide/rustup-home" "-w" "/opt/rustwide/workdir" "-m" "1610612736" "--user" "0:0" "--network" "none" "ghcr.io/rust-lang/crates-build-env/linux@sha256:f3a9d4ad9d972b27faf3965f35b62e55ba32bbce8f20bc8fe909558a86702fde" "/opt/rustwide/cargo-home/bin/cargo" "+beta-2024-12-08" "build" "--frozen" "--message-format=json", kill_on_drop: false }`
[INFO] [stdout] 5439479acb022d585cef4b7dfc2ebdf8e3c0444b9820fcf49691c23ad1eef81c
[INFO] running `Command { std: "docker" "start" "-a" "5439479acb022d585cef4b7dfc2ebdf8e3c0444b9820fcf49691c23ad1eef81c", kill_on_drop: false }`
[INFO] [stderr]    Compiling autocfg v1.4.0
[INFO] [stderr]    Compiling libc v0.2.168
[INFO] [stderr]    Compiling parking_lot_core v0.9.10
[INFO] [stderr]    Compiling cfg-if v1.0.0
[INFO] [stderr]    Compiling scopeguard v1.2.0
[INFO] [stderr]    Compiling smallvec v1.13.2
[INFO] [stderr]    Compiling lock_api v0.4.12
[INFO] [stderr]    Compiling parking_lot v0.12.3
[INFO] [stderr]    Compiling thread-counter v0.1.1 (/opt/rustwide/workdir)
[INFO] [stderr]     Finished `dev` profile [unoptimized + debuginfo] target(s) in 2.85s
[INFO] running `Command { std: "docker" "inspect" "5439479acb022d585cef4b7dfc2ebdf8e3c0444b9820fcf49691c23ad1eef81c", kill_on_drop: false }`
[INFO] running `Command { std: "docker" "rm" "-f" "5439479acb022d585cef4b7dfc2ebdf8e3c0444b9820fcf49691c23ad1eef81c", kill_on_drop: false }`
[INFO] [stdout] 5439479acb022d585cef4b7dfc2ebdf8e3c0444b9820fcf49691c23ad1eef81c
[INFO] running `Command { std: "docker" "create" "-v" "/var/lib/crater-agent-workspace/builds/worker-0-tc2/target:/opt/rustwide/target:rw,Z" "-v" "/var/lib/crater-agent-workspace/builds/worker-0-tc2/source:/opt/rustwide/workdir:ro,Z" "-v" "/var/lib/crater-agent-workspace/cargo-home:/opt/rustwide/cargo-home:ro,Z" "-v" "/var/lib/crater-agent-workspace/rustup-home:/opt/rustwide/rustup-home:ro,Z" "-e" "SOURCE_DIR=/opt/rustwide/workdir" "-e" "CARGO_TARGET_DIR=/opt/rustwide/target" "-e" "CARGO_INCREMENTAL=0" "-e" "RUST_BACKTRACE=full" "-e" "RUSTFLAGS=--cap-lints=warn" "-e" "RUSTDOCFLAGS=--cap-lints=warn" "-e" "CARGO_HOME=/opt/rustwide/cargo-home" "-e" "RUSTUP_HOME=/opt/rustwide/rustup-home" "-w" "/opt/rustwide/workdir" "-m" "1610612736" "--user" "0:0" "--network" "none" "ghcr.io/rust-lang/crates-build-env/linux@sha256:f3a9d4ad9d972b27faf3965f35b62e55ba32bbce8f20bc8fe909558a86702fde" "/opt/rustwide/cargo-home/bin/cargo" "+beta-2024-12-08" "test" "--frozen" "--no-run" "--message-format=json", kill_on_drop: false }`
[INFO] [stdout] 19c605cb28bbe3ac7644007f69190952d7f7aed3447b006521df429065d75afe
[INFO] running `Command { std: "docker" "start" "-a" "19c605cb28bbe3ac7644007f69190952d7f7aed3447b006521df429065d75afe", kill_on_drop: false }`
[INFO] [stderr]    Compiling thread-counter v0.1.1 (/opt/rustwide/workdir)
[INFO] [stderr]     Finished `test` profile [unoptimized + debuginfo] target(s) in 0.45s
[INFO] running `Command { std: "docker" "inspect" "19c605cb28bbe3ac7644007f69190952d7f7aed3447b006521df429065d75afe", kill_on_drop: false }`
[INFO] running `Command { std: "docker" "rm" "-f" "19c605cb28bbe3ac7644007f69190952d7f7aed3447b006521df429065d75afe", kill_on_drop: false }`
[INFO] [stdout] 19c605cb28bbe3ac7644007f69190952d7f7aed3447b006521df429065d75afe
[INFO] running `Command { std: "docker" "create" "-v" "/var/lib/crater-agent-workspace/builds/worker-0-tc2/target:/opt/rustwide/target:rw,Z" "-v" "/var/lib/crater-agent-workspace/builds/worker-0-tc2/source:/opt/rustwide/workdir:ro,Z" "-v" "/var/lib/crater-agent-workspace/cargo-home:/opt/rustwide/cargo-home:ro,Z" "-v" "/var/lib/crater-agent-workspace/rustup-home:/opt/rustwide/rustup-home:ro,Z" "-e" "SOURCE_DIR=/opt/rustwide/workdir" "-e" "CARGO_TARGET_DIR=/opt/rustwide/target" "-e" "CARGO_INCREMENTAL=0" "-e" "RUST_BACKTRACE=full" "-e" "RUSTFLAGS=--cap-lints=warn" "-e" "RUSTDOCFLAGS=--cap-lints=warn" "-e" "CARGO_HOME=/opt/rustwide/cargo-home" "-e" "RUSTUP_HOME=/opt/rustwide/rustup-home" "-w" "/opt/rustwide/workdir" "-m" "1610612736" "--user" "0:0" "--network" "none" "ghcr.io/rust-lang/crates-build-env/linux@sha256:f3a9d4ad9d972b27faf3965f35b62e55ba32bbce8f20bc8fe909558a86702fde" "/opt/rustwide/cargo-home/bin/cargo" "+beta-2024-12-08" "test" "--frozen", kill_on_drop: false }`
[INFO] [stdout] 510c64dd79fac1c10a9330f9336250eb34c4b58b3db4be995b5f4354493b08ff
[INFO] running `Command { std: "docker" "start" "-a" "510c64dd79fac1c10a9330f9336250eb34c4b58b3db4be995b5f4354493b08ff", kill_on_drop: false }`
[INFO] [stderr]     Finished `test` profile [unoptimized + debuginfo] target(s) in 0.02s
[INFO] [stderr]      Running unittests src/lib.rs (/opt/rustwide/target/debug/deps/thread_counter-649912f3998870f7)
[INFO] [stdout] 
[INFO] [stdout] running 0 tests
[INFO] [stdout] 
[INFO] [stdout] test result: ok. 0 passed; 0 failed; 0 ignored; 0 measured; 0 filtered out; finished in 0.00s
[INFO] [stdout] 
[INFO] [stderr]    Doc-tests thread_counter
[INFO] [stdout] 
[INFO] [stdout] running 1 test
[INFO] [stdout] test src/lib.rs - (line 20) ... FAILED
[INFO] [stdout] 
[INFO] [stdout] failures:
[INFO] [stdout] 
[INFO] [stdout] ---- src/lib.rs - (line 20) stdout ----
[INFO] [stdout] error[E0382]: borrow of moved value: `counter`
[INFO] [stdout]   --> src/lib.rs:39:1
[INFO] [stdout]    |
[INFO] [stdout] 8  | let counter = ThreadCounter::default();
[INFO] [stdout]    |     ------- move occurs because `counter` has type `ThreadCounter`, which does not implement the `Copy` trait
[INFO] [stdout] ...
[INFO] [stdout] 11 | for _ in 0..5 {
[INFO] [stdout]    | ------------- inside of this loop
[INFO] [stdout] 12 |     thread::spawn(move || {
[INFO] [stdout]    |                   ------- value moved into closure here, in previous iteration of loop
[INFO] [stdout] ...
[INFO] [stdout] 22 | counter.wait(Duration::from_millis(200));
[INFO] [stdout]    | ^^^^^^^^^^^^^^^^^^^^^^^^^^^^^^^^^^^^^^^^ value borrowed here after move
[INFO] [stdout]    |
[INFO] [stdout]    = note: borrow occurs due to deref coercion to `RawThreadCounter`
[INFO] [stdout] note: deref defined here
[INFO] [stdout]   --> /opt/rustwide/workdir/src/lib.rs:83:2
[INFO] [stdout]    |
[INFO] [stdout] 83 |     type Target = RawThreadCounter;
[INFO] [stdout]    |     ^^^^^^^^^^^
[INFO] [stdout] help: consider moving the expression out of the loop so it is only moved once
[INFO] [stdout]    |
[INFO] [stdout] 11 + let mut value = counter.ticket();
[INFO] [stdout] 12 ~ for _ in 0..5 {
[INFO] [stdout] 13 |     thread::spawn(move || {
[INFO] [stdout] 14 |         // Take a ticket, incrementing the counter.
[INFO] [stdout] 15 ~         let ticket = value;
[INFO] [stdout]    |
[INFO] [stdout] 
[INFO] [stdout] error: aborting due to 1 previous error
[INFO] [stdout] 
[INFO] [stdout] For more information about this error, try `rustc --explain E0382`.
[INFO] [stdout] Couldn't compile the test.
[INFO] [stdout] 
[INFO] [stdout] failures:
[INFO] [stdout]     src/lib.rs - (line 20)
[INFO] [stdout] 
[INFO] [stdout] test result: FAILED. 0 passed; 1 failed; 0 ignored; 0 measured; 0 filtered out; finished in 0.12s
[INFO] [stdout] 
[INFO] [stderr] error: doctest failed, to rerun pass `--doc`
[INFO] running `Command { std: "docker" "inspect" "510c64dd79fac1c10a9330f9336250eb34c4b58b3db4be995b5f4354493b08ff", kill_on_drop: false }`
[INFO] running `Command { std: "docker" "rm" "-f" "510c64dd79fac1c10a9330f9336250eb34c4b58b3db4be995b5f4354493b08ff", kill_on_drop: false }`
[INFO] [stdout] 510c64dd79fac1c10a9330f9336250eb34c4b58b3db4be995b5f4354493b08ff
