[INFO] fetching crate thisenum-impl 0.2.1...
[INFO] testing thisenum-impl-0.2.1 against 1.83.0 for beta-1.84.0-4-retry
[INFO] extracting crate thisenum-impl 0.2.1 into /workspace/builds/worker-3-tc1/source
[INFO] validating manifest of crates.io crate thisenum-impl 0.2.1 on toolchain 1.83.0
[INFO] running `Command { std: CARGO_HOME="/workspace/cargo-home" RUSTUP_HOME="/workspace/rustup-home" "/workspace/cargo-home/bin/cargo" "+1.83.0" "metadata" "--manifest-path" "Cargo.toml" "--no-deps", kill_on_drop: false }`
[INFO] started tweaking crates.io crate thisenum-impl 0.2.1
[INFO] finished tweaking crates.io crate thisenum-impl 0.2.1
[INFO] tweaked toml for crates.io crate thisenum-impl 0.2.1 written to /workspace/builds/worker-3-tc1/source/Cargo.toml
[INFO] running `Command { std: CARGO_HOME="/workspace/cargo-home" RUSTUP_HOME="/workspace/rustup-home" "/workspace/cargo-home/bin/cargo" "+1.83.0" "generate-lockfile" "--manifest-path" "Cargo.toml", kill_on_drop: false }`
[INFO] [stderr]     Updating crates.io index
[INFO] [stderr]     Blocking waiting for file lock on package cache
[INFO] [stderr]      Locking 9 packages to latest compatible versions
[INFO] [stderr]       Adding syn v1.0.109 (available: v2.0.90)
[INFO] [stderr]       Adding thiserror v1.0.69 (available: v2.0.7)
[INFO] running `Command { std: CARGO_HOME="/workspace/cargo-home" RUSTUP_HOME="/workspace/rustup-home" "/workspace/cargo-home/bin/cargo" "+1.83.0" "fetch" "--manifest-path" "Cargo.toml", kill_on_drop: false }`
[INFO] running `Command { std: "docker" "create" "-v" "/var/lib/crater-agent-workspace/builds/worker-3-tc1/target:/opt/rustwide/target:rw,Z" "-v" "/var/lib/crater-agent-workspace/builds/worker-3-tc1/source:/opt/rustwide/workdir:ro,Z" "-v" "/var/lib/crater-agent-workspace/cargo-home:/opt/rustwide/cargo-home:ro,Z" "-v" "/var/lib/crater-agent-workspace/rustup-home:/opt/rustwide/rustup-home:ro,Z" "-e" "SOURCE_DIR=/opt/rustwide/workdir" "-e" "CARGO_TARGET_DIR=/opt/rustwide/target" "-e" "CARGO_HOME=/opt/rustwide/cargo-home" "-e" "RUSTUP_HOME=/opt/rustwide/rustup-home" "-w" "/opt/rustwide/workdir" "-m" "1610612736" "--user" "0:0" "--network" "none" "ghcr.io/rust-lang/crates-build-env/linux@sha256:f3a9d4ad9d972b27faf3965f35b62e55ba32bbce8f20bc8fe909558a86702fde" "/opt/rustwide/cargo-home/bin/cargo" "+1.83.0" "metadata" "--no-deps" "--format-version=1", kill_on_drop: false }`
[INFO] [stdout] 61286c62892fc3fb60fa12428d2fe74c02eeaf5966ff50f16cc2c7b9757670be
[INFO] running `Command { std: "docker" "start" "-a" "61286c62892fc3fb60fa12428d2fe74c02eeaf5966ff50f16cc2c7b9757670be", kill_on_drop: false }`
[INFO] running `Command { std: "docker" "inspect" "61286c62892fc3fb60fa12428d2fe74c02eeaf5966ff50f16cc2c7b9757670be", kill_on_drop: false }`
[INFO] running `Command { std: "docker" "rm" "-f" "61286c62892fc3fb60fa12428d2fe74c02eeaf5966ff50f16cc2c7b9757670be", kill_on_drop: false }`
[INFO] [stdout] 61286c62892fc3fb60fa12428d2fe74c02eeaf5966ff50f16cc2c7b9757670be
[INFO] running `Command { std: "docker" "create" "-v" "/var/lib/crater-agent-workspace/builds/worker-3-tc1/target:/opt/rustwide/target:rw,Z" "-v" "/var/lib/crater-agent-workspace/builds/worker-3-tc1/source:/opt/rustwide/workdir:ro,Z" "-v" "/var/lib/crater-agent-workspace/cargo-home:/opt/rustwide/cargo-home:ro,Z" "-v" "/var/lib/crater-agent-workspace/rustup-home:/opt/rustwide/rustup-home:ro,Z" "-e" "SOURCE_DIR=/opt/rustwide/workdir" "-e" "CARGO_TARGET_DIR=/opt/rustwide/target" "-e" "CARGO_INCREMENTAL=0" "-e" "RUST_BACKTRACE=full" "-e" "RUSTFLAGS=--cap-lints=warn" "-e" "RUSTDOCFLAGS=--cap-lints=warn" "-e" "CARGO_HOME=/opt/rustwide/cargo-home" "-e" "RUSTUP_HOME=/opt/rustwide/rustup-home" "-w" "/opt/rustwide/workdir" "-m" "1610612736" "--user" "0:0" "--network" "none" "ghcr.io/rust-lang/crates-build-env/linux@sha256:f3a9d4ad9d972b27faf3965f35b62e55ba32bbce8f20bc8fe909558a86702fde" "/opt/rustwide/cargo-home/bin/cargo" "+1.83.0" "build" "--frozen" "--message-format=json", kill_on_drop: false }`
[INFO] [stdout] 869322410a0169eca9bd709d21821611d5abb7296d7d282e1b80841db23ffb13
[INFO] running `Command { std: "docker" "start" "-a" "869322410a0169eca9bd709d21821611d5abb7296d7d282e1b80841db23ffb13", kill_on_drop: false }`
[INFO] [stderr]    Compiling proc-macro2 v1.0.92
[INFO] [stderr]    Compiling unicode-ident v1.0.14
[INFO] [stderr]    Compiling syn v1.0.109
[INFO] [stderr]    Compiling paste v1.0.15
[INFO] [stderr]    Compiling thiserror v1.0.69
[INFO] [stderr]    Compiling quote v1.0.37
[INFO] [stderr]    Compiling syn v2.0.90
[INFO] [stderr]    Compiling unzip-n v0.1.2
[INFO] [stderr]    Compiling thiserror-impl v1.0.69
[INFO] [stderr]    Compiling thisenum-impl v0.2.1 (/opt/rustwide/workdir)
[INFO] [stderr]     Finished `dev` profile [unoptimized + debuginfo] target(s) in 7.37s
[INFO] running `Command { std: "docker" "inspect" "869322410a0169eca9bd709d21821611d5abb7296d7d282e1b80841db23ffb13", kill_on_drop: false }`
[INFO] running `Command { std: "docker" "rm" "-f" "869322410a0169eca9bd709d21821611d5abb7296d7d282e1b80841db23ffb13", kill_on_drop: false }`
[INFO] [stdout] 869322410a0169eca9bd709d21821611d5abb7296d7d282e1b80841db23ffb13
[INFO] running `Command { std: "docker" "create" "-v" "/var/lib/crater-agent-workspace/builds/worker-3-tc1/target:/opt/rustwide/target:rw,Z" "-v" "/var/lib/crater-agent-workspace/builds/worker-3-tc1/source:/opt/rustwide/workdir:ro,Z" "-v" "/var/lib/crater-agent-workspace/cargo-home:/opt/rustwide/cargo-home:ro,Z" "-v" "/var/lib/crater-agent-workspace/rustup-home:/opt/rustwide/rustup-home:ro,Z" "-e" "SOURCE_DIR=/opt/rustwide/workdir" "-e" "CARGO_TARGET_DIR=/opt/rustwide/target" "-e" "CARGO_INCREMENTAL=0" "-e" "RUST_BACKTRACE=full" "-e" "RUSTFLAGS=--cap-lints=warn" "-e" "RUSTDOCFLAGS=--cap-lints=warn" "-e" "CARGO_HOME=/opt/rustwide/cargo-home" "-e" "RUSTUP_HOME=/opt/rustwide/rustup-home" "-w" "/opt/rustwide/workdir" "-m" "1610612736" "--user" "0:0" "--network" "none" "ghcr.io/rust-lang/crates-build-env/linux@sha256:f3a9d4ad9d972b27faf3965f35b62e55ba32bbce8f20bc8fe909558a86702fde" "/opt/rustwide/cargo-home/bin/cargo" "+1.83.0" "test" "--frozen" "--no-run" "--message-format=json", kill_on_drop: false }`
[INFO] [stdout] fa5c24fb50b505b8f1c2a3e0a09872ab7b3b99c183a1e338594751e63f322ff6
[INFO] running `Command { std: "docker" "start" "-a" "fa5c24fb50b505b8f1c2a3e0a09872ab7b3b99c183a1e338594751e63f322ff6", kill_on_drop: false }`
[INFO] [stderr]    Compiling thisenum-impl v0.2.1 (/opt/rustwide/workdir)
[INFO] [stderr]     Finished `test` profile [unoptimized + debuginfo] target(s) in 1.12s
[INFO] running `Command { std: "docker" "inspect" "fa5c24fb50b505b8f1c2a3e0a09872ab7b3b99c183a1e338594751e63f322ff6", kill_on_drop: false }`
[INFO] running `Command { std: "docker" "rm" "-f" "fa5c24fb50b505b8f1c2a3e0a09872ab7b3b99c183a1e338594751e63f322ff6", kill_on_drop: false }`
[INFO] [stdout] fa5c24fb50b505b8f1c2a3e0a09872ab7b3b99c183a1e338594751e63f322ff6
[INFO] running `Command { std: "docker" "create" "-v" "/var/lib/crater-agent-workspace/builds/worker-3-tc1/target:/opt/rustwide/target:rw,Z" "-v" "/var/lib/crater-agent-workspace/builds/worker-3-tc1/source:/opt/rustwide/workdir:ro,Z" "-v" "/var/lib/crater-agent-workspace/cargo-home:/opt/rustwide/cargo-home:ro,Z" "-v" "/var/lib/crater-agent-workspace/rustup-home:/opt/rustwide/rustup-home:ro,Z" "-e" "SOURCE_DIR=/opt/rustwide/workdir" "-e" "CARGO_TARGET_DIR=/opt/rustwide/target" "-e" "CARGO_INCREMENTAL=0" "-e" "RUST_BACKTRACE=full" "-e" "RUSTFLAGS=--cap-lints=warn" "-e" "RUSTDOCFLAGS=--cap-lints=warn" "-e" "CARGO_HOME=/opt/rustwide/cargo-home" "-e" "RUSTUP_HOME=/opt/rustwide/rustup-home" "-w" "/opt/rustwide/workdir" "-m" "1610612736" "--user" "0:0" "--network" "none" "ghcr.io/rust-lang/crates-build-env/linux@sha256:f3a9d4ad9d972b27faf3965f35b62e55ba32bbce8f20bc8fe909558a86702fde" "/opt/rustwide/cargo-home/bin/cargo" "+1.83.0" "test" "--frozen", kill_on_drop: false }`
[INFO] [stdout] 768bcc0072d4c720fa21a8736353038b5d575bda78c680decc28c581ef1fdc78
[INFO] running `Command { std: "docker" "start" "-a" "768bcc0072d4c720fa21a8736353038b5d575bda78c680decc28c581ef1fdc78", kill_on_drop: false }`
[INFO] [stderr]     Finished `test` profile [unoptimized + debuginfo] target(s) in 0.02s
[INFO] [stderr]      Running unittests src/lib.rs (/opt/rustwide/target/debug/deps/thisenum_impl-3a2d438e92ec3460)
[INFO] [stdout] 
[INFO] [stdout] running 0 tests
[INFO] [stdout] 
[INFO] [stdout] test result: ok. 0 passed; 0 failed; 0 ignored; 0 measured; 0 filtered out; finished in 0.00s
[INFO] [stdout] 
[INFO] [stderr]    Doc-tests thisenum_impl
[INFO] [stdout] 
[INFO] [stdout] running 4 tests
[INFO] [stdout] test src/../README.md - (line 12) ... FAILED
[INFO] [stdout] test src/../README.md - (line 40) ... FAILED
[INFO] [stdout] test src/lib.rs - thisenum_const_each (line 392) ... FAILED
[INFO] [stdout] test src/lib.rs - thisenum_const (line 60) ... FAILED
[INFO] [stdout] 
[INFO] [stdout] failures:
[INFO] [stdout] 
[INFO] [stdout] ---- src/../README.md - (line 12) stdout ----
[INFO] [stdout] error[E0432]: unresolved import `thisenum`
[INFO] [stdout]  --> src/../README.md:13:5
[INFO] [stdout]   |
[INFO] [stdout] 3 | use thisenum::Const;
[INFO] [stdout]   |     ^^^^^^^^ use of undeclared crate or module `thisenum`
[INFO] [stdout] 
[INFO] [stdout] error: cannot find attribute `armtype` in this scope
[INFO] [stdout]  --> src/../README.md:16:3
[INFO] [stdout]   |
[INFO] [stdout] 6 | #[armtype(&[u8])]
[INFO] [stdout]   |   ^^^^^^^
[INFO] [stdout] 
[INFO] [stdout] error: cannot find attribute `value` in this scope
[INFO] [stdout]   --> src/../README.md:20:7
[INFO] [stdout]    |
[INFO] [stdout] 10 |     #[value = b"\x01\x00"]
[INFO] [stdout]    |       ^^^^^
[INFO] [stdout] 
[INFO] [stdout] error: cannot find attribute `value` in this scope
[INFO] [stdout]   --> src/../README.md:22:7
[INFO] [stdout]    |
[INFO] [stdout] 12 |     #[value = b"\x01\x01"]
[INFO] [stdout]    |       ^^^^^
[INFO] [stdout] 
[INFO] [stdout] error: cannot find attribute `value` in this scope
[INFO] [stdout]   --> src/../README.md:24:7
[INFO] [stdout]    |
[INFO] [stdout] 14 |     #[value = b"\x01\x02"]
[INFO] [stdout]    |       ^^^^^
[INFO] [stdout] 
[INFO] [stdout] error: cannot find attribute `value` in this scope
[INFO] [stdout]   --> src/../README.md:26:7
[INFO] [stdout]    |
[INFO] [stdout] 16 |     #[value = b"\x01\x03"]
[INFO] [stdout]    |       ^^^^^
[INFO] [stdout] 
[INFO] [stdout] error: cannot find attribute `value` in this scope
[INFO] [stdout]   --> src/../README.md:28:7
[INFO] [stdout]    |
[INFO] [stdout] 18 |     #[value = b"\x01\x06"]
[INFO] [stdout]    |       ^^^^^
[INFO] [stdout] 
[INFO] [stdout] error[E0599]: no method named `value` found for enum `ExifTag` in the current scope
[INFO] [stdout]   --> src/../README.md:33:32
[INFO] [stdout]    |
[INFO] [stdout] 8  | enum ExifTag {
[INFO] [stdout]    | ------------ method `value` not found for this enum
[INFO] [stdout] ...
[INFO] [stdout] 23 | assert_eq!(ExifTag::ImageWidth.value(), b"\x01\x00");
[INFO] [stdout]    |                                ^^^^^ method not found in `ExifTag`
[INFO] [stdout] 
[INFO] [stdout] error: aborting due to 8 previous errors
[INFO] [stdout] 
[INFO] [stdout] Some errors have detailed explanations: E0432, E0599.
[INFO] [stdout] For more information about an error, try `rustc --explain E0432`.
[INFO] [stdout] Couldn't compile the test.
[INFO] [stdout] ---- src/../README.md - (line 40) stdout ----
[INFO] [stdout] error[E0432]: unresolved import `thisenum`
[INFO] [stdout]  --> src/../README.md:41:5
[INFO] [stdout]   |
[INFO] [stdout] 3 | use thisenum::ConstEach;
[INFO] [stdout]   |     ^^^^^^^^ use of undeclared crate or module `thisenum`
[INFO] [stdout] 
[INFO] [stdout] error: cannot find attribute `armtype` in this scope
[INFO] [stdout]  --> src/../README.md:45:7
[INFO] [stdout]   |
[INFO] [stdout] 7 |     #[armtype(&[u8])]
[INFO] [stdout]   |       ^^^^^^^
[INFO] [stdout] 
[INFO] [stdout] error: cannot find attribute `value` in this scope
[INFO] [stdout]  --> src/../README.md:46:7
[INFO] [stdout]   |
[INFO] [stdout] 8 |     #[value = b"\x01\x00"]
[INFO] [stdout]   |       ^^^^^
[INFO] [stdout] 
[INFO] [stdout] error: cannot find attribute `value` in this scope
[INFO] [stdout]   --> src/../README.md:49:7
[INFO] [stdout]    |
[INFO] [stdout] 11 |     #[value = "foo"]
[INFO] [stdout]    |       ^^^^^
[INFO] [stdout] 
[INFO] [stdout] error: cannot find attribute `armtype` in this scope
[INFO] [stdout]   --> src/../README.md:51:7
[INFO] [stdout]    |
[INFO] [stdout] 13 |     #[armtype(f32)]
[INFO] [stdout]    |       ^^^^^^^
[INFO] [stdout] 
[INFO] [stdout] error: cannot find attribute `value` in this scope
[INFO] [stdout]   --> src/../README.md:52:7
[INFO] [stdout]    |
[INFO] [stdout] 14 |     #[value = 3.14]
[INFO] [stdout]    |       ^^^^^
[INFO] [stdout] 
[INFO] [stdout] error[E0599]: no method named `value` found for enum `CustomEnum` in the current scope
[INFO] [stdout]   --> src/../README.md:56:26
[INFO] [stdout]    |
[INFO] [stdout] 6  | enum CustomEnum {
[INFO] [stdout]    | --------------- method `value` not found for this enum
[INFO] [stdout] ...
[INFO] [stdout] 18 | assert_eq!(CustomEnum::A.value::<&[u8]>().unwrap(), b"\x01\x00");
[INFO] [stdout]    |                          ^^^^^ method not found in `CustomEnum`
[INFO] [stdout] 
[INFO] [stdout] error[E0599]: no method named `value` found for enum `CustomEnum` in the current scope
[INFO] [stdout]   --> src/../README.md:57:23
[INFO] [stdout]    |
[INFO] [stdout] 6  | enum CustomEnum {
[INFO] [stdout]    | --------------- method `value` not found for this enum
[INFO] [stdout] ...
[INFO] [stdout] 19 | assert!(CustomEnum::B.value::<&str>().is_some());
[INFO] [stdout]    |                       ^^^^^ method not found in `CustomEnum`
[INFO] [stdout] 
[INFO] [stdout] error[E0599]: no method named `value` found for enum `CustomEnum` in the current scope
[INFO] [stdout]   --> src/../README.md:58:26
[INFO] [stdout]    |
[INFO] [stdout] 6  | enum CustomEnum {
[INFO] [stdout]    | --------------- method `value` not found for this enum
[INFO] [stdout] ...
[INFO] [stdout] 20 | assert_eq!(CustomEnum::B.value::<&str>().unwrap(), &"foo");
[INFO] [stdout]    |                          ^^^^^ method not found in `CustomEnum`
[INFO] [stdout] 
[INFO] [stdout] error[E0599]: no method named `value` found for enum `CustomEnum` in the current scope
[INFO] [stdout]   --> src/../README.md:59:26
[INFO] [stdout]    |
[INFO] [stdout] 6  | enum CustomEnum {
[INFO] [stdout]    | --------------- method `value` not found for this enum
[INFO] [stdout] ...
[INFO] [stdout] 21 | assert_eq!(CustomEnum::B.value::<&str>(), Some("foo").as_ref());
[INFO] [stdout]    |                          ^^^^^ method not found in `CustomEnum`
[INFO] [stdout] 
[INFO] [stdout] error[E0599]: no method named `value` found for enum `CustomEnum` in the current scope
[INFO] [stdout]   --> src/../README.md:60:26
[INFO] [stdout]    |
[INFO] [stdout] 6  | enum CustomEnum {
[INFO] [stdout]    | --------------- method `value` not found for this enum
[INFO] [stdout] ...
[INFO] [stdout] 22 | assert_eq!(CustomEnum::C.value::<f32>().unwrap(), &3.14);
[INFO] [stdout]    |                          ^^^^^ method not found in `CustomEnum`
[INFO] [stdout] 
[INFO] [stdout] error[E0599]: no method named `value` found for enum `CustomEnum` in the current scope
[INFO] [stdout]   --> src/../README.md:62:23
[INFO] [stdout]    |
[INFO] [stdout] 6  | enum CustomEnum {
[INFO] [stdout]    | --------------- method `value` not found for this enum
[INFO] [stdout] ...
[INFO] [stdout] 24 | assert!(CustomEnum::C.value::<i32>().is_none());
[INFO] [stdout]    |                       ^^^^^ method not found in `CustomEnum`
[INFO] [stdout] 
[INFO] [stdout] error: aborting due to 12 previous errors
[INFO] [stdout] 
[INFO] [stdout] Some errors have detailed explanations: E0432, E0599.
[INFO] [stdout] For more information about an error, try `rustc --explain E0432`.
[INFO] [stdout] Couldn't compile the test.
[INFO] [stdout] ---- src/lib.rs - thisenum_const_each (line 392) stdout ----
[INFO] [stdout] error[E0432]: unresolved import `thisenum`
[INFO] [stdout]  --> src/lib.rs:393:5
[INFO] [stdout]   |
[INFO] [stdout] 2 | use thisenum::ConstEach;
[INFO] [stdout]   |     ^^^^^^^^ use of undeclared crate or module `thisenum`
[INFO] [stdout] 
[INFO] [stdout] error: cannot find attribute `armtype` in this scope
[INFO] [stdout]  --> src/lib.rs:397:7
[INFO] [stdout]   |
[INFO] [stdout] 6 |     #[armtype(u8)]
[INFO] [stdout]   |       ^^^^^^^
[INFO] [stdout] 
[INFO] [stdout] error: cannot find attribute `value` in this scope
[INFO] [stdout]  --> src/lib.rs:398:7
[INFO] [stdout]   |
[INFO] [stdout] 7 |     #[value = 0xAA]
[INFO] [stdout]   |       ^^^^^
[INFO] [stdout] 
[INFO] [stdout] error: cannot find attribute `value` in this scope
[INFO] [stdout]  --> src/lib.rs:400:7
[INFO] [stdout]   |
[INFO] [stdout] 9 |     #[value = "test3"]
[INFO] [stdout]   |       ^^^^^
[INFO] [stdout] 
[INFO] [stdout] error: cannot find attribute `value` in this scope
[INFO] [stdout]   --> src/lib.rs:406:7
[INFO] [stdout]    |
[INFO] [stdout] 15 |     #[value = b"\x00\x01"]
[INFO] [stdout]    |       ^^^^^
[INFO] [stdout] 
[INFO] [stdout] error: cannot find attribute `armtype` in this scope
[INFO] [stdout]   --> src/lib.rs:408:7
[INFO] [stdout]    |
[INFO] [stdout] 17 |     #[armtype(u16)]
[INFO] [stdout]    |       ^^^^^^^
[INFO] [stdout] 
[INFO] [stdout] error: cannot find attribute `value` in this scope
[INFO] [stdout]   --> src/lib.rs:409:7
[INFO] [stdout]    |
[INFO] [stdout] 18 |     #[value = 24250]
[INFO] [stdout]    |       ^^^^^
[INFO] [stdout] 
[INFO] [stdout] error: cannot find attribute `armtype` in this scope
[INFO] [stdout]   --> src/lib.rs:411:7
[INFO] [stdout]    |
[INFO] [stdout] 20 |     #[armtype(&[u8])]
[INFO] [stdout]    |       ^^^^^^^
[INFO] [stdout] 
[INFO] [stdout] error: cannot find attribute `value` in this scope
[INFO] [stdout]   --> src/lib.rs:412:7
[INFO] [stdout]    |
[INFO] [stdout] 21 |     #[value = b"\x00\x01\x02\x03\x04\x05\x06\x07\x08\x09\x0a\x0b\x0c\x0d\x0e\x0f"]
[INFO] [stdout]    |       ^^^^^
[INFO] [stdout] 
[INFO] [stdout] error[E0599]: no method named `value` found for enum `MyEnum` in the current scope
[INFO] [stdout]   --> src/lib.rs:418:23
[INFO] [stdout]    |
[INFO] [stdout] 5  | enum MyEnum {
[INFO] [stdout]    | ----------- method `value` not found for this enum
[INFO] [stdout] ...
[INFO] [stdout] 27 |     assert!(MyEnum::A.value::<u8>().is_some());
[INFO] [stdout]    |                       ^^^^^ method not found in `MyEnum`
[INFO] [stdout] 
[INFO] [stdout] error[E0599]: no method named `value` found for enum `MyEnum` in the current scope
[INFO] [stdout]   --> src/lib.rs:419:23
[INFO] [stdout]    |
[INFO] [stdout] 5  | enum MyEnum {
[INFO] [stdout]    | ----------- method `value` not found for this enum
[INFO] [stdout] ...
[INFO] [stdout] 28 |     assert!(MyEnum::A.value::<Vec<f32>>().is_none());
[INFO] [stdout]    |                       ^^^^^ method not found in `MyEnum`
[INFO] [stdout] 
[INFO] [stdout] error[E0599]: no method named `value` found for enum `MyEnum` in the current scope
[INFO] [stdout]   --> src/lib.rs:420:23
[INFO] [stdout]    |
[INFO] [stdout] 5  | enum MyEnum {
[INFO] [stdout]    | ----------- method `value` not found for this enum
[INFO] [stdout] ...
[INFO] [stdout] 29 |     assert!(MyEnum::B.value::<u8>().is_none());
[INFO] [stdout]    |                       ^^^^^ method not found in `MyEnum`
[INFO] [stdout] 
[INFO] [stdout] error[E0599]: no method named `value` found for enum `MyEnum` in the current scope
[INFO] [stdout]   --> src/lib.rs:421:23
[INFO] [stdout]    |
[INFO] [stdout] 5  | enum MyEnum {
[INFO] [stdout]    | ----------- method `value` not found for this enum
[INFO] [stdout] ...
[INFO] [stdout] 30 |     assert!(MyEnum::B.value::<&str>().is_some());
[INFO] [stdout]    |                       ^^^^^ method not found in `MyEnum`
[INFO] [stdout] 
[INFO] [stdout] error[E0599]: no method named `value` found for enum `Tags` in the current scope
[INFO] [stdout]   --> src/lib.rs:422:24
[INFO] [stdout]    |
[INFO] [stdout] 14 | enum Tags {
[INFO] [stdout]    | --------- method `value` not found for this enum
[INFO] [stdout] ...
[INFO] [stdout] 31 |     assert!(Tags::Data.value::<&[u8]>().is_some());
[INFO] [stdout]    |                        ^^^^^ method not found in `Tags`
[INFO] [stdout] 
[INFO] [stdout] error[E0599]: no method named `value` found for enum `Tags` in the current scope
[INFO] [stdout]   --> src/lib.rs:426:23
[INFO] [stdout]    |
[INFO] [stdout] 14 | enum Tags {
[INFO] [stdout]    | --------- method `value` not found for this enum
[INFO] [stdout] ...
[INFO] [stdout] 35 |     assert!(Tags::Key.value::<&[u8; 2]>().is_some());
[INFO] [stdout]    |                       ^^^^^ method not found in `Tags`
[INFO] [stdout] 
[INFO] [stdout] error[E0599]: no method named `value` found for enum `Tags` in the current scope
[INFO] [stdout]   --> src/lib.rs:427:23
[INFO] [stdout]    |
[INFO] [stdout] 14 | enum Tags {
[INFO] [stdout]    | --------- method `value` not found for this enum
[INFO] [stdout] ...
[INFO] [stdout] 36 |     assert!(Tags::Key.value::<&[u8; 5]>().is_none());
[INFO] [stdout]    |                       ^^^^^ method not found in `Tags`
[INFO] [stdout] 
[INFO] [stdout] error[E0599]: no method named `value` found for enum `Tags` in the current scope
[INFO] [stdout]   --> src/lib.rs:428:23
[INFO] [stdout]    |
[INFO] [stdout] 14 | enum Tags {
[INFO] [stdout]    | --------- method `value` not found for this enum
[INFO] [stdout] ...
[INFO] [stdout] 37 |     assert!(Tags::Key.value::<&[u8]>().is_none());
[INFO] [stdout]    |                       ^^^^^ method not found in `Tags`
[INFO] [stdout] 
[INFO] [stdout] error[E0599]: no method named `value` found for enum `Tags` in the current scope
[INFO] [stdout]   --> src/lib.rs:429:44
[INFO] [stdout]    |
[INFO] [stdout] 14 | enum Tags {
[INFO] [stdout]    | --------- method `value` not found for this enum
[INFO] [stdout] ...
[INFO] [stdout] 38 |     assert!(u16::from_le_bytes(**Tags::Key.value::<&[u8; 2]>().unwrap()) == 0x0100);
[INFO] [stdout]    |                                            ^^^^^ method not found in `Tags`
[INFO] [stdout] 
[INFO] [stdout] error[E0599]: no method named `value` found for enum `Tags` in the current scope
[INFO] [stdout]   --> src/lib.rs:433:26
[INFO] [stdout]    |
[INFO] [stdout] 14 | enum Tags {
[INFO] [stdout]    | --------- method `value` not found for this enum
[INFO] [stdout] ...
[INFO] [stdout] 42 |     assert!(Tags::Length.value::<u16>().is_some());
[INFO] [stdout]    |                          ^^^^^ method not found in `Tags`
[INFO] [stdout] 
[INFO] [stdout] error[E0599]: no method named `value` found for enum `Tags` in the current scope
[INFO] [stdout]   --> src/lib.rs:434:26
[INFO] [stdout]    |
[INFO] [stdout] 14 | enum Tags {
[INFO] [stdout]    | --------- method `value` not found for this enum
[INFO] [stdout] ...
[INFO] [stdout] 43 |     assert!(Tags::Length.value::<u32>().is_none());
[INFO] [stdout]    |                          ^^^^^ method not found in `Tags`
[INFO] [stdout] 
[INFO] [stdout] error[E0599]: no method named `value` found for enum `Tags` in the current scope
[INFO] [stdout]   --> src/lib.rs:435:26
[INFO] [stdout]    |
[INFO] [stdout] 14 | enum Tags {
[INFO] [stdout]    | --------- method `value` not found for this enum
[INFO] [stdout] ...
[INFO] [stdout] 44 |     assert!(Tags::Length.value::<u64>().is_none());
[INFO] [stdout]    |                          ^^^^^ method not found in `Tags`
[INFO] [stdout] 
[INFO] [stdout] error[E0599]: no method named `value` found for enum `Tags` in the current scope
[INFO] [stdout]   --> src/lib.rs:439:27
[INFO] [stdout]    |
[INFO] [stdout] 14 | enum Tags {
[INFO] [stdout]    | --------- method `value` not found for this enum
[INFO] [stdout] ...
[INFO] [stdout] 48 |     assert!(*Tags::Length.value::<u16>().unwrap() as u32 == 24250);
[INFO] [stdout]    |                           ^^^^^ method not found in `Tags`
[INFO] [stdout] 
[INFO] [stdout] error: aborting due to 22 previous errors
[INFO] [stdout] 
[INFO] [stdout] Some errors have detailed explanations: E0432, E0599.
[INFO] [stdout] For more information about an error, try `rustc --explain E0432`.
[INFO] [stdout] Couldn't compile the test.
[INFO] [stdout] ---- src/lib.rs - thisenum_const (line 60) stdout ----
[INFO] [stdout] error[E0432]: unresolved import `thisenum`
[INFO] [stdout]  --> src/lib.rs:61:5
[INFO] [stdout]   |
[INFO] [stdout] 2 | use thisenum::Const;
[INFO] [stdout]   |     ^^^^^^^^ use of undeclared crate or module `thisenum`
[INFO] [stdout] 
[INFO] [stdout] error: cannot find attribute `armtype` in this scope
[INFO] [stdout]  --> src/lib.rs:64:3
[INFO] [stdout]   |
[INFO] [stdout] 5 | #[armtype(i32)]
[INFO] [stdout]   |   ^^^^^^^
[INFO] [stdout] 
[INFO] [stdout] error: cannot find attribute `value` in this scope
[INFO] [stdout]  --> src/lib.rs:66:7
[INFO] [stdout]   |
[INFO] [stdout] 7 |     #[value = 0]
[INFO] [stdout]   |       ^^^^^
[INFO] [stdout] 
[INFO] [stdout] error: cannot find attribute `value` in this scope
[INFO] [stdout]  --> src/lib.rs:68:7
[INFO] [stdout]   |
[INFO] [stdout] 9 |     #[value = 1]
[INFO] [stdout]   |       ^^^^^
[INFO] [stdout] 
[INFO] [stdout] error: cannot find attribute `armtype` in this scope
[INFO] [stdout]   --> src/lib.rs:73:3
[INFO] [stdout]    |
[INFO] [stdout] 14 | #[armtype(&[u8])]
[INFO] [stdout]    |   ^^^^^^^
[INFO] [stdout] 
[INFO] [stdout] error: cannot find attribute `value` in this scope
[INFO] [stdout]   --> src/lib.rs:75:7
[INFO] [stdout]    |
[INFO] [stdout] 16 |     #[value = b"\x00\x01\x7f"]
[INFO] [stdout]    |       ^^^^^
[INFO] [stdout] 
[INFO] [stdout] error: cannot find attribute `value` in this scope
[INFO] [stdout]   --> src/lib.rs:77:7
[INFO] [stdout]    |
[INFO] [stdout] 18 |     #[value = b"\xba\x5e"]
[INFO] [stdout]    |       ^^^^^
[INFO] [stdout] 
[INFO] [stdout] error: cannot find attribute `value` in this scope
[INFO] [stdout]   --> src/lib.rs:79:7
[INFO] [stdout]    |
[INFO] [stdout] 20 |     #[value = b"\x00\x01\x02\x03\x04\x05\x06\x07\x08\x09\x0a\x0b\x0c\x0d\x0e\x0f"]
[INFO] [stdout]    |       ^^^^^
[INFO] [stdout] 
[INFO] [stdout] error[E0599]: no method named `value` found for enum `MyEnum` in the current scope
[INFO] [stdout]   --> src/lib.rs:86:26
[INFO] [stdout]    |
[INFO] [stdout] 6  | enum MyEnum {
[INFO] [stdout]    | ----------- method `value` not found for this enum
[INFO] [stdout] ...
[INFO] [stdout] 27 |     assert_eq!(MyEnum::A.value(), &0);
[INFO] [stdout]    |                          ^^^^^ method not found in `MyEnum`
[INFO] [stdout] 
[INFO] [stdout] error[E0599]: no method named `value` found for enum `MyEnum` in the current scope
[INFO] [stdout]   --> src/lib.rs:87:26
[INFO] [stdout]    |
[INFO] [stdout] 6  | enum MyEnum {
[INFO] [stdout]    | ----------- method `value` not found for this enum
[INFO] [stdout] ...
[INFO] [stdout] 28 |     assert_eq!(MyEnum::B.value(), &1);
[INFO] [stdout]    |                          ^^^^^ method not found in `MyEnum`
[INFO] [stdout] 
[INFO] [stdout] error[E0599]: no method named `value` found for enum `Tags` in the current scope
[INFO] [stdout]   --> src/lib.rs:88:26
[INFO] [stdout]    |
[INFO] [stdout] 15 | enum Tags {
[INFO] [stdout]    | --------- method `value` not found for this enum
[INFO] [stdout] ...
[INFO] [stdout] 29 |     assert_eq!(Tags::Key.value(), b"\x00\x01\x7f");
[INFO] [stdout]    |                          ^^^^^ method not found in `Tags`
[INFO] [stdout] 
[INFO] [stdout] error[E0599]: no method named `value` found for enum `Tags` in the current scope
[INFO] [stdout]   --> src/lib.rs:89:29
[INFO] [stdout]    |
[INFO] [stdout] 15 | enum Tags {
[INFO] [stdout]    | --------- method `value` not found for this enum
[INFO] [stdout] ...
[INFO] [stdout] 30 |     assert_eq!(Tags::Length.value(), b"\xba\x5e");
[INFO] [stdout]    |                             ^^^^^ method not found in `Tags`
[INFO] [stdout] 
[INFO] [stdout] error[E0599]: no method named `value` found for enum `Tags` in the current scope
[INFO] [stdout]   --> src/lib.rs:90:27
[INFO] [stdout]    |
[INFO] [stdout] 15 | enum Tags {
[INFO] [stdout]    | --------- method `value` not found for this enum
[INFO] [stdout] ...
[INFO] [stdout] 31 |     assert_eq!(Tags::Data.value(), b"\x00\x01\x02\x03\x04\x05\x06\x07\x08\x09\x0a\x0b\x0c\x0d\x0e\x0f");
[INFO] [stdout]    |                           ^^^^^ method not found in `Tags`
[INFO] [stdout] 
[INFO] [stdout] error: aborting due to 13 previous errors
[INFO] [stdout] 
[INFO] [stdout] Some errors have detailed explanations: E0432, E0599.
[INFO] [stdout] For more information about an error, try `rustc --explain E0432`.
[INFO] [stdout] Couldn't compile the test.
[INFO] [stdout] 
[INFO] [stdout] failures:
[INFO] [stdout]     src/../README.md - (line 12)
[INFO] [stdout]     src/../README.md - (line 40)
[INFO] [stdout]     src/lib.rs - thisenum_const (line 60)
[INFO] [stdout]     src/lib.rs - thisenum_const_each (line 392)
[INFO] [stdout] 
[INFO] [stdout] test result: FAILED. 0 passed; 4 failed; 0 ignored; 0 measured; 0 filtered out; finished in 0.20s
[INFO] [stdout] 
[INFO] [stderr] error: doctest failed, to rerun pass `--doc`
[INFO] running `Command { std: "docker" "inspect" "768bcc0072d4c720fa21a8736353038b5d575bda78c680decc28c581ef1fdc78", kill_on_drop: false }`
[INFO] running `Command { std: "docker" "rm" "-f" "768bcc0072d4c720fa21a8736353038b5d575bda78c680decc28c581ef1fdc78", kill_on_drop: false }`
[INFO] [stdout] 768bcc0072d4c720fa21a8736353038b5d575bda78c680decc28c581ef1fdc78
