[INFO] fetching crate this_crate_is_here_forever 0.3.1...
[INFO] testing this_crate_is_here_forever-0.3.1 against 1.83.0 for beta-1.84.0-4-retry
[INFO] extracting crate this_crate_is_here_forever 0.3.1 into /workspace/builds/worker-3-tc1/source
[INFO] validating manifest of crates.io crate this_crate_is_here_forever 0.3.1 on toolchain 1.83.0
[INFO] running `Command { std: CARGO_HOME="/workspace/cargo-home" RUSTUP_HOME="/workspace/rustup-home" "/workspace/cargo-home/bin/cargo" "+1.83.0" "metadata" "--manifest-path" "Cargo.toml" "--no-deps", kill_on_drop: false }`
[INFO] started tweaking crates.io crate this_crate_is_here_forever 0.3.1
[INFO] finished tweaking crates.io crate this_crate_is_here_forever 0.3.1
[INFO] tweaked toml for crates.io crate this_crate_is_here_forever 0.3.1 written to /workspace/builds/worker-3-tc1/source/Cargo.toml
[INFO] running `Command { std: CARGO_HOME="/workspace/cargo-home" RUSTUP_HOME="/workspace/rustup-home" "/workspace/cargo-home/bin/cargo" "+1.83.0" "generate-lockfile" "--manifest-path" "Cargo.toml", kill_on_drop: false }`
[INFO] running `Command { std: CARGO_HOME="/workspace/cargo-home" RUSTUP_HOME="/workspace/rustup-home" "/workspace/cargo-home/bin/cargo" "+1.83.0" "fetch" "--manifest-path" "Cargo.toml", kill_on_drop: false }`
[INFO] running `Command { std: "docker" "create" "-v" "/var/lib/crater-agent-workspace/builds/worker-3-tc1/target:/opt/rustwide/target:rw,Z" "-v" "/var/lib/crater-agent-workspace/builds/worker-3-tc1/source:/opt/rustwide/workdir:ro,Z" "-v" "/var/lib/crater-agent-workspace/cargo-home:/opt/rustwide/cargo-home:ro,Z" "-v" "/var/lib/crater-agent-workspace/rustup-home:/opt/rustwide/rustup-home:ro,Z" "-e" "SOURCE_DIR=/opt/rustwide/workdir" "-e" "CARGO_TARGET_DIR=/opt/rustwide/target" "-e" "CARGO_HOME=/opt/rustwide/cargo-home" "-e" "RUSTUP_HOME=/opt/rustwide/rustup-home" "-w" "/opt/rustwide/workdir" "-m" "1610612736" "--user" "0:0" "--network" "none" "ghcr.io/rust-lang/crates-build-env/linux@sha256:f3a9d4ad9d972b27faf3965f35b62e55ba32bbce8f20bc8fe909558a86702fde" "/opt/rustwide/cargo-home/bin/cargo" "+1.83.0" "metadata" "--no-deps" "--format-version=1", kill_on_drop: false }`
[INFO] [stdout] 717e008ed34aeccfb456092d688e408717f2f9fe62fe572ff0c711e8c979d3eb
[INFO] running `Command { std: "docker" "start" "-a" "717e008ed34aeccfb456092d688e408717f2f9fe62fe572ff0c711e8c979d3eb", kill_on_drop: false }`
[INFO] running `Command { std: "docker" "inspect" "717e008ed34aeccfb456092d688e408717f2f9fe62fe572ff0c711e8c979d3eb", kill_on_drop: false }`
[INFO] running `Command { std: "docker" "rm" "-f" "717e008ed34aeccfb456092d688e408717f2f9fe62fe572ff0c711e8c979d3eb", kill_on_drop: false }`
[INFO] [stdout] 717e008ed34aeccfb456092d688e408717f2f9fe62fe572ff0c711e8c979d3eb
[INFO] running `Command { std: "docker" "create" "-v" "/var/lib/crater-agent-workspace/builds/worker-3-tc1/target:/opt/rustwide/target:rw,Z" "-v" "/var/lib/crater-agent-workspace/builds/worker-3-tc1/source:/opt/rustwide/workdir:ro,Z" "-v" "/var/lib/crater-agent-workspace/cargo-home:/opt/rustwide/cargo-home:ro,Z" "-v" "/var/lib/crater-agent-workspace/rustup-home:/opt/rustwide/rustup-home:ro,Z" "-e" "SOURCE_DIR=/opt/rustwide/workdir" "-e" "CARGO_TARGET_DIR=/opt/rustwide/target" "-e" "CARGO_INCREMENTAL=0" "-e" "RUST_BACKTRACE=full" "-e" "RUSTFLAGS=--cap-lints=warn" "-e" "RUSTDOCFLAGS=--cap-lints=warn" "-e" "CARGO_HOME=/opt/rustwide/cargo-home" "-e" "RUSTUP_HOME=/opt/rustwide/rustup-home" "-w" "/opt/rustwide/workdir" "-m" "1610612736" "--user" "0:0" "--network" "none" "ghcr.io/rust-lang/crates-build-env/linux@sha256:f3a9d4ad9d972b27faf3965f35b62e55ba32bbce8f20bc8fe909558a86702fde" "/opt/rustwide/cargo-home/bin/cargo" "+1.83.0" "build" "--frozen" "--message-format=json", kill_on_drop: false }`
[INFO] [stdout] e081f27cbde6e0d1db52a313b51dbf0f243279a8fad9dfa8f0ea6cc9b7454307
[INFO] running `Command { std: "docker" "start" "-a" "e081f27cbde6e0d1db52a313b51dbf0f243279a8fad9dfa8f0ea6cc9b7454307", kill_on_drop: false }`
[INFO] [stderr]    Compiling this_crate_is_here_forever v0.3.1 (/opt/rustwide/workdir)
[INFO] [stderr]     Finished `dev` profile [unoptimized + debuginfo] target(s) in 0.08s
[INFO] running `Command { std: "docker" "inspect" "e081f27cbde6e0d1db52a313b51dbf0f243279a8fad9dfa8f0ea6cc9b7454307", kill_on_drop: false }`
[INFO] running `Command { std: "docker" "rm" "-f" "e081f27cbde6e0d1db52a313b51dbf0f243279a8fad9dfa8f0ea6cc9b7454307", kill_on_drop: false }`
[INFO] [stdout] e081f27cbde6e0d1db52a313b51dbf0f243279a8fad9dfa8f0ea6cc9b7454307
[INFO] running `Command { std: "docker" "create" "-v" "/var/lib/crater-agent-workspace/builds/worker-3-tc1/target:/opt/rustwide/target:rw,Z" "-v" "/var/lib/crater-agent-workspace/builds/worker-3-tc1/source:/opt/rustwide/workdir:ro,Z" "-v" "/var/lib/crater-agent-workspace/cargo-home:/opt/rustwide/cargo-home:ro,Z" "-v" "/var/lib/crater-agent-workspace/rustup-home:/opt/rustwide/rustup-home:ro,Z" "-e" "SOURCE_DIR=/opt/rustwide/workdir" "-e" "CARGO_TARGET_DIR=/opt/rustwide/target" "-e" "CARGO_INCREMENTAL=0" "-e" "RUST_BACKTRACE=full" "-e" "RUSTFLAGS=--cap-lints=warn" "-e" "RUSTDOCFLAGS=--cap-lints=warn" "-e" "CARGO_HOME=/opt/rustwide/cargo-home" "-e" "RUSTUP_HOME=/opt/rustwide/rustup-home" "-w" "/opt/rustwide/workdir" "-m" "1610612736" "--user" "0:0" "--network" "none" "ghcr.io/rust-lang/crates-build-env/linux@sha256:f3a9d4ad9d972b27faf3965f35b62e55ba32bbce8f20bc8fe909558a86702fde" "/opt/rustwide/cargo-home/bin/cargo" "+1.83.0" "test" "--frozen" "--no-run" "--message-format=json", kill_on_drop: false }`
[INFO] [stdout] 191a1840b8e7e9b1ecdcc70650571a543799e8ee2ea9168bcdcf40beb17aa51c
[INFO] running `Command { std: "docker" "start" "-a" "191a1840b8e7e9b1ecdcc70650571a543799e8ee2ea9168bcdcf40beb17aa51c", kill_on_drop: false }`
[INFO] [stderr]    Compiling this_crate_is_here_forever v0.3.1 (/opt/rustwide/workdir)
[INFO] [stderr]     Finished `test` profile [unoptimized + debuginfo] target(s) in 0.38s
[INFO] running `Command { std: "docker" "inspect" "191a1840b8e7e9b1ecdcc70650571a543799e8ee2ea9168bcdcf40beb17aa51c", kill_on_drop: false }`
[INFO] running `Command { std: "docker" "rm" "-f" "191a1840b8e7e9b1ecdcc70650571a543799e8ee2ea9168bcdcf40beb17aa51c", kill_on_drop: false }`
[INFO] [stdout] 191a1840b8e7e9b1ecdcc70650571a543799e8ee2ea9168bcdcf40beb17aa51c
[INFO] running `Command { std: "docker" "create" "-v" "/var/lib/crater-agent-workspace/builds/worker-3-tc1/target:/opt/rustwide/target:rw,Z" "-v" "/var/lib/crater-agent-workspace/builds/worker-3-tc1/source:/opt/rustwide/workdir:ro,Z" "-v" "/var/lib/crater-agent-workspace/cargo-home:/opt/rustwide/cargo-home:ro,Z" "-v" "/var/lib/crater-agent-workspace/rustup-home:/opt/rustwide/rustup-home:ro,Z" "-e" "SOURCE_DIR=/opt/rustwide/workdir" "-e" "CARGO_TARGET_DIR=/opt/rustwide/target" "-e" "CARGO_INCREMENTAL=0" "-e" "RUST_BACKTRACE=full" "-e" "RUSTFLAGS=--cap-lints=warn" "-e" "RUSTDOCFLAGS=--cap-lints=warn" "-e" "CARGO_HOME=/opt/rustwide/cargo-home" "-e" "RUSTUP_HOME=/opt/rustwide/rustup-home" "-w" "/opt/rustwide/workdir" "-m" "1610612736" "--user" "0:0" "--network" "none" "ghcr.io/rust-lang/crates-build-env/linux@sha256:f3a9d4ad9d972b27faf3965f35b62e55ba32bbce8f20bc8fe909558a86702fde" "/opt/rustwide/cargo-home/bin/cargo" "+1.83.0" "test" "--frozen", kill_on_drop: false }`
[INFO] [stdout] 2c3d4c28412786be37a5447dc3fb84aabc037666c807542c8bb44a3832e45467
[INFO] running `Command { std: "docker" "start" "-a" "2c3d4c28412786be37a5447dc3fb84aabc037666c807542c8bb44a3832e45467", kill_on_drop: false }`
[INFO] [stderr]     Finished `test` profile [unoptimized + debuginfo] target(s) in 0.19s
[INFO] [stderr]      Running unittests src/lib.rs (/opt/rustwide/target/debug/deps/this_crate_is_here_forever-7fa8832cf14d32fd)
[INFO] [stdout] 
[INFO] [stdout] running 1 test
[INFO] [stdout] test tests::eternal_test - should panic ... ok
[INFO] [stderr]    Doc-tests this_crate_is_here_forever
[INFO] [stdout] 
[INFO] [stdout] test result: ok. 1 passed; 0 failed; 0 ignored; 0 measured; 0 filtered out; finished in 0.02s
[INFO] [stdout] 
[INFO] [stdout] 
[INFO] [stdout] running 1 test
[INFO] [stdout] test src/eternal.rs - eternal::notify_everyone_that_this_create_is_here_forever (line 6) ... FAILED
[INFO] [stdout] 
[INFO] [stdout] failures:
[INFO] [stdout] 
[INFO] [stdout] ---- src/eternal.rs - eternal::notify_everyone_that_this_create_is_here_forever (line 6) stdout ----
[INFO] [stdout] error[E0425]: cannot find function `notify_everyone_that_this_create_is_here_forever` in this scope
[INFO] [stdout]  --> src/eternal.rs:7:1
[INFO] [stdout]   |
[INFO] [stdout] 3 | notify_everyone_that_this_create_is_here_forever();
[INFO] [stdout]   | ^^^^^^^^^^^^^^^^^^^^^^^^^^^^^^^^^^^^^^^^^^^^^^^^ not found in this scope
[INFO] [stdout]   |
[INFO] [stdout] help: consider importing this function
[INFO] [stdout]   |
[INFO] [stdout] 2 + use this_crate_is_here_forever::notify_everyone_that_this_create_is_here_forever;
[INFO] [stdout]   |
[INFO] [stdout] 
[INFO] [stdout] error: aborting due to 1 previous error
[INFO] [stdout] 
[INFO] [stdout] For more information about this error, try `rustc --explain E0425`.
[INFO] [stdout] Couldn't compile the test.
[INFO] [stdout] 
[INFO] [stdout] failures:
[INFO] [stdout]     src/eternal.rs - eternal::notify_everyone_that_this_create_is_here_forever (line 6)
[INFO] [stdout] 
[INFO] [stdout] test result: FAILED. 0 passed; 1 failed; 0 ignored; 0 measured; 0 filtered out; finished in 0.07s
[INFO] [stdout] 
[INFO] [stderr] error: doctest failed, to rerun pass `--doc`
[INFO] running `Command { std: "docker" "inspect" "2c3d4c28412786be37a5447dc3fb84aabc037666c807542c8bb44a3832e45467", kill_on_drop: false }`
[INFO] running `Command { std: "docker" "rm" "-f" "2c3d4c28412786be37a5447dc3fb84aabc037666c807542c8bb44a3832e45467", kill_on_drop: false }`
[INFO] [stdout] 2c3d4c28412786be37a5447dc3fb84aabc037666c807542c8bb44a3832e45467
