[INFO] fetching crate thetadb 0.0.4...
[INFO] testing thetadb-0.0.4 against 1.83.0 for beta-1.84.0-4-retry
[INFO] extracting crate thetadb 0.0.4 into /workspace/builds/worker-6-tc1/source
[INFO] validating manifest of crates.io crate thetadb 0.0.4 on toolchain 1.83.0
[INFO] running `Command { std: CARGO_HOME="/workspace/cargo-home" RUSTUP_HOME="/workspace/rustup-home" "/workspace/cargo-home/bin/cargo" "+1.83.0" "metadata" "--manifest-path" "Cargo.toml" "--no-deps", kill_on_drop: false }`
[INFO] started tweaking crates.io crate thetadb 0.0.4
[INFO] finished tweaking crates.io crate thetadb 0.0.4
[INFO] tweaked toml for crates.io crate thetadb 0.0.4 written to /workspace/builds/worker-6-tc1/source/Cargo.toml
[INFO] running `Command { std: CARGO_HOME="/workspace/cargo-home" RUSTUP_HOME="/workspace/rustup-home" "/workspace/cargo-home/bin/cargo" "+1.83.0" "generate-lockfile" "--manifest-path" "Cargo.toml", kill_on_drop: false }`
[INFO] [stderr]     Updating crates.io index
[INFO] [stderr]     Blocking waiting for file lock on package cache
[INFO] [stderr]      Locking 18 packages to latest compatible versions
[INFO] [stderr]       Adding thiserror v1.0.69 (available: v2.0.7)
[INFO] running `Command { std: CARGO_HOME="/workspace/cargo-home" RUSTUP_HOME="/workspace/rustup-home" "/workspace/cargo-home/bin/cargo" "+1.83.0" "fetch" "--manifest-path" "Cargo.toml", kill_on_drop: false }`
[INFO] [stderr]     Blocking waiting for file lock on package cache
[INFO] running `Command { std: "docker" "create" "-v" "/var/lib/crater-agent-workspace/builds/worker-6-tc1/target:/opt/rustwide/target:rw,Z" "-v" "/var/lib/crater-agent-workspace/builds/worker-6-tc1/source:/opt/rustwide/workdir:ro,Z" "-v" "/var/lib/crater-agent-workspace/cargo-home:/opt/rustwide/cargo-home:ro,Z" "-v" "/var/lib/crater-agent-workspace/rustup-home:/opt/rustwide/rustup-home:ro,Z" "-e" "SOURCE_DIR=/opt/rustwide/workdir" "-e" "CARGO_TARGET_DIR=/opt/rustwide/target" "-e" "CARGO_HOME=/opt/rustwide/cargo-home" "-e" "RUSTUP_HOME=/opt/rustwide/rustup-home" "-w" "/opt/rustwide/workdir" "-m" "1610612736" "--user" "0:0" "--network" "none" "ghcr.io/rust-lang/crates-build-env/linux@sha256:f3a9d4ad9d972b27faf3965f35b62e55ba32bbce8f20bc8fe909558a86702fde" "/opt/rustwide/cargo-home/bin/cargo" "+1.83.0" "metadata" "--no-deps" "--format-version=1", kill_on_drop: false }`
[INFO] [stdout] a515c94689da89ec3fce7a8d1f3b3dd00b8009c77f3df4fc36b5211308508deb
[INFO] running `Command { std: "docker" "start" "-a" "a515c94689da89ec3fce7a8d1f3b3dd00b8009c77f3df4fc36b5211308508deb", kill_on_drop: false }`
[INFO] running `Command { std: "docker" "inspect" "a515c94689da89ec3fce7a8d1f3b3dd00b8009c77f3df4fc36b5211308508deb", kill_on_drop: false }`
[INFO] running `Command { std: "docker" "rm" "-f" "a515c94689da89ec3fce7a8d1f3b3dd00b8009c77f3df4fc36b5211308508deb", kill_on_drop: false }`
[INFO] [stdout] a515c94689da89ec3fce7a8d1f3b3dd00b8009c77f3df4fc36b5211308508deb
[INFO] running `Command { std: "docker" "create" "-v" "/var/lib/crater-agent-workspace/builds/worker-6-tc1/target:/opt/rustwide/target:rw,Z" "-v" "/var/lib/crater-agent-workspace/builds/worker-6-tc1/source:/opt/rustwide/workdir:ro,Z" "-v" "/var/lib/crater-agent-workspace/cargo-home:/opt/rustwide/cargo-home:ro,Z" "-v" "/var/lib/crater-agent-workspace/rustup-home:/opt/rustwide/rustup-home:ro,Z" "-e" "SOURCE_DIR=/opt/rustwide/workdir" "-e" "CARGO_TARGET_DIR=/opt/rustwide/target" "-e" "CARGO_INCREMENTAL=0" "-e" "RUST_BACKTRACE=full" "-e" "RUSTFLAGS=--cap-lints=warn" "-e" "RUSTDOCFLAGS=--cap-lints=warn" "-e" "CARGO_HOME=/opt/rustwide/cargo-home" "-e" "RUSTUP_HOME=/opt/rustwide/rustup-home" "-w" "/opt/rustwide/workdir" "-m" "1610612736" "--user" "0:0" "--network" "none" "ghcr.io/rust-lang/crates-build-env/linux@sha256:f3a9d4ad9d972b27faf3965f35b62e55ba32bbce8f20bc8fe909558a86702fde" "/opt/rustwide/cargo-home/bin/cargo" "+1.83.0" "build" "--frozen" "--message-format=json", kill_on_drop: false }`
[INFO] [stdout] d2ffdeb1781e469b7b373a632a69303c33849518a6d052947e423fb4c726d8db
[INFO] running `Command { std: "docker" "start" "-a" "d2ffdeb1781e469b7b373a632a69303c33849518a6d052947e423fb4c726d8db", kill_on_drop: false }`
[INFO] [stderr]    Compiling crc32fast v1.4.2
[INFO] [stderr]    Compiling syn v2.0.90
[INFO] [stderr]    Compiling thiserror-impl v1.0.69
[INFO] [stderr]    Compiling thiserror v1.0.69
[INFO] [stderr]    Compiling thetadb v0.0.4 (/opt/rustwide/workdir)
[INFO] [stdout] warning: elided lifetime has a name
[INFO] [stdout]    --> src/bptree/slotted.rs:317:33
[INFO] [stdout]     |
[INFO] [stdout] 312 |     pub(crate) fn split_insert<'a>(
[INFO] [stdout]     |                                -- lifetime `'a` declared here
[INFO] [stdout] ...
[INFO] [stdout] 317 |     ) -> mapping::Result<Option<&mut [u8]>> {
[INFO] [stdout]     |                                 ^ this elided lifetime gets resolved as `'a`
[INFO] [stdout]     |
[INFO] [stdout]     = note: `#[warn(elided_named_lifetimes)]` on by default
[INFO] [stdout] 
[INFO] [stdout] 
[INFO] [stdout] warning: elided lifetime has a name
[INFO] [stdout]    --> src/bptree/slotted.rs:332:33
[INFO] [stdout]     |
[INFO] [stdout] 327 |     pub(crate) fn split_set<'a>(
[INFO] [stdout]     |                             -- lifetime `'a` declared here
[INFO] [stdout] ...
[INFO] [stdout] 332 |     ) -> mapping::Result<Option<&mut [u8]>> {
[INFO] [stdout]     |                                 ^ this elided lifetime gets resolved as `'a`
[INFO] [stdout] 
[INFO] [stdout] 
[INFO] [stderr]     Finished `dev` profile [unoptimized + debuginfo] target(s) in 5.39s
[INFO] running `Command { std: "docker" "inspect" "d2ffdeb1781e469b7b373a632a69303c33849518a6d052947e423fb4c726d8db", kill_on_drop: false }`
[INFO] running `Command { std: "docker" "rm" "-f" "d2ffdeb1781e469b7b373a632a69303c33849518a6d052947e423fb4c726d8db", kill_on_drop: false }`
[INFO] [stdout] d2ffdeb1781e469b7b373a632a69303c33849518a6d052947e423fb4c726d8db
[INFO] running `Command { std: "docker" "create" "-v" "/var/lib/crater-agent-workspace/builds/worker-6-tc1/target:/opt/rustwide/target:rw,Z" "-v" "/var/lib/crater-agent-workspace/builds/worker-6-tc1/source:/opt/rustwide/workdir:ro,Z" "-v" "/var/lib/crater-agent-workspace/cargo-home:/opt/rustwide/cargo-home:ro,Z" "-v" "/var/lib/crater-agent-workspace/rustup-home:/opt/rustwide/rustup-home:ro,Z" "-e" "SOURCE_DIR=/opt/rustwide/workdir" "-e" "CARGO_TARGET_DIR=/opt/rustwide/target" "-e" "CARGO_INCREMENTAL=0" "-e" "RUST_BACKTRACE=full" "-e" "RUSTFLAGS=--cap-lints=warn" "-e" "RUSTDOCFLAGS=--cap-lints=warn" "-e" "CARGO_HOME=/opt/rustwide/cargo-home" "-e" "RUSTUP_HOME=/opt/rustwide/rustup-home" "-w" "/opt/rustwide/workdir" "-m" "1610612736" "--user" "0:0" "--network" "none" "ghcr.io/rust-lang/crates-build-env/linux@sha256:f3a9d4ad9d972b27faf3965f35b62e55ba32bbce8f20bc8fe909558a86702fde" "/opt/rustwide/cargo-home/bin/cargo" "+1.83.0" "test" "--frozen" "--no-run" "--message-format=json", kill_on_drop: false }`
[INFO] [stdout] c537bff837adace1ea0319897d9d0c4f506bfccd930b0d330e47861c1e3d7284
[INFO] running `Command { std: "docker" "start" "-a" "c537bff837adace1ea0319897d9d0c4f506bfccd930b0d330e47861c1e3d7284", kill_on_drop: false }`
[INFO] [stderr]    Compiling zerocopy-derive v0.7.35
[INFO] [stderr]    Compiling byteorder v1.5.0
[INFO] [stderr]    Compiling getrandom v0.2.15
[INFO] [stdout] warning: elided lifetime has a name
[INFO] [stdout]    --> src/bptree/slotted.rs:317:33
[INFO] [stdout]     |
[INFO] [stdout] 312 |     pub(crate) fn split_insert<'a>(
[INFO] [stdout]     |                                -- lifetime `'a` declared here
[INFO] [stdout] ...
[INFO] [stdout] 317 |     ) -> mapping::Result<Option<&mut [u8]>> {
[INFO] [stdout]     |                                 ^ this elided lifetime gets resolved as `'a`
[INFO] [stdout]     |
[INFO] [stdout]     = note: `#[warn(elided_named_lifetimes)]` on by default
[INFO] [stdout] 
[INFO] [stdout] 
[INFO] [stdout] warning: elided lifetime has a name
[INFO] [stdout]    --> src/bptree/slotted.rs:332:33
[INFO] [stdout]     |
[INFO] [stdout] 327 |     pub(crate) fn split_set<'a>(
[INFO] [stdout]     |                             -- lifetime `'a` declared here
[INFO] [stdout] ...
[INFO] [stdout] 332 |     ) -> mapping::Result<Option<&mut [u8]>> {
[INFO] [stdout]     |                                 ^ this elided lifetime gets resolved as `'a`
[INFO] [stdout] 
[INFO] [stdout] 
[INFO] [stderr]    Compiling rand_core v0.6.4
[INFO] [stderr]    Compiling zerocopy v0.7.35
[INFO] [stderr]    Compiling ppv-lite86 v0.2.20
[INFO] [stderr]    Compiling rand_chacha v0.3.1
[INFO] [stderr]    Compiling rand v0.8.5
[INFO] [stderr]    Compiling thetadb v0.0.4 (/opt/rustwide/workdir)
[INFO] [stdout] warning: elided lifetime has a name
[INFO] [stdout]    --> src/bptree/slotted.rs:317:33
[INFO] [stdout]     |
[INFO] [stdout] 312 |     pub(crate) fn split_insert<'a>(
[INFO] [stdout]     |                                -- lifetime `'a` declared here
[INFO] [stdout] ...
[INFO] [stdout] 317 |     ) -> mapping::Result<Option<&mut [u8]>> {
[INFO] [stdout]     |                                 ^ this elided lifetime gets resolved as `'a`
[INFO] [stdout]     |
[INFO] [stdout]     = note: `#[warn(elided_named_lifetimes)]` on by default
[INFO] [stdout] 
[INFO] [stdout] 
[INFO] [stdout] warning: elided lifetime has a name
[INFO] [stdout]    --> src/bptree/slotted.rs:332:33
[INFO] [stdout]     |
[INFO] [stdout] 327 |     pub(crate) fn split_set<'a>(
[INFO] [stdout]     |                             -- lifetime `'a` declared here
[INFO] [stdout] ...
[INFO] [stdout] 332 |     ) -> mapping::Result<Option<&mut [u8]>> {
[INFO] [stdout]     |                                 ^ this elided lifetime gets resolved as `'a`
[INFO] [stdout] 
[INFO] [stdout] 
[INFO] [stderr]     Finished `test` profile [unoptimized + debuginfo] target(s) in 5.82s
[INFO] running `Command { std: "docker" "inspect" "c537bff837adace1ea0319897d9d0c4f506bfccd930b0d330e47861c1e3d7284", kill_on_drop: false }`
[INFO] running `Command { std: "docker" "rm" "-f" "c537bff837adace1ea0319897d9d0c4f506bfccd930b0d330e47861c1e3d7284", kill_on_drop: false }`
[INFO] [stdout] c537bff837adace1ea0319897d9d0c4f506bfccd930b0d330e47861c1e3d7284
[INFO] running `Command { std: "docker" "create" "-v" "/var/lib/crater-agent-workspace/builds/worker-6-tc1/target:/opt/rustwide/target:rw,Z" "-v" "/var/lib/crater-agent-workspace/builds/worker-6-tc1/source:/opt/rustwide/workdir:ro,Z" "-v" "/var/lib/crater-agent-workspace/cargo-home:/opt/rustwide/cargo-home:ro,Z" "-v" "/var/lib/crater-agent-workspace/rustup-home:/opt/rustwide/rustup-home:ro,Z" "-e" "SOURCE_DIR=/opt/rustwide/workdir" "-e" "CARGO_TARGET_DIR=/opt/rustwide/target" "-e" "CARGO_INCREMENTAL=0" "-e" "RUST_BACKTRACE=full" "-e" "RUSTFLAGS=--cap-lints=warn" "-e" "RUSTDOCFLAGS=--cap-lints=warn" "-e" "CARGO_HOME=/opt/rustwide/cargo-home" "-e" "RUSTUP_HOME=/opt/rustwide/rustup-home" "-w" "/opt/rustwide/workdir" "-m" "1610612736" "--user" "0:0" "--network" "none" "ghcr.io/rust-lang/crates-build-env/linux@sha256:f3a9d4ad9d972b27faf3965f35b62e55ba32bbce8f20bc8fe909558a86702fde" "/opt/rustwide/cargo-home/bin/cargo" "+1.83.0" "test" "--frozen", kill_on_drop: false }`
[INFO] [stdout] fafffd46a50e13ee4ff2563b5f69ade022effde2b261bf17c31f2787aa9d6612
[INFO] running `Command { std: "docker" "start" "-a" "fafffd46a50e13ee4ff2563b5f69ade022effde2b261bf17c31f2787aa9d6612", kill_on_drop: false }`
[INFO] [stderr] warning: elided lifetime has a name
[INFO] [stderr]    --> src/bptree/slotted.rs:317:33
[INFO] [stderr]     |
[INFO] [stderr] 312 |     pub(crate) fn split_insert<'a>(
[INFO] [stderr]     |                                -- lifetime `'a` declared here
[INFO] [stderr] ...
[INFO] [stderr] 317 |     ) -> mapping::Result<Option<&mut [u8]>> {
[INFO] [stderr]     |                                 ^ this elided lifetime gets resolved as `'a`
[INFO] [stderr]     |
[INFO] [stderr]     = note: `#[warn(elided_named_lifetimes)]` on by default
[INFO] [stderr] 
[INFO] [stderr] warning: elided lifetime has a name
[INFO] [stderr]    --> src/bptree/slotted.rs:332:33
[INFO] [stderr]     |
[INFO] [stderr] 327 |     pub(crate) fn split_set<'a>(
[INFO] [stderr]     |                             -- lifetime `'a` declared here
[INFO] [stderr] ...
[INFO] [stderr] 332 |     ) -> mapping::Result<Option<&mut [u8]>> {
[INFO] [stderr]     |                                 ^ this elided lifetime gets resolved as `'a`
[INFO] [stderr] 
[INFO] [stderr] warning: `thetadb` (lib) generated 2 warnings
[INFO] [stderr] warning: `thetadb` (lib test) generated 2 warnings (2 duplicates)
[INFO] [stderr]     Finished `test` profile [unoptimized + debuginfo] target(s) in 0.03s
[INFO] [stderr]      Running unittests src/lib.rs (/opt/rustwide/target/debug/deps/thetadb-f57110bce9f61c26)
[INFO] [stdout] 
[INFO] [stdout] running 28 tests
[INFO] [stdout] test bptree::branch::tests::test_search ... ok
[INFO] [stdout] test bptree::node::tests::test_node ... ok
[INFO] [stdout] test bptree::search::tests::test_binary_search ... ok
[INFO] [stdout] test bptree::slotted::tests::test_insert_layout ... ok
[INFO] [stdout] test bptree::slotted::tests::test_merge ... ok
[INFO] [stdout] test bptree::slotted::tests::test_remove ... ok
[INFO] [stdout] test bptree::slotted::tests::test_merge_layout ... ok
[INFO] [stdout] test bptree::slotted::tests::test_remove_layout ... ok
[INFO] [stdout] test bptree::slotted::tests::test_split ... ok
[INFO] [stdout] test bptree::branch::tests::test_split_put ... ok
[INFO] [stdout] test bptree::slotted::tests::test_merge_failed ... ok
[INFO] [stdout] test chunk::tests::test_chunk ... ok
[INFO] [stdout] test freelist::tests::test_bytes_len ... ok
[INFO] [stdout] test bptree::entry::tests::test_key ... ok
[INFO] [stdout] test bptree::slotted::tests::test_insert ... ok
[INFO] [stdout] test bptree::slotted::tests::test_set_layout ... ok
[INFO] [stdout] test bptree::slotted::tests::test_set ... ok
[INFO] [stdout] test freelist::tests::test_take_one ... ok
[INFO] [stdout] test medium::mempool::tests::test_mempool ... ok
[INFO] [stdout] test meta::tests::test_default ... ok
[INFO] [stdout] test bptree::slotted::tests::test_split_insert_set ... ok
[INFO] [stdout] test freelist::tests::test_set_bit ... ok
[INFO] [stdout] test freelist::tests::test_take_mult ... ok
[INFO] [stdout] test bptree::slotted::tests::test_remove_panic - should panic ... ok
[INFO] [stdout] test bptree::slotted::tests::test_set_panic - should panic ... ok
[INFO] [stdout] test bptree::slotted::tests::test_split_empty - should panic ... ok
[INFO] [stdout] test bptree::slotted::tests::test_insert_panic - should panic ... ok
[INFO] [stdout] test bptree::slotted::tests::test_split_empty_new - should panic ... ok
[INFO] [stdout] 
[INFO] [stdout] test result: ok. 28 passed; 0 failed; 0 ignored; 0 measured; 0 filtered out; finished in 0.03s
[INFO] [stdout] 
[INFO] [stderr]      Running tests/thetadb_apis.rs (/opt/rustwide/target/debug/deps/thetadb_apis-89618f12dd7a4b58)
[INFO] [stdout] 
[INFO] [stdout] running 4 tests
[INFO] [stdout] test test_cursor ... FAILED
[INFO] [stdout] test test_crud ... FAILED
[INFO] [stdout] test test_put_large_key_value ... FAILED
[INFO] [stdout] test test_open_invalid_file ... FAILED
[INFO] [stdout] 
[INFO] [stdout] failures:
[INFO] [stdout] 
[INFO] [stdout] ---- test_cursor stdout ----
[INFO] [stdout] Error: Error { code: IO, source: IO(Os { code: 30, kind: ReadOnlyFilesystem, message: "Read-only file system" }) }
[INFO] [stdout] 
[INFO] [stdout] ---- test_crud stdout ----
[INFO] [stdout] Error: Error { code: IO, source: IO(Os { code: 30, kind: ReadOnlyFilesystem, message: "Read-only file system" }) }
[INFO] [stdout] 
[INFO] [stdout] ---- test_put_large_key_value stdout ----
[INFO] [stdout] Error: Error { code: IO, source: IO(Os { code: 30, kind: ReadOnlyFilesystem, message: "Read-only file system" }) }
[INFO] [stdout] 
[INFO] [stdout] ---- test_open_invalid_file stdout ----
[INFO] [stdout] thread 'test_open_invalid_file' panicked at tests/thetadb_apis.rs:122:10:
[INFO] [stdout] called `Result::unwrap()` on an `Err` value: Os { code: 2, kind: NotFound, message: "No such file or directory" }
[INFO] [stdout] stack backtrace:
[INFO] [stdout]    0:     0x64dd83e49a1a - std::backtrace_rs::backtrace::libunwind::trace::h5a5b8284f2d0c266
[INFO] [stdout]                                at /rustc/90b35a6239c3d8bdabc530a6a0816f7ff89a0aaf/library/std/src/../../backtrace/src/backtrace/libunwind.rs:116:5
[INFO] [stdout]    1:     0x64dd83e49a1a - std::backtrace_rs::backtrace::trace_unsynchronized::h76d4f1c9b0b875e3
[INFO] [stdout]                                at /rustc/90b35a6239c3d8bdabc530a6a0816f7ff89a0aaf/library/std/src/../../backtrace/src/backtrace/mod.rs:66:5
[INFO] [stdout]    2:     0x64dd83e49a1a - std::sys::backtrace::_print_fmt::hc4546b8364a537c6
[INFO] [stdout]                                at /rustc/90b35a6239c3d8bdabc530a6a0816f7ff89a0aaf/library/std/src/sys/backtrace.rs:66:9
[INFO] [stdout]    3:     0x64dd83e49a1a - <std::sys::backtrace::BacktraceLock::print::DisplayBacktrace as core::fmt::Display>::fmt::h5b6bd5631a6d1f6b
[INFO] [stdout]                                at /rustc/90b35a6239c3d8bdabc530a6a0816f7ff89a0aaf/library/std/src/sys/backtrace.rs:39:26
[INFO] [stdout]    4:     0x64dd83e6f3e3 - core::fmt::rt::Argument::fmt::h270f6602a2b96f62
[INFO] [stdout]                                at /rustc/90b35a6239c3d8bdabc530a6a0816f7ff89a0aaf/library/core/src/fmt/rt.rs:177:76
[INFO] [stdout]    5:     0x64dd83e6f3e3 - core::fmt::write::h7550c97b06c86515
[INFO] [stdout]                                at /rustc/90b35a6239c3d8bdabc530a6a0816f7ff89a0aaf/library/core/src/fmt/mod.rs:1186:21
[INFO] [stdout]    6:     0x64dd83e46b63 - std::io::Write::write_fmt::h509ff860e5956e5e
[INFO] [stdout]                                at /rustc/90b35a6239c3d8bdabc530a6a0816f7ff89a0aaf/library/std/src/io/mod.rs:1839:15
[INFO] [stdout]    7:     0x64dd83e49862 - std::sys::backtrace::BacktraceLock::print::h2395ccd2c84ba3aa
[INFO] [stdout]                                at /rustc/90b35a6239c3d8bdabc530a6a0816f7ff89a0aaf/library/std/src/sys/backtrace.rs:42:9
[INFO] [stdout]    8:     0x64dd83e4ae7a - std::panicking::default_hook::{{closure}}::he19d4c7230e07961
[INFO] [stdout]                                at /rustc/90b35a6239c3d8bdabc530a6a0816f7ff89a0aaf/library/std/src/panicking.rs:268:22
[INFO] [stdout]    9:     0x64dd83e4ac84 - std::panicking::default_hook::hf614597d3c67bbdb
[INFO] [stdout]                                at /rustc/90b35a6239c3d8bdabc530a6a0816f7ff89a0aaf/library/std/src/panicking.rs:292:9
[INFO] [stdout]   10:     0x64dd83dbc319 - <alloc::boxed::Box<F,A> as core::ops::function::Fn<Args>>::call::h39b51ce4599c23d1
[INFO] [stdout]                                at /rustc/90b35a6239c3d8bdabc530a6a0816f7ff89a0aaf/library/alloc/src/boxed.rs:2468:9
[INFO] [stdout]   11:     0x64dd83dbc319 - test::test_main::{{closure}}::he977ae839a582784
[INFO] [stdout]                                at /rustc/90b35a6239c3d8bdabc530a6a0816f7ff89a0aaf/library/test/src/lib.rs:133:21
[INFO] [stdout]   12:     0x64dd83e4b518 - <alloc::boxed::Box<F,A> as core::ops::function::Fn<Args>>::call::h9455091b6b06f9fb
[INFO] [stdout]                                at /rustc/90b35a6239c3d8bdabc530a6a0816f7ff89a0aaf/library/alloc/src/boxed.rs:2468:9
[INFO] [stdout]   13:     0x64dd83e4b518 - std::panicking::rust_panic_with_hook::h8942133a8b252070
[INFO] [stdout]                                at /rustc/90b35a6239c3d8bdabc530a6a0816f7ff89a0aaf/library/std/src/panicking.rs:809:13
[INFO] [stdout]   14:     0x64dd83e4b2da - std::panicking::begin_panic_handler::{{closure}}::hb5f5963570096b29
[INFO] [stdout]                                at /rustc/90b35a6239c3d8bdabc530a6a0816f7ff89a0aaf/library/std/src/panicking.rs:674:13
[INFO] [stdout]   15:     0x64dd83e49ef9 - std::sys::backtrace::__rust_end_short_backtrace::h6208cedc1922feda
[INFO] [stdout]                                at /rustc/90b35a6239c3d8bdabc530a6a0816f7ff89a0aaf/library/std/src/sys/backtrace.rs:170:18
[INFO] [stdout]   16:     0x64dd83e4af6c - rust_begin_unwind
[INFO] [stdout]                                at /rustc/90b35a6239c3d8bdabc530a6a0816f7ff89a0aaf/library/std/src/panicking.rs:665:5
[INFO] [stdout]   17:     0x64dd83d4a130 - core::panicking::panic_fmt::h0c3082644d1bf418
[INFO] [stdout]                                at /rustc/90b35a6239c3d8bdabc530a6a0816f7ff89a0aaf/library/core/src/panicking.rs:74:14
[INFO] [stdout]   18:     0x64dd83d4a576 - core::result::unwrap_failed::hd20b4aa073bda1e2
[INFO] [stdout]                                at /rustc/90b35a6239c3d8bdabc530a6a0816f7ff89a0aaf/library/core/src/result.rs:1700:5
[INFO] [stdout]   19:     0x64dd83d8055e - core::result::Result<T,E>::unwrap::h0df08e8708ba8a40
[INFO] [stdout]                                at /rustc/90b35a6239c3d8bdabc530a6a0816f7ff89a0aaf/library/core/src/result.rs:1104:23
[INFO] [stdout]   20:     0x64dd83d8055e - thetadb_apis::test_open_invalid_file::h1bd07a7a326b9cbe
[INFO] [stdout]                                at /opt/rustwide/workdir/tests/thetadb_apis.rs:118:20
[INFO] [stdout]   21:     0x64dd83d80417 - thetadb_apis::test_open_invalid_file::{{closure}}::hb3a261065d9e99e6
[INFO] [stdout]                                at /opt/rustwide/workdir/tests/thetadb_apis.rs:116:28
[INFO] [stdout]   22:     0x64dd83d56a16 - core::ops::function::FnOnce::call_once::ha6d4f1f361f66cdc
[INFO] [stdout]                                at /rustc/90b35a6239c3d8bdabc530a6a0816f7ff89a0aaf/library/core/src/ops/function.rs:250:5
[INFO] [stdout]   23:     0x64dd83dc0cdb - core::ops::function::FnOnce::call_once::h109cf8051a59b34e
[INFO] [stdout]                                at /rustc/90b35a6239c3d8bdabc530a6a0816f7ff89a0aaf/library/core/src/ops/function.rs:250:5
[INFO] [stdout]   24:     0x64dd83dc0cdb - test::__rust_begin_short_backtrace::hf4fff89d377446ba
[INFO] [stdout]                                at /rustc/90b35a6239c3d8bdabc530a6a0816f7ff89a0aaf/library/test/src/lib.rs:621:18
[INFO] [stdout]   25:     0x64dd83dc0517 - test::run_test_in_process::{{closure}}::h0e39181dd7ee5a43
[INFO] [stdout]                                at /rustc/90b35a6239c3d8bdabc530a6a0816f7ff89a0aaf/library/test/src/lib.rs:644:60
[INFO] [stdout]   26:     0x64dd83dc0517 - <core::panic::unwind_safe::AssertUnwindSafe<F> as core::ops::function::FnOnce<()>>::call_once::hc5a66a30f0bdfd1f
[INFO] [stdout]                                at /rustc/90b35a6239c3d8bdabc530a6a0816f7ff89a0aaf/library/core/src/panic/unwind_safe.rs:272:9
[INFO] [stdout]   27:     0x64dd83dc0517 - std::panicking::try::do_call::h873b7cf639554a5e
[INFO] [stdout]                                at /rustc/90b35a6239c3d8bdabc530a6a0816f7ff89a0aaf/library/std/src/panicking.rs:557:40
[INFO] [stdout]   28:     0x64dd83dc0517 - std::panicking::try::hdb19862fad9c8bd1
[INFO] [stdout]                                at /rustc/90b35a6239c3d8bdabc530a6a0816f7ff89a0aaf/library/std/src/panicking.rs:520:19
[INFO] [stdout]   29:     0x64dd83dc0517 - std::panic::catch_unwind::h281fe732d236d260
[INFO] [stdout]                                at /rustc/90b35a6239c3d8bdabc530a6a0816f7ff89a0aaf/library/std/src/panic.rs:358:14
[INFO] [stdout]   30:     0x64dd83dc0517 - test::run_test_in_process::h949b6df8457ed338
[INFO] [stdout]                                at /rustc/90b35a6239c3d8bdabc530a6a0816f7ff89a0aaf/library/test/src/lib.rs:644:27
[INFO] [stdout]   31:     0x64dd83dc0517 - test::run_test::{{closure}}::h52c556a6d4740e10
[INFO] [stdout]                                at /rustc/90b35a6239c3d8bdabc530a6a0816f7ff89a0aaf/library/test/src/lib.rs:565:43
[INFO] [stdout]   32:     0x64dd83d857f4 - test::run_test::{{closure}}::h4237f6381c45ccb9
[INFO] [stdout]                                at /rustc/90b35a6239c3d8bdabc530a6a0816f7ff89a0aaf/library/test/src/lib.rs:595:41
[INFO] [stdout]   33:     0x64dd83d857f4 - std::sys::backtrace::__rust_begin_short_backtrace::h505c97a579eca628
[INFO] [stdout]                                at /rustc/90b35a6239c3d8bdabc530a6a0816f7ff89a0aaf/library/std/src/sys/backtrace.rs:154:18
[INFO] [stdout]   34:     0x64dd83d88ebe - std::thread::Builder::spawn_unchecked_::{{closure}}::{{closure}}::h9e86b2e2bc107ea3
[INFO] [stdout]                                at /rustc/90b35a6239c3d8bdabc530a6a0816f7ff89a0aaf/library/std/src/thread/mod.rs:538:17
[INFO] [stdout]   35:     0x64dd83d88ebe - <core::panic::unwind_safe::AssertUnwindSafe<F> as core::ops::function::FnOnce<()>>::call_once::h8b06ddb275ff4a25
[INFO] [stdout]                                at /rustc/90b35a6239c3d8bdabc530a6a0816f7ff89a0aaf/library/core/src/panic/unwind_safe.rs:272:9
[INFO] [stdout]   36:     0x64dd83d88ebe - std::panicking::try::do_call::hb26ecd7cd9a9355d
[INFO] [stdout]                                at /rustc/90b35a6239c3d8bdabc530a6a0816f7ff89a0aaf/library/std/src/panicking.rs:557:40
[INFO] [stdout]   37:     0x64dd83d88ebe - std::panicking::try::h8ddeca9d705f9069
[INFO] [stdout]                                at /rustc/90b35a6239c3d8bdabc530a6a0816f7ff89a0aaf/library/std/src/panicking.rs:520:19
[INFO] [stdout]   38:     0x64dd83d88ebe - std::panic::catch_unwind::h49e1c33078844c46
[INFO] [stdout]                                at /rustc/90b35a6239c3d8bdabc530a6a0816f7ff89a0aaf/library/std/src/panic.rs:358:14
[INFO] [stdout]   39:     0x64dd83d88ebe - std::thread::Builder::spawn_unchecked_::{{closure}}::h6073db6ff56ad35d
[INFO] [stdout]                                at /rustc/90b35a6239c3d8bdabc530a6a0816f7ff89a0aaf/library/std/src/thread/mod.rs:537:30
[INFO] [stdout]   40:     0x64dd83d88ebe - core::ops::function::FnOnce::call_once{{vtable.shim}}::h2c5a5f3779c774f1
[INFO] [stdout]                                at /rustc/90b35a6239c3d8bdabc530a6a0816f7ff89a0aaf/library/core/src/ops/function.rs:250:5
[INFO] [stdout]   41:     0x64dd83e4f38b - <alloc::boxed::Box<F,A> as core::ops::function::FnOnce<Args>>::call_once::hf75717d9f28faebf
[INFO] [stdout]                                at /rustc/90b35a6239c3d8bdabc530a6a0816f7ff89a0aaf/library/alloc/src/boxed.rs:2454:9
[INFO] [stdout]   42:     0x64dd83e4f38b - <alloc::boxed::Box<F,A> as core::ops::function::FnOnce<Args>>::call_once::h7bd883a5f3c5f3c1
[INFO] [stdout]                                at /rustc/90b35a6239c3d8bdabc530a6a0816f7ff89a0aaf/library/alloc/src/boxed.rs:2454:9
[INFO] [stdout]   43:     0x64dd83e4f38b - std::sys::pal::unix::thread::Thread::new::thread_start::hcc78f3943333fa94
[INFO] [stdout]                                at /rustc/90b35a6239c3d8bdabc530a6a0816f7ff89a0aaf/library/std/src/sys/pal/unix/thread.rs:105:17
[INFO] [stdout]   44:     0x7f410a038ac3 - <unknown>
[INFO] [stdout]   45:     0x7f410a0c9a04 - clone
[INFO] [stdout]   46:                0x0 - <unknown>
[INFO] [stdout] 
[INFO] [stdout] 
[INFO] [stdout] failures:
[INFO] [stdout]     test_crud
[INFO] [stdout]     test_cursor
[INFO] [stdout]     test_open_invalid_file
[INFO] [stdout]     test_put_large_key_value
[INFO] [stderr] error: test failed, to rerun pass `--test thetadb_apis`
[INFO] [stdout] 
[INFO] [stdout] test result: FAILED. 0 passed; 4 failed; 0 ignored; 0 measured; 0 filtered out; finished in 0.03s
[INFO] [stdout] 
[INFO] running `Command { std: "docker" "inspect" "fafffd46a50e13ee4ff2563b5f69ade022effde2b261bf17c31f2787aa9d6612", kill_on_drop: false }`
[INFO] running `Command { std: "docker" "rm" "-f" "fafffd46a50e13ee4ff2563b5f69ade022effde2b261bf17c31f2787aa9d6612", kill_on_drop: false }`
[INFO] [stdout] fafffd46a50e13ee4ff2563b5f69ade022effde2b261bf17c31f2787aa9d6612
