[INFO] fetching crate thesaurus 0.5.2...
[INFO] testing thesaurus-0.5.2 against 1.83.0 for beta-1.84.0-4-retry
[INFO] extracting crate thesaurus 0.5.2 into /workspace/builds/worker-0-tc1/source
[INFO] validating manifest of crates.io crate thesaurus 0.5.2 on toolchain 1.83.0
[INFO] running `Command { std: CARGO_HOME="/workspace/cargo-home" RUSTUP_HOME="/workspace/rustup-home" "/workspace/cargo-home/bin/cargo" "+1.83.0" "metadata" "--manifest-path" "Cargo.toml" "--no-deps", kill_on_drop: false }`
[INFO] started tweaking crates.io crate thesaurus 0.5.2
[INFO] finished tweaking crates.io crate thesaurus 0.5.2
[INFO] tweaked toml for crates.io crate thesaurus 0.5.2 written to /workspace/builds/worker-0-tc1/source/Cargo.toml
[INFO] crate crates.io crate thesaurus 0.5.2 already has a lockfile, it will not be regenerated
[INFO] running `Command { std: CARGO_HOME="/workspace/cargo-home" RUSTUP_HOME="/workspace/rustup-home" "/workspace/cargo-home/bin/cargo" "+1.83.0" "fetch" "--manifest-path" "Cargo.toml", kill_on_drop: false }`
[INFO] [stderr]     Updating crates.io index
[INFO] [stderr]  Downloading crates ...
[INFO] [stderr]   Downloaded thesaurus-wordnet v0.2.0
[INFO] [stderr]   Downloaded thesaurus-moby v0.2.0
[INFO] running `Command { std: "docker" "create" "-v" "/var/lib/crater-agent-workspace/builds/worker-0-tc1/target:/opt/rustwide/target:rw,Z" "-v" "/var/lib/crater-agent-workspace/builds/worker-0-tc1/source:/opt/rustwide/workdir:ro,Z" "-v" "/var/lib/crater-agent-workspace/cargo-home:/opt/rustwide/cargo-home:ro,Z" "-v" "/var/lib/crater-agent-workspace/rustup-home:/opt/rustwide/rustup-home:ro,Z" "-e" "SOURCE_DIR=/opt/rustwide/workdir" "-e" "CARGO_TARGET_DIR=/opt/rustwide/target" "-e" "CARGO_HOME=/opt/rustwide/cargo-home" "-e" "RUSTUP_HOME=/opt/rustwide/rustup-home" "-w" "/opt/rustwide/workdir" "-m" "1610612736" "--user" "0:0" "--network" "none" "ghcr.io/rust-lang/crates-build-env/linux@sha256:f3a9d4ad9d972b27faf3965f35b62e55ba32bbce8f20bc8fe909558a86702fde" "/opt/rustwide/cargo-home/bin/cargo" "+1.83.0" "metadata" "--no-deps" "--format-version=1", kill_on_drop: false }`
[INFO] [stdout] 09c9e8c6b6e24ee0a27d381d87785efcb72c20ba1bd33cb794a60e558d1de77f
[INFO] running `Command { std: "docker" "start" "-a" "09c9e8c6b6e24ee0a27d381d87785efcb72c20ba1bd33cb794a60e558d1de77f", kill_on_drop: false }`
[INFO] running `Command { std: "docker" "inspect" "09c9e8c6b6e24ee0a27d381d87785efcb72c20ba1bd33cb794a60e558d1de77f", kill_on_drop: false }`
[INFO] running `Command { std: "docker" "rm" "-f" "09c9e8c6b6e24ee0a27d381d87785efcb72c20ba1bd33cb794a60e558d1de77f", kill_on_drop: false }`
[INFO] [stdout] 09c9e8c6b6e24ee0a27d381d87785efcb72c20ba1bd33cb794a60e558d1de77f
[INFO] running `Command { std: "docker" "create" "-v" "/var/lib/crater-agent-workspace/builds/worker-0-tc1/target:/opt/rustwide/target:rw,Z" "-v" "/var/lib/crater-agent-workspace/builds/worker-0-tc1/source:/opt/rustwide/workdir:ro,Z" "-v" "/var/lib/crater-agent-workspace/cargo-home:/opt/rustwide/cargo-home:ro,Z" "-v" "/var/lib/crater-agent-workspace/rustup-home:/opt/rustwide/rustup-home:ro,Z" "-e" "SOURCE_DIR=/opt/rustwide/workdir" "-e" "CARGO_TARGET_DIR=/opt/rustwide/target" "-e" "CARGO_INCREMENTAL=0" "-e" "RUST_BACKTRACE=full" "-e" "RUSTFLAGS=--cap-lints=warn" "-e" "RUSTDOCFLAGS=--cap-lints=warn" "-e" "CARGO_HOME=/opt/rustwide/cargo-home" "-e" "RUSTUP_HOME=/opt/rustwide/rustup-home" "-w" "/opt/rustwide/workdir" "-m" "1610612736" "--user" "0:0" "--network" "none" "ghcr.io/rust-lang/crates-build-env/linux@sha256:f3a9d4ad9d972b27faf3965f35b62e55ba32bbce8f20bc8fe909558a86702fde" "/opt/rustwide/cargo-home/bin/cargo" "+1.83.0" "build" "--frozen" "--message-format=json", kill_on_drop: false }`
[INFO] [stdout] 6fa9645e77ed5f4b6d80360751fe7f020c299bcd5ad12cb87b8e41ed0d00993f
[INFO] running `Command { std: "docker" "start" "-a" "6fa9645e77ed5f4b6d80360751fe7f020c299bcd5ad12cb87b8e41ed0d00993f", kill_on_drop: false }`
[INFO] [stderr]    Compiling crc32fast v1.3.2
[INFO] [stderr]    Compiling serde v1.0.143
[INFO] [stderr]    Compiling cfg-if v1.0.0
[INFO] [stderr]    Compiling serde_json v1.0.83
[INFO] [stderr]    Compiling rle-decode-fast v1.0.3
[INFO] [stderr]    Compiling ryu v1.0.11
[INFO] [stderr]    Compiling adler32 v1.2.0
[INFO] [stderr]    Compiling itoa v1.0.3
[INFO] [stderr]    Compiling lazy_static v1.4.0
[INFO] [stderr]    Compiling libflate_lz77 v1.1.0
[INFO] [stderr]    Compiling libflate v1.2.0
[INFO] [stderr]    Compiling thesaurus-wordnet v0.2.0
[INFO] [stderr]    Compiling thesaurus v0.5.2 (/opt/rustwide/workdir)
[INFO] [stderr]     Finished `dev` profile [unoptimized + debuginfo] target(s) in 13.25s
[INFO] running `Command { std: "docker" "inspect" "6fa9645e77ed5f4b6d80360751fe7f020c299bcd5ad12cb87b8e41ed0d00993f", kill_on_drop: false }`
[INFO] running `Command { std: "docker" "rm" "-f" "6fa9645e77ed5f4b6d80360751fe7f020c299bcd5ad12cb87b8e41ed0d00993f", kill_on_drop: false }`
[INFO] [stdout] 6fa9645e77ed5f4b6d80360751fe7f020c299bcd5ad12cb87b8e41ed0d00993f
[INFO] running `Command { std: "docker" "create" "-v" "/var/lib/crater-agent-workspace/builds/worker-0-tc1/target:/opt/rustwide/target:rw,Z" "-v" "/var/lib/crater-agent-workspace/builds/worker-0-tc1/source:/opt/rustwide/workdir:ro,Z" "-v" "/var/lib/crater-agent-workspace/cargo-home:/opt/rustwide/cargo-home:ro,Z" "-v" "/var/lib/crater-agent-workspace/rustup-home:/opt/rustwide/rustup-home:ro,Z" "-e" "SOURCE_DIR=/opt/rustwide/workdir" "-e" "CARGO_TARGET_DIR=/opt/rustwide/target" "-e" "CARGO_INCREMENTAL=0" "-e" "RUST_BACKTRACE=full" "-e" "RUSTFLAGS=--cap-lints=warn" "-e" "RUSTDOCFLAGS=--cap-lints=warn" "-e" "CARGO_HOME=/opt/rustwide/cargo-home" "-e" "RUSTUP_HOME=/opt/rustwide/rustup-home" "-w" "/opt/rustwide/workdir" "-m" "1610612736" "--user" "0:0" "--network" "none" "ghcr.io/rust-lang/crates-build-env/linux@sha256:f3a9d4ad9d972b27faf3965f35b62e55ba32bbce8f20bc8fe909558a86702fde" "/opt/rustwide/cargo-home/bin/cargo" "+1.83.0" "test" "--frozen" "--no-run" "--message-format=json", kill_on_drop: false }`
[INFO] [stdout] b6ef607c3cca872e8dbf84579e964969369ec8a9f0b28ad50acd91b26a06d73f
[INFO] running `Command { std: "docker" "start" "-a" "b6ef607c3cca872e8dbf84579e964969369ec8a9f0b28ad50acd91b26a06d73f", kill_on_drop: false }`
[INFO] [stderr]    Compiling thesaurus v0.5.2 (/opt/rustwide/workdir)
[INFO] [stderr]     Finished `test` profile [unoptimized + debuginfo] target(s) in 0.56s
[INFO] running `Command { std: "docker" "inspect" "b6ef607c3cca872e8dbf84579e964969369ec8a9f0b28ad50acd91b26a06d73f", kill_on_drop: false }`
[INFO] running `Command { std: "docker" "rm" "-f" "b6ef607c3cca872e8dbf84579e964969369ec8a9f0b28ad50acd91b26a06d73f", kill_on_drop: false }`
[INFO] [stdout] b6ef607c3cca872e8dbf84579e964969369ec8a9f0b28ad50acd91b26a06d73f
[INFO] running `Command { std: "docker" "create" "-v" "/var/lib/crater-agent-workspace/builds/worker-0-tc1/target:/opt/rustwide/target:rw,Z" "-v" "/var/lib/crater-agent-workspace/builds/worker-0-tc1/source:/opt/rustwide/workdir:ro,Z" "-v" "/var/lib/crater-agent-workspace/cargo-home:/opt/rustwide/cargo-home:ro,Z" "-v" "/var/lib/crater-agent-workspace/rustup-home:/opt/rustwide/rustup-home:ro,Z" "-e" "SOURCE_DIR=/opt/rustwide/workdir" "-e" "CARGO_TARGET_DIR=/opt/rustwide/target" "-e" "CARGO_INCREMENTAL=0" "-e" "RUST_BACKTRACE=full" "-e" "RUSTFLAGS=--cap-lints=warn" "-e" "RUSTDOCFLAGS=--cap-lints=warn" "-e" "CARGO_HOME=/opt/rustwide/cargo-home" "-e" "RUSTUP_HOME=/opt/rustwide/rustup-home" "-w" "/opt/rustwide/workdir" "-m" "1610612736" "--user" "0:0" "--network" "none" "ghcr.io/rust-lang/crates-build-env/linux@sha256:f3a9d4ad9d972b27faf3965f35b62e55ba32bbce8f20bc8fe909558a86702fde" "/opt/rustwide/cargo-home/bin/cargo" "+1.83.0" "test" "--frozen", kill_on_drop: false }`
[INFO] [stdout] 216fcd74e2a81b8b7bd123df1ce8b451f150454b6298473e7c7b462451cdcc1d
[INFO] running `Command { std: "docker" "start" "-a" "216fcd74e2a81b8b7bd123df1ce8b451f150454b6298473e7c7b462451cdcc1d", kill_on_drop: false }`
[INFO] [stderr]     Finished `test` profile [unoptimized + debuginfo] target(s) in 0.03s
[INFO] [stderr]      Running unittests src/lib.rs (/opt/rustwide/target/debug/deps/thesaurus-f00d4318f2b8fb03)
[INFO] [stdout] 
[INFO] [stdout] running 0 tests
[INFO] [stdout] 
[INFO] [stderr]    Doc-tests thesaurus
[INFO] [stdout] test result: ok. 0 passed; 0 failed; 0 ignored; 0 measured; 0 filtered out; finished in 0.00s
[INFO] [stdout] 
[INFO] [stdout] 
[INFO] [stdout] running 4 tests
[INFO] [stdout] test src/../README.md - (line 90) ... FAILED
[INFO] [stdout] test src/../README.md - (line 68) ... FAILED
[INFO] [stdout] test src/../README.md - (line 115) ... FAILED
[INFO] [stdout] test src/../README.md - (line 28) ... FAILED
[INFO] [stderr] error: doctest failed, to rerun pass `--doc`
[INFO] [stdout] 
[INFO] [stdout] failures:
[INFO] [stdout] 
[INFO] [stdout] ---- src/../README.md - (line 90) stdout ----
[INFO] [stdout] error: expected one of `!`, `.`, `::`, `;`, `?`, `{`, `}`, or an operator, found `has`
[INFO] [stdout]  --> src/../README.md:91:6
[INFO] [stdout]   |
[INFO] [stdout] 3 | moby has 30195 words indexed, and 666 synonyms for "good"...
[INFO] [stdout]   |      ^^^ expected one of 8 possible tokens
[INFO] [stdout] 
[INFO] [stdout] error: aborting due to 1 previous error
[INFO] [stdout] 
[INFO] [stdout] Couldn't compile the test.
[INFO] [stdout] ---- src/../README.md - (line 68) stdout ----
[INFO] [stdout] error: expected one of `!`, `.`, `::`, `;`, `?`, `{`, `}`, or an operator, found `has`
[INFO] [stdout]  --> src/../README.md:69:9
[INFO] [stdout]   |
[INFO] [stdout] 3 | wordnet has 125701 words indexed, and 107 synonyms for "good"...
[INFO] [stdout]   |         ^^^ expected one of 8 possible tokens
[INFO] [stdout] 
[INFO] [stdout] error: aborting due to 1 previous error
[INFO] [stdout] 
[INFO] [stdout] Couldn't compile the test.
[INFO] [stdout] ---- src/../README.md - (line 115) stdout ----
[INFO] [stdout] error: expected one of `!`, `.`, `::`, `;`, `?`, `{`, `}`, or an operator, found `wordnet`
[INFO] [stdout]  --> src/../README.md:116:6
[INFO] [stdout]   |
[INFO] [stdout] 3 | both wordnet and moby have 132592 words indexed, and 773 synonyms for "good"...
[INFO] [stdout]   |      ^^^^^^^ expected one of 8 possible tokens
[INFO] [stdout] 
[INFO] [stdout] error: aborting due to 1 previous error
[INFO] [stdout] 
[INFO] [stdout] Couldn't compile the test.
[INFO] [stdout] ---- src/../README.md - (line 28) stdout ----
[INFO] [stdout] Test executable failed (exit status: 1).
[INFO] [stdout] 
[INFO] [stdout] stderr:
[INFO] [stdout] Must include a word as an argument
[INFO] [stdout] 
[INFO] [stdout] 
[INFO] [stdout] 
[INFO] [stdout] failures:
[INFO] [stdout]     src/../README.md - (line 115)
[INFO] [stdout]     src/../README.md - (line 28)
[INFO] [stdout]     src/../README.md - (line 68)
[INFO] [stdout]     src/../README.md - (line 90)
[INFO] [stdout] 
[INFO] [stdout] test result: FAILED. 0 passed; 4 failed; 0 ignored; 0 measured; 0 filtered out; finished in 0.50s
[INFO] [stdout] 
[INFO] running `Command { std: "docker" "inspect" "216fcd74e2a81b8b7bd123df1ce8b451f150454b6298473e7c7b462451cdcc1d", kill_on_drop: false }`
[INFO] running `Command { std: "docker" "rm" "-f" "216fcd74e2a81b8b7bd123df1ce8b451f150454b6298473e7c7b462451cdcc1d", kill_on_drop: false }`
[INFO] [stdout] 216fcd74e2a81b8b7bd123df1ce8b451f150454b6298473e7c7b462451cdcc1d
