[INFO] fetching crate thebakery 0.1.49...
[INFO] testing thebakery-0.1.49 against 1.83.0 for beta-1.84.0-4-retry
[INFO] extracting crate thebakery 0.1.49 into /workspace/builds/worker-3-tc1/source
[INFO] validating manifest of crates.io crate thebakery 0.1.49 on toolchain 1.83.0
[INFO] running `Command { std: CARGO_HOME="/workspace/cargo-home" RUSTUP_HOME="/workspace/rustup-home" "/workspace/cargo-home/bin/cargo" "+1.83.0" "metadata" "--manifest-path" "Cargo.toml" "--no-deps", kill_on_drop: false }`
[INFO] started tweaking crates.io crate thebakery 0.1.49
[INFO] finished tweaking crates.io crate thebakery 0.1.49
[INFO] tweaked toml for crates.io crate thebakery 0.1.49 written to /workspace/builds/worker-3-tc1/source/Cargo.toml
[INFO] crate crates.io crate thebakery 0.1.49 already has a lockfile, it will not be regenerated
[INFO] running `Command { std: CARGO_HOME="/workspace/cargo-home" RUSTUP_HOME="/workspace/rustup-home" "/workspace/cargo-home/bin/cargo" "+1.83.0" "fetch" "--manifest-path" "Cargo.toml", kill_on_drop: false }`
[INFO] [stderr] warning: only one of `license` or `license-file` is necessary
[INFO] [stderr] `license` should be used if the package license can be expressed with a standard SPDX expression.
[INFO] [stderr] `license-file` should be used if the package uses a non-standard license.
[INFO] [stderr] See https://doc.rust-lang.org/cargo/reference/manifest.html#the-license-and-license-file-fields for more information.
[INFO] [stderr]  Downloading crates ...
[INFO] [stderr]   Downloaded regexp v0.3.2
[INFO] running `Command { std: "docker" "create" "-v" "/var/lib/crater-agent-workspace/builds/worker-3-tc1/target:/opt/rustwide/target:rw,Z" "-v" "/var/lib/crater-agent-workspace/builds/worker-3-tc1/source:/opt/rustwide/workdir:ro,Z" "-v" "/var/lib/crater-agent-workspace/cargo-home:/opt/rustwide/cargo-home:ro,Z" "-v" "/var/lib/crater-agent-workspace/rustup-home:/opt/rustwide/rustup-home:ro,Z" "-e" "SOURCE_DIR=/opt/rustwide/workdir" "-e" "CARGO_TARGET_DIR=/opt/rustwide/target" "-e" "CARGO_HOME=/opt/rustwide/cargo-home" "-e" "RUSTUP_HOME=/opt/rustwide/rustup-home" "-w" "/opt/rustwide/workdir" "-m" "1610612736" "--user" "0:0" "--network" "none" "ghcr.io/rust-lang/crates-build-env/linux@sha256:f3a9d4ad9d972b27faf3965f35b62e55ba32bbce8f20bc8fe909558a86702fde" "/opt/rustwide/cargo-home/bin/cargo" "+1.83.0" "metadata" "--no-deps" "--format-version=1", kill_on_drop: false }`
[INFO] [stdout] af5968cb559dd570ada5a239d812e5faf6f549aca71b68eda4ffa7d73d83f2ab
[INFO] running `Command { std: "docker" "start" "-a" "af5968cb559dd570ada5a239d812e5faf6f549aca71b68eda4ffa7d73d83f2ab", kill_on_drop: false }`
[INFO] running `Command { std: "docker" "inspect" "af5968cb559dd570ada5a239d812e5faf6f549aca71b68eda4ffa7d73d83f2ab", kill_on_drop: false }`
[INFO] running `Command { std: "docker" "rm" "-f" "af5968cb559dd570ada5a239d812e5faf6f549aca71b68eda4ffa7d73d83f2ab", kill_on_drop: false }`
[INFO] [stdout] af5968cb559dd570ada5a239d812e5faf6f549aca71b68eda4ffa7d73d83f2ab
[INFO] running `Command { std: "docker" "create" "-v" "/var/lib/crater-agent-workspace/builds/worker-3-tc1/target:/opt/rustwide/target:rw,Z" "-v" "/var/lib/crater-agent-workspace/builds/worker-3-tc1/source:/opt/rustwide/workdir:ro,Z" "-v" "/var/lib/crater-agent-workspace/cargo-home:/opt/rustwide/cargo-home:ro,Z" "-v" "/var/lib/crater-agent-workspace/rustup-home:/opt/rustwide/rustup-home:ro,Z" "-e" "SOURCE_DIR=/opt/rustwide/workdir" "-e" "CARGO_TARGET_DIR=/opt/rustwide/target" "-e" "CARGO_INCREMENTAL=0" "-e" "RUST_BACKTRACE=full" "-e" "RUSTFLAGS=--cap-lints=warn" "-e" "RUSTDOCFLAGS=--cap-lints=warn" "-e" "CARGO_HOME=/opt/rustwide/cargo-home" "-e" "RUSTUP_HOME=/opt/rustwide/rustup-home" "-w" "/opt/rustwide/workdir" "-m" "1610612736" "--user" "0:0" "--network" "none" "ghcr.io/rust-lang/crates-build-env/linux@sha256:f3a9d4ad9d972b27faf3965f35b62e55ba32bbce8f20bc8fe909558a86702fde" "/opt/rustwide/cargo-home/bin/cargo" "+1.83.0" "build" "--frozen" "--message-format=json", kill_on_drop: false }`
[INFO] [stdout] 826adaa159ccbe9e22c5a3b79d1fe1e7c7d077f95e258c630884799bd36e06d2
[INFO] running `Command { std: "docker" "start" "-a" "826adaa159ccbe9e22c5a3b79d1fe1e7c7d077f95e258c630884799bd36e06d2", kill_on_drop: false }`
[INFO] [stderr] warning: only one of `license` or `license-file` is necessary
[INFO] [stderr] `license` should be used if the package license can be expressed with a standard SPDX expression.
[INFO] [stderr] `license-file` should be used if the package uses a non-standard license.
[INFO] [stderr] See https://doc.rust-lang.org/cargo/reference/manifest.html#the-license-and-license-file-fields for more information.
[INFO] [stderr]    Compiling libc v0.2.148
[INFO] [stderr]    Compiling cfg-if v1.0.0
[INFO] [stderr]    Compiling typenum v1.17.0
[INFO] [stderr]    Compiling version_check v0.9.4
[INFO] [stderr]    Compiling pkg-config v0.3.27
[INFO] [stderr]    Compiling proc-macro2 v1.0.66
[INFO] [stderr]    Compiling unicode-ident v1.0.11
[INFO] [stderr]    Compiling autocfg v1.1.0
[INFO] [stderr]    Compiling subtle v2.5.0
[INFO] [stderr]    Compiling memchr v2.6.3
[INFO] [stderr]    Compiling cpufeatures v0.2.9
[INFO] [stderr]    Compiling regex-syntax v0.7.5
[INFO] [stderr]    Compiling zstd-safe v5.0.2+zstd.1.5.2
[INFO] [stderr]    Compiling crc32fast v1.3.2
[INFO] [stderr]    Compiling syn v1.0.109
[INFO] [stderr]    Compiling utf8parse v0.2.1
[INFO] [stderr]    Compiling anstyle-query v1.0.0
[INFO] [stderr]    Compiling anstyle v1.0.2
[INFO] [stderr]    Compiling anstyle-parse v0.2.1
[INFO] [stderr]    Compiling serde v1.0.188
[INFO] [stderr]    Compiling either v1.9.0
[INFO] [stderr]    Compiling adler v1.0.2
[INFO] [stderr]    Compiling predicates-core v1.0.6
[INFO] [stderr]    Compiling colorchoice v1.0.0
[INFO] [stderr]    Compiling base64ct v1.6.0
[INFO] [stderr]    Compiling anstream v0.5.0
[INFO] [stderr]    Compiling miniz_oxide v0.7.1
[INFO] [stderr]    Compiling itertools v0.10.5
[INFO] [stderr]    Compiling lazy_static v1.4.0
[INFO] [stderr]    Compiling time-core v0.1.1
[INFO] [stderr]    Compiling deranged v0.3.8
[INFO] [stderr]    Compiling strsim v0.10.0
[INFO] [stderr]    Compiling generic-array v0.14.7
[INFO] [stderr]    Compiling aho-corasick v1.0.5
[INFO] [stderr]    Compiling num-traits v0.2.16
[INFO] [stderr]    Compiling quote v1.0.33
[INFO] [stderr]    Compiling normalize-line-endings v0.3.0
[INFO] [stderr]    Compiling difflib v0.4.0
[INFO] [stderr]    Compiling syn v2.0.31
[INFO] [stderr]    Compiling clap_lex v0.5.1
[INFO] [stderr]    Compiling ppv-lite86 v0.2.17
[INFO] [stderr]    Compiling jobserver v0.1.26
[INFO] [stderr]    Compiling getrandom v0.2.10
[INFO] [stderr]    Compiling termtree v0.4.1
[INFO] [stderr]    Compiling serde_json v1.0.105
[INFO] [stderr]    Compiling rand_core v0.6.4
[INFO] [stderr]    Compiling thiserror v1.0.49
[INFO] [stderr]    Compiling predicates-tree v1.0.9
[INFO] [stderr]    Compiling rand v0.4.6
[INFO] [stderr]    Compiling xattr v1.0.1
[INFO] [stderr]    Compiling cc v1.0.83
[INFO] [stderr]    Compiling password-hash v0.4.2
[INFO] [stderr]    Compiling rand_chacha v0.3.1
[INFO] [stderr]    Compiling time v0.3.28
[INFO] [stderr]    Compiling filetime v0.2.22
[INFO] [stderr]    Compiling clap_builder v4.4.2
[INFO] [stderr]    Compiling flate2 v1.0.27
[INFO] [stderr]    Compiling hashbrown v0.14.0
[INFO] [stderr]    Compiling fragile v2.0.0
[INFO] [stderr]    Compiling ryu v1.0.15
[INFO] [stderr]    Compiling byteorder v1.4.3
[INFO] [stderr]    Compiling iana-time-zone v0.1.60
[INFO] [stderr]    Compiling downcast v0.11.0
[INFO] [stderr]    Compiling log v0.4.20
[INFO] [stderr]    Compiling equivalent v1.0.1
[INFO] [stderr]    Compiling remove_dir_all v0.5.3
[INFO] [stderr]    Compiling itoa v1.0.9
[INFO] [stderr]    Compiling constant_time_eq v0.1.5
[INFO] [stderr]    Compiling tempdir v0.3.7
[INFO] [stderr]    Compiling indexmap v2.0.0
[INFO] [stderr]    Compiling users v0.11.0
[INFO] [stderr]    Compiling tar v0.4.40
[INFO] [stderr]    Compiling float-cmp v0.9.0
[INFO] [stderr]    Compiling chrono v0.4.38
[INFO] [stderr]    Compiling crypto-common v0.1.6
[INFO] [stderr]    Compiling block-buffer v0.10.4
[INFO] [stderr]    Compiling inout v0.1.3
[INFO] [stderr]    Compiling rand v0.8.5
[INFO] [stderr]    Compiling digest v0.10.7
[INFO] [stderr]    Compiling subprocess v0.2.9
[INFO] [stderr]    Compiling cipher v0.4.4
[INFO] [stderr]    Compiling sha2 v0.10.7
[INFO] [stderr]    Compiling hmac v0.12.1
[INFO] [stderr]    Compiling aes v0.8.3
[INFO] [stderr]    Compiling sha1 v0.10.5
[INFO] [stderr]    Compiling pbkdf2 v0.11.0
[INFO] [stderr]    Compiling os_pipe v1.1.4
[INFO] [stderr]    Compiling glob v0.3.1
[INFO] [stderr]    Compiling zstd-sys v2.0.8+zstd.1.5.5
[INFO] [stderr]    Compiling bzip2-sys v0.1.11+1.0.8
[INFO] [stderr]    Compiling clap v4.4.2
[INFO] [stderr]    Compiling regex-automata v0.3.8
[INFO] [stderr]    Compiling thiserror-impl v1.0.49
[INFO] [stderr]    Compiling bzip2 v0.4.4
[INFO] [stderr]    Compiling mockall_derive v0.11.4
[INFO] [stderr]    Compiling regex v1.9.5
[INFO] [stderr]    Compiling predicates v2.1.5
[INFO] [stderr]    Compiling regexp v0.3.2
[INFO] [stderr]    Compiling mockall v0.11.4
[INFO] [stderr]    Compiling zstd v0.11.2+zstd.1.5.2
[INFO] [stderr]    Compiling zip v0.6.6
[INFO] [stderr]    Compiling thebakery v0.1.49 (/opt/rustwide/workdir)
[INFO] [stdout] warning: unused import: `bakery::Bakery`
[INFO] [stdout]  --> src/cli/mod.rs:6:9
[INFO] [stdout]   |
[INFO] [stdout] 6 | pub use bakery::Bakery;
[INFO] [stdout]   |         ^^^^^^^^^^^^^^
[INFO] [stdout]   |
[INFO] [stdout]   = note: `#[warn(unused_imports)]` on by default
[INFO] [stdout] 
[INFO] [stdout] 
[INFO] [stdout] warning: unused import: `system::MockSystem`
[INFO] [stdout]   --> src/cli/mod.rs:12:9
[INFO] [stdout]    |
[INFO] [stdout] 12 | pub use system::MockSystem;
[INFO] [stdout]    |         ^^^^^^^^^^^^^^^^^^
[INFO] [stdout] 
[INFO] [stdout] 
[INFO] [stdout] warning: unused import: `std::collections::HashMap`
[INFO] [stdout]  --> src/commands/deploy.rs:1:5
[INFO] [stdout]   |
[INFO] [stdout] 1 | use std::collections::HashMap;
[INFO] [stdout]   |     ^^^^^^^^^^^^^^^^^^^^^^^^^
[INFO] [stdout] 
[INFO] [stdout] 
[INFO] [stdout] warning: unused import: `std::collections::HashMap`
[INFO] [stdout]  --> src/commands/upload.rs:2:5
[INFO] [stdout]   |
[INFO] [stdout] 2 | use std::collections::HashMap;
[INFO] [stdout]   |     ^^^^^^^^^^^^^^^^^^^^^^^^^
[INFO] [stdout] 
[INFO] [stdout] 
[INFO] [stdout] warning: unused import: `std::collections::HashMap`
[INFO] [stdout]  --> src/commands/setup.rs:2:5
[INFO] [stdout]   |
[INFO] [stdout] 2 | use std::collections::HashMap;
[INFO] [stdout]   |     ^^^^^^^^^^^^^^^^^^^^^^^^^
[INFO] [stdout] 
[INFO] [stdout] 
[INFO] [stdout] warning: unused import: `std::collections::HashMap`
[INFO] [stdout]  --> src/commands/sync.rs:2:5
[INFO] [stdout]   |
[INFO] [stdout] 2 | use std::collections::HashMap;
[INFO] [stdout]   |     ^^^^^^^^^^^^^^^^^^^^^^^^^
[INFO] [stdout] 
[INFO] [stdout] 
[INFO] [stdout] warning: unused import: `crate::executers::DockerImage`
[INFO] [stdout]   --> src/commands/mod.rs:17:5
[INFO] [stdout]    |
[INFO] [stdout] 17 | use crate::executers::DockerImage;
[INFO] [stdout]    |     ^^^^^^^^^^^^^^^^^^^^^^^^^^^^^
[INFO] [stdout] 
[INFO] [stdout] 
[INFO] [stdout] warning: unused import: `WsContextData`
[INFO] [stdout]  --> src/workspace/config.rs:5:32
[INFO] [stdout]   |
[INFO] [stdout] 5 | use crate::data::{WsBuildData, WsContextData};
[INFO] [stdout]   |                                ^^^^^^^^^^^^^
[INFO] [stdout] 
[INFO] [stdout] 
[INFO] [stdout] warning: unused import: `crate::main`
[INFO] [stdout]  --> src/configs/handler.rs:3:5
[INFO] [stdout]   |
[INFO] [stdout] 3 | use crate::main;
[INFO] [stdout]   |     ^^^^^^^^^^^
[INFO] [stdout] 
[INFO] [stdout] 
[INFO] [stdout] warning: unused import: `super::Config`
[INFO] [stdout]  --> src/configs/handler.rs:8:5
[INFO] [stdout]   |
[INFO] [stdout] 8 | use super::Config;
[INFO] [stdout]   |     ^^^^^^^^^^^^^
[INFO] [stdout] 
[INFO] [stdout] 
[INFO] [stdout] warning: unused import: `std::result`
[INFO] [stdout]  --> src/fs/bitbake.rs:4:5
[INFO] [stdout]   |
[INFO] [stdout] 4 | use std::result;
[INFO] [stdout]   |     ^^^^^^^^^^^
[INFO] [stdout] 
[INFO] [stdout] 
[INFO] [stdout] warning: unreachable pattern
[INFO] [stdout]    --> src/data/artifact.rs:133:13
[INFO] [stdout]     |
[INFO] [stdout] 133 |             _ => {
[INFO] [stdout]     |             ^ no value can reach this
[INFO] [stdout]     |
[INFO] [stdout] note: multiple earlier patterns match some of the same values
[INFO] [stdout]    --> src/data/artifact.rs:133:13
[INFO] [stdout]     |
[INFO] [stdout] 111 |             AType::File => {
[INFO] [stdout]     |             ----------- matches some of the same values
[INFO] [stdout] ...
[INFO] [stdout] 116 |             AType::Directory => {
[INFO] [stdout]     |             ---------------- matches some of the same values
[INFO] [stdout] ...
[INFO] [stdout] 119 |             AType::Archive => {
[INFO] [stdout]     |             -------------- matches some of the same values
[INFO] [stdout] ...
[INFO] [stdout] 122 |             AType::Manifest => {
[INFO] [stdout]     |             --------------- matches some of the same values
[INFO] [stdout] ...
[INFO] [stdout] 133 |             _ => {
[INFO] [stdout]     |             ^ ...and 2 other patterns collectively make this unreachable
[INFO] [stdout]     = note: `#[warn(unreachable_patterns)]` on by default
[INFO] [stdout] 
[INFO] [stdout] 
[INFO] [stdout] warning: method `warn` is never used
[INFO] [stdout]  --> src/cli/logger.rs:7:8
[INFO] [stdout]   |
[INFO] [stdout] 4 | pub trait Logger {
[INFO] [stdout]   |           ------ method in this trait
[INFO] [stdout] ...
[INFO] [stdout] 7 |     fn warn(&self, message: String);
[INFO] [stdout]   |        ^^^^
[INFO] [stdout]   |
[INFO] [stdout]   = note: `#[warn(dead_code)]` on by default
[INFO] [stdout] 
[INFO] [stdout] 
[INFO] [stdout] warning: methods `verify_ws_dir`, `verify_ws`, `config`, and `docker_dir` are never used
[INFO] [stdout]    --> src/workspace/settings.rs:40:12
[INFO] [stdout]     |
[INFO] [stdout] 13  | impl WsSettingsHandler {
[INFO] [stdout]     | ---------------------- methods in this implementation
[INFO] [stdout] ...
[INFO] [stdout] 40  |     pub fn verify_ws_dir(&self, dir: &Path) -> Result<(), BError> {
[INFO] [stdout]     |            ^^^^^^^^^^^^^
[INFO] [stdout] ...
[INFO] [stdout] 47  |     pub fn verify_ws(&self) -> Result<(), BError> {
[INFO] [stdout]     |            ^^^^^^^^^
[INFO] [stdout] ...
[INFO] [stdout] 63  |     pub fn config(&self) -> &WsSettings {
[INFO] [stdout]     |            ^^^^^^
[INFO] [stdout] ...
[INFO] [stdout] 104 |     pub fn docker_dir(&self) -> PathBuf {
[INFO] [stdout]     |            ^^^^^^^^^^
[INFO] [stdout] 
[INFO] [stdout] 
[INFO] [stdout] warning: method `subcmds` is never used
[INFO] [stdout]    --> src/workspace/config.rs:133:12
[INFO] [stdout]     |
[INFO] [stdout] 16  | impl WsBuildConfigHandler {
[INFO] [stdout]     | ------------------------- method in this implementation
[INFO] [stdout] ...
[INFO] [stdout] 133 |     pub fn subcmds(&self) -> &IndexMap<String, WsCustomSubCmdHandler> {
[INFO] [stdout]     |            ^^^^^^^
[INFO] [stdout] 
[INFO] [stdout] 
[INFO] [stdout] warning: associated items `from_str` and `artifacts` are never used
[INFO] [stdout]    --> src/workspace/tasks.rs:33:12
[INFO] [stdout]     |
[INFO] [stdout] 32  | impl WsTaskHandler {
[INFO] [stdout]     | ------------------ associated items in this implementation
[INFO] [stdout] 33  |     pub fn from_str(json_config: &str, build_data: &WsBuildData) -> Result<Self, BError> {
[INFO] [stdout]     |            ^^^^^^^^
[INFO] [stdout] ...
[INFO] [stdout] 144 |     pub fn artifacts(&self) -> &Vec<WsArtifactsHandler> {
[INFO] [stdout]     |            ^^^^^^^^^
[INFO] [stdout] 
[INFO] [stdout] 
[INFO] [stdout] warning: associated function `from_str` is never used
[INFO] [stdout]   --> src/workspace/artifact.rs:18:12
[INFO] [stdout]    |
[INFO] [stdout] 17 | impl WsArtifactsHandler {
[INFO] [stdout]    | ----------------------- associated function in this implementation
[INFO] [stdout] 18 |     pub fn from_str(json_config: &str, task_build_dir: &PathBuf, build_data: &WsBuildData) -> Result<Self, BError> {
[INFO] [stdout]    |            ^^^^^^^^
[INFO] [stdout] 
[INFO] [stdout] 
[INFO] [stdout] warning: associated function `from_str` is never used
[INFO] [stdout]   --> src/workspace/customsubcmd.rs:16:12
[INFO] [stdout]    |
[INFO] [stdout] 15 | impl WsCustomSubCmdHandler {
[INFO] [stdout]    | -------------------------- associated function in this implementation
[INFO] [stdout] 16 |     pub fn from_str(name: &str, json_config: &str) -> Result<Self, BError> {
[INFO] [stdout]    |            ^^^^^^^^
[INFO] [stdout] 
[INFO] [stdout] 
[INFO] [stdout] warning: fields `version` and `docker_dir` are never read
[INFO] [stdout]   --> src/configs/settings.rs:15:9
[INFO] [stdout]    |
[INFO] [stdout] 14 | pub struct WsSettings {
[INFO] [stdout]    |            ---------- fields in this struct
[INFO] [stdout] 15 |     pub version: String,
[INFO] [stdout]    |         ^^^^^^^
[INFO] [stdout] ...
[INFO] [stdout] 22 |     pub docker_dir: String,
[INFO] [stdout]    |         ^^^^^^^^^^
[INFO] [stdout]    |
[INFO] [stdout]    = note: `WsSettings` has a derived impl for the trait `Clone`, but this is intentionally ignored during dead code analysis
[INFO] [stdout] 
[INFO] [stdout] 
[INFO] [stdout] warning: methods `value` and `merge` are never used
[INFO] [stdout]   --> src/configs/context.rs:69:12
[INFO] [stdout]    |
[INFO] [stdout] 12 | impl Context {
[INFO] [stdout]    | ------------ methods in this implementation
[INFO] [stdout] ...
[INFO] [stdout] 69 |     pub fn value(&self, key: &str) -> String {
[INFO] [stdout]    |            ^^^^^
[INFO] [stdout] ...
[INFO] [stdout] 83 |     pub fn merge(&mut self, context: &Context) {
[INFO] [stdout]    |            ^^^^^
[INFO] [stdout] 
[INFO] [stdout] 
[INFO] [stdout] warning: struct `Helper` is never constructed
[INFO] [stdout]   --> src/helper/mod.rs:23:12
[INFO] [stdout]    |
[INFO] [stdout] 23 | pub struct Helper;
[INFO] [stdout]    |            ^^^^^^
[INFO] [stdout] 
[INFO] [stdout] 
[INFO] [stdout] warning: multiple associated functions are never used
[INFO] [stdout]    --> src/helper/mod.rs:26:12
[INFO] [stdout]     |
[INFO] [stdout] 25  | impl Helper {
[INFO] [stdout]     | ----------- associated functions in this implementation
[INFO] [stdout] 26  |     pub fn setup_test_ws_default_dirs(work_dir: &Path) {
[INFO] [stdout]     |            ^^^^^^^^^^^^^^^^^^^^^^^^^^
[INFO] [stdout] ...
[INFO] [stdout] 36  |     pub fn setup_test_ws_dirs(ws_settings: &WsSettingsHandler) {
[INFO] [stdout]     |            ^^^^^^^^^^^^^^^^^^
[INFO] [stdout] ...
[INFO] [stdout] 46  |     pub fn setup_test_build_configs_files(configs: &IndexMap<PathBuf, String>) {
[INFO] [stdout]     |            ^^^^^^^^^^^^^^^^^^^^^^^^^^^^^^
[INFO] [stdout] ...
[INFO] [stdout] 54  |     pub fn create_test_files(files: &Vec<PathBuf>) {
[INFO] [stdout]     |            ^^^^^^^^^^^^^^^^^
[INFO] [stdout] ...
[INFO] [stdout] 69  |     pub fn list_files_in_dir(dir: &Path, files: &mut Vec<PathBuf>, strip: &Path) -> std::io::Result<()> {
[INFO] [stdout]     |            ^^^^^^^^^^^^^^^^^
[INFO] [stdout] ...
[INFO] [stdout] 92  |     pub fn list_files_in_archive(archive: &Archiver, work_dir: &Path) -> Result<Vec<PathBuf>, BError> {
[INFO] [stdout]     |            ^^^^^^^^^^^^^^^^^^^^^
[INFO] [stdout] ...
[INFO] [stdout] 130 |     pub fn verify_archived_files(expected_files: &Vec<PathBuf>, archived_files: &Vec<PathBuf>, work_dir: &Path) {
[INFO] [stdout]     |            ^^^^^^^^^^^^^^^^^^^^^
[INFO] [stdout] ...
[INFO] [stdout] 162 |     pub fn setup_ws_settings(json_test_str: &str) -> WsSettings {
[INFO] [stdout]     |            ^^^^^^^^^^^^^^^^^
[INFO] [stdout] ...
[INFO] [stdout] 192 |     pub fn setup_ws_build_config_handler(test_work_dir: &str, json_settings: &str, json_build_config: &str) -> WsBuildConfigHandler {
[INFO] [stdout]     |            ^^^^^^^^^^^^^^^^^^^^^^^^^^^^^
[INFO] [stdout] ...
[INFO] [stdout] 210 |     pub fn setup_ws(test_work_dir: &str, json_settings: &str, json_build_config: &str) -> Workspace {
[INFO] [stdout]     |            ^^^^^^^^
[INFO] [stdout] ...
[INFO] [stdout] 217 |     pub fn setup_build_data(work_dir: &PathBuf, json_build_config: Option<&str>, json_settings: Option<&str>) -> WsBuildData {
[INFO] [stdout]     |            ^^^^^^^^^^^^^^^^
[INFO] [stdout] ...
[INFO] [stdout] 241 |     pub fn parse(json_string: &str) -> Result<Value, BError> {
[INFO] [stdout]     |            ^^^^^
[INFO] [stdout] ...
[INFO] [stdout] 250 |     pub fn setup_collector_test_ws(
[INFO] [stdout]     |            ^^^^^^^^^^^^^^^^^^^^^^^
[INFO] [stdout] ...
[INFO] [stdout] 265 |     pub fn assert_hashmap(hash: &HashMap<String, String>, verify: &HashMap<String, String>) {
[INFO] [stdout]     |            ^^^^^^^^^^^^^^
[INFO] [stdout] ...
[INFO] [stdout] 274 |     pub fn env_home() -> String {
[INFO] [stdout]     |            ^^^^^^^^
[INFO] [stdout] ...
[INFO] [stdout] 285 |     pub fn docker_bootstrap_string(interactive: bool, args: &Vec<String>, volumes: &Vec<String>, top_dir: &PathBuf, work_dir: &PathBuf, i...
[INFO] [stdout]     |            ^^^^^^^^^^^^^^^^^^^^^^^
[INFO] [stdout] ...
[INFO] [stdout] 343 |     pub fn docker_cmdline_string(interactive: bool, work_dir: &PathBuf, image: &DockerImage, cmd: &Vec<String>, env_file: &PathBuf) -> Ve...
[INFO] [stdout]     |            ^^^^^^^^^^^^^^^^^^^^^
[INFO] [stdout] 
[INFO] [stdout] 
[INFO] [stdout] warning: fields `name` and `extension` are never read
[INFO] [stdout]   --> src/fs/manifest.rs:9:5
[INFO] [stdout]    |
[INFO] [stdout] 7  | pub struct Manifest {
[INFO] [stdout]    |            -------- fields in this struct
[INFO] [stdout] 8  |     path: PathBuf,
[INFO] [stdout] 9  |     name: String,
[INFO] [stdout]    |     ^^^^
[INFO] [stdout] 10 |     extension: String,
[INFO] [stdout]    |     ^^^^^^^^^
[INFO] [stdout] 
[INFO] [stdout] 
[INFO] [stdout] warning: methods `path`, `name`, and `extension` are never used
[INFO] [stdout]   --> src/fs/manifest.rs:38:12
[INFO] [stdout]    |
[INFO] [stdout] 13 | impl Manifest {
[INFO] [stdout]    | ------------- methods in this implementation
[INFO] [stdout] ...
[INFO] [stdout] 38 |     pub fn path(&self) -> &PathBuf {
[INFO] [stdout]    |            ^^^^
[INFO] [stdout] ...
[INFO] [stdout] 42 |     pub fn name(&self) -> &str {
[INFO] [stdout]    |            ^^^^
[INFO] [stdout] ...
[INFO] [stdout] 46 |     pub fn extension(&self) -> &str {
[INFO] [stdout]    |            ^^^^^^^^^
[INFO] [stdout] 
[INFO] [stdout] 
[INFO] [stdout] warning: field `name` is never read
[INFO] [stdout]   --> src/fs/archiver.rs:10:5
[INFO] [stdout]    |
[INFO] [stdout] 8  | pub struct Archiver {
[INFO] [stdout]    |            -------- field in this struct
[INFO] [stdout] 9  |     path: PathBuf,
[INFO] [stdout] 10 |     name: String,
[INFO] [stdout]    |     ^^^^
[INFO] [stdout]    |
[INFO] [stdout]    = note: `Archiver` has a derived impl for the trait `Debug`, but this is intentionally ignored during dead code analysis
[INFO] [stdout] 
[INFO] [stdout] 
[INFO] [stdout] warning: methods `path` and `name` are never used
[INFO] [stdout]   --> src/fs/archiver.rs:81:12
[INFO] [stdout]    |
[INFO] [stdout] 21 | impl Archiver {
[INFO] [stdout]    | ------------- methods in this implementation
[INFO] [stdout] ...
[INFO] [stdout] 81 |     pub fn path(&self) -> &PathBuf {
[INFO] [stdout]    |            ^^^^
[INFO] [stdout] ...
[INFO] [stdout] 85 |     pub fn name(&self) -> &str {
[INFO] [stdout]    |            ^^^^
[INFO] [stdout] 
[INFO] [stdout] 
[INFO] [stdout] warning: field `data` is never read
[INFO] [stdout]   --> src/data/data.rs:14:5
[INFO] [stdout]    |
[INFO] [stdout] 13 | pub struct WsBuildData {
[INFO] [stdout]    |            ----------- field in this struct
[INFO] [stdout] 14 |     data: Value,
[INFO] [stdout]    |     ^^^^
[INFO] [stdout] 
[INFO] [stdout] 
[INFO] [stdout] warning: associated function `from_str` is never used
[INFO] [stdout]   --> src/data/data.rs:32:12
[INFO] [stdout]    |
[INFO] [stdout] 23 | impl WsBuildData {
[INFO] [stdout]    | ---------------- associated function in this implementation
[INFO] [stdout] ...
[INFO] [stdout] 32 |     pub fn from_str(json_config: &str, settings: &WsSettingsHandler) -> Result<Self, BError> {
[INFO] [stdout]    |            ^^^^^^^^
[INFO] [stdout] 
[INFO] [stdout] 
[INFO] [stdout] warning: associated function `from_str` is never used
[INFO] [stdout]   --> src/data/config.rs:14:12
[INFO] [stdout]    |
[INFO] [stdout] 13 | impl WsConfigData {
[INFO] [stdout]    | ----------------- associated function in this implementation
[INFO] [stdout] 14 |     pub fn from_str(json_string: &str) -> Result<Self, BError> {
[INFO] [stdout]    |            ^^^^^^^^
[INFO] [stdout] 
[INFO] [stdout] 
[INFO] [stdout] warning: associated items `from_str` and `docker_image` are never used
[INFO] [stdout]    --> src/data/bitbake.rs:27:12
[INFO] [stdout]     |
[INFO] [stdout] 26  | impl WsBitbakeData {
[INFO] [stdout]     | ------------------ associated items in this implementation
[INFO] [stdout] 27  |     pub fn from_str(json_string: &str, settings: &WsSettingsHandler) -> Result<Self, BError> {
[INFO] [stdout]     |            ^^^^^^^^
[INFO] [stdout] ...
[INFO] [stdout] 129 |     pub fn docker_image(&self) -> &str {
[INFO] [stdout]     |            ^^^^^^^^^^^^
[INFO] [stdout] 
[INFO] [stdout] 
[INFO] [stdout] warning: associated items `from_str`, `get_ctx_path`, and `get_ctx_value` are never used
[INFO] [stdout]    --> src/data/context.rs:76:12
[INFO] [stdout]     |
[INFO] [stdout] 44  | impl WsContextData {
[INFO] [stdout]     | ------------------ associated items in this implementation
[INFO] [stdout] ...
[INFO] [stdout] 76  |     pub fn from_str(json_string: &str) -> Result<Self, BError> {
[INFO] [stdout]     |            ^^^^^^^^
[INFO] [stdout] ...
[INFO] [stdout] 160 |     pub fn get_ctx_path(&self, key: &str) -> PathBuf {
[INFO] [stdout]     |            ^^^^^^^^^^^^
[INFO] [stdout] ...
[INFO] [stdout] 164 |     pub fn get_ctx_value(&self, key: &str) -> String {
[INFO] [stdout]     |            ^^^^^^^^^^^^^
[INFO] [stdout] 
[INFO] [stdout] 
[INFO] [stdout] warning: field `index` is never read
[INFO] [stdout]   --> src/data/task.rs:17:5
[INFO] [stdout]    |
[INFO] [stdout] 16 | pub struct WsTaskData {
[INFO] [stdout]    |            ---------- field in this struct
[INFO] [stdout] 17 |     index: u32,
[INFO] [stdout]    |     ^^^^^
[INFO] [stdout] 
[INFO] [stdout] 
[INFO] [stdout] warning: associated items `from_str` and `index` are never used
[INFO] [stdout]    --> src/data/task.rs:45:12
[INFO] [stdout]     |
[INFO] [stdout] 34  | impl WsTaskData {
[INFO] [stdout]     | --------------- associated items in this implementation
[INFO] [stdout] ...
[INFO] [stdout] 45  |     pub fn from_str(json_string: &str, build_data: &WsBuildData) -> Result<Self, BError> {
[INFO] [stdout]     |            ^^^^^^^^
[INFO] [stdout] ...
[INFO] [stdout] 123 |     pub fn index(&self) -> u32 {
[INFO] [stdout]     |            ^^^^^
[INFO] [stdout] 
[INFO] [stdout] 
[INFO] [stdout] warning: associated function `from_str` is never used
[INFO] [stdout]   --> src/data/artifact.rs:32:12
[INFO] [stdout]    |
[INFO] [stdout] 31 | impl WsArtifactData {
[INFO] [stdout]    | ------------------- associated function in this implementation
[INFO] [stdout] 32 |     pub fn from_str(json_string: &str) -> Result<Self, BError> {
[INFO] [stdout]    |            ^^^^^^^^
[INFO] [stdout] 
[INFO] [stdout] 
[INFO] [stdout] warning: associated function `from_str` is never used
[INFO] [stdout]   --> src/data/customsubcmd.rs:17:12
[INFO] [stdout]    |
[INFO] [stdout] 16 | impl WsCustomSubCmdData {
[INFO] [stdout]    | ----------------------- associated function in this implementation
[INFO] [stdout] 17 |     pub fn from_str(name: &str, json_string: &str) -> Result<Self, BError> {
[INFO] [stdout]    |            ^^^^^^^^
[INFO] [stdout] 
[INFO] [stdout] 
[INFO] [stdout] warning: associated function `from_str` is never used
[INFO] [stdout]   --> src/data/include.rs:15:12
[INFO] [stdout]    |
[INFO] [stdout] 14 | impl WsIncludeData {
[INFO] [stdout]    | ------------------ associated function in this implementation
[INFO] [stdout] 15 |     pub fn from_str(json_string: &str, settings: &WsSettingsHandler) -> Result<Self, BError> {
[INFO] [stdout]    |            ^^^^^^^^
[INFO] [stdout] 
[INFO] [stdout] 
[INFO] [stderr]     Finished `dev` profile [unoptimized + debuginfo] target(s) in 26.26s
[INFO] running `Command { std: "docker" "inspect" "826adaa159ccbe9e22c5a3b79d1fe1e7c7d077f95e258c630884799bd36e06d2", kill_on_drop: false }`
[INFO] running `Command { std: "docker" "rm" "-f" "826adaa159ccbe9e22c5a3b79d1fe1e7c7d077f95e258c630884799bd36e06d2", kill_on_drop: false }`
[INFO] [stdout] 826adaa159ccbe9e22c5a3b79d1fe1e7c7d077f95e258c630884799bd36e06d2
[INFO] running `Command { std: "docker" "create" "-v" "/var/lib/crater-agent-workspace/builds/worker-3-tc1/target:/opt/rustwide/target:rw,Z" "-v" "/var/lib/crater-agent-workspace/builds/worker-3-tc1/source:/opt/rustwide/workdir:ro,Z" "-v" "/var/lib/crater-agent-workspace/cargo-home:/opt/rustwide/cargo-home:ro,Z" "-v" "/var/lib/crater-agent-workspace/rustup-home:/opt/rustwide/rustup-home:ro,Z" "-e" "SOURCE_DIR=/opt/rustwide/workdir" "-e" "CARGO_TARGET_DIR=/opt/rustwide/target" "-e" "CARGO_INCREMENTAL=0" "-e" "RUST_BACKTRACE=full" "-e" "RUSTFLAGS=--cap-lints=warn" "-e" "RUSTDOCFLAGS=--cap-lints=warn" "-e" "CARGO_HOME=/opt/rustwide/cargo-home" "-e" "RUSTUP_HOME=/opt/rustwide/rustup-home" "-w" "/opt/rustwide/workdir" "-m" "1610612736" "--user" "0:0" "--network" "none" "ghcr.io/rust-lang/crates-build-env/linux@sha256:f3a9d4ad9d972b27faf3965f35b62e55ba32bbce8f20bc8fe909558a86702fde" "/opt/rustwide/cargo-home/bin/cargo" "+1.83.0" "test" "--frozen" "--no-run" "--message-format=json", kill_on_drop: false }`
[INFO] [stdout] 533e3f8ed905990b7988c12dc2305593a6f6e585c27bf5e77418687edf2b101a
[INFO] running `Command { std: "docker" "start" "-a" "533e3f8ed905990b7988c12dc2305593a6f6e585c27bf5e77418687edf2b101a", kill_on_drop: false }`
[INFO] [stderr] warning: only one of `license` or `license-file` is necessary
[INFO] [stderr] `license` should be used if the package license can be expressed with a standard SPDX expression.
[INFO] [stderr] `license-file` should be used if the package uses a non-standard license.
[INFO] [stderr] See https://doc.rust-lang.org/cargo/reference/manifest.html#the-license-and-license-file-fields for more information.
[INFO] [stderr]    Compiling thebakery v0.1.49 (/opt/rustwide/workdir)
[INFO] [stdout] warning: unused import: `bakery::Bakery`
[INFO] [stdout]  --> src/cli/mod.rs:6:9
[INFO] [stdout]   |
[INFO] [stdout] 6 | pub use bakery::Bakery;
[INFO] [stdout]   |         ^^^^^^^^^^^^^^
[INFO] [stdout]   |
[INFO] [stdout]   = note: `#[warn(unused_imports)]` on by default
[INFO] [stdout] 
[INFO] [stdout] 
[INFO] [stdout] warning: unused import: `std::collections::HashMap`
[INFO] [stdout]  --> src/commands/deploy.rs:1:5
[INFO] [stdout]   |
[INFO] [stdout] 1 | use std::collections::HashMap;
[INFO] [stdout]   |     ^^^^^^^^^^^^^^^^^^^^^^^^^
[INFO] [stdout] 
[INFO] [stdout] 
[INFO] [stdout] warning: unused import: `std::collections::HashMap`
[INFO] [stdout]  --> src/commands/upload.rs:2:5
[INFO] [stdout]   |
[INFO] [stdout] 2 | use std::collections::HashMap;
[INFO] [stdout]   |     ^^^^^^^^^^^^^^^^^^^^^^^^^
[INFO] [stdout] 
[INFO] [stdout] 
[INFO] [stdout] warning: unused import: `std::collections::HashMap`
[INFO] [stdout]  --> src/commands/setup.rs:2:5
[INFO] [stdout]   |
[INFO] [stdout] 2 | use std::collections::HashMap;
[INFO] [stdout]   |     ^^^^^^^^^^^^^^^^^^^^^^^^^
[INFO] [stdout] 
[INFO] [stdout] 
[INFO] [stdout] warning: unused import: `std::collections::HashMap`
[INFO] [stdout]  --> src/commands/sync.rs:2:5
[INFO] [stdout]   |
[INFO] [stdout] 2 | use std::collections::HashMap;
[INFO] [stdout]   |     ^^^^^^^^^^^^^^^^^^^^^^^^^
[INFO] [stdout] 
[INFO] [stdout] 
[INFO] [stdout] warning: unused import: `crate::executers::DockerImage`
[INFO] [stdout]   --> src/commands/mod.rs:17:5
[INFO] [stdout]    |
[INFO] [stdout] 17 | use crate::executers::DockerImage;
[INFO] [stdout]    |     ^^^^^^^^^^^^^^^^^^^^^^^^^^^^^
[INFO] [stdout] 
[INFO] [stdout] 
[INFO] [stdout] warning: unused import: `WsContextData`
[INFO] [stdout]  --> src/workspace/config.rs:5:32
[INFO] [stdout]   |
[INFO] [stdout] 5 | use crate::data::{WsBuildData, WsContextData};
[INFO] [stdout]   |                                ^^^^^^^^^^^^^
[INFO] [stdout] 
[INFO] [stdout] 
[INFO] [stdout] warning: unused import: `crate::main`
[INFO] [stdout]  --> src/configs/handler.rs:3:5
[INFO] [stdout]   |
[INFO] [stdout] 3 | use crate::main;
[INFO] [stdout]   |     ^^^^^^^^^^^
[INFO] [stdout] 
[INFO] [stdout] 
[INFO] [stdout] warning: unused import: `super::Config`
[INFO] [stdout]  --> src/configs/handler.rs:8:5
[INFO] [stdout]   |
[INFO] [stdout] 8 | use super::Config;
[INFO] [stdout]   |     ^^^^^^^^^^^^^
[INFO] [stdout] 
[INFO] [stdout] 
[INFO] [stdout] warning: unused import: `std::result`
[INFO] [stdout]  --> src/fs/bitbake.rs:4:5
[INFO] [stdout]   |
[INFO] [stdout] 4 | use std::result;
[INFO] [stdout]   |     ^^^^^^^^^^^
[INFO] [stdout] 
[INFO] [stdout] 
[INFO] [stdout] warning: value assigned to `i` is never read
[INFO] [stdout]    --> src/workspace/config.rs:433:13
[INFO] [stdout]     |
[INFO] [stdout] 433 |             i += 1;
[INFO] [stdout]     |             ^
[INFO] [stdout]     |
[INFO] [stdout]     = help: maybe it is overwritten before being read?
[INFO] [stdout]     = note: `#[warn(unused_assignments)]` on by default
[INFO] [stdout] 
[INFO] [stdout] 
[INFO] [stdout] warning: unused variable: `json_task_str`
[INFO] [stdout]    --> src/data/data.rs:514:13
[INFO] [stdout]     |
[INFO] [stdout] 514 |         let json_task_str: &str = r#"
[INFO] [stdout]     |             ^^^^^^^^^^^^^ help: if this is intentional, prefix it with an underscore: `_json_task_str`
[INFO] [stdout]     |
[INFO] [stdout]     = note: `#[warn(unused_variables)]` on by default
[INFO] [stdout] 
[INFO] [stdout] 
[INFO] [stdout] warning: unreachable pattern
[INFO] [stdout]    --> src/data/artifact.rs:133:13
[INFO] [stdout]     |
[INFO] [stdout] 133 |             _ => {
[INFO] [stdout]     |             ^ no value can reach this
[INFO] [stdout]     |
[INFO] [stdout] note: multiple earlier patterns match some of the same values
[INFO] [stdout]    --> src/data/artifact.rs:133:13
[INFO] [stdout]     |
[INFO] [stdout] 111 |             AType::File => {
[INFO] [stdout]     |             ----------- matches some of the same values
[INFO] [stdout] ...
[INFO] [stdout] 116 |             AType::Directory => {
[INFO] [stdout]     |             ---------------- matches some of the same values
[INFO] [stdout] ...
[INFO] [stdout] 119 |             AType::Archive => {
[INFO] [stdout]     |             -------------- matches some of the same values
[INFO] [stdout] ...
[INFO] [stdout] 122 |             AType::Manifest => {
[INFO] [stdout]     |             --------------- matches some of the same values
[INFO] [stdout] ...
[INFO] [stdout] 133 |             _ => {
[INFO] [stdout]     |             ^ ...and 2 other patterns collectively make this unreachable
[INFO] [stdout]     = note: `#[warn(unreachable_patterns)]` on by default
[INFO] [stdout] 
[INFO] [stdout] 
[INFO] [stdout] warning: method `warn` is never used
[INFO] [stdout]  --> src/cli/logger.rs:7:8
[INFO] [stdout]   |
[INFO] [stdout] 4 | pub trait Logger {
[INFO] [stdout]   |           ------ method in this trait
[INFO] [stdout] ...
[INFO] [stdout] 7 |     fn warn(&self, message: String);
[INFO] [stdout]   |        ^^^^
[INFO] [stdout]   |
[INFO] [stdout]   = note: `#[warn(dead_code)]` on by default
[INFO] [stdout] 
[INFO] [stdout] 
[INFO] [stdout] warning: methods `verify_ws_dir`, `verify_ws`, and `config` are never used
[INFO] [stdout]   --> src/workspace/settings.rs:40:12
[INFO] [stdout]    |
[INFO] [stdout] 13 | impl WsSettingsHandler {
[INFO] [stdout]    | ---------------------- methods in this implementation
[INFO] [stdout] ...
[INFO] [stdout] 40 |     pub fn verify_ws_dir(&self, dir: &Path) -> Result<(), BError> {
[INFO] [stdout]    |            ^^^^^^^^^^^^^
[INFO] [stdout] ...
[INFO] [stdout] 47 |     pub fn verify_ws(&self) -> Result<(), BError> {
[INFO] [stdout]    |            ^^^^^^^^^
[INFO] [stdout] ...
[INFO] [stdout] 63 |     pub fn config(&self) -> &WsSettings {
[INFO] [stdout]    |            ^^^^^^
[INFO] [stdout] 
[INFO] [stdout] 
[INFO] [stdout] warning: field `version` is never read
[INFO] [stdout]   --> src/configs/settings.rs:15:9
[INFO] [stdout]    |
[INFO] [stdout] 14 | pub struct WsSettings {
[INFO] [stdout]    |            ---------- field in this struct
[INFO] [stdout] 15 |     pub version: String,
[INFO] [stdout]    |         ^^^^^^^
[INFO] [stdout]    |
[INFO] [stdout]    = note: `WsSettings` has a derived impl for the trait `Clone`, but this is intentionally ignored during dead code analysis
[INFO] [stdout] 
[INFO] [stdout] 
[INFO] [stdout] warning: method `merge` is never used
[INFO] [stdout]   --> src/configs/context.rs:83:12
[INFO] [stdout]    |
[INFO] [stdout] 12 | impl Context {
[INFO] [stdout]    | ------------ method in this implementation
[INFO] [stdout] ...
[INFO] [stdout] 83 |     pub fn merge(&mut self, context: &Context) {
[INFO] [stdout]    |            ^^^^^
[INFO] [stdout] 
[INFO] [stdout] 
[INFO] [stdout] warning: associated functions `setup_test_ws_dirs` and `setup_ws_build_config_handler` are never used
[INFO] [stdout]    --> src/helper/mod.rs:36:12
[INFO] [stdout]     |
[INFO] [stdout] 25  | impl Helper {
[INFO] [stdout]     | ----------- associated functions in this implementation
[INFO] [stdout] ...
[INFO] [stdout] 36  |     pub fn setup_test_ws_dirs(ws_settings: &WsSettingsHandler) {
[INFO] [stdout]     |            ^^^^^^^^^^^^^^^^^^
[INFO] [stdout] ...
[INFO] [stdout] 192 |     pub fn setup_ws_build_config_handler(test_work_dir: &str, json_settings: &str, json_build_config: &str) -> WsBuildConfigHandler {
[INFO] [stdout]     |            ^^^^^^^^^^^^^^^^^^^^^^^^^^^^^
[INFO] [stdout] 
[INFO] [stdout] 
[INFO] [stdout] warning: field `data` is never read
[INFO] [stdout]   --> src/data/data.rs:14:5
[INFO] [stdout]    |
[INFO] [stdout] 13 | pub struct WsBuildData {
[INFO] [stdout]    |            ----------- field in this struct
[INFO] [stdout] 14 |     data: Value,
[INFO] [stdout]    |     ^^^^
[INFO] [stdout] 
[INFO] [stdout] 
[INFO] [stdout] warning: associated function `from_str` is never used
[INFO] [stdout]   --> src/data/artifact.rs:32:12
[INFO] [stdout]    |
[INFO] [stdout] 31 | impl WsArtifactData {
[INFO] [stdout]    | ------------------- associated function in this implementation
[INFO] [stdout] 32 |     pub fn from_str(json_string: &str) -> Result<Self, BError> {
[INFO] [stdout]    |            ^^^^^^^^
[INFO] [stdout] 
[INFO] [stdout] 
[INFO] [stdout] warning: associated function `from_str` is never used
[INFO] [stdout]   --> src/data/include.rs:15:12
[INFO] [stdout]    |
[INFO] [stdout] 14 | impl WsIncludeData {
[INFO] [stdout]    | ------------------ associated function in this implementation
[INFO] [stdout] 15 |     pub fn from_str(json_string: &str, settings: &WsSettingsHandler) -> Result<Self, BError> {
[INFO] [stdout]    |            ^^^^^^^^
[INFO] [stdout] 
[INFO] [stdout] 
[INFO] [stderr]     Finished `test` profile [unoptimized + debuginfo] target(s) in 7.65s
[INFO] running `Command { std: "docker" "inspect" "533e3f8ed905990b7988c12dc2305593a6f6e585c27bf5e77418687edf2b101a", kill_on_drop: false }`
[INFO] running `Command { std: "docker" "rm" "-f" "533e3f8ed905990b7988c12dc2305593a6f6e585c27bf5e77418687edf2b101a", kill_on_drop: false }`
[INFO] [stdout] 533e3f8ed905990b7988c12dc2305593a6f6e585c27bf5e77418687edf2b101a
[INFO] running `Command { std: "docker" "create" "-v" "/var/lib/crater-agent-workspace/builds/worker-3-tc1/target:/opt/rustwide/target:rw,Z" "-v" "/var/lib/crater-agent-workspace/builds/worker-3-tc1/source:/opt/rustwide/workdir:ro,Z" "-v" "/var/lib/crater-agent-workspace/cargo-home:/opt/rustwide/cargo-home:ro,Z" "-v" "/var/lib/crater-agent-workspace/rustup-home:/opt/rustwide/rustup-home:ro,Z" "-e" "SOURCE_DIR=/opt/rustwide/workdir" "-e" "CARGO_TARGET_DIR=/opt/rustwide/target" "-e" "CARGO_INCREMENTAL=0" "-e" "RUST_BACKTRACE=full" "-e" "RUSTFLAGS=--cap-lints=warn" "-e" "RUSTDOCFLAGS=--cap-lints=warn" "-e" "CARGO_HOME=/opt/rustwide/cargo-home" "-e" "RUSTUP_HOME=/opt/rustwide/rustup-home" "-w" "/opt/rustwide/workdir" "-m" "1610612736" "--user" "0:0" "--network" "none" "ghcr.io/rust-lang/crates-build-env/linux@sha256:f3a9d4ad9d972b27faf3965f35b62e55ba32bbce8f20bc8fe909558a86702fde" "/opt/rustwide/cargo-home/bin/cargo" "+1.83.0" "test" "--frozen", kill_on_drop: false }`
[INFO] [stdout] 35eb66e7031edc530fd97a291d500127bae8047bb99b4d896603df75d723cc6b
[INFO] running `Command { std: "docker" "start" "-a" "35eb66e7031edc530fd97a291d500127bae8047bb99b4d896603df75d723cc6b", kill_on_drop: false }`
[INFO] [stderr] warning: only one of `license` or `license-file` is necessary
[INFO] [stderr] `license` should be used if the package license can be expressed with a standard SPDX expression.
[INFO] [stderr] `license-file` should be used if the package uses a non-standard license.
[INFO] [stderr] See https://doc.rust-lang.org/cargo/reference/manifest.html#the-license-and-license-file-fields for more information.
[INFO] [stderr] warning: unused import: `bakery::Bakery`
[INFO] [stderr]  --> src/cli/mod.rs:6:9
[INFO] [stderr]   |
[INFO] [stderr] 6 | pub use bakery::Bakery;
[INFO] [stderr]   |         ^^^^^^^^^^^^^^
[INFO] [stderr]   |
[INFO] [stderr]   = note: `#[warn(unused_imports)]` on by default
[INFO] [stderr] 
[INFO] [stderr] warning: unused import: `std::collections::HashMap`
[INFO] [stderr]  --> src/commands/deploy.rs:1:5
[INFO] [stderr]   |
[INFO] [stderr] 1 | use std::collections::HashMap;
[INFO] [stderr]   |     ^^^^^^^^^^^^^^^^^^^^^^^^^
[INFO] [stderr] 
[INFO] [stderr] warning: unused import: `std::collections::HashMap`
[INFO] [stderr]  --> src/commands/upload.rs:2:5
[INFO] [stderr]   |
[INFO] [stderr] 2 | use std::collections::HashMap;
[INFO] [stderr]   |     ^^^^^^^^^^^^^^^^^^^^^^^^^
[INFO] [stderr] 
[INFO] [stderr] warning: unused import: `std::collections::HashMap`
[INFO] [stderr]  --> src/commands/setup.rs:2:5
[INFO] [stderr]   |
[INFO] [stderr] 2 | use std::collections::HashMap;
[INFO] [stderr]   |     ^^^^^^^^^^^^^^^^^^^^^^^^^
[INFO] [stderr] 
[INFO] [stderr] warning: unused import: `std::collections::HashMap`
[INFO] [stderr]  --> src/commands/sync.rs:2:5
[INFO] [stderr]   |
[INFO] [stderr] 2 | use std::collections::HashMap;
[INFO] [stderr]   |     ^^^^^^^^^^^^^^^^^^^^^^^^^
[INFO] [stderr] 
[INFO] [stderr] warning: unused import: `crate::executers::DockerImage`
[INFO] [stderr]   --> src/commands/mod.rs:17:5
[INFO] [stderr]    |
[INFO] [stderr] 17 | use crate::executers::DockerImage;
[INFO] [stderr]    |     ^^^^^^^^^^^^^^^^^^^^^^^^^^^^^
[INFO] [stderr] 
[INFO] [stderr] warning: unused import: `WsContextData`
[INFO] [stderr]  --> src/workspace/config.rs:5:32
[INFO] [stderr]   |
[INFO] [stderr] 5 | use crate::data::{WsBuildData, WsContextData};
[INFO] [stderr]   |                                ^^^^^^^^^^^^^
[INFO] [stderr] 
[INFO] [stderr] warning: unused import: `crate::main`
[INFO] [stderr]  --> src/configs/handler.rs:3:5
[INFO] [stderr]   |
[INFO] [stderr] 3 | use crate::main;
[INFO] [stderr]   |     ^^^^^^^^^^^
[INFO] [stderr] 
[INFO] [stderr] warning: unused import: `super::Config`
[INFO] [stderr]  --> src/configs/handler.rs:8:5
[INFO] [stderr]   |
[INFO] [stderr] 8 | use super::Config;
[INFO] [stderr]   |     ^^^^^^^^^^^^^
[INFO] [stderr] 
[INFO] [stderr] warning: unused import: `std::result`
[INFO] [stderr]  --> src/fs/bitbake.rs:4:5
[INFO] [stderr]   |
[INFO] [stderr] 4 | use std::result;
[INFO] [stderr]   |     ^^^^^^^^^^^
[INFO] [stderr] 
[INFO] [stderr] warning: value assigned to `i` is never read
[INFO] [stderr]    --> src/workspace/config.rs:433:13
[INFO] [stderr]     |
[INFO] [stderr] 433 |             i += 1;
[INFO] [stderr]     |             ^
[INFO] [stderr]     |
[INFO] [stderr]     = help: maybe it is overwritten before being read?
[INFO] [stderr]     = note: `#[warn(unused_assignments)]` on by default
[INFO] [stderr] 
[INFO] [stderr] warning: unused variable: `json_task_str`
[INFO] [stderr]    --> src/data/data.rs:514:13
[INFO] [stderr]     |
[INFO] [stderr] 514 |         let json_task_str: &str = r#"
[INFO] [stderr]     |             ^^^^^^^^^^^^^ help: if this is intentional, prefix it with an underscore: `_json_task_str`
[INFO] [stderr]     |
[INFO] [stderr]     = note: `#[warn(unused_variables)]` on by default
[INFO] [stderr] 
[INFO] [stderr] warning: unreachable pattern
[INFO] [stderr]    --> src/data/artifact.rs:133:13
[INFO] [stderr]     |
[INFO] [stderr] 133 |             _ => {
[INFO] [stderr]     |             ^ no value can reach this
[INFO] [stderr]     |
[INFO] [stderr] note: multiple earlier patterns match some of the same values
[INFO] [stderr]    --> src/data/artifact.rs:133:13
[INFO] [stderr]     |
[INFO] [stderr] 111 |             AType::File => {
[INFO] [stderr]     |             ----------- matches some of the same values
[INFO] [stderr] ...
[INFO] [stderr] 116 |             AType::Directory => {
[INFO] [stderr]     |             ---------------- matches some of the same values
[INFO] [stderr] ...
[INFO] [stderr] 119 |             AType::Archive => {
[INFO] [stderr]     |             -------------- matches some of the same values
[INFO] [stderr] ...
[INFO] [stderr] 122 |             AType::Manifest => {
[INFO] [stderr]     |             --------------- matches some of the same values
[INFO] [stderr] ...
[INFO] [stderr] 133 |             _ => {
[INFO] [stderr]     |             ^ ...and 2 other patterns collectively make this unreachable
[INFO] [stderr]     = note: `#[warn(unreachable_patterns)]` on by default
[INFO] [stderr] 
[INFO] [stderr] warning: method `warn` is never used
[INFO] [stderr]  --> src/cli/logger.rs:7:8
[INFO] [stderr]   |
[INFO] [stderr] 4 | pub trait Logger {
[INFO] [stderr]   |           ------ method in this trait
[INFO] [stderr] ...
[INFO] [stderr] 7 |     fn warn(&self, message: String);
[INFO] [stderr]   |        ^^^^
[INFO] [stderr]   |
[INFO] [stderr]   = note: `#[warn(dead_code)]` on by default
[INFO] [stderr] 
[INFO] [stderr] warning: methods `verify_ws_dir`, `verify_ws`, and `config` are never used
[INFO] [stderr]   --> src/workspace/settings.rs:40:12
[INFO] [stderr]    |
[INFO] [stderr] 13 | impl WsSettingsHandler {
[INFO] [stderr]    | ---------------------- methods in this implementation
[INFO] [stderr] ...
[INFO] [stderr] 40 |     pub fn verify_ws_dir(&self, dir: &Path) -> Result<(), BError> {
[INFO] [stderr]    |            ^^^^^^^^^^^^^
[INFO] [stderr] ...
[INFO] [stderr] 47 |     pub fn verify_ws(&self) -> Result<(), BError> {
[INFO] [stderr]    |            ^^^^^^^^^
[INFO] [stderr] ...
[INFO] [stderr] 63 |     pub fn config(&self) -> &WsSettings {
[INFO] [stderr]    |            ^^^^^^
[INFO] [stderr] 
[INFO] [stderr] warning: field `version` is never read
[INFO] [stderr]   --> src/configs/settings.rs:15:9
[INFO] [stderr]    |
[INFO] [stderr] 14 | pub struct WsSettings {
[INFO] [stderr]    |            ---------- field in this struct
[INFO] [stderr] 15 |     pub version: String,
[INFO] [stderr]    |         ^^^^^^^
[INFO] [stderr]    |
[INFO] [stderr]    = note: `WsSettings` has a derived impl for the trait `Clone`, but this is intentionally ignored during dead code analysis
[INFO] [stderr] 
[INFO] [stderr] warning: method `merge` is never used
[INFO] [stderr]   --> src/configs/context.rs:83:12
[INFO] [stderr]    |
[INFO] [stderr] 12 | impl Context {
[INFO] [stderr]    | ------------ method in this implementation
[INFO] [stderr] ...
[INFO] [stderr] 83 |     pub fn merge(&mut self, context: &Context) {
[INFO] [stderr]    |            ^^^^^
[INFO] [stderr] 
[INFO] [stderr] warning: associated functions `setup_test_ws_dirs` and `setup_ws_build_config_handler` are never used
[INFO] [stderr]    --> src/helper/mod.rs:36:12
[INFO] [stderr]     |
[INFO] [stderr] 25  | impl Helper {
[INFO] [stderr]     | ----------- associated functions in this implementation
[INFO] [stderr] ...
[INFO] [stderr] 36  |     pub fn setup_test_ws_dirs(ws_settings: &WsSettingsHandler) {
[INFO] [stderr]     |            ^^^^^^^^^^^^^^^^^^
[INFO] [stderr] ...
[INFO] [stderr] 192 |     pub fn setup_ws_build_config_handler(test_work_dir: &str, json_settings: &str, json_build_config: &str) -> WsBuildConfigHandler {
[INFO] [stderr]     |            ^^^^^^^^^^^^^^^^^^^^^^^^^^^^^
[INFO] [stderr] 
[INFO] [stderr] warning: field `data` is never read
[INFO] [stderr]   --> src/data/data.rs:14:5
[INFO] [stderr]    |
[INFO] [stderr] 13 | pub struct WsBuildData {
[INFO] [stderr]    |            ----------- field in this struct
[INFO] [stderr] 14 |     data: Value,
[INFO] [stderr]    |     ^^^^
[INFO] [stderr] 
[INFO] [stderr] warning: associated function `from_str` is never used
[INFO] [stderr]   --> src/data/artifact.rs:32:12
[INFO] [stderr]    |
[INFO] [stderr] 31 | impl WsArtifactData {
[INFO] [stderr]    | ------------------- associated function in this implementation
[INFO] [stderr] 32 |     pub fn from_str(json_string: &str) -> Result<Self, BError> {
[INFO] [stderr]    |            ^^^^^^^^
[INFO] [stderr] 
[INFO] [stderr] warning: associated function `from_str` is never used
[INFO] [stderr]   --> src/data/include.rs:15:12
[INFO] [stderr]    |
[INFO] [stderr] 14 | impl WsIncludeData {
[INFO] [stderr]    | ------------------ associated function in this implementation
[INFO] [stderr] 15 |     pub fn from_str(json_string: &str, settings: &WsSettingsHandler) -> Result<Self, BError> {
[INFO] [stderr]    |            ^^^^^^^^
[INFO] [stderr] 
[INFO] [stderr] warning: `thebakery` (bin "bakery" test) generated 21 warnings (run `cargo fix --bin "bakery" --tests` to apply 10 suggestions)
[INFO] [stderr]     Finished `test` profile [unoptimized + debuginfo] target(s) in 0.12s
[INFO] [stderr]      Running unittests src/main.rs (/opt/rustwide/target/debug/deps/bakery-6e6b57f24366e489)
[INFO] [stdout] 
[INFO] [stdout] running 245 tests
[INFO] [stdout] test cli::system::tests::test_system_init_env_file_missing ... ok
[INFO] [stdout] test cli::system::tests::test_system_check_call_error ... ok
[INFO] [stdout] test collector::file::tests::test_file_collector_file_dest ... ok
[INFO] [stdout] test collector::archive::tests::test_archive_collector_nested ... ok
[INFO] [stdout] test collector::directory::tests::test_directory_collector_dir ... ok
[INFO] [stdout] total 8
[INFO] [stdout] drwxr-xr-x 2 root root 4096 Dec 15 05:43 .
[INFO] [stdout] drwxrwxrwt 1 root root 4096 Dec 15 05:43 ..
[INFO] [stdout] -rw-r--r-- 1 root root    0 Dec 15 05:43 test1
[INFO] [stdout] -rw-r--r-- 1 root root    0 Dec 15 05:43 test2
[INFO] [stdout] -rw-r--r-- 1 root root    0 Dec 15 05:43 test3
[INFO] [stdout] test cli::system::tests::test_system_check_call ... ok
[INFO] [stdout] test collector::file::tests::test_file_collector_source ... ok
[INFO] [stdout] test cli::system::tests::test_system_init_env_file ... ok
[INFO] [stdout] test collector::file::tests::test_file_collector_dest_dir ... ok
[INFO] [stdout] test collector::link::tests::test_link_collector_no_source ... ok
[INFO] [stdout] test collector::conditional::tests::test_conditional_collector_false ... ok
[INFO] [stdout] test collector::conditional::tests::test_conditional_collector_true ... ok
[INFO] [stdout] test collector::link::tests::test_link_collector_source ... ok
[INFO] [stdout] test collector::directory::tests::test_directory_collector_context ... ok
[INFO] [stdout] test collector::manifest::tests::test_manifest_collector_content ... ok
[INFO] [stdout] test collector::file::tests::test_file_collector_source_missing ... ok
[INFO] [stdout] test commands::build::tests::test_cmd_build_arg_archiver ... ok
[INFO] [stdout] test collector::manifest::tests::test_manifest_collector_context ... ok
[INFO] [stdout] test collector::file::tests::test_file_collector_src_dir ... ok
[INFO] [stdout] test commands::build::tests::test_cmd_build_arg_bitbake_variables ... ok
[INFO] [stdout] test commands::build::tests::test_cmd_build_arg_tar_balls ... ok
[INFO] [stdout] test commands::build::tests::test_cmd_build_arg_debug_symbols ... ok
[INFO] [stdout] test collector::directory::tests::test_directory_collector_nested ... ok
[INFO] [stdout] test collector::archive::tests::test_archive_collector_files ... ok
[INFO] [stdout] test collector::conditional::tests::test_conditional_collector_ctx ... ok
[INFO] [stdout] test commands::build::tests::test_cmd_build_arg_build_history ... ok
[INFO] [stdout] test collector::link::tests::test_link_collector_context ... ok
[INFO] [stdout] test collector::file::tests::test_file_collector_src_glob ... ok
[INFO] [stdout] test commands::build::tests::test_cmd_build_bitbake ... ok
[INFO] [stdout] test commands::build::tests::test_cmd_build_arg_variant_test ... ok
[INFO] [stdout] test commands::build::tests::test_cmd_build_non_bitbake ... ok
[INFO] [stdout] test commands::build::tests::test_cmd_build_tasks ... ok
[INFO] [stdout] test commands::clean::tests::test_cmd_clean_nonbitbake ... ok
[INFO] [stdout] test commands::handler::tests::test_get_build_command ... ok
[INFO] [stdout] test commands::build::tests::test_cmd_build_context ... ok
[INFO] [stdout] test commands::handler::tests::test_get_deploy_command ... ok
[INFO] [stdout] test commands::handler::tests::test_get_clean_command ... ok
[INFO] [stdout] test commands::handler::tests::test_get_invalid_command ... ok
[INFO] [stdout] test commands::handler::tests::test_get_list_command ... ok
[INFO] [stdout] test commands::handler::tests::test_get_setup_command ... ok
[INFO] [stdout] test commands::handler::tests::test_get_shell_command ... ok
[INFO] [stdout] test commands::handler::tests::test_get_upload_command ... ok
[INFO] [stdout] test commands::handler::tests::test_get_sync_command ... ok
[INFO] [stdout] test commands::build::tests::test_cmd_build_task ... ok
[INFO] [stdout] test collector::file::tests::test_file_collector_context ... ok
[INFO] [stdout] test commands::list::tests::test_cmd_list_ctx ... ok
[INFO] [stdout] test commands::deploy::tests::test_cmd_deploy ... ok
[INFO] [stdout] test commands::deploy::tests::test_cmd_deploy_ctx ... ok
[INFO] [stdout] test commands::deploy::tests::test_cmd_deploy_device ... ok
[INFO] [stdout] test commands::deploy::tests::test_cmd_deploy_device_ctx ... ok
[INFO] [stdout] test commands::setup::tests::test_cmd_setup ... ok
[INFO] [stdout] test commands::deploy::tests::test_cmd_deploy_device_arg ... ok
[INFO] [stdout] test commands::list::tests::test_cmd_list_invalid_build_config ... ok
[INFO] [stdout] test commands::list::tests::test_cmd_list_build_config ... ok
[INFO] [stdout] test commands::deploy::tests::test_cmd_deploy_image_arg ... ok
[INFO] [stdout] test commands::deploy::tests::test_cmd_deploy_image_ctx ... ok
[INFO] [stdout] test commands::build::tests::test_cmd_build_docker_interactive ... FAILED
[INFO] [stdout] test commands::build::tests::test_cmd_build_docker_volumes ... FAILED
[INFO] [stdout] test configs::handler::tests::test_cfg_handler_settings_default ... ok
[INFO] [stdout] test configs::handler::tests::test_cfg_handler_build_config ... ok
[INFO] [stdout] test configs::handler::tests::test_cfg_handler_settings_home_dir ... ok
[INFO] [stdout] test commands::build::tests::test_cmd_build_docker_args ... FAILED
[INFO] [stdout] test configs::context::tests::test_task_context_expand_invalid ... ok
[INFO] [stdout] test commands::setup::tests::test_cmd_setup_ctx ... ok
[INFO] [stdout] test commands::build::tests::test_cmd_build_docker_bitbake ... FAILED
[INFO] [stdout] test configs::context::tests::test_task_context_nested_expand_str ... ok
[INFO] [stdout] test configs::settings::tests::test_settings_config_default_docker_enabled ... ok
[INFO] [stdout] test configs::settings::tests::test_settings_config_docker_args ... ok
[INFO] [stdout] test configs::settings::tests::test_settings_config_default_workspace_dirs ... ok
[INFO] [stdout] test configs::settings::tests::test_settings_config_build_configs ... ok
[INFO] [stdout] test configs::context::tests::test_task_context_update ... ok
[INFO] [stdout] test configs::settings::tests::test_settings_config_docker_registry ... ok
[INFO] [stdout] test configs::settings::tests::test_settings_config_no_artifacts_dir ... ok
[INFO] [stdout] test configs::settings::tests::test_settings_config_no_artifacts_workspace_node ... ok
[INFO] [stdout] test configs::settings::tests::test_settings_config_no_build_node ... ok
[INFO] [stdout] test configs::settings::tests::test_settings_config_no_builds_dir ... ok
[INFO] [stdout] test configs::settings::tests::test_settings_config_no_builds_workspace_node ... ok
[INFO] [stdout] test configs::settings::tests::test_settings_config_docker_disabled ... ok
[INFO] [stdout] test configs::settings::tests::test_settings_config_docker_image ... ok
[INFO] [stdout] test configs::context::tests::test_task_context_expand_path ... ok
[INFO] [stdout] test configs::settings::tests::test_settings_config_no_cache_dir ... ok
[INFO] [stdout] test configs::settings::tests::test_settings_config_docker_tag ... ok
[INFO] [stdout] test configs::settings::tests::test_settings_config_no_configs_workspace_node ... ok
[INFO] [stdout] test configs::settings::tests::test_settings_config_no_docker_args ... ok
[INFO] [stdout] test configs::context::tests::test_task_context_variables ... ok
[INFO] [stdout] test configs::settings::tests::test_settings_config_no_docker_image_node ... ok
[INFO] [stdout] test configs::settings::tests::test_settings_config_no_docker_registry ... ok
[INFO] [stdout] test configs::context::tests::test_task_context_expand_str ... ok
[INFO] [stdout] test configs::settings::tests::test_settings_config_no_cache_workspace_node ... ok
[INFO] [stdout] test configs::context::tests::test_task_context_update_nested ... ok
[INFO] [stdout] test configs::settings::tests::test_settings_config_no_docker_registry_node ... ok
[INFO] [stdout] test configs::settings::tests::test_settings_config_no_docker_tag_node ... ok
[INFO] [stdout] test configs::settings::tests::test_settings_config_no_supported_build_configs ... ok
[INFO] [stdout] test configs::settings::tests::test_settings_config_no_scripts_dir ... ok
[INFO] [stdout] test configs::settings::tests::test_settings_config_no_scripts_workspace_node ... ok
[INFO] [stdout] test configs::settings::tests::test_settings_config_no_docker_workspace_node ... ok
[INFO] [stdout] test configs::settings::tests::test_settings_config_workspace_dirs ... ok
[INFO] [stdout] test data::artifact::tests::test_ws_artifact_data_dest ... ok
[INFO] [stdout] test configs::handler::tests::test_cfg_handler_settings_work_dir ... ok
[INFO] [stdout] test data::artifact::tests::test_ws_artifact_data_dir_type ... ok
[INFO] [stdout] test configs::settings::tests::test_settings_config_no_docker_dir ... ok
[INFO] [stdout] test configs::settings::tests::test_settings_config_no_docker_image ... ok
[INFO] [stdout] test data::artifact::tests::test_ws_artifact_data_error_invalid_type ... ok
[INFO] [stdout] test data::artifact::tests::test_ws_artifact_data_error_no_dir_name ... ok
[INFO] [stdout] test data::artifact::tests::test_ws_artifact_data_error_no_link_source ... ok
[INFO] [stdout] test data::artifact::tests::test_ws_artifact_data_error_no_manifest_name ... ok
[INFO] [stdout] test data::artifact::tests::test_ws_artifact_data_error_no_link_name ... ok
[INFO] [stdout] test data::artifact::tests::test_ws_artifact_condition_true ... ok
[INFO] [stdout] test data::artifact::tests::test_ws_artifact_data_error_no_condition ... ok
[INFO] [stdout] test commands::sync::tests::test_cmd_sync ... ok
[INFO] [stdout] test configs::settings::tests::test_settings_config_no_docker_tag ... ok
[INFO] [stdout] test configs::handler::tests::test_cfg_handler_ws_root_build_config ... ok
[INFO] [stdout] test data::artifact::tests::test_ws_artifact_data_link_type ... ok
[INFO] [stdout] test data::artifact::tests::test_ws_artifact_data_source ... ok
[INFO] [stdout] test data::bitbake::tests::test_ws_bitbake_data ... ok
[INFO] [stdout] test data::artifact::tests::test_ws_artifact_data_file_type ... ok
[INFO] [stdout] test data::bitbake::tests::test_ws_bitbake_data_to_string ... ok
[INFO] [stdout] test data::config::tests::test_ws_config_data_default ... ok
[INFO] [stdout] test data::config::tests::test_ws_config_data ... ok
[INFO] [stdout] test data::artifact::tests::test_ws_artifact_condition_false_ctx ... ok
[INFO] [stdout] test data::bitbake::tests::test_ws_bitbake_data_default ... ok
[INFO] [stdout] test data::customsubcmd::tests::test_ws_deploy_cmd ... ok
[INFO] [stdout] test data::artifact::tests::test_ws_artifact_data_context ... ok
[INFO] [stdout] test data::context::tests::test_ws_builtin_context_data ... ok
[INFO] [stdout] test data::artifact::tests::test_ws_artifact_data_link_ctx ... ok
[INFO] [stdout] test data::artifact::tests::test_ws_artifact_data_manifest ... ok
[INFO] [stdout] test data::customsubcmd::tests::test_ws_deploy_data_default ... ok
[INFO] [stdout] test configs::handler::tests::test_cfg_handler_ws_include_configs ... ok
[INFO] [stdout] test data::data::tests::test_ws_build_data_artifact ... ok
[INFO] [stdout] test data::data::tests::test_ws_build_data_artifacts_error ... ok
[INFO] [stdout] test data::data::tests::test_ws_build_data_artifacts ... ok
[INFO] [stdout] test data::data::tests::test_ws_build_data_built_in_ctx ... ok
[INFO] [stdout] test data::data::tests::test_ws_build_data_no_tasks ... ok
[INFO] [stdout] test data::data::tests::test_ws_build_data_default ... ok
[INFO] [stdout] test configs::handler::tests::test_cfg_handler_ws_configs_build_config ... ok
[INFO] [stdout] test data::product::tests::test_ws_product_data ... ok
[INFO] [stdout] test data::product::tests::test_ws_product_data_default ... ok
[INFO] [stdout] test data::data::tests::test_ws_build_data_expand_artifact ... ok
[INFO] [stdout] test data::product::tests::test_ws_project_name_data ... ok
[INFO] [stdout] test data::task::tests::test_ws_task_data_bitbake ... ok
[INFO] [stdout] test commands::upload::tests::test_cmd_upload_ctx ... ok
[INFO] [stdout] test data::product::tests::test_ws_product_name_data ... ok
[INFO] [stdout] test data::task::tests::test_ws_task_data_error_no_recipes ... ok
[INFO] [stdout] test data::data::tests::test_ws_build_data_tasks_error ... ok
[INFO] [stdout] test data::task::tests::test_ws_task_data_nonbitbake ... ok
[INFO] [stdout] test data::data::tests::test_ws_build_data_task ... ok
[INFO] [stdout] test data::data::tests::test_ws_build_data_task_expand_ctx ... ok
[INFO] [stdout] test data::artifact::tests::test_ws_artifact_condition_true_ctx ... ok
[INFO] [stdout] test data::bitbake::tests::test_ws_bitbake_ctx_conf ... ok
[INFO] [stdout] test data::context::tests::test_ws_context_data_default ... ok
[INFO] [stdout] test data::context::tests::test_ws_context_data ... ok
[INFO] [stdout] test data::customsubcmd::tests::test_ws_deploy_cmd_ctx ... ok
[INFO] [stdout] test data::task::tests::test_ws_task_data_error_invalid_type ... ok
[INFO] [stdout] test commands::sync::tests::test_cmd_sync_ctx ... ok
[INFO] [stdout] test data::task::tests::test_ws_task_env ... ok
[INFO] [stdout] test executers::docker::tests::test_docker_bootstrap_cmdline ... ok
[INFO] [stdout] test executers::customsubcmd::tests::test_ws_deploy_executer ... ok
[INFO] [stdout] test executers::docker::tests::test_docker_bootstrap_args ... ok
[INFO] [stdout] test executers::docker::tests::test_docker_bootstrap_volumes ... ok
[INFO] [stdout] test executers::docker::tests::test_docker_cmdline_interactive ... ok
[INFO] [stdout] test executers::docker::tests::test_docker_bootstrap_cmdline_interactive ... ok
[INFO] [stdout] test executers::docker::tests::test_docker_env_file ... ok
[INFO] [stdout] test executers::docker::tests::test_docker_bootstrap_top_dir ... ok
[INFO] [stdout] test executers::docker::tests::test_docker_cmdline ... ok
[INFO] [stdout] test executers::bitbake::tests::test_bitbake_executer_dry_run ... ok
[INFO] [stdout] test data::artifact::tests::test_ws_artifact_data_manifest_empty_content ... ok
[INFO] [stdout] test executers::docker::tests::test_dockerimage_long_namespace ... ok
[INFO] [stdout] test executers::docker::tests::test_dockerimage_short_namespace ... ok
[INFO] [stdout] test executers::docker::tests::test_dockerimage ... ok
[INFO] [stdout] test commands::upload::tests::test_cmd_upload ... ok
[INFO] [stdout] test executers::recipe::tests::test_recipe_do_task ... ok
[INFO] [stdout] test executers::recipe::tests::test_recipe_no_task ... ok
[INFO] [stdout] test executers::bitbake::tests::test_bitbake_executer_env_prio ... ok
[INFO] [stdout] test executers::recipe::tests::test_recipe_sdk ... ok
[INFO] [stdout] test executers::recipe::tests::test_recipe_task ... ok
[INFO] [stdout] test data::data::tests::test_ws_build_tasks ... ok
[INFO] [stdout] test fs::archiver::tests::test_archiver_error_unsupported_compression ... ok
[INFO] [stdout] test fs::archiver::tests::test_archiver_error_unsupported_archive ... ok
[INFO] [stdout] test fs::archiver::tests::test_archiver_error_no_compression ... ok
[INFO] [stdout] test executers::bitbake::tests::test_bitbake_executer ... ok
[INFO] [stdout] test data::data::tests::test_ws_build_data_time_date ... ok
[INFO] [stdout] test executers::bitbake::tests::test_bitbake_executer_env ... ok
[INFO] [stdout] test fs::archiver::tests::test_archiver_version_zip ... ok
[INFO] [stdout] test fs::archiver::tests::test_archiver_tar_gz ... ok
[INFO] [stdout] test fs::bitbake::tests::test_bitbake_conf_bblayers_conf_exists ... ok
[INFO] [stdout] test fs::archiver::tests::test_archiver_version_tar_bz ... ok
[INFO] [stdout] test data::task::tests::test_ws_task_data_context ... ok
[INFO] [stdout] test fs::bitbake::tests::test_bitbake_conf_create_bblayers_conf ... ok
[INFO] [stdout] test fs::bitbake::tests::test_bitbake_conf_create_local_conf ... ok
[INFO] [stdout] test executers::nonbitbake::tests::test_nonbitbake_clean_executer ... ok
[INFO] [stdout] test fs::manifest::tests::test_manifest_extension_error ... ok
[INFO] [stdout] test fs::bitbake::tests::test_bitbake_create_confs ... ok
[INFO] [stdout] test fs::bitbake::tests::test_bitbake_conf_local_conf_exists ... ok
[INFO] [stdout] test fs::archiver::tests::test_archiver_zip ... ok
[INFO] [stdout] test fs::bitbake::tests::test_bitbake_conf_local_conf_exists_force ... ok
[INFO] [stdout] test fs::bitbake::tests::test_bitbake_conf_bblayers_conf_exists_force ... ok
[INFO] [stdout] test fs::archiver::tests::test_archiver_tar_bz ... ok
[INFO] [stdout] test fs::archiver::tests::test_archiver_file_zip ... ok
[INFO] [stdout] test executers::nonbitbake::tests::test_nonbitbake_executer_dry_run ... ok
[INFO] [stdout] test executers::nonbitbake::tests::test_nonbitbake_executer ... ok
[INFO] [stdout] test fs::manifest::tests::test_manifest ... ok
[INFO] [stdout] test fs::archiver::tests::test_archiver_file_tar_gz ... ok
[INFO] [stdout] test executers::bitbake::tests::test_bitbake_clean_executer ... ok
[INFO] [stdout] test workspace::artifact::tests::test_artifact_archive ... ok
[INFO] [stdout] test data::task::tests::test_ws_task_env_context ... ok
[INFO] [stdout] test workspace::artifact::tests::test_artifact_manifest ... ok
[INFO] [stdout] test executers::bitbake::tests::test_bitbake_executer_env_empty ... ok
[INFO] [stdout] test fs::archiver::tests::test_archiver_file_tar_bz2 ... ok
[INFO] [stdout] test workspace::artifact::tests::test_ws_artifacts_link ... ok
[INFO] [stdout] test workspace::artifact::tests::test_ws_artifacts_file_dest ... ok
[INFO] [stdout] test workspace::config::tests::test_ws_config_context_task_build_dir ... ok
[INFO] [stdout] test workspace::settings::tests::test_settings_default_docker ... ok
[INFO] [stdout] test workspace::customsubcmd::tests::test_ws_deploy_handler ... ok
[INFO] [stdout] test workspace::config::tests::test_ws_config_empty_tasks ... ok
[INFO] [stdout] test workspace::artifact::tests::test_artifact_composite ... ok
[INFO] [stdout] test workspace::config::tests::test_ws_config_incompatible_version ... ok
[INFO] [stdout] test workspace::settings::tests::test_settings_default_supported_builds ... ok
[INFO] [stdout] test workspace::settings::tests::test_settings_default_docker_args ... ok
[INFO] [stdout] test workspace::settings::tests::test_settings_ws_dirs ... ok
[INFO] [stdout] test workspace::settings::tests::test_settings_default_ws_dirs ... ok
[INFO] [stdout] test workspace::settings::tests::test_settings_ws_top_dir ... ok
[INFO] [stdout] test workspace::artifact::tests::test_artifact_expand_ctx ... ok
[INFO] [stdout] test workspace::settings::tests::test_settings_docker ... ok
[INFO] [stdout] test workspace::settings::tests::test_settings_supported_builds ... ok
[INFO] [stdout] test workspace::config::tests::test_ws_config_context_docker ... ok
[INFO] [stdout] test workspace::settings::tests::test_settings_docker_args ... ok
[INFO] [stdout] test workspace::config::tests::test_ws_config_default ... ok
[INFO] [stdout] test workspace::artifact::tests::test_artifacts_dir_type ... ok
[INFO] [stdout] test workspace::artifact::tests::test_ws_artifacts_file_source ... ok
[INFO] [stdout] test workspace::config::tests::test_ws_config_tasks ... ok
[INFO] [stdout] test workspace::tasks::tests::test_ws_task_run_recipes ... ok
[INFO] [stdout] test workspace::tasks::tests::test_ws_task_expand_ctx ... ok
[INFO] [stdout] test workspace::tasks::tests::test_ws_task_bitbake_confs ... ok
[INFO] [stdout] test workspace::config::tests::test_ws_config_merge ... ok
[INFO] [stdout] test workspace::config::tests::test_ws_task_config_build_dir ... ok
[INFO] [stdout] test workspace::tasks::tests::test_ws_task_bitbake ... ok
[INFO] [stdout] test workspace::tasks::tests::test_ws_task_nonbitbake ... ok
[INFO] [stdout] test workspace::tasks::tests::test_ws_task_bb_build_dir ... ok
[INFO] [stdout] test workspace::config::tests::test_ws_task_config_condition ... ok
[INFO] [stdout] test workspace::workspace::tests::test_workspace_default_settings ... ok
[INFO] [stdout] test workspace::workspace::tests::test_workspace_valid_config ... ok
[INFO] [stdout] test workspace::workspace::tests::test_workspace_default ... ok
[INFO] [stdout] test workspace::tasks::tests::test_ws_task_nonbitbake_artifacts ... ok
[INFO] [stdout] test workspace::tasks::tests::test_ws_task_run_bitbake ... ok
[INFO] [stdout] test workspace::workspace::tests::test_workspace_build_configs ... ok
[INFO] [stdout] 
[INFO] [stdout] failures:
[INFO] [stdout] 
[INFO] [stdout] ---- commands::build::tests::test_cmd_build_docker_interactive stdout ----
[INFO] [stdout] INFO: execute bitbake build task 'task-name'
[INFO] [stdout] INFO: source init env file /tmp/bakery-test-dir.Yehkp7eSSaxM/layers/poky/oe-init-build-env
[INFO] [stdout] INFO: Autogenerate /tmp/bakery-test-dir.Yehkp7eSSaxM/builds/default/conf/local.conf
[INFO] [stdout] INFO: Autogenerate /tmp/bakery-test-dir.Yehkp7eSSaxM/builds/default/conf/bblayers.conf
[INFO] [stdout] thread 'commands::build::tests::test_cmd_build_docker_interactive' panicked at src/cli/system.rs:38:1:
[INFO] [stdout] MockSystem::check_call(?): No matching expectation found
[INFO] [stdout] stack backtrace:
[INFO] [stdout]    0:     0x63f79ea0d39a - std::backtrace_rs::backtrace::libunwind::trace::h5a5b8284f2d0c266
[INFO] [stdout]                                at /rustc/90b35a6239c3d8bdabc530a6a0816f7ff89a0aaf/library/std/src/../../backtrace/src/backtrace/libunwind.rs:116:5
[INFO] [stdout]    1:     0x63f79ea0d39a - std::backtrace_rs::backtrace::trace_unsynchronized::h76d4f1c9b0b875e3
[INFO] [stdout]                                at /rustc/90b35a6239c3d8bdabc530a6a0816f7ff89a0aaf/library/std/src/../../backtrace/src/backtrace/mod.rs:66:5
[INFO] [stdout]    2:     0x63f79ea0d39a - std::sys::backtrace::_print_fmt::hc4546b8364a537c6
[INFO] [stdout]                                at /rustc/90b35a6239c3d8bdabc530a6a0816f7ff89a0aaf/library/std/src/sys/backtrace.rs:66:9
[INFO] [stdout]    3:     0x63f79ea0d39a - <std::sys::backtrace::BacktraceLock::print::DisplayBacktrace as core::fmt::Display>::fmt::h5b6bd5631a6d1f6b
[INFO] [stdout]                                at /rustc/90b35a6239c3d8bdabc530a6a0816f7ff89a0aaf/library/std/src/sys/backtrace.rs:39:26
[INFO] [stdout]    4:     0x63f79ea36b53 - core::fmt::rt::Argument::fmt::h270f6602a2b96f62
[INFO] [stdout]                                at /rustc/90b35a6239c3d8bdabc530a6a0816f7ff89a0aaf/library/core/src/fmt/rt.rs:177:76
[INFO] [stdout]    5:     0x63f79ea36b53 - core::fmt::write::h7550c97b06c86515
[INFO] [stdout]                                at /rustc/90b35a6239c3d8bdabc530a6a0816f7ff89a0aaf/library/core/src/fmt/mod.rs:1186:21
[INFO] [stdout]    6:     0x63f79ea09f93 - std::io::Write::write_fmt::h509ff860e5956e5e
[INFO] [stdout]                                at /rustc/90b35a6239c3d8bdabc530a6a0816f7ff89a0aaf/library/std/src/io/mod.rs:1839:15
[INFO] [stdout]    7:     0x63f79ea0d1e2 - std::sys::backtrace::BacktraceLock::print::h2395ccd2c84ba3aa
[INFO] [stdout]                                at /rustc/90b35a6239c3d8bdabc530a6a0816f7ff89a0aaf/library/std/src/sys/backtrace.rs:42:9
[INFO] [stdout]    8:     0x63f79ea0e7fa - std::panicking::default_hook::{{closure}}::he19d4c7230e07961
[INFO] [stdout]                                at /rustc/90b35a6239c3d8bdabc530a6a0816f7ff89a0aaf/library/std/src/panicking.rs:268:22
[INFO] [stdout]    9:     0x63f79ea0e604 - std::panicking::default_hook::hf614597d3c67bbdb
[INFO] [stdout]                                at /rustc/90b35a6239c3d8bdabc530a6a0816f7ff89a0aaf/library/std/src/panicking.rs:292:9
[INFO] [stdout]   10:     0x63f79e409d99 - <alloc::boxed::Box<F,A> as core::ops::function::Fn<Args>>::call::h39b51ce4599c23d1
[INFO] [stdout]                                at /rustc/90b35a6239c3d8bdabc530a6a0816f7ff89a0aaf/library/alloc/src/boxed.rs:2468:9
[INFO] [stdout]   11:     0x63f79e409d99 - test::test_main::{{closure}}::he977ae839a582784
[INFO] [stdout]                                at /rustc/90b35a6239c3d8bdabc530a6a0816f7ff89a0aaf/library/test/src/lib.rs:133:21
[INFO] [stdout]   12:     0x63f79ea0ee98 - <alloc::boxed::Box<F,A> as core::ops::function::Fn<Args>>::call::h9455091b6b06f9fb
[INFO] [stdout]                                at /rustc/90b35a6239c3d8bdabc530a6a0816f7ff89a0aaf/library/alloc/src/boxed.rs:2468:9
[INFO] [stdout]   13:     0x63f79ea0ee98 - std::panicking::rust_panic_with_hook::h8942133a8b252070
[INFO] [stdout]                                at /rustc/90b35a6239c3d8bdabc530a6a0816f7ff89a0aaf/library/std/src/panicking.rs:809:13
[INFO] [stdout]   14:     0x63f79ea0ec5a - std::panicking::begin_panic_handler::{{closure}}::hb5f5963570096b29
[INFO] [stdout]                                at /rustc/90b35a6239c3d8bdabc530a6a0816f7ff89a0aaf/library/std/src/panicking.rs:674:13
[INFO] [stdout]   15:     0x63f79ea0d879 - std::sys::backtrace::__rust_end_short_backtrace::h6208cedc1922feda
[INFO] [stdout]                                at /rustc/90b35a6239c3d8bdabc530a6a0816f7ff89a0aaf/library/std/src/sys/backtrace.rs:170:18
[INFO] [stdout]   16:     0x63f79ea0e8ec - rust_begin_unwind
[INFO] [stdout]                                at /rustc/90b35a6239c3d8bdabc530a6a0816f7ff89a0aaf/library/std/src/panicking.rs:665:5
[INFO] [stdout]   17:     0x63f79e1b93e0 - core::panicking::panic_fmt::h0c3082644d1bf418
[INFO] [stdout]                                at /rustc/90b35a6239c3d8bdabc530a6a0816f7ff89a0aaf/library/core/src/panicking.rs:74:14
[INFO] [stdout]   18:     0x63f79e1b93bb - core::panicking::panic_display::h735d9af8bded520c
[INFO] [stdout]                                at /rustc/90b35a6239c3d8bdabc530a6a0816f7ff89a0aaf/library/core/src/panicking.rs:264:5
[INFO] [stdout]   19:     0x63f79e1b93bb - core::option::expect_failed::h95d2432053ef5ebb
[INFO] [stdout]                                at /rustc/90b35a6239c3d8bdabc530a6a0816f7ff89a0aaf/library/core/src/option.rs:2021:5
[INFO] [stdout]   20:     0x63f79e1f5019 - core::option::Option<T>::expect::h0af3ef824748ef3c
[INFO] [stdout]                                at /rustc/90b35a6239c3d8bdabc530a6a0816f7ff89a0aaf/library/core/src/option.rs:933:21
[INFO] [stdout]   21:     0x63f79e292b59 - <bakery::cli::system::MockSystem as bakery::cli::system::System>::check_call::h0503859b032f6a33
[INFO] [stdout]                                at /opt/rustwide/workdir/src/cli/system.rs:38:1
[INFO] [stdout]   22:     0x63f79e350841 - bakery::cli::cli::Cli::check_call::h7a8db77e816b7ac9
[INFO] [stdout]                                at /opt/rustwide/workdir/src/cli/cli.rs:70:9
[INFO] [stdout]   23:     0x63f79e2e973a - <bakery::executers::bitbake::BBBuildExecuter as bakery::executers::TaskExecuter>::exec::hfb7b401adfd8da0f
[INFO] [stdout]                                at /opt/rustwide/workdir/src/executers/bitbake.rs:134:17
[INFO] [stdout]   24:     0x63f79e29f24b - bakery::workspace::tasks::WsTaskHandler::build::hff40adbb72a42c5a
[INFO] [stdout]                                at /opt/rustwide/workdir/src/workspace/tasks.rs:71:9
[INFO] [stdout]   25:     0x63f79e22686c - <bakery::commands::build::BuildCommand as bakery::commands::BCommand>::execute::h3c5f1d124d646b00
[INFO] [stdout]                                at /opt/rustwide/workdir/src/commands/build.rs:166:21
[INFO] [stdout]   26:     0x63f79e302e04 - bakery::commands::build::tests::helper_test_build_subcommand::hb3239f9a874add5f
[INFO] [stdout]                                at /opt/rustwide/workdir/src/commands/build.rs:355:9
[INFO] [stdout]   27:     0x63f79e317758 - bakery::commands::build::tests::test_cmd_build_docker_interactive::h5208277aa646248e
[INFO] [stdout]                                at /opt/rustwide/workdir/src/commands/build.rs:822:43
[INFO] [stdout]   28:     0x63f79e316cd7 - bakery::commands::build::tests::test_cmd_build_docker_interactive::{{closure}}::ha14899a574b2ceef
[INFO] [stdout]                                at /opt/rustwide/workdir/src/commands/build.rs:767:43
[INFO] [stdout]   29:     0x63f79e260fa6 - core::ops::function::FnOnce::call_once::had468cdc3fce2f06
[INFO] [stdout]                                at /rustc/90b35a6239c3d8bdabc530a6a0816f7ff89a0aaf/library/core/src/ops/function.rs:250:5
[INFO] [stdout]   30:     0x63f79e40e75b - core::ops::function::FnOnce::call_once::h109cf8051a59b34e
[INFO] [stdout]                                at /rustc/90b35a6239c3d8bdabc530a6a0816f7ff89a0aaf/library/core/src/ops/function.rs:250:5
[INFO] [stdout]   31:     0x63f79e40e75b - test::__rust_begin_short_backtrace::hf4fff89d377446ba
[INFO] [stdout]                                at /rustc/90b35a6239c3d8bdabc530a6a0816f7ff89a0aaf/library/test/src/lib.rs:621:18
[INFO] [stdout]   32:     0x63f79e40df97 - test::run_test_in_process::{{closure}}::h0e39181dd7ee5a43
[INFO] [stdout]                                at /rustc/90b35a6239c3d8bdabc530a6a0816f7ff89a0aaf/library/test/src/lib.rs:644:60
[INFO] [stdout]   33:     0x63f79e40df97 - <core::panic::unwind_safe::AssertUnwindSafe<F> as core::ops::function::FnOnce<()>>::call_once::hc5a66a30f0bdfd1f
[INFO] [stdout]                                at /rustc/90b35a6239c3d8bdabc530a6a0816f7ff89a0aaf/library/core/src/panic/unwind_safe.rs:272:9
[INFO] [stdout]   34:     0x63f79e40df97 - std::panicking::try::do_call::h873b7cf639554a5e
[INFO] [stdout]                                at /rustc/90b35a6239c3d8bdabc530a6a0816f7ff89a0aaf/library/std/src/panicking.rs:557:40
[INFO] [stdout]   35:     0x63f79e40df97 - std::panicking::try::hdb19862fad9c8bd1
[INFO] [stdout]                                at /rustc/90b35a6239c3d8bdabc530a6a0816f7ff89a0aaf/library/std/src/panicking.rs:520:19
[INFO] [stdout]   36:     0x63f79e40df97 - std::panic::catch_unwind::h281fe732d236d260
[INFO] [stdout]                                at /rustc/90b35a6239c3d8bdabc530a6a0816f7ff89a0aaf/library/std/src/panic.rs:358:14
[INFO] [stdout]   37:     0x63f79e40df97 - test::run_test_in_process::h949b6df8457ed338
[INFO] [stdout]                                at /rustc/90b35a6239c3d8bdabc530a6a0816f7ff89a0aaf/library/test/src/lib.rs:644:27
[INFO] [stdout]   38:     0x63f79e40df97 - test::run_test::{{closure}}::h52c556a6d4740e10
[INFO] [stdout]                                at /rustc/90b35a6239c3d8bdabc530a6a0816f7ff89a0aaf/library/test/src/lib.rs:565:43
[INFO] [stdout]   39:     0x63f79e3d3274 - test::run_test::{{closure}}::h4237f6381c45ccb9
[INFO] [stdout]                                at /rustc/90b35a6239c3d8bdabc530a6a0816f7ff89a0aaf/library/test/src/lib.rs:595:41
[INFO] [stdout]   40:     0x63f79e3d3274 - std::sys::backtrace::__rust_begin_short_backtrace::h505c97a579eca628
[INFO] [stdout]                                at /rustc/90b35a6239c3d8bdabc530a6a0816f7ff89a0aaf/library/std/src/sys/backtrace.rs:154:18
[INFO] [stdout]   41:     0x63f79e3d693e - std::thread::Builder::spawn_unchecked_::{{closure}}::{{closure}}::h9e86b2e2bc107ea3
[INFO] [stdout]                                at /rustc/90b35a6239c3d8bdabc530a6a0816f7ff89a0aaf/library/std/src/thread/mod.rs:538:17
[INFO] [stdout]   42:     0x63f79e3d693e - <core::panic::unwind_safe::AssertUnwindSafe<F> as core::ops::function::FnOnce<()>>::call_once::h8b06ddb275ff4a25
[INFO] [stdout]                                at /rustc/90b35a6239c3d8bdabc530a6a0816f7ff89a0aaf/library/core/src/panic/unwind_safe.rs:272:9
[INFO] [stdout]   43:     0x63f79e3d693e - std::panicking::try::do_call::hb26ecd7cd9a9355d
[INFO] [stdout]                                at /rustc/90b35a6239c3d8bdabc530a6a0816f7ff89a0aaf/library/std/src/panicking.rs:557:40
[INFO] [stdout]   44:     0x63f79e3d693e - std::panicking::try::h8ddeca9d705f9069
[INFO] [stdout]                                at /rustc/90b35a6239c3d8bdabc530a6a0816f7ff89a0aaf/library/std/src/panicking.rs:520:19
[INFO] [stdout]   45:     0x63f79e3d693e - std::panic::catch_unwind::h49e1c33078844c46
[INFO] [stdout]                                at /rustc/90b35a6239c3d8bdabc530a6a0816f7ff89a0aaf/library/std/src/panic.rs:358:14
[INFO] [stdout]   46:     0x63f79e3d693e - std::thread::Builder::spawn_unchecked_::{{closure}}::h6073db6ff56ad35d
[INFO] [stdout]                                at /rustc/90b35a6239c3d8bdabc530a6a0816f7ff89a0aaf/library/std/src/thread/mod.rs:537:30
[INFO] [stdout]   47:     0x63f79e3d693e - core::ops::function::FnOnce::call_once{{vtable.shim}}::h2c5a5f3779c774f1
[INFO] [stdout]                                at /rustc/90b35a6239c3d8bdabc530a6a0816f7ff89a0aaf/library/core/src/ops/function.rs:250:5
[INFO] [stdout]   48:     0x63f79ea147ab - <alloc::boxed::Box<F,A> as core::ops::function::FnOnce<Args>>::call_once::hf75717d9f28faebf
[INFO] [stdout]                                at /rustc/90b35a6239c3d8bdabc530a6a0816f7ff89a0aaf/library/alloc/src/boxed.rs:2454:9
[INFO] [stdout]   49:     0x63f79ea147ab - <alloc::boxed::Box<F,A> as core::ops::function::FnOnce<Args>>::call_once::h7bd883a5f3c5f3c1
[INFO] [stdout]                                at /rustc/90b35a6239c3d8bdabc530a6a0816f7ff89a0aaf/library/alloc/src/boxed.rs:2454:9
[INFO] [stdout]   50:     0x63f79ea147ab - std::sys::pal::unix::thread::Thread::new::thread_start::hcc78f3943333fa94
[INFO] [stdout]                                at /rustc/90b35a6239c3d8bdabc530a6a0816f7ff89a0aaf/library/std/src/sys/pal/unix/thread.rs:105:17
[INFO] [stdout]   51:     0x7d40861e9ac3 - <unknown>
[INFO] [stdout]   52:     0x7d408627aa04 - clone
[INFO] [stdout]   53:                0x0 - <unknown>
[INFO] [stdout] 
[INFO] [stdout] ---- commands::build::tests::test_cmd_build_docker_volumes stdout ----
[INFO] [stdout] INFO: execute bitbake build task 'task-name'
[INFO] [stdout] INFO: source init env file /tmp/bakery-test-dir.2G3oqdNQ2wUr/layers/poky/oe-init-build-env
[INFO] [stdout] INFO: Autogenerate /tmp/bakery-test-dir.2G3oqdNQ2wUr/builds/default/conf/local.conf
[INFO] [stdout] INFO: Autogenerate /tmp/bakery-test-dir.2G3oqdNQ2wUr/builds/default/conf/bblayers.conf
[INFO] [stdout] thread 'commands::build::tests::test_cmd_build_docker_volumes' panicked at src/cli/system.rs:38:1:
[INFO] [stdout] MockSystem::check_call(?): No matching expectation found
[INFO] [stdout] stack backtrace:
[INFO] [stdout]    0:     0x63f79ea0d39a - std::backtrace_rs::backtrace::libunwind::trace::h5a5b8284f2d0c266
[INFO] [stdout]                                at /rustc/90b35a6239c3d8bdabc530a6a0816f7ff89a0aaf/library/std/src/../../backtrace/src/backtrace/libunwind.rs:116:5
[INFO] [stdout]    1:     0x63f79ea0d39a - std::backtrace_rs::backtrace::trace_unsynchronized::h76d4f1c9b0b875e3
[INFO] [stdout]                                at /rustc/90b35a6239c3d8bdabc530a6a0816f7ff89a0aaf/library/std/src/../../backtrace/src/backtrace/mod.rs:66:5
[INFO] [stdout]    2:     0x63f79ea0d39a - std::sys::backtrace::_print_fmt::hc4546b8364a537c6
[INFO] [stdout]                                at /rustc/90b35a6239c3d8bdabc530a6a0816f7ff89a0aaf/library/std/src/sys/backtrace.rs:66:9
[INFO] [stdout]    3:     0x63f79ea0d39a - <std::sys::backtrace::BacktraceLock::print::DisplayBacktrace as core::fmt::Display>::fmt::h5b6bd5631a6d1f6b
[INFO] [stdout]                                at /rustc/90b35a6239c3d8bdabc530a6a0816f7ff89a0aaf/library/std/src/sys/backtrace.rs:39:26
[INFO] [stdout]    4:     0x63f79ea36b53 - core::fmt::rt::Argument::fmt::h270f6602a2b96f62
[INFO] [stdout]                                at /rustc/90b35a6239c3d8bdabc530a6a0816f7ff89a0aaf/library/core/src/fmt/rt.rs:177:76
[INFO] [stdout]    5:     0x63f79ea36b53 - core::fmt::write::h7550c97b06c86515
[INFO] [stdout]                                at /rustc/90b35a6239c3d8bdabc530a6a0816f7ff89a0aaf/library/core/src/fmt/mod.rs:1186:21
[INFO] [stdout]    6:     0x63f79ea09f93 - std::io::Write::write_fmt::h509ff860e5956e5e
[INFO] [stdout]                                at /rustc/90b35a6239c3d8bdabc530a6a0816f7ff89a0aaf/library/std/src/io/mod.rs:1839:15
[INFO] [stdout]    7:     0x63f79ea0d1e2 - std::sys::backtrace::BacktraceLock::print::h2395ccd2c84ba3aa
[INFO] [stdout]                                at /rustc/90b35a6239c3d8bdabc530a6a0816f7ff89a0aaf/library/std/src/sys/backtrace.rs:42:9
[INFO] [stdout]    8:     0x63f79ea0e7fa - std::panicking::default_hook::{{closure}}::he19d4c7230e07961
[INFO] [stdout]                                at /rustc/90b35a6239c3d8bdabc530a6a0816f7ff89a0aaf/library/std/src/panicking.rs:268:22
[INFO] [stdout]    9:     0x63f79ea0e604 - std::panicking::default_hook::hf614597d3c67bbdb
[INFO] [stdout]                                at /rustc/90b35a6239c3d8bdabc530a6a0816f7ff89a0aaf/library/std/src/panicking.rs:292:9
[INFO] [stdout]   10:     0x63f79e409d99 - <alloc::boxed::Box<F,A> as core::ops::function::Fn<Args>>::call::h39b51ce4599c23d1
[INFO] [stdout]                                at /rustc/90b35a6239c3d8bdabc530a6a0816f7ff89a0aaf/library/alloc/src/boxed.rs:2468:9
[INFO] [stdout]   11:     0x63f79e409d99 - test::test_main::{{closure}}::he977ae839a582784
[INFO] [stdout]                                at /rustc/90b35a6239c3d8bdabc530a6a0816f7ff89a0aaf/library/test/src/lib.rs:133:21
[INFO] [stdout]   12:     0x63f79ea0ee98 - <alloc::boxed::Box<F,A> as core::ops::function::Fn<Args>>::call::h9455091b6b06f9fb
[INFO] [stdout]                                at /rustc/90b35a6239c3d8bdabc530a6a0816f7ff89a0aaf/library/alloc/src/boxed.rs:2468:9
[INFO] [stdout]   13:     0x63f79ea0ee98 - std::panicking::rust_panic_with_hook::h8942133a8b252070
[INFO] [stdout]                                at /rustc/90b35a6239c3d8bdabc530a6a0816f7ff89a0aaf/library/std/src/panicking.rs:809:13
[INFO] [stdout]   14:     0x63f79ea0ec5a - std::panicking::begin_panic_handler::{{closure}}::hb5f5963570096b29
[INFO] [stdout]                                at /rustc/90b35a6239c3d8bdabc530a6a0816f7ff89a0aaf/library/std/src/panicking.rs:674:13
[INFO] [stdout]   15:     0x63f79ea0d879 - std::sys::backtrace::__rust_end_short_backtrace::h6208cedc1922feda
[INFO] [stdout]                                at /rustc/90b35a6239c3d8bdabc530a6a0816f7ff89a0aaf/library/std/src/sys/backtrace.rs:170:18
[INFO] [stdout]   16:     0x63f79ea0e8ec - rust_begin_unwind
[INFO] [stdout]                                at /rustc/90b35a6239c3d8bdabc530a6a0816f7ff89a0aaf/library/std/src/panicking.rs:665:5
[INFO] [stdout]   17:     0x63f79e1b93e0 - core::panicking::panic_fmt::h0c3082644d1bf418
[INFO] [stdout]                                at /rustc/90b35a6239c3d8bdabc530a6a0816f7ff89a0aaf/library/core/src/panicking.rs:74:14
[INFO] [stdout]   18:     0x63f79e1b93bb - core::panicking::panic_display::h735d9af8bded520c
[INFO] [stdout]                                at /rustc/90b35a6239c3d8bdabc530a6a0816f7ff89a0aaf/library/core/src/panicking.rs:264:5
[INFO] [stdout]   19:     0x63f79e1b93bb - core::option::expect_failed::h95d2432053ef5ebb
[INFO] [stdout]                                at /rustc/90b35a6239c3d8bdabc530a6a0816f7ff89a0aaf/library/core/src/option.rs:2021:5
[INFO] [stdout]   20:     0x63f79e1f5019 - core::option::Option<T>::expect::h0af3ef824748ef3c
[INFO] [stdout]                                at /rustc/90b35a6239c3d8bdabc530a6a0816f7ff89a0aaf/library/core/src/option.rs:933:21
[INFO] [stdout]   21:     0x63f79e292b59 - <bakery::cli::system::MockSystem as bakery::cli::system::System>::check_call::h0503859b032f6a33
[INFO] [stdout]                                at /opt/rustwide/workdir/src/cli/system.rs:38:1
[INFO] [stdout]   22:     0x63f79e350841 - bakery::cli::cli::Cli::check_call::h7a8db77e816b7ac9
[INFO] [stdout]                                at /opt/rustwide/workdir/src/cli/cli.rs:70:9
[INFO] [stdout]   23:     0x63f79e2e973a - <bakery::executers::bitbake::BBBuildExecuter as bakery::executers::TaskExecuter>::exec::hfb7b401adfd8da0f
[INFO] [stdout]                                at /opt/rustwide/workdir/src/executers/bitbake.rs:134:17
[INFO] [stdout]   24:     0x63f79e29f24b - bakery::workspace::tasks::WsTaskHandler::build::hff40adbb72a42c5a
[INFO] [stdout]                                at /opt/rustwide/workdir/src/workspace/tasks.rs:71:9
[INFO] [stdout]   25:     0x63f79e22686c - <bakery::commands::build::BuildCommand as bakery::commands::BCommand>::execute::h3c5f1d124d646b00
[INFO] [stdout]                                at /opt/rustwide/workdir/src/commands/build.rs:166:21
[INFO] [stdout]   26:     0x63f79e302e04 - bakery::commands::build::tests::helper_test_build_subcommand::hb3239f9a874add5f
[INFO] [stdout]                                at /opt/rustwide/workdir/src/commands/build.rs:355:9
[INFO] [stdout]   27:     0x63f79e316b8a - bakery::commands::build::tests::test_cmd_build_docker_volumes::h11e2ef96cd86f6e2
[INFO] [stdout]                                at /opt/rustwide/workdir/src/commands/build.rs:756:43
[INFO] [stdout]   28:     0x63f79e315fb7 - bakery::commands::build::tests::test_cmd_build_docker_volumes::{{closure}}::hfbe7e0c3ee040740
[INFO] [stdout]                                at /opt/rustwide/workdir/src/commands/build.rs:701:39
[INFO] [stdout]   29:     0x63f79e25dde6 - core::ops::function::FnOnce::call_once::h3d06798f21185807
[INFO] [stdout]                                at /rustc/90b35a6239c3d8bdabc530a6a0816f7ff89a0aaf/library/core/src/ops/function.rs:250:5
[INFO] [stdout]   30:     0x63f79e40e75b - core::ops::function::FnOnce::call_once::h109cf8051a59b34e
[INFO] [stdout]                                at /rustc/90b35a6239c3d8bdabc530a6a0816f7ff89a0aaf/library/core/src/ops/function.rs:250:5
[INFO] [stdout]   31:     0x63f79e40e75b - test::__rust_begin_short_backtrace::hf4fff89d377446ba
[INFO] [stdout]                                at /rustc/90b35a6239c3d8bdabc530a6a0816f7ff89a0aaf/library/test/src/lib.rs:621:18
[INFO] [stdout]   32:     0x63f79e40df97 - test::run_test_in_process::{{closure}}::h0e39181dd7ee5a43
[INFO] [stdout]                                at /rustc/90b35a6239c3d8bdabc530a6a0816f7ff89a0aaf/library/test/src/lib.rs:644:60
[INFO] [stdout]   33:     0x63f79e40df97 - <core::panic::unwind_safe::AssertUnwindSafe<F> as core::ops::function::FnOnce<()>>::call_once::hc5a66a30f0bdfd1f
[INFO] [stdout]                                at /rustc/90b35a6239c3d8bdabc530a6a0816f7ff89a0aaf/library/core/src/panic/unwind_safe.rs:272:9
[INFO] [stdout]   34:     0x63f79e40df97 - std::panicking::try::do_call::h873b7cf639554a5e
[INFO] [stdout]                                at /rustc/90b35a6239c3d8bdabc530a6a0816f7ff89a0aaf/library/std/src/panicking.rs:557:40
[INFO] [stdout]   35:     0x63f79e40df97 - std::panicking::try::hdb19862fad9c8bd1
[INFO] [stdout]                                at /rustc/90b35a6239c3d8bdabc530a6a0816f7ff89a0aaf/library/std/src/panicking.rs:520:19
[INFO] [stdout]   36:     0x63f79e40df97 - std::panic::catch_unwind::h281fe732d236d260
[INFO] [stdout]                                at /rustc/90b35a6239c3d8bdabc530a6a0816f7ff89a0aaf/library/std/src/panic.rs:358:14
[INFO] [stdout]   37:     0x63f79e40df97 - test::run_test_in_process::h949b6df8457ed338
[INFO] [stdout]                                at /rustc/90b35a6239c3d8bdabc530a6a0816f7ff89a0aaf/library/test/src/lib.rs:644:27
[INFO] [stdout]   38:     0x63f79e40df97 - test::run_test::{{closure}}::h52c556a6d4740e10
[INFO] [stdout]                                at /rustc/90b35a6239c3d8bdabc530a6a0816f7ff89a0aaf/library/test/src/lib.rs:565:43
[INFO] [stdout]   39:     0x63f79e3d3274 - test::run_test::{{closure}}::h4237f6381c45ccb9
[INFO] [stdout]                                at /rustc/90b35a6239c3d8bdabc530a6a0816f7ff89a0aaf/library/test/src/lib.rs:595:41
[INFO] [stdout]   40:     0x63f79e3d3274 - std::sys::backtrace::__rust_begin_short_backtrace::h505c97a579eca628
[INFO] [stdout]                                at /rustc/90b35a6239c3d8bdabc530a6a0816f7ff89a0aaf/library/std/src/sys/backtrace.rs:154:18
[INFO] [stdout]   41:     0x63f79e3d693e - std::thread::Builder::spawn_unchecked_::{{closure}}::{{closure}}::h9e86b2e2bc107ea3
[INFO] [stdout]                                at /rustc/90b35a6239c3d8bdabc530a6a0816f7ff89a0aaf/library/std/src/thread/mod.rs:538:17
[INFO] [stdout]   42:     0x63f79e3d693e - <core::panic::unwind_safe::AssertUnwindSafe<F> as core::ops::function::FnOnce<()>>::call_once::h8b06ddb275ff4a25
[INFO] [stdout]                                at /rustc/90b35a6239c3d8bdabc530a6a0816f7ff89a0aaf/library/core/src/panic/unwind_safe.rs:272:9
[INFO] [stdout]   43:     0x63f79e3d693e - std::panicking::try::do_call::hb26ecd7cd9a9355d
[INFO] [stdout]                                at /rustc/90b35a6239c3d8bdabc530a6a0816f7ff89a0aaf/library/std/src/panicking.rs:557:40
[INFO] [stdout]   44:     0x63f79e3d693e - std::panicking::try::h8ddeca9d705f9069
[INFO] [stdout]                                at /rustc/90b35a6239c3d8bdabc530a6a0816f7ff89a0aaf/library/std/src/panicking.rs:520:19
[INFO] [stdout]   45:     0x63f79e3d693e - std::panic::catch_unwind::h49e1c33078844c46
[INFO] [stdout]                                at /rustc/90b35a6239c3d8bdabc530a6a0816f7ff89a0aaf/library/std/src/panic.rs:358:14
[INFO] [stdout]   46:     0x63f79e3d693e - std::thread::Builder::spawn_unchecked_::{{closure}}::h6073db6ff56ad35d
[INFO] [stdout]                                at /rustc/90b35a6239c3d8bdabc530a6a0816f7ff89a0aaf/library/std/src/thread/mod.rs:537:30
[INFO] [stdout]   47:     0x63f79e3d693e - core::ops::function::FnOnce::call_once{{vtable.shim}}::h2c5a5f3779c774f1
[INFO] [stdout]                                at /rustc/90b35a6239c3d8bdabc530a6a0816f7ff89a0aaf/library/core/src/ops/function.rs:250:5
[INFO] [stdout]   48:     0x63f79ea147ab - <alloc::boxed::Box<F,A> as core::ops::function::FnOnce<Args>>::call_once::hf75717d9f28faebf
[INFO] [stdout]                                at /rustc/90b35a6239c3d8bdabc530a6a0816f7ff89a0aaf/library/alloc/src/boxed.rs:2454:9
[INFO] [stdout]   49:     0x63f79ea147ab - <alloc::boxed::Box<F,A> as core::ops::function::FnOnce<Args>>::call_once::h7bd883a5f3c5f3c1
[INFO] [stdout]                                at /rustc/90b35a6239c3d8bdabc530a6a0816f7ff89a0aaf/library/alloc/src/boxed.rs:2454:9
[INFO] [stdout]   50:     0x63f79ea147ab - std::sys::pal::unix::thread::Thread::new::thread_start::hcc78f3943333fa94
[INFO] [stdout]                                at /rustc/90b35a6239c3d8bdabc530a6a0816f7ff89a0aaf/library/std/src/sys/pal/unix/thread.rs:105:17
[INFO] [stdout]   51:     0x7d40861e9ac3 - <unknown>
[INFO] [stdout]   52:     0x7d408627aa04 - clone
[INFO] [stdout]   53:                0x0 - <unknown>
[INFO] [stdout] 
[INFO] [stdout] ---- commands::build::tests::test_cmd_build_docker_args stdout ----
[INFO] [stdout] INFO: execute bitbake build task 'task-name'
[INFO] [stdout] INFO: source init env file /tmp/bakery-test-dir.2VKG0IhOhOOs/layers/poky/oe-init-build-env
[INFO] [stdout] INFO: Autogenerate /tmp/bakery-test-dir.2VKG0IhOhOOs/builds/default/conf/local.conf
[INFO] [stdout] INFO: Autogenerate /tmp/bakery-test-dir.2VKG0IhOhOOs/builds/default/conf/bblayers.conf
[INFO] [stdout] thread 'commands::build::tests::test_cmd_build_docker_args' panicked at src/cli/system.rs:38:1:
[INFO] [stdout] MockSystem::check_call(?): No matching expectation found
[INFO] [stdout] stack backtrace:
[INFO] [stdout]    0:     0x63f79ea0d39a - std::backtrace_rs::backtrace::libunwind::trace::h5a5b8284f2d0c266
[INFO] [stdout]                                at /rustc/90b35a6239c3d8bdabc530a6a0816f7ff89a0aaf/library/std/src/../../backtrace/src/backtrace/libunwind.rs:116:5
[INFO] [stdout]    1:     0x63f79ea0d39a - std::backtrace_rs::backtrace::trace_unsynchronized::h76d4f1c9b0b875e3
[INFO] [stdout]                                at /rustc/90b35a6239c3d8bdabc530a6a0816f7ff89a0aaf/library/std/src/../../backtrace/src/backtrace/mod.rs:66:5
[INFO] [stdout]    2:     0x63f79ea0d39a - std::sys::backtrace::_print_fmt::hc4546b8364a537c6
[INFO] [stdout]                                at /rustc/90b35a6239c3d8bdabc530a6a0816f7ff89a0aaf/library/std/src/sys/backtrace.rs:66:9
[INFO] [stdout]    3:     0x63f79ea0d39a - <std::sys::backtrace::BacktraceLock::print::DisplayBacktrace as core::fmt::Display>::fmt::h5b6bd5631a6d1f6b
[INFO] [stdout]                                at /rustc/90b35a6239c3d8bdabc530a6a0816f7ff89a0aaf/library/std/src/sys/backtrace.rs:39:26
[INFO] [stdout]    4:     0x63f79ea36b53 - core::fmt::rt::Argument::fmt::h270f6602a2b96f62
[INFO] [stdout]                                at /rustc/90b35a6239c3d8bdabc530a6a0816f7ff89a0aaf/library/core/src/fmt/rt.rs:177:76
[INFO] [stdout]    5:     0x63f79ea36b53 - core::fmt::write::h7550c97b06c86515
[INFO] [stdout]                                at /rustc/90b35a6239c3d8bdabc530a6a0816f7ff89a0aaf/library/core/src/fmt/mod.rs:1186:21
[INFO] [stdout]    6:     0x63f79ea09f93 - std::io::Write::write_fmt::h509ff860e5956e5e
[INFO] [stdout]                                at /rustc/90b35a6239c3d8bdabc530a6a0816f7ff89a0aaf/library/std/src/io/mod.rs:1839:15
[INFO] [stdout]    7:     0x63f79ea0d1e2 - std::sys::backtrace::BacktraceLock::print::h2395ccd2c84ba3aa
[INFO] [stdout]                                at /rustc/90b35a6239c3d8bdabc530a6a0816f7ff89a0aaf/library/std/src/sys/backtrace.rs:42:9
[INFO] [stdout]    8:     0x63f79ea0e7fa - std::panicking::default_hook::{{closure}}::he19d4c7230e07961
[INFO] [stdout]                                at /rustc/90b35a6239c3d8bdabc530a6a0816f7ff89a0aaf/library/std/src/panicking.rs:268:22
[INFO] [stdout]    9:     0x63f79ea0e604 - std::panicking::default_hook::hf614597d3c67bbdb
[INFO] [stdout]                                at /rustc/90b35a6239c3d8bdabc530a6a0816f7ff89a0aaf/library/std/src/panicking.rs:292:9
[INFO] [stdout]   10:     0x63f79e409d99 - <alloc::boxed::Box<F,A> as core::ops::function::Fn<Args>>::call::h39b51ce4599c23d1
[INFO] [stdout]                                at /rustc/90b35a6239c3d8bdabc530a6a0816f7ff89a0aaf/library/alloc/src/boxed.rs:2468:9
[INFO] [stdout]   11:     0x63f79e409d99 - test::test_main::{{closure}}::he977ae839a582784
[INFO] [stdout]                                at /rustc/90b35a6239c3d8bdabc530a6a0816f7ff89a0aaf/library/test/src/lib.rs:133:21
[INFO] [stdout]   12:     0x63f79ea0ee98 - <alloc::boxed::Box<F,A> as core::ops::function::Fn<Args>>::call::h9455091b6b06f9fb
[INFO] [stdout]                                at /rustc/90b35a6239c3d8bdabc530a6a0816f7ff89a0aaf/library/alloc/src/boxed.rs:2468:9
[INFO] [stdout]   13:     0x63f79ea0ee98 - std::panicking::rust_panic_with_hook::h8942133a8b252070
[INFO] [stdout]                                at /rustc/90b35a6239c3d8bdabc530a6a0816f7ff89a0aaf/library/std/src/panicking.rs:809:13
[INFO] [stdout]   14:     0x63f79ea0ec5a - std::panicking::begin_panic_handler::{{closure}}::hb5f5963570096b29
[INFO] [stdout]                                at /rustc/90b35a6239c3d8bdabc530a6a0816f7ff89a0aaf/library/std/src/panicking.rs:674:13
[INFO] [stdout]   15:     0x63f79ea0d879 - std::sys::backtrace::__rust_end_short_backtrace::h6208cedc1922feda
[INFO] [stdout]                                at /rustc/90b35a6239c3d8bdabc530a6a0816f7ff89a0aaf/library/std/src/sys/backtrace.rs:170:18
[INFO] [stdout]   16:     0x63f79ea0e8ec - rust_begin_unwind
[INFO] [stdout]                                at /rustc/90b35a6239c3d8bdabc530a6a0816f7ff89a0aaf/library/std/src/panicking.rs:665:5
[INFO] [stdout]   17:     0x63f79e1b93e0 - core::panicking::panic_fmt::h0c3082644d1bf418
[INFO] [stdout]                                at /rustc/90b35a6239c3d8bdabc530a6a0816f7ff89a0aaf/library/core/src/panicking.rs:74:14
[INFO] [stdout]   18:     0x63f79e1b93bb - core::panicking::panic_display::h735d9af8bded520c
[INFO] [stdout]                                at /rustc/90b35a6239c3d8bdabc530a6a0816f7ff89a0aaf/library/core/src/panicking.rs:264:5
[INFO] [stdout]   19:     0x63f79e1b93bb - core::option::expect_failed::h95d2432053ef5ebb
[INFO] [stdout]                                at /rustc/90b35a6239c3d8bdabc530a6a0816f7ff89a0aaf/library/core/src/option.rs:2021:5
[INFO] [stdout]   20:     0x63f79e1f5019 - core::option::Option<T>::expect::h0af3ef824748ef3c
[INFO] [stdout]                                at /rustc/90b35a6239c3d8bdabc530a6a0816f7ff89a0aaf/library/core/src/option.rs:933:21
[INFO] [stdout]   21:     0x63f79e292b59 - <bakery::cli::system::MockSystem as bakery::cli::system::System>::check_call::h0503859b032f6a33
[INFO] [stdout]                                at /opt/rustwide/workdir/src/cli/system.rs:38:1
[INFO] [stdout]   22:     0x63f79e350841 - bakery::cli::cli::Cli::check_call::h7a8db77e816b7ac9
[INFO] [stdout]                                at /opt/rustwide/workdir/src/cli/cli.rs:70:9
[INFO] [stdout]   23:     0x63f79e2e973a - <bakery::executers::bitbake::BBBuildExecuter as bakery::executers::TaskExecuter>::exec::hfb7b401adfd8da0f
[INFO] [stdout]                                at /opt/rustwide/workdir/src/executers/bitbake.rs:134:17
[INFO] [stdout]   24:     0x63f79e29f24b - bakery::workspace::tasks::WsTaskHandler::build::hff40adbb72a42c5a
[INFO] [stdout]                                at /opt/rustwide/workdir/src/workspace/tasks.rs:71:9
[INFO] [stdout]   25:     0x63f79e22686c - <bakery::commands::build::BuildCommand as bakery::commands::BCommand>::execute::h3c5f1d124d646b00
[INFO] [stdout]                                at /opt/rustwide/workdir/src/commands/build.rs:166:21
[INFO] [stdout]   26:     0x63f79e302e04 - bakery::commands::build::tests::helper_test_build_subcommand::hb3239f9a874add5f
[INFO] [stdout]                                at /opt/rustwide/workdir/src/commands/build.rs:355:9
[INFO] [stdout]   27:     0x63f79e318392 - bakery::commands::build::tests::test_cmd_build_docker_args::h49bab55b67b6a4e0
[INFO] [stdout]                                at /opt/rustwide/workdir/src/commands/build.rs:893:43
[INFO] [stdout]   28:     0x63f79e3178a7 - bakery::commands::build::tests::test_cmd_build_docker_args::{{closure}}::hdc23def8f8f81707
[INFO] [stdout]                                at /opt/rustwide/workdir/src/commands/build.rs:833:36
[INFO] [stdout]   29:     0x63f79e262d06 - core::ops::function::FnOnce::call_once::hf1d836013f27c121
[INFO] [stdout]                                at /rustc/90b35a6239c3d8bdabc530a6a0816f7ff89a0aaf/library/core/src/ops/function.rs:250:5
[INFO] [stdout]   30:     0x63f79e40e75b - core::ops::function::FnOnce::call_once::h109cf8051a59b34e
[INFO] [stdout]                                at /rustc/90b35a6239c3d8bdabc530a6a0816f7ff89a0aaf/library/core/src/ops/function.rs:250:5
[INFO] [stdout]   31:     0x63f79e40e75b - test::__rust_begin_short_backtrace::hf4fff89d377446ba
[INFO] [stdout]                                at /rustc/90b35a6239c3d8bdabc530a6a0816f7ff89a0aaf/library/test/src/lib.rs:621:18
[INFO] [stdout]   32:     0x63f79e40df97 - test::run_test_in_process::{{closure}}::h0e39181dd7ee5a43
[INFO] [stdout]                                at /rustc/90b35a6239c3d8bdabc530a6a0816f7ff89a0aaf/library/test/src/lib.rs:644:60
[INFO] [stdout]   33:     0x63f79e40df97 - <core::panic::unwind_safe::AssertUnwindSafe<F> as core::ops::function::FnOnce<()>>::call_once::hc5a66a30f0bdfd1f
[INFO] [stdout]                                at /rustc/90b35a6239c3d8bdabc530a6a0816f7ff89a0aaf/library/core/src/panic/unwind_safe.rs:272:9
[INFO] [stdout]   34:     0x63f79e40df97 - std::panicking::try::do_call::h873b7cf639554a5e
[INFO] [stdout]                                at /rustc/90b35a6239c3d8bdabc530a6a0816f7ff89a0aaf/library/std/src/panicking.rs:557:40
[INFO] [stdout]   35:     0x63f79e40df97 - std::panicking::try::hdb19862fad9c8bd1
[INFO] [stdout]                                at /rustc/90b35a6239c3d8bdabc530a6a0816f7ff89a0aaf/library/std/src/panicking.rs:520:19
[INFO] [stdout]   36:     0x63f79e40df97 - std::panic::catch_unwind::h281fe732d236d260
[INFO] [stdout]                                at /rustc/90b35a6239c3d8bdabc530a6a0816f7ff89a0aaf/library/std/src/panic.rs:358:14
[INFO] [stdout]   37:     0x63f79e40df97 - test::run_test_in_process::h949b6df8457ed338
[INFO] [stdout]                                at /rustc/90b35a6239c3d8bdabc530a6a0816f7ff89a0aaf/library/test/src/lib.rs:644:27
[INFO] [stdout]   38:     0x63f79e40df97 - test::run_test::{{closure}}::h52c556a6d4740e10
[INFO] [stdout]                                at /rustc/90b35a6239c3d8bdabc530a6a0816f7ff89a0aaf/library/test/src/lib.rs:565:43
[INFO] [stdout]   39:     0x63f79e3d3274 - test::run_test::{{closure}}::h4237f6381c45ccb9
[INFO] [stdout]                                at /rustc/90b35a6239c3d8bdabc530a6a0816f7ff89a0aaf/library/test/src/lib.rs:595:41
[INFO] [stdout]   40:     0x63f79e3d3274 - std::sys::backtrace::__rust_begin_short_backtrace::h505c97a579eca628
[INFO] [stdout]                                at /rustc/90b35a6239c3d8bdabc530a6a0816f7ff89a0aaf/library/std/src/sys/backtrace.rs:154:18
[INFO] [stdout]   41:     0x63f79e3d693e - std::thread::Builder::spawn_unchecked_::{{closure}}::{{closure}}::h9e86b2e2bc107ea3
[INFO] [stdout]                                at /rustc/90b35a6239c3d8bdabc530a6a0816f7ff89a0aaf/library/std/src/thread/mod.rs:538:17
[INFO] [stdout]   42:     0x63f79e3d693e - <core::panic::unwind_safe::AssertUnwindSafe<F> as core::ops::function::FnOnce<()>>::call_once::h8b06ddb275ff4a25
[INFO] [stdout]                                at /rustc/90b35a6239c3d8bdabc530a6a0816f7ff89a0aaf/library/core/src/panic/unwind_safe.rs:272:9
[INFO] [stdout]   43:     0x63f79e3d693e - std::panicking::try::do_call::hb26ecd7cd9a9355d
[INFO] [stdout]                                at /rustc/90b35a6239c3d8bdabc530a6a0816f7ff89a0aaf/library/std/src/panicking.rs:557:40
[INFO] [stdout]   44:     0x63f79e3d693e - std::panicking::try::h8ddeca9d705f9069
[INFO] [stdout]                                at /rustc/90b35a6239c3d8bdabc530a6a0816f7ff89a0aaf/library/std/src/panicking.rs:520:19
[INFO] [stdout]   45:     0x63f79e3d693e - std::panic::catch_unwind::h49e1c33078844c46
[INFO] [stdout]                                at /rustc/90b35a6239c3d8bdabc530a6a0816f7ff89a0aaf/library/std/src/panic.rs:358:14
[INFO] [stdout]   46:     0x63f79e3d693e - std::thread::Builder::spawn_unchecked_::{{closure}}::h6073db6ff56ad35d
[INFO] [stdout]                                at /rustc/90b35a6239c3d8bdabc530a6a0816f7ff89a0aaf/library/std/src/thread/mod.rs:537:30
[INFO] [stdout]   47:     0x63f79e3d693e - core::ops::function::FnOnce::call_once{{vtable.shim}}::h2c5a5f3779c774f1
[INFO] [stdout]                                at /rustc/90b35a6239c3d8bdabc530a6a0816f7ff89a0aaf/library/core/src/ops/function.rs:250:5
[INFO] [stdout]   48:     0x63f79ea147ab - <alloc::boxed::Box<F,A> as core::ops::function::FnOnce<Args>>::call_once::hf75717d9f28faebf
[INFO] [stdout]                                at /rustc/90b35a6239c3d8bdabc530a6a0816f7ff89a0aaf/library/alloc/src/boxed.rs:2454:9
[INFO] [stdout]   49:     0x63f79ea147ab - <alloc::boxed::Box<F,A> as core::ops::function::FnOnce<Args>>::call_once::h7bd883a5f3c5f3c1
[INFO] [stdout]                                at /rustc/90b35a6239c3d8bdabc530a6a0816f7ff89a0aaf/library/alloc/src/boxed.rs:2454:9
[INFO] [stdout]   50:     0x63f79ea147ab - std::sys::pal::unix::thread::Thread::new::thread_start::hcc78f3943333fa94
[INFO] [stdout]                                at /rustc/90b35a6239c3d8bdabc530a6a0816f7ff89a0aaf/library/std/src/sys/pal/unix/thread.rs:105:17
[INFO] [stdout]   51:     0x7d40861e9ac3 - <unknown>
[INFO] [stdout]   52:     0x7d408627aa04 - clone
[INFO] [stdout]   53:                0x0 - <unknown>
[INFO] [stdout] 
[INFO] [stdout] ---- commands::build::tests::test_cmd_build_docker_bitbake stdout ----
[INFO] [stdout] INFO: execute bitbake build task 'task-name'
[INFO] [stdout] INFO: source init env file /tmp/bakery-test-dir.hX1QNkc5viMg/layers/poky/oe-init-build-env
[INFO] [stdout] INFO: Autogenerate /tmp/bakery-test-dir.hX1QNkc5viMg/builds/default/conf/local.conf
[INFO] [stdout] INFO: Autogenerate /tmp/bakery-test-dir.hX1QNkc5viMg/builds/default/conf/bblayers.conf
[INFO] [stdout] thread 'commands::build::tests::test_cmd_build_docker_bitbake' panicked at src/cli/system.rs:38:1:
[INFO] [stdout] MockSystem::check_call(?): No matching expectation found
[INFO] [stdout] stack backtrace:
[INFO] [stdout]    0:     0x63f79ea0d39a - std::backtrace_rs::backtrace::libunwind::trace::h5a5b8284f2d0c266
[INFO] [stdout]                                at /rustc/90b35a6239c3d8bdabc530a6a0816f7ff89a0aaf/library/std/src/../../backtrace/src/backtrace/libunwind.rs:116:5
[INFO] [stdout]    1:     0x63f79ea0d39a - std::backtrace_rs::backtrace::trace_unsynchronized::h76d4f1c9b0b875e3
[INFO] [stdout]                                at /rustc/90b35a6239c3d8bdabc530a6a0816f7ff89a0aaf/library/std/src/../../backtrace/src/backtrace/mod.rs:66:5
[INFO] [stdout]    2:     0x63f79ea0d39a - std::sys::backtrace::_print_fmt::hc4546b8364a537c6
[INFO] [stdout]                                at /rustc/90b35a6239c3d8bdabc530a6a0816f7ff89a0aaf/library/std/src/sys/backtrace.rs:66:9
[INFO] [stdout]    3:     0x63f79ea0d39a - <std::sys::backtrace::BacktraceLock::print::DisplayBacktrace as core::fmt::Display>::fmt::h5b6bd5631a6d1f6b
[INFO] [stdout]                                at /rustc/90b35a6239c3d8bdabc530a6a0816f7ff89a0aaf/library/std/src/sys/backtrace.rs:39:26
[INFO] [stdout]    4:     0x63f79ea36b53 - core::fmt::rt::Argument::fmt::h270f6602a2b96f62
[INFO] [stdout]                                at /rustc/90b35a6239c3d8bdabc530a6a0816f7ff89a0aaf/library/core/src/fmt/rt.rs:177:76
[INFO] [stdout]    5:     0x63f79ea36b53 - core::fmt::write::h7550c97b06c86515
[INFO] [stdout]                                at /rustc/90b35a6239c3d8bdabc530a6a0816f7ff89a0aaf/library/core/src/fmt/mod.rs:1186:21
[INFO] [stdout]    6:     0x63f79ea09f93 - std::io::Write::write_fmt::h509ff860e5956e5e
[INFO] [stdout]                                at /rustc/90b35a6239c3d8bdabc530a6a0816f7ff89a0aaf/library/std/src/io/mod.rs:1839:15
[INFO] [stdout]    7:     0x63f79ea0d1e2 - std::sys::backtrace::BacktraceLock::print::h2395ccd2c84ba3aa
[INFO] [stdout]                                at /rustc/90b35a6239c3d8bdabc530a6a0816f7ff89a0aaf/library/std/src/sys/backtrace.rs:42:9
[INFO] [stdout]    8:     0x63f79ea0e7fa - std::panicking::default_hook::{{closure}}::he19d4c7230e07961
[INFO] [stdout]                                at /rustc/90b35a6239c3d8bdabc530a6a0816f7ff89a0aaf/library/std/src/panicking.rs:268:22
[INFO] [stdout]    9:     0x63f79ea0e604 - std::panicking::default_hook::hf614597d3c67bbdb
[INFO] [stdout]                                at /rustc/90b35a6239c3d8bdabc530a6a0816f7ff89a0aaf/library/std/src/panicking.rs:292:9
[INFO] [stdout]   10:     0x63f79e409d99 - <alloc::boxed::Box<F,A> as core::ops::function::Fn<Args>>::call::h39b51ce4599c23d1
[INFO] [stdout]                                at /rustc/90b35a6239c3d8bdabc530a6a0816f7ff89a0aaf/library/alloc/src/boxed.rs:2468:9
[INFO] [stdout]   11:     0x63f79e409d99 - test::test_main::{{closure}}::he977ae839a582784
[INFO] [stdout]                                at /rustc/90b35a6239c3d8bdabc530a6a0816f7ff89a0aaf/library/test/src/lib.rs:133:21
[INFO] [stdout]   12:     0x63f79ea0ee98 - <alloc::boxed::Box<F,A> as core::ops::function::Fn<Args>>::call::h9455091b6b06f9fb
[INFO] [stdout]                                at /rustc/90b35a6239c3d8bdabc530a6a0816f7ff89a0aaf/library/alloc/src/boxed.rs:2468:9
[INFO] [stdout]   13:     0x63f79ea0ee98 - std::panicking::rust_panic_with_hook::h8942133a8b252070
[INFO] [stdout]                                at /rustc/90b35a6239c3d8bdabc530a6a0816f7ff89a0aaf/library/std/src/panicking.rs:809:13
[INFO] [stdout]   14:     0x63f79ea0ec5a - std::panicking::begin_panic_handler::{{closure}}::hb5f5963570096b29
[INFO] [stdout]                                at /rustc/90b35a6239c3d8bdabc530a6a0816f7ff89a0aaf/library/std/src/panicking.rs:674:13
[INFO] [stdout]   15:     0x63f79ea0d879 - std::sys::backtrace::__rust_end_short_backtrace::h6208cedc1922feda
[INFO] [stdout]                                at /rustc/90b35a6239c3d8bdabc530a6a0816f7ff89a0aaf/library/std/src/sys/backtrace.rs:170:18
[INFO] [stdout]   16:     0x63f79ea0e8ec - rust_begin_unwind
[INFO] [stdout]                                at /rustc/90b35a6239c3d8bdabc530a6a0816f7ff89a0aaf/library/std/src/panicking.rs:665:5
[INFO] [stdout]   17:     0x63f79e1b93e0 - core::panicking::panic_fmt::h0c3082644d1bf418
[INFO] [stdout]                                at /rustc/90b35a6239c3d8bdabc530a6a0816f7ff89a0aaf/library/core/src/panicking.rs:74:14
[INFO] [stdout]   18:     0x63f79e1b93bb - core::panicking::panic_display::h735d9af8bded520c
[INFO] [stdout]                                at /rustc/90b35a6239c3d8bdabc530a6a0816f7ff89a0aaf/library/core/src/panicking.rs:264:5
[INFO] [stdout]   19:     0x63f79e1b93bb - core::option::expect_failed::h95d2432053ef5ebb
[INFO] [stdout]                                at /rustc/90b35a6239c3d8bdabc530a6a0816f7ff89a0aaf/library/core/src/option.rs:2021:5
[INFO] [stdout]   20:     0x63f79e1f5019 - core::option::Option<T>::expect::h0af3ef824748ef3c
[INFO] [stdout]                                at /rustc/90b35a6239c3d8bdabc530a6a0816f7ff89a0aaf/library/core/src/option.rs:933:21
[INFO] [stdout]   21:     0x63f79e292b59 - <bakery::cli::system::MockSystem as bakery::cli::system::System>::check_call::h0503859b032f6a33
[INFO] [stdout]                                at /opt/rustwide/workdir/src/cli/system.rs:38:1
[INFO] [stdout]   22:     0x63f79e350841 - bakery::cli::cli::Cli::check_call::h7a8db77e816b7ac9
[INFO] [stdout]                                at /opt/rustwide/workdir/src/cli/cli.rs:70:9
[INFO] [stdout]   23:     0x63f79e2e973a - <bakery::executers::bitbake::BBBuildExecuter as bakery::executers::TaskExecuter>::exec::hfb7b401adfd8da0f
[INFO] [stdout]                                at /opt/rustwide/workdir/src/executers/bitbake.rs:134:17
[INFO] [stdout]   24:     0x63f79e29f24b - bakery::workspace::tasks::WsTaskHandler::build::hff40adbb72a42c5a
[INFO] [stdout]                                at /opt/rustwide/workdir/src/workspace/tasks.rs:71:9
[INFO] [stdout]   25:     0x63f79e22686c - <bakery::commands::build::BuildCommand as bakery::commands::BCommand>::execute::h3c5f1d124d646b00
[INFO] [stdout]                                at /opt/rustwide/workdir/src/commands/build.rs:166:21
[INFO] [stdout]   26:     0x63f79e302e04 - bakery::commands::build::tests::helper_test_build_subcommand::hb3239f9a874add5f
[INFO] [stdout]                                at /opt/rustwide/workdir/src/commands/build.rs:355:9
[INFO] [stdout]   27:     0x63f79e315e65 - bakery::commands::build::tests::test_cmd_build_docker_bitbake::h479b7ad964565e51
[INFO] [stdout]                                at /opt/rustwide/workdir/src/commands/build.rs:690:43
[INFO] [stdout]   28:     0x63f79e315437 - bakery::commands::build::tests::test_cmd_build_docker_bitbake::{{closure}}::h5d1b8053a4d90008
[INFO] [stdout]                                at /opt/rustwide/workdir/src/commands/build.rs:635:39
[INFO] [stdout]   29:     0x63f79e25d2c6 - core::ops::function::FnOnce::call_once::h2321c9796ca2708d
[INFO] [stdout]                                at /rustc/90b35a6239c3d8bdabc530a6a0816f7ff89a0aaf/library/core/src/ops/function.rs:250:5
[INFO] [stdout]   30:     0x63f79e40e75b - core::ops::function::FnOnce::call_once::h109cf8051a59b34e
[INFO] [stdout]                                at /rustc/90b35a6239c3d8bdabc530a6a0816f7ff89a0aaf/library/core/src/ops/function.rs:250:5
[INFO] [stdout]   31:     0x63f79e40e75b - test::__rust_begin_short_backtrace::hf4fff89d377446ba
[INFO] [stdout]                                at /rustc/90b35a6239c3d8bdabc530a6a0816f7ff89a0aaf/library/test/src/lib.rs:621:18
[INFO] [stdout]   32:     0x63f79e40df97 - test::run_test_in_process::{{closure}}::h0e39181dd7ee5a43
[INFO] [stdout]                                at /rustc/90b35a6239c3d8bdabc530a6a0816f7ff89a0aaf/library/test/src/lib.rs:644:60
[INFO] [stdout]   33:     0x63f79e40df97 - <core::panic::unwind_safe::AssertUnwindSafe<F> as core::ops::function::FnOnce<()>>::call_once::hc5a66a30f0bdfd1f
[INFO] [stdout]                                at /rustc/90b35a6239c3d8bdabc530a6a0816f7ff89a0aaf/library/core/src/panic/unwind_safe.rs:272:9
[INFO] [stdout]   34:     0x63f79e40df97 - std::panicking::try::do_call::h873b7cf639554a5e
[INFO] [stdout]                                at /rustc/90b35a6239c3d8bdabc530a6a0816f7ff89a0aaf/library/std/src/panicking.rs:557:40
[INFO] [stdout]   35:     0x63f79e40df97 - std::panicking::try::hdb19862fad9c8bd1
[INFO] [stdout]                                at /rustc/90b35a6239c3d8bdabc530a6a0816f7ff89a0aaf/library/std/src/panicking.rs:520:19
[INFO] [stdout]   36:     0x63f79e40df97 - std::panic::catch_unwind::h281fe732d236d260
[INFO] [stdout]                                at /rustc/90b35a6239c3d8bdabc530a6a0816f7ff89a0aaf/library/std/src/panic.rs:358:14
[INFO] [stdout]   37:     0x63f79e40df97 - test::run_test_in_process::h949b6df8457ed338
[INFO] [stdout]                                at /rustc/90b35a6239c3d8bdabc530a6a0816f7ff89a0aaf/library/test/src/lib.rs:644:27
[INFO] [stdout]   38:     0x63f79e40df97 - test::run_test::{{closure}}::h52c556a6d4740e10
[INFO] [stdout]                                at /rustc/90b35a6239c3d8bdabc530a6a0816f7ff89a0aaf/library/test/src/lib.rs:565:43
[INFO] [stdout]   39:     0x63f79e3d3274 - test::run_test::{{closure}}::h4237f6381c45ccb9
[INFO] [stdout]                                at /rustc/90b35a6239c3d8bdabc530a6a0816f7ff89a0aaf/library/test/src/lib.rs:595:41
[INFO] [stdout]   40:     0x63f79e3d3274 - std::sys::backtrace::__rust_begin_short_backtrace::h505c97a579eca628
[INFO] [stdout]                                at /rustc/90b35a6239c3d8bdabc530a6a0816f7ff89a0aaf/library/std/src/sys/backtrace.rs:154:18
[INFO] [stdout]   41:     0x63f79e3d693e - std::thread::Builder::spawn_unchecked_::{{closure}}::{{closure}}::h9e86b2e2bc107ea3
[INFO] [stdout]                                at /rustc/90b35a6239c3d8bdabc530a6a0816f7ff89a0aaf/library/std/src/thread/mod.rs:538:17
[INFO] [stdout]   42:     0x63f79e3d693e - <core::panic::unwind_safe::AssertUnwindSafe<F> as core::ops::function::FnOnce<()>>::call_once::h8b06ddb275ff4a25
[INFO] [stdout]                                at /rustc/90b35a6239c3d8bdabc530a6a0816f7ff89a0aaf/library/core/src/panic/unwind_safe.rs:272:9
[INFO] [stdout]   43:     0x63f79e3d693e - std::panicking::try::do_call::hb26ecd7cd9a9355d
[INFO] [stdout]                                at /rustc/90b35a6239c3d8bdabc530a6a0816f7ff89a0aaf/library/std/src/panicking.rs:557:40
[INFO] [stdout]   44:     0x63f79e3d693e - std::panicking::try::h8ddeca9d705f9069
[INFO] [stdout]                                at /rustc/90b35a6239c3d8bdabc530a6a0816f7ff89a0aaf/library/std/src/panicking.rs:520:19
[INFO] [stdout]   45:     0x63f79e3d693e - std::panic::catch_unwind::h49e1c33078844c46
[INFO] [stdout]                                at /rustc/90b35a6239c3d8bdabc530a6a0816f7ff89a0aaf/library/std/src/panic.rs:358:14
[INFO] [stdout]   46:     0x63f79e3d693e - std::thread::Builder::spawn_unchecked_::{{closure}}::h6073db6ff56ad35d
[INFO] [stdout]                                at /rustc/90b35a6239c3d8bdabc530a6a0816f7ff89a0aaf/library/std/src/thread/mod.rs:537:30
[INFO] [stdout]   47:     0x63f79e3d693e - core::ops::function::FnOnce::call_once{{vtable.shim}}::h2c5a5f3779c774f1
[INFO] [stdout]                                at /rustc/90b35a6239c3d8bdabc530a6a0816f7ff89a0aaf/library/core/src/ops/function.rs:250:5
[INFO] [stdout]   48:     0x63f79ea147ab - <alloc::boxed::Box<F,A> as core::ops::function::FnOnce<Args>>::call_once::hf75717d9f28faebf
[INFO] [stdout]                                at /rustc/90b35a6239c3d8bdabc530a6a0816f7ff89a0aaf/library/alloc/src/boxed.rs:2454:9
[INFO] [stdout]   49:     0x63f79ea147ab - <alloc::boxed::Box<F,A> as core::ops::function::FnOnce<Args>>::call_once::h7bd883a5f3c5f3c1
[INFO] [stdout]                                at /rustc/90b35a6239c3d8bdabc530a6a0816f7ff89a0aaf/library/alloc/src/boxed.rs:2454:9
[INFO] [stdout]   50:     0x63f79ea147ab - std::sys::pal::unix::thread::Thread::new::thread_start::hcc78f3943333fa94
[INFO] [stdout]                                at /rustc/90b35a6239c3d8bdabc530a6a0816f7ff89a0aaf/library/std/src/sys/pal/unix/thread.rs:105:17
[INFO] [stdout]   51:     0x7d40861e9ac3 - <unknown>
[INFO] [stdout]   52:     0x7d408627aa04 - clone
[INFO] [stdout]   53:                0x0 - <unknown>
[INFO] [stdout] 
[INFO] [stdout] 
[INFO] [stdout] failures:
[INFO] [stdout]     commands::build::tests::test_cmd_build_docker_args
[INFO] [stdout]     commands::build::tests::test_cmd_build_docker_bitbake
[INFO] [stdout]     commands::build::tests::test_cmd_build_docker_interactive
[INFO] [stdout]     commands::build::tests::test_cmd_build_docker_volumes
[INFO] [stdout] 
[INFO] [stdout] test result: FAILED. 241 passed; 4 failed; 0 ignored; 0 measured; 0 filtered out; finished in 0.66s
[INFO] [stdout] 
[INFO] [stderr] error: test failed, to rerun pass `--bin bakery`
[INFO] running `Command { std: "docker" "inspect" "35eb66e7031edc530fd97a291d500127bae8047bb99b4d896603df75d723cc6b", kill_on_drop: false }`
[INFO] running `Command { std: "docker" "rm" "-f" "35eb66e7031edc530fd97a291d500127bae8047bb99b4d896603df75d723cc6b", kill_on_drop: false }`
[INFO] [stdout] 35eb66e7031edc530fd97a291d500127bae8047bb99b4d896603df75d723cc6b
