[INFO] fetching crate the-newtype 0.1.1...
[INFO] testing the-newtype-0.1.1 against 1.83.0 for beta-1.84.0-4-retry
[INFO] extracting crate the-newtype 0.1.1 into /workspace/builds/worker-7-tc1/source
[INFO] validating manifest of crates.io crate the-newtype 0.1.1 on toolchain 1.83.0
[INFO] running `Command { std: CARGO_HOME="/workspace/cargo-home" RUSTUP_HOME="/workspace/rustup-home" "/workspace/cargo-home/bin/cargo" "+1.83.0" "metadata" "--manifest-path" "Cargo.toml" "--no-deps", kill_on_drop: false }`
[INFO] started tweaking crates.io crate the-newtype 0.1.1
[INFO] finished tweaking crates.io crate the-newtype 0.1.1
[INFO] tweaked toml for crates.io crate the-newtype 0.1.1 written to /workspace/builds/worker-7-tc1/source/Cargo.toml
[INFO] running `Command { std: CARGO_HOME="/workspace/cargo-home" RUSTUP_HOME="/workspace/rustup-home" "/workspace/cargo-home/bin/cargo" "+1.83.0" "generate-lockfile" "--manifest-path" "Cargo.toml", kill_on_drop: false }`
[INFO] [stderr]     Updating crates.io index
[INFO] [stderr]      Locking 20 packages to latest compatible versions
[INFO] [stderr]       Adding derive_more v0.99.18 (available: v1.0.0)
[INFO] running `Command { std: CARGO_HOME="/workspace/cargo-home" RUSTUP_HOME="/workspace/rustup-home" "/workspace/cargo-home/bin/cargo" "+1.83.0" "fetch" "--manifest-path" "Cargo.toml", kill_on_drop: false }`
[INFO] [stderr]  Downloading crates ...
[INFO] [stderr]   Downloaded the-newtype-macros v0.1.1
[INFO] [stderr]   Downloaded the-newtype-core v0.1.1
[INFO] running `Command { std: "docker" "create" "-v" "/var/lib/crater-agent-workspace/builds/worker-7-tc1/target:/opt/rustwide/target:rw,Z" "-v" "/var/lib/crater-agent-workspace/builds/worker-7-tc1/source:/opt/rustwide/workdir:ro,Z" "-v" "/var/lib/crater-agent-workspace/cargo-home:/opt/rustwide/cargo-home:ro,Z" "-v" "/var/lib/crater-agent-workspace/rustup-home:/opt/rustwide/rustup-home:ro,Z" "-e" "SOURCE_DIR=/opt/rustwide/workdir" "-e" "CARGO_TARGET_DIR=/opt/rustwide/target" "-e" "CARGO_HOME=/opt/rustwide/cargo-home" "-e" "RUSTUP_HOME=/opt/rustwide/rustup-home" "-w" "/opt/rustwide/workdir" "-m" "1610612736" "--user" "0:0" "--network" "none" "ghcr.io/rust-lang/crates-build-env/linux@sha256:f3a9d4ad9d972b27faf3965f35b62e55ba32bbce8f20bc8fe909558a86702fde" "/opt/rustwide/cargo-home/bin/cargo" "+1.83.0" "metadata" "--no-deps" "--format-version=1", kill_on_drop: false }`
[INFO] [stdout] db17904925e879b45bab81ae7bd6c1827e039d09e047efe1294af406ebf2f6d5
[INFO] running `Command { std: "docker" "start" "-a" "db17904925e879b45bab81ae7bd6c1827e039d09e047efe1294af406ebf2f6d5", kill_on_drop: false }`
[INFO] running `Command { std: "docker" "inspect" "db17904925e879b45bab81ae7bd6c1827e039d09e047efe1294af406ebf2f6d5", kill_on_drop: false }`
[INFO] running `Command { std: "docker" "rm" "-f" "db17904925e879b45bab81ae7bd6c1827e039d09e047efe1294af406ebf2f6d5", kill_on_drop: false }`
[INFO] [stdout] db17904925e879b45bab81ae7bd6c1827e039d09e047efe1294af406ebf2f6d5
[INFO] running `Command { std: "docker" "create" "-v" "/var/lib/crater-agent-workspace/builds/worker-7-tc1/target:/opt/rustwide/target:rw,Z" "-v" "/var/lib/crater-agent-workspace/builds/worker-7-tc1/source:/opt/rustwide/workdir:ro,Z" "-v" "/var/lib/crater-agent-workspace/cargo-home:/opt/rustwide/cargo-home:ro,Z" "-v" "/var/lib/crater-agent-workspace/rustup-home:/opt/rustwide/rustup-home:ro,Z" "-e" "SOURCE_DIR=/opt/rustwide/workdir" "-e" "CARGO_TARGET_DIR=/opt/rustwide/target" "-e" "CARGO_INCREMENTAL=0" "-e" "RUST_BACKTRACE=full" "-e" "RUSTFLAGS=--cap-lints=warn" "-e" "RUSTDOCFLAGS=--cap-lints=warn" "-e" "CARGO_HOME=/opt/rustwide/cargo-home" "-e" "RUSTUP_HOME=/opt/rustwide/rustup-home" "-w" "/opt/rustwide/workdir" "-m" "1610612736" "--user" "0:0" "--network" "none" "ghcr.io/rust-lang/crates-build-env/linux@sha256:f3a9d4ad9d972b27faf3965f35b62e55ba32bbce8f20bc8fe909558a86702fde" "/opt/rustwide/cargo-home/bin/cargo" "+1.83.0" "build" "--frozen" "--message-format=json", kill_on_drop: false }`
[INFO] [stdout] 3c48c3beb59a0f506e7f741d3ba915973aaf2a3cc3f679f5b0d90696b21f3091
[INFO] running `Command { std: "docker" "start" "-a" "3c48c3beb59a0f506e7f741d3ba915973aaf2a3cc3f679f5b0d90696b21f3091", kill_on_drop: false }`
[INFO] [stderr]    Compiling proc-macro2 v1.0.92
[INFO] [stderr]    Compiling hashbrown v0.15.2
[INFO] [stderr]    Compiling equivalent v1.0.1
[INFO] [stderr]    Compiling unicode-ident v1.0.14
[INFO] [stderr]    Compiling toml_datetime v0.6.8
[INFO] [stderr]    Compiling winnow v0.5.40
[INFO] [stderr]    Compiling syn v1.0.109
[INFO] [stderr]    Compiling once_cell v1.20.2
[INFO] [stderr]    Compiling the-newtype-core v0.1.1
[INFO] [stderr]    Compiling quote v1.0.37
[INFO] [stderr]    Compiling indexmap v2.7.0
[INFO] [stderr]    Compiling toml_edit v0.19.15
[INFO] [stderr]    Compiling proc-macro-crate v1.3.1
[INFO] [stderr]    Compiling the-newtype-macros v0.1.1
[INFO] [stderr]    Compiling the-newtype v0.1.1 (/opt/rustwide/workdir)
[INFO] [stderr]     Finished `dev` profile [unoptimized + debuginfo] target(s) in 9.03s
[INFO] running `Command { std: "docker" "inspect" "3c48c3beb59a0f506e7f741d3ba915973aaf2a3cc3f679f5b0d90696b21f3091", kill_on_drop: false }`
[INFO] running `Command { std: "docker" "rm" "-f" "3c48c3beb59a0f506e7f741d3ba915973aaf2a3cc3f679f5b0d90696b21f3091", kill_on_drop: false }`
[INFO] [stdout] 3c48c3beb59a0f506e7f741d3ba915973aaf2a3cc3f679f5b0d90696b21f3091
[INFO] running `Command { std: "docker" "create" "-v" "/var/lib/crater-agent-workspace/builds/worker-7-tc1/target:/opt/rustwide/target:rw,Z" "-v" "/var/lib/crater-agent-workspace/builds/worker-7-tc1/source:/opt/rustwide/workdir:ro,Z" "-v" "/var/lib/crater-agent-workspace/cargo-home:/opt/rustwide/cargo-home:ro,Z" "-v" "/var/lib/crater-agent-workspace/rustup-home:/opt/rustwide/rustup-home:ro,Z" "-e" "SOURCE_DIR=/opt/rustwide/workdir" "-e" "CARGO_TARGET_DIR=/opt/rustwide/target" "-e" "CARGO_INCREMENTAL=0" "-e" "RUST_BACKTRACE=full" "-e" "RUSTFLAGS=--cap-lints=warn" "-e" "RUSTDOCFLAGS=--cap-lints=warn" "-e" "CARGO_HOME=/opt/rustwide/cargo-home" "-e" "RUSTUP_HOME=/opt/rustwide/rustup-home" "-w" "/opt/rustwide/workdir" "-m" "1610612736" "--user" "0:0" "--network" "none" "ghcr.io/rust-lang/crates-build-env/linux@sha256:f3a9d4ad9d972b27faf3965f35b62e55ba32bbce8f20bc8fe909558a86702fde" "/opt/rustwide/cargo-home/bin/cargo" "+1.83.0" "test" "--frozen" "--no-run" "--message-format=json", kill_on_drop: false }`
[INFO] [stdout] 08e205b75f08e24130e9c9594753217eeef259c4b788cd28c0df0e9d657288b0
[INFO] running `Command { std: "docker" "start" "-a" "08e205b75f08e24130e9c9594753217eeef259c4b788cd28c0df0e9d657288b0", kill_on_drop: false }`
[INFO] [stderr]    Compiling convert_case v0.4.0
[INFO] [stderr]    Compiling syn v2.0.90
[INFO] [stderr]    Compiling derive_more v0.99.18
[INFO] [stderr]    Compiling the-newtype v0.1.1 (/opt/rustwide/workdir)
[INFO] [stderr]     Finished `test` profile [unoptimized + debuginfo] target(s) in 6.30s
[INFO] running `Command { std: "docker" "inspect" "08e205b75f08e24130e9c9594753217eeef259c4b788cd28c0df0e9d657288b0", kill_on_drop: false }`
[INFO] running `Command { std: "docker" "rm" "-f" "08e205b75f08e24130e9c9594753217eeef259c4b788cd28c0df0e9d657288b0", kill_on_drop: false }`
[INFO] [stdout] 08e205b75f08e24130e9c9594753217eeef259c4b788cd28c0df0e9d657288b0
[INFO] running `Command { std: "docker" "create" "-v" "/var/lib/crater-agent-workspace/builds/worker-7-tc1/target:/opt/rustwide/target:rw,Z" "-v" "/var/lib/crater-agent-workspace/builds/worker-7-tc1/source:/opt/rustwide/workdir:ro,Z" "-v" "/var/lib/crater-agent-workspace/cargo-home:/opt/rustwide/cargo-home:ro,Z" "-v" "/var/lib/crater-agent-workspace/rustup-home:/opt/rustwide/rustup-home:ro,Z" "-e" "SOURCE_DIR=/opt/rustwide/workdir" "-e" "CARGO_TARGET_DIR=/opt/rustwide/target" "-e" "CARGO_INCREMENTAL=0" "-e" "RUST_BACKTRACE=full" "-e" "RUSTFLAGS=--cap-lints=warn" "-e" "RUSTDOCFLAGS=--cap-lints=warn" "-e" "CARGO_HOME=/opt/rustwide/cargo-home" "-e" "RUSTUP_HOME=/opt/rustwide/rustup-home" "-w" "/opt/rustwide/workdir" "-m" "1610612736" "--user" "0:0" "--network" "none" "ghcr.io/rust-lang/crates-build-env/linux@sha256:f3a9d4ad9d972b27faf3965f35b62e55ba32bbce8f20bc8fe909558a86702fde" "/opt/rustwide/cargo-home/bin/cargo" "+1.83.0" "test" "--frozen", kill_on_drop: false }`
[INFO] [stdout] 7923917dcdd0f611d3da4cac38e67affe4a137fafadd8a19444a0735cb4f2c4b
[INFO] running `Command { std: "docker" "start" "-a" "7923917dcdd0f611d3da4cac38e67affe4a137fafadd8a19444a0735cb4f2c4b", kill_on_drop: false }`
[INFO] [stderr]     Finished `test` profile [unoptimized + debuginfo] target(s) in 0.04s
[INFO] [stderr]      Running unittests src/lib.rs (/opt/rustwide/target/debug/deps/the_newtype-ac94263f13da1639)
[INFO] [stdout] 
[INFO] [stderr]    Doc-tests the_newtype
[INFO] [stdout] running 0 tests
[INFO] [stdout] 
[INFO] [stdout] test result: ok. 0 passed; 0 failed; 0 ignored; 0 measured; 0 filtered out; finished in 0.00s
[INFO] [stdout] 
[INFO] [stdout] 
[INFO] [stdout] running 8 tests
[INFO] [stdout] test src/../README.md - (line 111) ... FAILED
[INFO] [stdout] test src/../README.md - (line 67) ... ok
[INFO] [stdout] test src/../README.md - (line 123) ... ok
[INFO] [stdout] test src/../README.md - (line 212) ... ok
[INFO] [stdout] test src/../README.md - (line 189) ... ok
[INFO] [stdout] test src/../README.md - (line 145) ... ok
[INFO] [stdout] test src/../README.md - (line 16) ... ok
[INFO] [stdout] test src/../README.md - (line 167) ... ok
[INFO] [stdout] 
[INFO] [stdout] failures:
[INFO] [stdout] 
[INFO] [stdout] ---- src/../README.md - (line 111) stdout ----
[INFO] [stdout] error[E0405]: cannot find trait `Newtype` in the crate root
[INFO] [stdout]  --> src/../README.md:116:17
[INFO] [stdout]   |
[INFO] [stdout] 8 | #[derive(AsRef, Newtype)]
[INFO] [stdout]   |                 ^^^^^^^ not found in the crate root
[INFO] [stdout]   |
[INFO] [stdout]   = note: this error originates in the derive macro `Newtype` (in Nightly builds, run with -Z macro-backtrace for more info)
[INFO] [stdout] help: consider importing one of these traits
[INFO] [stdout]   |
[INFO] [stdout] 2 + use the_newtype::Newtype;
[INFO] [stdout]   |
[INFO] [stdout] 2 + use the_newtype_core::Newtype;
[INFO] [stdout]   |
[INFO] [stdout] 
[INFO] [stdout] error: aborting due to 1 previous error
[INFO] [stdout] 
[INFO] [stdout] For more information about this error, try `rustc --explain E0405`.
[INFO] [stdout] Couldn't compile the test.
[INFO] [stdout] 
[INFO] [stdout] failures:
[INFO] [stdout]     src/../README.md - (line 111)
[INFO] [stdout] 
[INFO] [stdout] test result: FAILED. 7 passed; 1 failed; 0 ignored; 0 measured; 0 filtered out; finished in 0.80s
[INFO] [stdout] 
[INFO] [stderr] error: doctest failed, to rerun pass `--doc`
[INFO] running `Command { std: "docker" "inspect" "7923917dcdd0f611d3da4cac38e67affe4a137fafadd8a19444a0735cb4f2c4b", kill_on_drop: false }`
[INFO] running `Command { std: "docker" "rm" "-f" "7923917dcdd0f611d3da4cac38e67affe4a137fafadd8a19444a0735cb4f2c4b", kill_on_drop: false }`
[INFO] [stdout] 7923917dcdd0f611d3da4cac38e67affe4a137fafadd8a19444a0735cb4f2c4b
