[INFO] fetching crate thalo_message_store 0.8.0...
[INFO] testing thalo_message_store-0.8.0 against beta-2024-12-08 for beta-1.84.0-4-retry
[INFO] extracting crate thalo_message_store 0.8.0 into /workspace/builds/worker-0-tc2/source
[INFO] validating manifest of crates.io crate thalo_message_store 0.8.0 on toolchain beta-2024-12-08
[INFO] running `Command { std: CARGO_HOME="/workspace/cargo-home" RUSTUP_HOME="/workspace/rustup-home" "/workspace/cargo-home/bin/cargo" "+beta-2024-12-08" "metadata" "--manifest-path" "Cargo.toml" "--no-deps", kill_on_drop: false }`
[INFO] started tweaking crates.io crate thalo_message_store 0.8.0
[INFO] finished tweaking crates.io crate thalo_message_store 0.8.0
[INFO] tweaked toml for crates.io crate thalo_message_store 0.8.0 written to /workspace/builds/worker-0-tc2/source/Cargo.toml
[INFO] running `Command { std: CARGO_HOME="/workspace/cargo-home" RUSTUP_HOME="/workspace/rustup-home" "/workspace/cargo-home/bin/cargo" "+beta-2024-12-08" "generate-lockfile" "--manifest-path" "Cargo.toml", kill_on_drop: false }`
[INFO] [stderr]     Updating crates.io index
[INFO] [stderr]     Blocking waiting for file lock on package cache
[INFO] [stderr]      Locking 67 packages to latest compatible versions
[INFO] [stderr]       Adding thiserror v1.0.69 (available: v2.0.7)
[INFO] running `Command { std: CARGO_HOME="/workspace/cargo-home" RUSTUP_HOME="/workspace/rustup-home" "/workspace/cargo-home/bin/cargo" "+beta-2024-12-08" "fetch" "--manifest-path" "Cargo.toml", kill_on_drop: false }`
[INFO] [stderr]     Blocking waiting for file lock on package cache
[INFO] running `Command { std: "docker" "create" "-v" "/var/lib/crater-agent-workspace/builds/worker-0-tc2/target:/opt/rustwide/target:rw,Z" "-v" "/var/lib/crater-agent-workspace/builds/worker-0-tc2/source:/opt/rustwide/workdir:ro,Z" "-v" "/var/lib/crater-agent-workspace/cargo-home:/opt/rustwide/cargo-home:ro,Z" "-v" "/var/lib/crater-agent-workspace/rustup-home:/opt/rustwide/rustup-home:ro,Z" "-e" "SOURCE_DIR=/opt/rustwide/workdir" "-e" "CARGO_TARGET_DIR=/opt/rustwide/target" "-e" "CARGO_HOME=/opt/rustwide/cargo-home" "-e" "RUSTUP_HOME=/opt/rustwide/rustup-home" "-w" "/opt/rustwide/workdir" "-m" "1610612736" "--user" "0:0" "--network" "none" "ghcr.io/rust-lang/crates-build-env/linux@sha256:f3a9d4ad9d972b27faf3965f35b62e55ba32bbce8f20bc8fe909558a86702fde" "/opt/rustwide/cargo-home/bin/cargo" "+beta-2024-12-08" "metadata" "--no-deps" "--format-version=1", kill_on_drop: false }`
[INFO] [stdout] d9cbd649d9ab134a484b5de44cfded7252fc23610db2324601e1eeaf594dc265
[INFO] running `Command { std: "docker" "start" "-a" "d9cbd649d9ab134a484b5de44cfded7252fc23610db2324601e1eeaf594dc265", kill_on_drop: false }`
[INFO] running `Command { std: "docker" "inspect" "d9cbd649d9ab134a484b5de44cfded7252fc23610db2324601e1eeaf594dc265", kill_on_drop: false }`
[INFO] running `Command { std: "docker" "rm" "-f" "d9cbd649d9ab134a484b5de44cfded7252fc23610db2324601e1eeaf594dc265", kill_on_drop: false }`
[INFO] [stdout] d9cbd649d9ab134a484b5de44cfded7252fc23610db2324601e1eeaf594dc265
[INFO] running `Command { std: "docker" "create" "-v" "/var/lib/crater-agent-workspace/builds/worker-0-tc2/target:/opt/rustwide/target:rw,Z" "-v" "/var/lib/crater-agent-workspace/builds/worker-0-tc2/source:/opt/rustwide/workdir:ro,Z" "-v" "/var/lib/crater-agent-workspace/cargo-home:/opt/rustwide/cargo-home:ro,Z" "-v" "/var/lib/crater-agent-workspace/rustup-home:/opt/rustwide/rustup-home:ro,Z" "-e" "SOURCE_DIR=/opt/rustwide/workdir" "-e" "CARGO_TARGET_DIR=/opt/rustwide/target" "-e" "CARGO_INCREMENTAL=0" "-e" "RUST_BACKTRACE=full" "-e" "RUSTFLAGS=--cap-lints=warn" "-e" "RUSTDOCFLAGS=--cap-lints=warn" "-e" "CARGO_HOME=/opt/rustwide/cargo-home" "-e" "RUSTUP_HOME=/opt/rustwide/rustup-home" "-w" "/opt/rustwide/workdir" "-m" "1610612736" "--user" "0:0" "--network" "none" "ghcr.io/rust-lang/crates-build-env/linux@sha256:f3a9d4ad9d972b27faf3965f35b62e55ba32bbce8f20bc8fe909558a86702fde" "/opt/rustwide/cargo-home/bin/cargo" "+beta-2024-12-08" "build" "--frozen" "--message-format=json", kill_on_drop: false }`
[INFO] [stdout] 58b426eb8ec41ecfff5ce603c82774802c27746a57cfbad2946f632742809a5c
[INFO] running `Command { std: "docker" "start" "-a" "58b426eb8ec41ecfff5ce603c82774802c27746a57cfbad2946f632742809a5c", kill_on_drop: false }`
[INFO] [stderr]    Compiling proc-macro2 v1.0.92
[INFO] [stderr]    Compiling unicode-ident v1.0.14
[INFO] [stderr]    Compiling serde v1.0.216
[INFO] [stderr]    Compiling semver v1.0.24
[INFO] [stderr]    Compiling equivalent v1.0.1
[INFO] [stderr]    Compiling hashbrown v0.15.2
[INFO] [stderr]    Compiling serde_json v1.0.133
[INFO] [stderr]    Compiling smallvec v1.13.2
[INFO] [stderr]    Compiling anyhow v1.0.94
[INFO] [stderr]    Compiling itoa v1.0.14
[INFO] [stderr]    Compiling memchr v2.7.4
[INFO] [stderr]    Compiling ryu v1.0.18
[INFO] [stderr]    Compiling leb128 v0.2.5
[INFO] [stderr]    Compiling bitflags v2.6.0
[INFO] [stderr]    Compiling log v0.4.22
[INFO] [stderr]    Compiling unicode-xid v0.2.6
[INFO] [stderr]    Compiling id-arena v2.2.1
[INFO] [stderr]    Compiling wasm-encoder v0.41.2
[INFO] [stderr]    Compiling wasm-encoder v0.38.1
[INFO] [stderr]    Compiling libc v0.2.168
[INFO] [stderr]    Compiling cfg-if v1.0.0
[INFO] [stderr]    Compiling unicode-segmentation v1.12.0
[INFO] [stderr]    Compiling autocfg v1.4.0
[INFO] [stderr]    Compiling wit-bindgen-rust v0.14.0
[INFO] [stderr]    Compiling crossbeam-utils v0.8.20
[INFO] [stderr]    Compiling spdx v0.10.7
[INFO] [stderr]    Compiling parking_lot_core v0.8.6
[INFO] [stderr]    Compiling instant v0.1.13
[INFO] [stderr]    Compiling thiserror v1.0.69
[INFO] [stderr]    Compiling scopeguard v1.2.0
[INFO] [stderr]    Compiling byteorder v1.5.0
[INFO] [stderr]    Compiling once_cell v1.20.2
[INFO] [stderr]    Compiling lock_api v0.4.12
[INFO] [stderr]    Compiling tracing-core v0.1.33
[INFO] [stderr]    Compiling crc32fast v1.4.2
[INFO] [stderr]    Compiling heck v0.4.1
[INFO] [stderr]    Compiling fxhash v0.2.1
[INFO] [stderr]    Compiling quote v1.0.37
[INFO] [stderr]    Compiling half v1.8.3
[INFO] [stderr]    Compiling pin-project-lite v0.2.15
[INFO] [stderr]    Compiling syn v2.0.90
[INFO] [stderr]    Compiling crossbeam-epoch v0.9.18
[INFO] [stderr]    Compiling fs2 v0.4.3
[INFO] [stderr]    Compiling parking_lot v0.11.2
[INFO] [stderr]    Compiling sled v0.34.7
[INFO] [stderr]    Compiling indexmap v2.7.0
[INFO] [stderr]    Compiling wasmparser v0.121.2
[INFO] [stderr]    Compiling wasmparser v0.118.2
[INFO] [stderr]    Compiling serde_derive v1.0.216
[INFO] [stderr]    Compiling thiserror-impl v1.0.69
[INFO] [stderr]    Compiling thalo_derive v0.8.0
[INFO] [stderr]    Compiling tracing-attributes v0.1.28
[INFO] [stderr]    Compiling tracing v0.1.41
[INFO] [stderr]    Compiling wit-parser v0.13.2
[INFO] [stderr]    Compiling wasm-metadata v0.10.20
[INFO] [stderr]    Compiling wit-component v0.18.2
[INFO] [stderr]    Compiling serde_cbor v0.11.2
[INFO] [stderr]    Compiling bincode v1.3.3
[INFO] [stderr]    Compiling wit-bindgen-core v0.14.0
[INFO] [stderr]    Compiling wit-bindgen-rust-macro v0.14.0
[INFO] [stderr]    Compiling wit-bindgen v0.14.0
[INFO] [stderr]    Compiling thalo v0.8.0
[INFO] [stderr]    Compiling thalo_message_store v0.8.0 (/opt/rustwide/workdir)
[INFO] [stderr]     Finished `dev` profile [unoptimized + debuginfo] target(s) in 43.69s
[INFO] running `Command { std: "docker" "inspect" "58b426eb8ec41ecfff5ce603c82774802c27746a57cfbad2946f632742809a5c", kill_on_drop: false }`
[INFO] running `Command { std: "docker" "rm" "-f" "58b426eb8ec41ecfff5ce603c82774802c27746a57cfbad2946f632742809a5c", kill_on_drop: false }`
[INFO] [stdout] 58b426eb8ec41ecfff5ce603c82774802c27746a57cfbad2946f632742809a5c
[INFO] running `Command { std: "docker" "create" "-v" "/var/lib/crater-agent-workspace/builds/worker-0-tc2/target:/opt/rustwide/target:rw,Z" "-v" "/var/lib/crater-agent-workspace/builds/worker-0-tc2/source:/opt/rustwide/workdir:ro,Z" "-v" "/var/lib/crater-agent-workspace/cargo-home:/opt/rustwide/cargo-home:ro,Z" "-v" "/var/lib/crater-agent-workspace/rustup-home:/opt/rustwide/rustup-home:ro,Z" "-e" "SOURCE_DIR=/opt/rustwide/workdir" "-e" "CARGO_TARGET_DIR=/opt/rustwide/target" "-e" "CARGO_INCREMENTAL=0" "-e" "RUST_BACKTRACE=full" "-e" "RUSTFLAGS=--cap-lints=warn" "-e" "RUSTDOCFLAGS=--cap-lints=warn" "-e" "CARGO_HOME=/opt/rustwide/cargo-home" "-e" "RUSTUP_HOME=/opt/rustwide/rustup-home" "-w" "/opt/rustwide/workdir" "-m" "1610612736" "--user" "0:0" "--network" "none" "ghcr.io/rust-lang/crates-build-env/linux@sha256:f3a9d4ad9d972b27faf3965f35b62e55ba32bbce8f20bc8fe909558a86702fde" "/opt/rustwide/cargo-home/bin/cargo" "+beta-2024-12-08" "test" "--frozen" "--no-run" "--message-format=json", kill_on_drop: false }`
[INFO] [stdout] 5c6d7309e9cd6dd9fd6d156c196636c749210f98ce08ea765bdff2b3e9e07208
[INFO] running `Command { std: "docker" "start" "-a" "5c6d7309e9cd6dd9fd6d156c196636c749210f98ce08ea765bdff2b3e9e07208", kill_on_drop: false }`
[INFO] [stderr]    Compiling thalo_message_store v0.8.0 (/opt/rustwide/workdir)
[INFO] [stderr]     Finished `test` profile [unoptimized + debuginfo] target(s) in 0.98s
[INFO] running `Command { std: "docker" "inspect" "5c6d7309e9cd6dd9fd6d156c196636c749210f98ce08ea765bdff2b3e9e07208", kill_on_drop: false }`
[INFO] running `Command { std: "docker" "rm" "-f" "5c6d7309e9cd6dd9fd6d156c196636c749210f98ce08ea765bdff2b3e9e07208", kill_on_drop: false }`
[INFO] [stdout] 5c6d7309e9cd6dd9fd6d156c196636c749210f98ce08ea765bdff2b3e9e07208
[INFO] running `Command { std: "docker" "create" "-v" "/var/lib/crater-agent-workspace/builds/worker-0-tc2/target:/opt/rustwide/target:rw,Z" "-v" "/var/lib/crater-agent-workspace/builds/worker-0-tc2/source:/opt/rustwide/workdir:ro,Z" "-v" "/var/lib/crater-agent-workspace/cargo-home:/opt/rustwide/cargo-home:ro,Z" "-v" "/var/lib/crater-agent-workspace/rustup-home:/opt/rustwide/rustup-home:ro,Z" "-e" "SOURCE_DIR=/opt/rustwide/workdir" "-e" "CARGO_TARGET_DIR=/opt/rustwide/target" "-e" "CARGO_INCREMENTAL=0" "-e" "RUST_BACKTRACE=full" "-e" "RUSTFLAGS=--cap-lints=warn" "-e" "RUSTDOCFLAGS=--cap-lints=warn" "-e" "CARGO_HOME=/opt/rustwide/cargo-home" "-e" "RUSTUP_HOME=/opt/rustwide/rustup-home" "-w" "/opt/rustwide/workdir" "-m" "1610612736" "--user" "0:0" "--network" "none" "ghcr.io/rust-lang/crates-build-env/linux@sha256:f3a9d4ad9d972b27faf3965f35b62e55ba32bbce8f20bc8fe909558a86702fde" "/opt/rustwide/cargo-home/bin/cargo" "+beta-2024-12-08" "test" "--frozen", kill_on_drop: false }`
[INFO] [stdout] c96452773e0debdf010781903b22b162b072052e2f857defc7fe05e2e387c63d
[INFO] running `Command { std: "docker" "start" "-a" "c96452773e0debdf010781903b22b162b072052e2f857defc7fe05e2e387c63d", kill_on_drop: false }`
[INFO] [stderr]     Finished `test` profile [unoptimized + debuginfo] target(s) in 0.07s
[INFO] [stderr]      Running unittests src/lib.rs (/opt/rustwide/target/debug/deps/thalo_message_store-c51d82d949214a0b)
[INFO] [stdout] 
[INFO] [stdout] running 0 tests
[INFO] [stdout] 
[INFO] [stdout] test result: ok. 0 passed; 0 failed; 0 ignored; 0 measured; 0 filtered out; finished in 0.00s
[INFO] [stdout] 
[INFO] [stderr]    Doc-tests thalo_message_store
[INFO] [stdout] 
[INFO] [stdout] running 1 test
[INFO] [stdout] test src/message.rs - message::Message<'a,T>::map_data (line 71) ... FAILED
[INFO] [stdout] 
[INFO] [stdout] failures:
[INFO] [stdout] 
[INFO] [stdout] ---- src/message.rs - message::Message<'a,T>::map_data (line 71) stdout ----
[INFO] [stdout] error[E0412]: cannot find type `Message` in this scope
[INFO] [stdout]  --> src/message.rs:75:14
[INFO] [stdout]   |
[INFO] [stdout] 6 | let message: Message<Bar> = message.map_data(|foo| Bar {
[INFO] [stdout]   |              ^^^^^^^ not found in this scope
[INFO] [stdout]   |
[INFO] [stdout] help: consider importing this struct
[INFO] [stdout]   |
[INFO] [stdout] 2 + use thalo_message_store::message::Message;
[INFO] [stdout]   |
[INFO] [stdout] 
[INFO] [stdout] error[E0425]: cannot find value `message` in this scope
[INFO] [stdout]  --> src/message.rs:75:29
[INFO] [stdout]   |
[INFO] [stdout] 6 | let message: Message<Bar> = message.map_data(|foo| Bar {
[INFO] [stdout]   |                             ^^^^^^^ not found in this scope
[INFO] [stdout] 
[INFO] [stdout] error: aborting due to 2 previous errors
[INFO] [stdout] 
[INFO] [stdout] Some errors have detailed explanations: E0412, E0425.
[INFO] [stdout] For more information about an error, try `rustc --explain E0412`.
[INFO] [stdout] Couldn't compile the test.
[INFO] [stdout] 
[INFO] [stdout] failures:
[INFO] [stdout]     src/message.rs - message::Message<'a,T>::map_data (line 71)
[INFO] [stdout] 
[INFO] [stdout] test result: FAILED. 0 passed; 1 failed; 0 ignored; 0 measured; 0 filtered out; finished in 0.12s
[INFO] [stdout] 
[INFO] [stderr] error: doctest failed, to rerun pass `--doc`
[INFO] running `Command { std: "docker" "inspect" "c96452773e0debdf010781903b22b162b072052e2f857defc7fe05e2e387c63d", kill_on_drop: false }`
[INFO] running `Command { std: "docker" "rm" "-f" "c96452773e0debdf010781903b22b162b072052e2f857defc7fe05e2e387c63d", kill_on_drop: false }`
[INFO] [stdout] c96452773e0debdf010781903b22b162b072052e2f857defc7fe05e2e387c63d
