[INFO] fetching crate thalo 0.8.0...
[INFO] testing thalo-0.8.0 against beta-2024-12-08 for beta-1.84.0-4-retry
[INFO] extracting crate thalo 0.8.0 into /workspace/builds/worker-3-tc2/source
[INFO] validating manifest of crates.io crate thalo 0.8.0 on toolchain beta-2024-12-08
[INFO] running `Command { std: CARGO_HOME="/workspace/cargo-home" RUSTUP_HOME="/workspace/rustup-home" "/workspace/cargo-home/bin/cargo" "+beta-2024-12-08" "metadata" "--manifest-path" "Cargo.toml" "--no-deps", kill_on_drop: false }`
[INFO] started tweaking crates.io crate thalo 0.8.0
[INFO] finished tweaking crates.io crate thalo 0.8.0
[INFO] tweaked toml for crates.io crate thalo 0.8.0 written to /workspace/builds/worker-3-tc2/source/Cargo.toml
[INFO] running `Command { std: CARGO_HOME="/workspace/cargo-home" RUSTUP_HOME="/workspace/rustup-home" "/workspace/cargo-home/bin/cargo" "+beta-2024-12-08" "generate-lockfile" "--manifest-path" "Cargo.toml", kill_on_drop: false }`
[INFO] [stderr]     Blocking waiting for file lock on package cache
[INFO] [stderr]     Updating crates.io index
[INFO] [stderr]     Blocking waiting for file lock on package cache
[INFO] [stderr]      Locking 38 packages to latest compatible versions
[INFO] [stderr]       Adding heck v0.4.1 (available: v0.5.0)
[INFO] [stderr]       Adding thiserror v1.0.69 (available: v2.0.7)
[INFO] [stderr]       Adding wit-bindgen v0.14.0 (available: v0.36.0)
[INFO] running `Command { std: CARGO_HOME="/workspace/cargo-home" RUSTUP_HOME="/workspace/rustup-home" "/workspace/cargo-home/bin/cargo" "+beta-2024-12-08" "fetch" "--manifest-path" "Cargo.toml", kill_on_drop: false }`
[INFO] [stderr]     Blocking waiting for file lock on package cache
[INFO] running `Command { std: "docker" "create" "-v" "/var/lib/crater-agent-workspace/builds/worker-3-tc2/target:/opt/rustwide/target:rw,Z" "-v" "/var/lib/crater-agent-workspace/builds/worker-3-tc2/source:/opt/rustwide/workdir:ro,Z" "-v" "/var/lib/crater-agent-workspace/cargo-home:/opt/rustwide/cargo-home:ro,Z" "-v" "/var/lib/crater-agent-workspace/rustup-home:/opt/rustwide/rustup-home:ro,Z" "-e" "SOURCE_DIR=/opt/rustwide/workdir" "-e" "CARGO_TARGET_DIR=/opt/rustwide/target" "-e" "CARGO_HOME=/opt/rustwide/cargo-home" "-e" "RUSTUP_HOME=/opt/rustwide/rustup-home" "-w" "/opt/rustwide/workdir" "-m" "1610612736" "--user" "0:0" "--network" "none" "ghcr.io/rust-lang/crates-build-env/linux@sha256:f3a9d4ad9d972b27faf3965f35b62e55ba32bbce8f20bc8fe909558a86702fde" "/opt/rustwide/cargo-home/bin/cargo" "+beta-2024-12-08" "metadata" "--no-deps" "--format-version=1", kill_on_drop: false }`
[INFO] [stdout] 306eb6e3f63d79ef7e764d9ad7af4e0f4956e34fa99a526991e0d21b9afe9d06
[INFO] running `Command { std: "docker" "start" "-a" "306eb6e3f63d79ef7e764d9ad7af4e0f4956e34fa99a526991e0d21b9afe9d06", kill_on_drop: false }`
[INFO] running `Command { std: "docker" "inspect" "306eb6e3f63d79ef7e764d9ad7af4e0f4956e34fa99a526991e0d21b9afe9d06", kill_on_drop: false }`
[INFO] running `Command { std: "docker" "rm" "-f" "306eb6e3f63d79ef7e764d9ad7af4e0f4956e34fa99a526991e0d21b9afe9d06", kill_on_drop: false }`
[INFO] [stdout] 306eb6e3f63d79ef7e764d9ad7af4e0f4956e34fa99a526991e0d21b9afe9d06
[INFO] running `Command { std: "docker" "create" "-v" "/var/lib/crater-agent-workspace/builds/worker-3-tc2/target:/opt/rustwide/target:rw,Z" "-v" "/var/lib/crater-agent-workspace/builds/worker-3-tc2/source:/opt/rustwide/workdir:ro,Z" "-v" "/var/lib/crater-agent-workspace/cargo-home:/opt/rustwide/cargo-home:ro,Z" "-v" "/var/lib/crater-agent-workspace/rustup-home:/opt/rustwide/rustup-home:ro,Z" "-e" "SOURCE_DIR=/opt/rustwide/workdir" "-e" "CARGO_TARGET_DIR=/opt/rustwide/target" "-e" "CARGO_INCREMENTAL=0" "-e" "RUST_BACKTRACE=full" "-e" "RUSTFLAGS=--cap-lints=warn" "-e" "RUSTDOCFLAGS=--cap-lints=warn" "-e" "CARGO_HOME=/opt/rustwide/cargo-home" "-e" "RUSTUP_HOME=/opt/rustwide/rustup-home" "-w" "/opt/rustwide/workdir" "-m" "1610612736" "--user" "0:0" "--network" "none" "ghcr.io/rust-lang/crates-build-env/linux@sha256:f3a9d4ad9d972b27faf3965f35b62e55ba32bbce8f20bc8fe909558a86702fde" "/opt/rustwide/cargo-home/bin/cargo" "+beta-2024-12-08" "build" "--frozen" "--message-format=json", kill_on_drop: false }`
[INFO] [stdout] 82dc7d0c351871cb25bb9e42efcc3bf533b10f0c7d9e5aeece4dd5036f01384c
[INFO] running `Command { std: "docker" "start" "-a" "82dc7d0c351871cb25bb9e42efcc3bf533b10f0c7d9e5aeece4dd5036f01384c", kill_on_drop: false }`
[INFO] [stderr]    Compiling syn v2.0.90
[INFO] [stderr]    Compiling serde v1.0.216
[INFO] [stderr]    Compiling semver v1.0.24
[INFO] [stderr]    Compiling serde_json v1.0.133
[INFO] [stderr]    Compiling equivalent v1.0.1
[INFO] [stderr]    Compiling hashbrown v0.15.2
[INFO] [stderr]    Compiling memchr v2.7.4
[INFO] [stderr]    Compiling itoa v1.0.14
[INFO] [stderr]    Compiling anyhow v1.0.94
[INFO] [stderr]    Compiling leb128 v0.2.5
[INFO] [stderr]    Compiling bitflags v2.6.0
[INFO] [stderr]    Compiling smallvec v1.13.2
[INFO] [stderr]    Compiling log v0.4.22
[INFO] [stderr]    Compiling id-arena v2.2.1
[INFO] [stderr]    Compiling unicode-segmentation v1.12.0
[INFO] [stderr]    Compiling wit-bindgen-rust v0.14.0
[INFO] [stderr]    Compiling wasm-encoder v0.41.2
[INFO] [stderr]    Compiling wasm-encoder v0.38.1
[INFO] [stderr]    Compiling heck v0.4.1
[INFO] [stderr]    Compiling spdx v0.10.7
[INFO] [stderr]    Compiling indexmap v2.7.0
[INFO] [stderr]    Compiling serde_derive v1.0.216
[INFO] [stderr]    Compiling thiserror-impl v1.0.69
[INFO] [stderr]    Compiling thalo_derive v0.8.0
[INFO] [stderr]    Compiling wasmparser v0.121.2
[INFO] [stderr]    Compiling wasmparser v0.118.2
[INFO] [stderr]    Compiling thiserror v1.0.69
[INFO] [stderr]    Compiling wit-parser v0.13.2
[INFO] [stderr]    Compiling wasm-metadata v0.10.20
[INFO] [stderr]    Compiling wit-component v0.18.2
[INFO] [stderr]    Compiling wit-bindgen-core v0.14.0
[INFO] [stderr]    Compiling wit-bindgen-rust-macro v0.14.0
[INFO] [stderr]    Compiling wit-bindgen v0.14.0
[INFO] [stderr]    Compiling thalo v0.8.0 (/opt/rustwide/workdir)
[INFO] [stderr]     Finished `dev` profile [unoptimized + debuginfo] target(s) in 36.44s
[INFO] running `Command { std: "docker" "inspect" "82dc7d0c351871cb25bb9e42efcc3bf533b10f0c7d9e5aeece4dd5036f01384c", kill_on_drop: false }`
[INFO] running `Command { std: "docker" "rm" "-f" "82dc7d0c351871cb25bb9e42efcc3bf533b10f0c7d9e5aeece4dd5036f01384c", kill_on_drop: false }`
[INFO] [stdout] 82dc7d0c351871cb25bb9e42efcc3bf533b10f0c7d9e5aeece4dd5036f01384c
[INFO] running `Command { std: "docker" "create" "-v" "/var/lib/crater-agent-workspace/builds/worker-3-tc2/target:/opt/rustwide/target:rw,Z" "-v" "/var/lib/crater-agent-workspace/builds/worker-3-tc2/source:/opt/rustwide/workdir:ro,Z" "-v" "/var/lib/crater-agent-workspace/cargo-home:/opt/rustwide/cargo-home:ro,Z" "-v" "/var/lib/crater-agent-workspace/rustup-home:/opt/rustwide/rustup-home:ro,Z" "-e" "SOURCE_DIR=/opt/rustwide/workdir" "-e" "CARGO_TARGET_DIR=/opt/rustwide/target" "-e" "CARGO_INCREMENTAL=0" "-e" "RUST_BACKTRACE=full" "-e" "RUSTFLAGS=--cap-lints=warn" "-e" "RUSTDOCFLAGS=--cap-lints=warn" "-e" "CARGO_HOME=/opt/rustwide/cargo-home" "-e" "RUSTUP_HOME=/opt/rustwide/rustup-home" "-w" "/opt/rustwide/workdir" "-m" "1610612736" "--user" "0:0" "--network" "none" "ghcr.io/rust-lang/crates-build-env/linux@sha256:f3a9d4ad9d972b27faf3965f35b62e55ba32bbce8f20bc8fe909558a86702fde" "/opt/rustwide/cargo-home/bin/cargo" "+beta-2024-12-08" "test" "--frozen" "--no-run" "--message-format=json", kill_on_drop: false }`
[INFO] [stdout] 20069b7de0e1d1dfa0f87584fc1e827aadba63d54f45f652d6125e4cb4d1472c
[INFO] running `Command { std: "docker" "start" "-a" "20069b7de0e1d1dfa0f87584fc1e827aadba63d54f45f652d6125e4cb4d1472c", kill_on_drop: false }`
[INFO] [stderr]    Compiling thalo v0.8.0 (/opt/rustwide/workdir)
[INFO] [stderr]     Finished `test` profile [unoptimized + debuginfo] target(s) in 0.60s
[INFO] running `Command { std: "docker" "inspect" "20069b7de0e1d1dfa0f87584fc1e827aadba63d54f45f652d6125e4cb4d1472c", kill_on_drop: false }`
[INFO] running `Command { std: "docker" "rm" "-f" "20069b7de0e1d1dfa0f87584fc1e827aadba63d54f45f652d6125e4cb4d1472c", kill_on_drop: false }`
[INFO] [stdout] 20069b7de0e1d1dfa0f87584fc1e827aadba63d54f45f652d6125e4cb4d1472c
[INFO] running `Command { std: "docker" "create" "-v" "/var/lib/crater-agent-workspace/builds/worker-3-tc2/target:/opt/rustwide/target:rw,Z" "-v" "/var/lib/crater-agent-workspace/builds/worker-3-tc2/source:/opt/rustwide/workdir:ro,Z" "-v" "/var/lib/crater-agent-workspace/cargo-home:/opt/rustwide/cargo-home:ro,Z" "-v" "/var/lib/crater-agent-workspace/rustup-home:/opt/rustwide/rustup-home:ro,Z" "-e" "SOURCE_DIR=/opt/rustwide/workdir" "-e" "CARGO_TARGET_DIR=/opt/rustwide/target" "-e" "CARGO_INCREMENTAL=0" "-e" "RUST_BACKTRACE=full" "-e" "RUSTFLAGS=--cap-lints=warn" "-e" "RUSTDOCFLAGS=--cap-lints=warn" "-e" "CARGO_HOME=/opt/rustwide/cargo-home" "-e" "RUSTUP_HOME=/opt/rustwide/rustup-home" "-w" "/opt/rustwide/workdir" "-m" "1610612736" "--user" "0:0" "--network" "none" "ghcr.io/rust-lang/crates-build-env/linux@sha256:f3a9d4ad9d972b27faf3965f35b62e55ba32bbce8f20bc8fe909558a86702fde" "/opt/rustwide/cargo-home/bin/cargo" "+beta-2024-12-08" "test" "--frozen", kill_on_drop: false }`
[INFO] [stdout] 5d0c8a06c9618f41985ea33d603bfd23452b23a8697b6d81bb85b42216baf7f8
[INFO] running `Command { std: "docker" "start" "-a" "5d0c8a06c9618f41985ea33d603bfd23452b23a8697b6d81bb85b42216baf7f8", kill_on_drop: false }`
[INFO] [stderr]     Finished `test` profile [unoptimized + debuginfo] target(s) in 0.06s
[INFO] [stderr]      Running unittests src/lib.rs (/opt/rustwide/target/debug/deps/thalo-d3591810d90e2c8f)
[INFO] [stdout] 
[INFO] [stdout] running 0 tests
[INFO] [stderr]    Doc-tests thalo
[INFO] [stdout] 
[INFO] [stdout] test result: ok. 0 passed; 0 failed; 0 ignored; 0 measured; 0 filtered out; finished in 0.00s
[INFO] [stdout] 
[INFO] [stdout] 
[INFO] [stdout] running 5 tests
[INFO] [stdout] test src/macros.rs - macros::export_aggregate (line 5) ... FAILED
[INFO] [stdout] test src/stream_name/category.rs - stream_name::category::Category<'a>::normalize (line 89) ... FAILED
[INFO] [stdout] test src/lib.rs - Handle (line 108) ... FAILED
[INFO] [stdout] test src/lib.rs - Apply (line 139) ... FAILED
[INFO] [stdout] test src/lib.rs - (line 12) ... FAILED
[INFO] [stdout] 
[INFO] [stdout] failures:
[INFO] [stdout] 
[INFO] [stdout] ---- src/macros.rs - macros::export_aggregate (line 5) stdout ----
[INFO] [stdout] error: cannot find macro `export_aggregate` in this scope
[INFO] [stdout]  --> src/macros.rs:6:1
[INFO] [stdout]   |
[INFO] [stdout] 3 | export_aggregate!(Counter);
[INFO] [stdout]   | ^^^^^^^^^^^^^^^^
[INFO] [stdout]   |
[INFO] [stdout] help: consider importing this macro
[INFO] [stdout]   |
[INFO] [stdout] 2 + use thalo::export_aggregate;
[INFO] [stdout]   |
[INFO] [stdout] 
[INFO] [stdout] error[E0405]: cannot find trait `Aggregate` in this scope
[INFO] [stdout]  --> src/macros.rs:9:6
[INFO] [stdout]   |
[INFO] [stdout] 6 | impl Aggregate for Counter { /* ... */ }
[INFO] [stdout]   |      ^^^^^^^^^ not found in this scope
[INFO] [stdout]   |
[INFO] [stdout] help: consider importing this trait
[INFO] [stdout]   |
[INFO] [stdout] 2 + use thalo::Aggregate;
[INFO] [stdout]   |
[INFO] [stdout] 
[INFO] [stdout] error: aborting due to 2 previous errors
[INFO] [stdout] 
[INFO] [stdout] For more information about this error, try `rustc --explain E0405`.
[INFO] [stdout] Couldn't compile the test.
[INFO] [stdout] ---- src/stream_name/category.rs - stream_name::category::Category<'a>::normalize (line 89) stdout ----
[INFO] [stdout] error[E0433]: failed to resolve: use of undeclared crate or module `message_db`
[INFO] [stdout]  --> src/stream_name/category.rs:90:5
[INFO] [stdout]   |
[INFO] [stdout] 3 | use message_db::stream_name::Category;
[INFO] [stdout]   |     ^^^^^^^^^^ use of undeclared crate or module `message_db`
[INFO] [stdout] 
[INFO] [stdout] error: aborting due to 1 previous error
[INFO] [stdout] 
[INFO] [stdout] For more information about this error, try `rustc --explain E0433`.
[INFO] [stdout] Couldn't compile the test.
[INFO] [stdout] ---- src/lib.rs - Handle (line 108) stdout ----
[INFO] [stdout] error[E0412]: cannot find type `Counter` in this scope
[INFO] [stdout]   --> src/lib.rs:116:28
[INFO] [stdout]    |
[INFO] [stdout] 11 | impl Handle<Increment> for Counter {
[INFO] [stdout]    |                            ^^^^^^^ not found in this scope
[INFO] [stdout] 
[INFO] [stdout] error[E0412]: cannot find type `CounterEvent` in this scope
[INFO] [stdout]   --> src/lib.rs:119:52
[INFO] [stdout]    |
[INFO] [stdout] 14 |     fn handle(&self, cmd: Increment) -> Result<Vec<CounterEvent>, Self::Error> {
[INFO] [stdout]    |                                                    ^^^^^^^^^^^^ not found in this scope
[INFO] [stdout]    |
[INFO] [stdout] help: you might be missing a type parameter
[INFO] [stdout]    |
[INFO] [stdout] 11 | impl<CounterEvent> Handle<Increment> for Counter {
[INFO] [stdout]    |     ++++++++++++++
[INFO] [stdout] 
[INFO] [stdout] error[E0422]: cannot find struct, variant or union type `Incremented` in this scope
[INFO] [stdout]   --> src/lib.rs:124:18
[INFO] [stdout]    |
[INFO] [stdout] 7  | pub struct Increment {
[INFO] [stdout]    | -------------------- similarly named struct `Increment` defined here
[INFO] [stdout] ...
[INFO] [stdout] 19 |         events![ Incremented { amount: cmd.amount } ]
[INFO] [stdout]    |                  ^^^^^^^^^^^ help: a struct with a similar name exists: `Increment`
[INFO] [stdout] 
[INFO] [stdout] error: aborting due to 3 previous errors
[INFO] [stdout] 
[INFO] [stdout] Some errors have detailed explanations: E0412, E0422.
[INFO] [stdout] For more information about an error, try `rustc --explain E0412`.
[INFO] [stdout] Couldn't compile the test.
[INFO] [stdout] ---- src/lib.rs - Apply (line 139) stdout ----
[INFO] [stdout] error[E0412]: cannot find type `Incremented` in this scope
[INFO] [stdout]   --> src/lib.rs:147:12
[INFO] [stdout]    |
[INFO] [stdout] 7  | pub struct Increment {
[INFO] [stdout]    | -------------------- similarly named struct `Increment` defined here
[INFO] [stdout] ...
[INFO] [stdout] 11 | impl Apply<Incremented> for Counter {
[INFO] [stdout]    |            ^^^^^^^^^^^
[INFO] [stdout]    |
[INFO] [stdout] help: a struct with a similar name exists
[INFO] [stdout]    |
[INFO] [stdout] 11 | impl Apply<Increment> for Counter {
[INFO] [stdout]    |            ~~~~~~~~~
[INFO] [stdout] help: you might be missing a type parameter
[INFO] [stdout]    |
[INFO] [stdout] 11 | impl<Incremented> Apply<Incremented> for Counter {
[INFO] [stdout]    |     +++++++++++++
[INFO] [stdout] 
[INFO] [stdout] error[E0412]: cannot find type `Counter` in this scope
[INFO] [stdout]   --> src/lib.rs:147:29
[INFO] [stdout]    |
[INFO] [stdout] 11 | impl Apply<Incremented> for Counter {
[INFO] [stdout]    |                             ^^^^^^^ not found in this scope
[INFO] [stdout] 
[INFO] [stdout] error[E0412]: cannot find type `Incremented` in this scope
[INFO] [stdout]   --> src/lib.rs:148:32
[INFO] [stdout]    |
[INFO] [stdout] 7  | pub struct Increment {
[INFO] [stdout]    | -------------------- similarly named struct `Increment` defined here
[INFO] [stdout] ...
[INFO] [stdout] 12 |     fn apply(&mut self, event: Incremented) {
[INFO] [stdout]    |                                ^^^^^^^^^^^ help: a struct with a similar name exists: `Increment`
[INFO] [stdout] 
[INFO] [stdout] error: aborting due to 3 previous errors
[INFO] [stdout] 
[INFO] [stdout] For more information about this error, try `rustc --explain E0412`.
[INFO] [stdout] Couldn't compile the test.
[INFO] [stdout] ---- src/lib.rs - (line 12) stdout ----
[INFO] [stdout] error[E0412]: cannot find type `Counter` in module `super`
[INFO] [stdout]   --> src/lib.rs:19:19
[INFO] [stdout]    |
[INFO] [stdout] 10 | export_aggregate!(Counter);
[INFO] [stdout]    |                   ^^^^^^^ not found in `super`
[INFO] [stdout] 
[INFO] [stdout] error: aborting due to 1 previous error
[INFO] [stdout] 
[INFO] [stdout] For more information about this error, try `rustc --explain E0412`.
[INFO] [stdout] Couldn't compile the test.
[INFO] [stdout] 
[INFO] [stdout] failures:
[INFO] [stdout]     src/lib.rs - (line 12)
[INFO] [stdout]     src/lib.rs - Apply (line 139)
[INFO] [stdout]     src/lib.rs - Handle (line 108)
[INFO] [stdout]     src/macros.rs - macros::export_aggregate (line 5)
[INFO] [stdout]     src/stream_name/category.rs - stream_name::category::Category<'a>::normalize (line 89)
[INFO] [stdout] 
[INFO] [stdout] test result: FAILED. 0 passed; 5 failed; 0 ignored; 0 measured; 0 filtered out; finished in 0.34s
[INFO] [stdout] 
[INFO] [stderr] error: doctest failed, to rerun pass `--doc`
[INFO] running `Command { std: "docker" "inspect" "5d0c8a06c9618f41985ea33d603bfd23452b23a8697b6d81bb85b42216baf7f8", kill_on_drop: false }`
[INFO] running `Command { std: "docker" "rm" "-f" "5d0c8a06c9618f41985ea33d603bfd23452b23a8697b6d81bb85b42216baf7f8", kill_on_drop: false }`
[INFO] [stdout] 5d0c8a06c9618f41985ea33d603bfd23452b23a8697b6d81bb85b42216baf7f8
