[INFO] fetching crate tgraph 0.2.2...
[INFO] testing tgraph-0.2.2 against 1.83.0 for beta-1.84.0-4-retry
[INFO] extracting crate tgraph 0.2.2 into /workspace/builds/worker-1-tc1/source
[INFO] validating manifest of crates.io crate tgraph 0.2.2 on toolchain 1.83.0
[INFO] running `Command { std: CARGO_HOME="/workspace/cargo-home" RUSTUP_HOME="/workspace/rustup-home" "/workspace/cargo-home/bin/cargo" "+1.83.0" "metadata" "--manifest-path" "Cargo.toml" "--no-deps", kill_on_drop: false }`
[INFO] started tweaking crates.io crate tgraph 0.2.2
[INFO] finished tweaking crates.io crate tgraph 0.2.2
[INFO] tweaked toml for crates.io crate tgraph 0.2.2 written to /workspace/builds/worker-1-tc1/source/Cargo.toml
[INFO] crate crates.io crate tgraph 0.2.2 already has a lockfile, it will not be regenerated
[INFO] running `Command { std: CARGO_HOME="/workspace/cargo-home" RUSTUP_HOME="/workspace/rustup-home" "/workspace/cargo-home/bin/cargo" "+1.83.0" "fetch" "--manifest-path" "Cargo.toml", kill_on_drop: false }`
[INFO] [stderr] warning: only one of `license` or `license-file` is necessary
[INFO] [stderr] `license` should be used if the package license can be expressed with a standard SPDX expression.
[INFO] [stderr] `license-file` should be used if the package uses a non-standard license.
[INFO] [stderr] See https://doc.rust-lang.org/cargo/reference/manifest.html#the-license-and-license-file-fields for more information.
[INFO] [stderr]     Updating crates.io index
[INFO] [stderr]  Downloading crates ...
[INFO] [stderr]   Downloaded console_engine v2.3.0
[INFO] running `Command { std: "docker" "create" "-v" "/var/lib/crater-agent-workspace/builds/worker-1-tc1/target:/opt/rustwide/target:rw,Z" "-v" "/var/lib/crater-agent-workspace/builds/worker-1-tc1/source:/opt/rustwide/workdir:ro,Z" "-v" "/var/lib/crater-agent-workspace/cargo-home:/opt/rustwide/cargo-home:ro,Z" "-v" "/var/lib/crater-agent-workspace/rustup-home:/opt/rustwide/rustup-home:ro,Z" "-e" "SOURCE_DIR=/opt/rustwide/workdir" "-e" "CARGO_TARGET_DIR=/opt/rustwide/target" "-e" "CARGO_HOME=/opt/rustwide/cargo-home" "-e" "RUSTUP_HOME=/opt/rustwide/rustup-home" "-w" "/opt/rustwide/workdir" "-m" "1610612736" "--user" "0:0" "--network" "none" "ghcr.io/rust-lang/crates-build-env/linux@sha256:f3a9d4ad9d972b27faf3965f35b62e55ba32bbce8f20bc8fe909558a86702fde" "/opt/rustwide/cargo-home/bin/cargo" "+1.83.0" "metadata" "--no-deps" "--format-version=1", kill_on_drop: false }`
[INFO] [stdout] c14a19b4d383a4ab03a29089e2cee6b068bdc2e9cf692b3fa7f23eea7cdb84ea
[INFO] running `Command { std: "docker" "start" "-a" "c14a19b4d383a4ab03a29089e2cee6b068bdc2e9cf692b3fa7f23eea7cdb84ea", kill_on_drop: false }`
[INFO] running `Command { std: "docker" "inspect" "c14a19b4d383a4ab03a29089e2cee6b068bdc2e9cf692b3fa7f23eea7cdb84ea", kill_on_drop: false }`
[INFO] running `Command { std: "docker" "rm" "-f" "c14a19b4d383a4ab03a29089e2cee6b068bdc2e9cf692b3fa7f23eea7cdb84ea", kill_on_drop: false }`
[INFO] [stdout] c14a19b4d383a4ab03a29089e2cee6b068bdc2e9cf692b3fa7f23eea7cdb84ea
[INFO] running `Command { std: "docker" "create" "-v" "/var/lib/crater-agent-workspace/builds/worker-1-tc1/target:/opt/rustwide/target:rw,Z" "-v" "/var/lib/crater-agent-workspace/builds/worker-1-tc1/source:/opt/rustwide/workdir:ro,Z" "-v" "/var/lib/crater-agent-workspace/cargo-home:/opt/rustwide/cargo-home:ro,Z" "-v" "/var/lib/crater-agent-workspace/rustup-home:/opt/rustwide/rustup-home:ro,Z" "-e" "SOURCE_DIR=/opt/rustwide/workdir" "-e" "CARGO_TARGET_DIR=/opt/rustwide/target" "-e" "CARGO_INCREMENTAL=0" "-e" "RUST_BACKTRACE=full" "-e" "RUSTFLAGS=--cap-lints=warn" "-e" "RUSTDOCFLAGS=--cap-lints=warn" "-e" "CARGO_HOME=/opt/rustwide/cargo-home" "-e" "RUSTUP_HOME=/opt/rustwide/rustup-home" "-w" "/opt/rustwide/workdir" "-m" "1610612736" "--user" "0:0" "--network" "none" "ghcr.io/rust-lang/crates-build-env/linux@sha256:f3a9d4ad9d972b27faf3965f35b62e55ba32bbce8f20bc8fe909558a86702fde" "/opt/rustwide/cargo-home/bin/cargo" "+1.83.0" "build" "--frozen" "--message-format=json", kill_on_drop: false }`
[INFO] [stdout] b0a86f941e2987440085b699adf59e3ce190723fd1d43e0af984855be67beecd
[INFO] running `Command { std: "docker" "start" "-a" "b0a86f941e2987440085b699adf59e3ce190723fd1d43e0af984855be67beecd", kill_on_drop: false }`
[INFO] [stderr] warning: only one of `license` or `license-file` is necessary
[INFO] [stderr] `license` should be used if the package license can be expressed with a standard SPDX expression.
[INFO] [stderr] `license-file` should be used if the package uses a non-standard license.
[INFO] [stderr] See https://doc.rust-lang.org/cargo/reference/manifest.html#the-license-and-license-file-fields for more information.
[INFO] [stderr]    Compiling libc v0.2.124
[INFO] [stderr]    Compiling cfg-if v1.0.0
[INFO] [stderr]    Compiling log v0.4.16
[INFO] [stderr]    Compiling proc-macro2 v1.0.37
[INFO] [stderr]    Compiling autocfg v1.1.0
[INFO] [stderr]    Compiling signal-hook v0.3.13
[INFO] [stderr]    Compiling unicode-xid v0.2.2
[INFO] [stderr]    Compiling parking_lot_core v0.9.2
[INFO] [stderr]    Compiling smallvec v1.8.0
[INFO] [stderr]    Compiling scopeguard v1.1.0
[INFO] [stderr]    Compiling syn v1.0.91
[INFO] [stderr]    Compiling bitflags v1.3.2
[INFO] [stderr]    Compiling unicode-width v0.1.9
[INFO] [stderr]    Compiling lock_api v0.4.7
[INFO] [stderr]    Compiling quote v1.0.18
[INFO] [stderr]    Compiling signal-hook-registry v1.4.0
[INFO] [stderr]    Compiling mio v0.8.2
[INFO] [stderr]    Compiling parking_lot v0.12.0
[INFO] [stderr]    Compiling signal-hook-mio v0.2.3
[INFO] [stderr]    Compiling crossterm v0.23.2
[INFO] [stderr]    Compiling console_engine v2.3.0
[INFO] [stderr]    Compiling derivative v2.2.0
[INFO] [stderr]    Compiling typed-builder v0.10.0
[INFO] [stderr]    Compiling tgraph v0.2.2 (/opt/rustwide/workdir)
[INFO] [stdout] warning: unused variable: `min`
[INFO] [stdout]   --> src/lib.rs:30:7
[INFO] [stdout]    |
[INFO] [stdout] 30 |   let min = *y.iter().max().unwrap_or(&0);
[INFO] [stdout]    |       ^^^ help: if this is intentional, prefix it with an underscore: `_min`
[INFO] [stdout]    |
[INFO] [stdout]    = note: `#[warn(unused_variables)]` on by default
[INFO] [stdout] 
[INFO] [stdout] 
[INFO] [stdout] warning: unused variable: `character`
[INFO] [stdout]   --> src/lib.rs:21:34
[INFO] [stdout]    |
[INFO] [stdout] 21 | fn draw<F: Fn(u32) -> u32>(f: F, character: Character) {
[INFO] [stdout]    |                                  ^^^^^^^^^ help: if this is intentional, prefix it with an underscore: `_character`
[INFO] [stdout] 
[INFO] [stdout] 
[INFO] [stdout] warning: function `draw` is never used
[INFO] [stdout]   --> src/lib.rs:21:4
[INFO] [stdout]    |
[INFO] [stdout] 21 | fn draw<F: Fn(u32) -> u32>(f: F, character: Character) {
[INFO] [stdout]    |    ^^^^
[INFO] [stdout]    |
[INFO] [stdout]    = note: `#[warn(dead_code)]` on by default
[INFO] [stdout] 
[INFO] [stdout] 
[INFO] [stderr]     Finished `dev` profile [unoptimized + debuginfo] target(s) in 12.96s
[INFO] running `Command { std: "docker" "inspect" "b0a86f941e2987440085b699adf59e3ce190723fd1d43e0af984855be67beecd", kill_on_drop: false }`
[INFO] running `Command { std: "docker" "rm" "-f" "b0a86f941e2987440085b699adf59e3ce190723fd1d43e0af984855be67beecd", kill_on_drop: false }`
[INFO] [stdout] b0a86f941e2987440085b699adf59e3ce190723fd1d43e0af984855be67beecd
[INFO] running `Command { std: "docker" "create" "-v" "/var/lib/crater-agent-workspace/builds/worker-1-tc1/target:/opt/rustwide/target:rw,Z" "-v" "/var/lib/crater-agent-workspace/builds/worker-1-tc1/source:/opt/rustwide/workdir:ro,Z" "-v" "/var/lib/crater-agent-workspace/cargo-home:/opt/rustwide/cargo-home:ro,Z" "-v" "/var/lib/crater-agent-workspace/rustup-home:/opt/rustwide/rustup-home:ro,Z" "-e" "SOURCE_DIR=/opt/rustwide/workdir" "-e" "CARGO_TARGET_DIR=/opt/rustwide/target" "-e" "CARGO_INCREMENTAL=0" "-e" "RUST_BACKTRACE=full" "-e" "RUSTFLAGS=--cap-lints=warn" "-e" "RUSTDOCFLAGS=--cap-lints=warn" "-e" "CARGO_HOME=/opt/rustwide/cargo-home" "-e" "RUSTUP_HOME=/opt/rustwide/rustup-home" "-w" "/opt/rustwide/workdir" "-m" "1610612736" "--user" "0:0" "--network" "none" "ghcr.io/rust-lang/crates-build-env/linux@sha256:f3a9d4ad9d972b27faf3965f35b62e55ba32bbce8f20bc8fe909558a86702fde" "/opt/rustwide/cargo-home/bin/cargo" "+1.83.0" "test" "--frozen" "--no-run" "--message-format=json", kill_on_drop: false }`
[INFO] [stdout] f4ef5a52537812f598e989c60b6c133c4f278bac4428f2eceb30e90e5f802f16
[INFO] running `Command { std: "docker" "start" "-a" "f4ef5a52537812f598e989c60b6c133c4f278bac4428f2eceb30e90e5f802f16", kill_on_drop: false }`
[INFO] [stderr] warning: only one of `license` or `license-file` is necessary
[INFO] [stderr] `license` should be used if the package license can be expressed with a standard SPDX expression.
[INFO] [stderr] `license-file` should be used if the package uses a non-standard license.
[INFO] [stderr] See https://doc.rust-lang.org/cargo/reference/manifest.html#the-license-and-license-file-fields for more information.
[INFO] [stderr]    Compiling tgraph v0.2.2 (/opt/rustwide/workdir)
[INFO] [stdout] warning: unused variable: `min`
[INFO] [stdout]   --> src/lib.rs:30:7
[INFO] [stdout]    |
[INFO] [stdout] 30 |   let min = *y.iter().max().unwrap_or(&0);
[INFO] [stdout]    |       ^^^ help: if this is intentional, prefix it with an underscore: `_min`
[INFO] [stdout]    |
[INFO] [stdout]    = note: `#[warn(unused_variables)]` on by default
[INFO] [stdout] 
[INFO] [stdout] 
[INFO] [stdout] warning: unused variable: `character`
[INFO] [stdout]   --> src/lib.rs:21:34
[INFO] [stdout]    |
[INFO] [stdout] 21 | fn draw<F: Fn(u32) -> u32>(f: F, character: Character) {
[INFO] [stdout]    |                                  ^^^^^^^^^ help: if this is intentional, prefix it with an underscore: `_character`
[INFO] [stdout] 
[INFO] [stdout] 
[INFO] [stdout] warning: function `draw` is never used
[INFO] [stdout]   --> src/lib.rs:21:4
[INFO] [stdout]    |
[INFO] [stdout] 21 | fn draw<F: Fn(u32) -> u32>(f: F, character: Character) {
[INFO] [stdout]    |    ^^^^
[INFO] [stdout]    |
[INFO] [stdout]    = note: `#[warn(dead_code)]` on by default
[INFO] [stdout] 
[INFO] [stdout] 
[INFO] [stdout] warning: unused variable: `min`
[INFO] [stdout]   --> src/lib.rs:30:7
[INFO] [stdout]    |
[INFO] [stdout] 30 |   let min = *y.iter().max().unwrap_or(&0);
[INFO] [stdout]    |       ^^^ help: if this is intentional, prefix it with an underscore: `_min`
[INFO] [stdout]    |
[INFO] [stdout]    = note: `#[warn(unused_variables)]` on by default
[INFO] [stdout] 
[INFO] [stdout] 
[INFO] [stdout] warning: unused variable: `character`
[INFO] [stdout]   --> src/lib.rs:21:34
[INFO] [stdout]    |
[INFO] [stdout] 21 | fn draw<F: Fn(u32) -> u32>(f: F, character: Character) {
[INFO] [stdout]    |                                  ^^^^^^^^^ help: if this is intentional, prefix it with an underscore: `_character`
[INFO] [stdout] 
[INFO] [stdout] 
[INFO] [stdout] warning: function `draw` is never used
[INFO] [stdout]   --> src/lib.rs:21:4
[INFO] [stdout]    |
[INFO] [stdout] 21 | fn draw<F: Fn(u32) -> u32>(f: F, character: Character) {
[INFO] [stdout]    |    ^^^^
[INFO] [stdout]    |
[INFO] [stdout]    = note: `#[warn(dead_code)]` on by default
[INFO] [stdout] 
[INFO] [stdout] 
[INFO] [stderr]     Finished `test` profile [unoptimized + debuginfo] target(s) in 0.52s
[INFO] running `Command { std: "docker" "inspect" "f4ef5a52537812f598e989c60b6c133c4f278bac4428f2eceb30e90e5f802f16", kill_on_drop: false }`
[INFO] running `Command { std: "docker" "rm" "-f" "f4ef5a52537812f598e989c60b6c133c4f278bac4428f2eceb30e90e5f802f16", kill_on_drop: false }`
[INFO] [stdout] f4ef5a52537812f598e989c60b6c133c4f278bac4428f2eceb30e90e5f802f16
[INFO] running `Command { std: "docker" "create" "-v" "/var/lib/crater-agent-workspace/builds/worker-1-tc1/target:/opt/rustwide/target:rw,Z" "-v" "/var/lib/crater-agent-workspace/builds/worker-1-tc1/source:/opt/rustwide/workdir:ro,Z" "-v" "/var/lib/crater-agent-workspace/cargo-home:/opt/rustwide/cargo-home:ro,Z" "-v" "/var/lib/crater-agent-workspace/rustup-home:/opt/rustwide/rustup-home:ro,Z" "-e" "SOURCE_DIR=/opt/rustwide/workdir" "-e" "CARGO_TARGET_DIR=/opt/rustwide/target" "-e" "CARGO_INCREMENTAL=0" "-e" "RUST_BACKTRACE=full" "-e" "RUSTFLAGS=--cap-lints=warn" "-e" "RUSTDOCFLAGS=--cap-lints=warn" "-e" "CARGO_HOME=/opt/rustwide/cargo-home" "-e" "RUSTUP_HOME=/opt/rustwide/rustup-home" "-w" "/opt/rustwide/workdir" "-m" "1610612736" "--user" "0:0" "--network" "none" "ghcr.io/rust-lang/crates-build-env/linux@sha256:f3a9d4ad9d972b27faf3965f35b62e55ba32bbce8f20bc8fe909558a86702fde" "/opt/rustwide/cargo-home/bin/cargo" "+1.83.0" "test" "--frozen", kill_on_drop: false }`
[INFO] [stdout] be8634d8554fefaef7259ccf442394b92b6625eac5fbc915fd1bc3c24e983d01
[INFO] running `Command { std: "docker" "start" "-a" "be8634d8554fefaef7259ccf442394b92b6625eac5fbc915fd1bc3c24e983d01", kill_on_drop: false }`
[INFO] [stderr] warning: only one of `license` or `license-file` is necessary
[INFO] [stderr] `license` should be used if the package license can be expressed with a standard SPDX expression.
[INFO] [stderr] `license-file` should be used if the package uses a non-standard license.
[INFO] [stderr] See https://doc.rust-lang.org/cargo/reference/manifest.html#the-license-and-license-file-fields for more information.
[INFO] [stderr] warning: unused variable: `min`
[INFO] [stderr]   --> src/lib.rs:30:7
[INFO] [stderr]    |
[INFO] [stderr] 30 |   let min = *y.iter().max().unwrap_or(&0);
[INFO] [stderr]    |       ^^^ help: if this is intentional, prefix it with an underscore: `_min`
[INFO] [stderr]    |
[INFO] [stderr]    = note: `#[warn(unused_variables)]` on by default
[INFO] [stderr] 
[INFO] [stderr] warning: unused variable: `character`
[INFO] [stderr]   --> src/lib.rs:21:34
[INFO] [stderr]    |
[INFO] [stderr] 21 | fn draw<F: Fn(u32) -> u32>(f: F, character: Character) {
[INFO] [stderr]    |                                  ^^^^^^^^^ help: if this is intentional, prefix it with an underscore: `_character`
[INFO] [stderr] 
[INFO] [stderr] warning: function `draw` is never used
[INFO] [stderr]   --> src/lib.rs:21:4
[INFO] [stderr]    |
[INFO] [stderr] 21 | fn draw<F: Fn(u32) -> u32>(f: F, character: Character) {
[INFO] [stderr]    |    ^^^^
[INFO] [stderr]    |
[INFO] [stderr]    = note: `#[warn(dead_code)]` on by default
[INFO] [stderr] 
[INFO] [stderr] warning: `tgraph` (lib) generated 3 warnings
[INFO] [stderr] warning: `tgraph` (lib test) generated 3 warnings (3 duplicates)
[INFO] [stderr]     Finished `test` profile [unoptimized + debuginfo] target(s) in 0.04s
[INFO] [stderr]      Running unittests src/lib.rs (/opt/rustwide/target/debug/deps/tgraph-37420e7329bc1ed9)
[INFO] [stdout] 
[INFO] [stderr]    Doc-tests tgraph
[INFO] [stdout] running 0 tests
[INFO] [stdout] 
[INFO] [stdout] test result: ok. 0 passed; 0 failed; 0 ignored; 0 measured; 0 filtered out; finished in 0.00s
[INFO] [stdout] 
[INFO] [stdout] 
[INFO] [stdout] running 1 test
[INFO] [stdout] test src/function.rs - function::func (line 92) ... FAILED
[INFO] [stdout] 
[INFO] [stdout] failures:
[INFO] [stdout] 
[INFO] [stdout] ---- src/function.rs - function::func (line 92) stdout ----
[INFO] [stdout] Test executable failed (exit status: 101).
[INFO] [stdout] 
[INFO] [stdout] stderr:
[INFO] [stdout] thread 'main' panicked at /opt/rustwide/workdir/src/multi_graph.rs:103:64:
[INFO] [stdout] called `Result::unwrap()` on an `Err` value: Os { code: 2, kind: NotFound, message: "No such file or directory" }
[INFO] [stdout] stack backtrace:
[INFO] [stdout]    0:     0x55c6be157d7a - std::backtrace_rs::backtrace::libunwind::trace::h5a5b8284f2d0c266
[INFO] [stdout]                                at /rustc/90b35a6239c3d8bdabc530a6a0816f7ff89a0aaf/library/std/src/../../backtrace/src/backtrace/libunwind.rs:116:5
[INFO] [stdout]    1:     0x55c6be157d7a - std::backtrace_rs::backtrace::trace_unsynchronized::h76d4f1c9b0b875e3
[INFO] [stdout]                                at /rustc/90b35a6239c3d8bdabc530a6a0816f7ff89a0aaf/library/std/src/../../backtrace/src/backtrace/mod.rs:66:5
[INFO] [stdout]    2:     0x55c6be157d7a - std::sys::backtrace::_print_fmt::hc4546b8364a537c6
[INFO] [stdout]                                at /rustc/90b35a6239c3d8bdabc530a6a0816f7ff89a0aaf/library/std/src/sys/backtrace.rs:66:9
[INFO] [stdout]    3:     0x55c6be157d7a - <std::sys::backtrace::BacktraceLock::print::DisplayBacktrace as core::fmt::Display>::fmt::h5b6bd5631a6d1f6b
[INFO] [stdout]                                at /rustc/90b35a6239c3d8bdabc530a6a0816f7ff89a0aaf/library/std/src/sys/backtrace.rs:39:26
[INFO] [stdout]    4:     0x55c6be176ec3 - core::fmt::rt::Argument::fmt::h270f6602a2b96f62
[INFO] [stdout]                                at /rustc/90b35a6239c3d8bdabc530a6a0816f7ff89a0aaf/library/core/src/fmt/rt.rs:177:76
[INFO] [stdout]    5:     0x55c6be176ec3 - core::fmt::write::h7550c97b06c86515
[INFO] [stdout]                                at /rustc/90b35a6239c3d8bdabc530a6a0816f7ff89a0aaf/library/core/src/fmt/mod.rs:1186:21
[INFO] [stdout]    6:     0x55c6be155693 - std::io::Write::write_fmt::h7b09c64fe0be9c84
[INFO] [stdout]                                at /rustc/90b35a6239c3d8bdabc530a6a0816f7ff89a0aaf/library/std/src/io/mod.rs:1839:15
[INFO] [stdout]    7:     0x55c6be157bc2 - std::sys::backtrace::BacktraceLock::print::h2395ccd2c84ba3aa
[INFO] [stdout]                                at /rustc/90b35a6239c3d8bdabc530a6a0816f7ff89a0aaf/library/std/src/sys/backtrace.rs:42:9
[INFO] [stdout]    8:     0x55c6be158b6c - std::panicking::default_hook::{{closure}}::he19d4c7230e07961
[INFO] [stdout]                                at /rustc/90b35a6239c3d8bdabc530a6a0816f7ff89a0aaf/library/std/src/panicking.rs:268:22
[INFO] [stdout]    9:     0x55c6be1589b2 - std::panicking::default_hook::hf614597d3c67bbdb
[INFO] [stdout]                                at /rustc/90b35a6239c3d8bdabc530a6a0816f7ff89a0aaf/library/std/src/panicking.rs:295:9
[INFO] [stdout]   10:     0x55c6be159147 - std::panicking::rust_panic_with_hook::h8942133a8b252070
[INFO] [stdout]                                at /rustc/90b35a6239c3d8bdabc530a6a0816f7ff89a0aaf/library/std/src/panicking.rs:801:13
[INFO] [stdout]   11:     0x55c6be158fda - std::panicking::begin_panic_handler::{{closure}}::hb5f5963570096b29
[INFO] [stdout]                                at /rustc/90b35a6239c3d8bdabc530a6a0816f7ff89a0aaf/library/std/src/panicking.rs:674:13
[INFO] [stdout]   12:     0x55c6be158259 - std::sys::backtrace::__rust_end_short_backtrace::h6208cedc1922feda
[INFO] [stdout]                                at /rustc/90b35a6239c3d8bdabc530a6a0816f7ff89a0aaf/library/std/src/sys/backtrace.rs:170:18
[INFO] [stdout]   13:     0x55c6be158c6c - rust_begin_unwind
[INFO] [stdout]                                at /rustc/90b35a6239c3d8bdabc530a6a0816f7ff89a0aaf/library/std/src/panicking.rs:665:5
[INFO] [stdout]   14:     0x55c6be117260 - core::panicking::panic_fmt::h0c3082644d1bf418
[INFO] [stdout]                                at /rustc/90b35a6239c3d8bdabc530a6a0816f7ff89a0aaf/library/core/src/panicking.rs:74:14
[INFO] [stdout]   15:     0x55c6be117676 - core::result::unwrap_failed::hd20b4aa073bda1e2
[INFO] [stdout]                                at /rustc/90b35a6239c3d8bdabc530a6a0816f7ff89a0aaf/library/core/src/result.rs:1700:5
[INFO] [stdout]   16:     0x55c6be11b77f - tgraph::multi_graph::MultiGraph<X,Y,F>::with_options_screen::h5b4f27a620a47651
[INFO] [stdout]   17:     0x55c6be11abf9 - tgraph::multi_graph::MultiGraph<X,Y,F>::new_screen::hc9573fd28d04c636
[INFO] [stdout]   18:     0x55c6be11c2a9 - rust_out::main::h86d391cc11b8a827
[INFO] [stdout]   19:     0x55c6be118dd3 - core::ops::function::FnOnce::call_once::hd1e0b33d350e8c2e
[INFO] [stdout]   20:     0x55c6be118a66 - std::sys::backtrace::__rust_begin_short_backtrace::hb7c4fd168269da08
[INFO] [stdout]   21:     0x55c6be1189c9 - std::rt::lang_start::{{closure}}::h7630186e3858a44d
[INFO] [stdout]   22:     0x55c6be152ebe - core::ops::function::impls::<impl core::ops::function::FnOnce<A> for &F>::call_once::hfdb85f4ee94732d3
[INFO] [stdout]                                at /rustc/90b35a6239c3d8bdabc530a6a0816f7ff89a0aaf/library/core/src/ops/function.rs:284:13
[INFO] [stdout]   23:     0x55c6be152ebe - std::panicking::try::do_call::h6e577310f330cbef
[INFO] [stdout]                                at /rustc/90b35a6239c3d8bdabc530a6a0816f7ff89a0aaf/library/std/src/panicking.rs:557:40
[INFO] [stdout]   24:     0x55c6be152ebe - std::panicking::try::ha588d438267d2645
[INFO] [stdout]                                at /rustc/90b35a6239c3d8bdabc530a6a0816f7ff89a0aaf/library/std/src/panicking.rs:520:19
[INFO] [stdout]   25:     0x55c6be152ebe - std::panic::catch_unwind::h429fda1e025f26d9
[INFO] [stdout]                                at /rustc/90b35a6239c3d8bdabc530a6a0816f7ff89a0aaf/library/std/src/panic.rs:358:14
[INFO] [stdout]   26:     0x55c6be152ebe - std::rt::lang_start_internal::{{closure}}::h7b731265e841c4bf
[INFO] [stdout]                                at /rustc/90b35a6239c3d8bdabc530a6a0816f7ff89a0aaf/library/std/src/rt.rs:174:48
[INFO] [stdout]   27:     0x55c6be152ebe - std::panicking::try::do_call::hc0f6a675b7ae5a36
[INFO] [stdout]                                at /rustc/90b35a6239c3d8bdabc530a6a0816f7ff89a0aaf/library/std/src/panicking.rs:557:40
[INFO] [stdout]   28:     0x55c6be152ebe - std::panicking::try::h4c93b7ff0671f1ff
[INFO] [stdout]                                at /rustc/90b35a6239c3d8bdabc530a6a0816f7ff89a0aaf/library/std/src/panicking.rs:520:19
[INFO] [stdout]   29:     0x55c6be152ebe - std::panic::catch_unwind::hcc1e154961d16ce6
[INFO] [stdout]                                at /rustc/90b35a6239c3d8bdabc530a6a0816f7ff89a0aaf/library/std/src/panic.rs:358:14
[INFO] [stdout]   30:     0x55c6be152ebe - std::rt::lang_start_internal::h1c66660c99c8424c
[INFO] [stdout]                                at /rustc/90b35a6239c3d8bdabc530a6a0816f7ff89a0aaf/library/std/src/rt.rs:174:20
[INFO] [stdout]   31:     0x55c6be1189a7 - std::rt::lang_start::hcdb31f4834f76b8c
[INFO] [stdout]   32:     0x55c6be11c375 - main
[INFO] [stdout]   33:     0x7106c4acdd90 - <unknown>
[INFO] [stdout]   34:     0x7106c4acde40 - __libc_start_main
[INFO] [stdout]   35:     0x55c6be117af5 - _start
[INFO] [stdout]   36:                0x0 - <unknown>
[INFO] [stdout] 
[INFO] [stdout] 
[INFO] [stdout] 
[INFO] [stdout] failures:
[INFO] [stdout]     src/function.rs - function::func (line 92)
[INFO] [stdout] 
[INFO] [stdout] test result: FAILED. 0 passed; 1 failed; 0 ignored; 0 measured; 0 filtered out; finished in 0.67s
[INFO] [stdout] 
[INFO] [stderr] error: doctest failed, to rerun pass `--doc`
[INFO] running `Command { std: "docker" "inspect" "be8634d8554fefaef7259ccf442394b92b6625eac5fbc915fd1bc3c24e983d01", kill_on_drop: false }`
[INFO] running `Command { std: "docker" "rm" "-f" "be8634d8554fefaef7259ccf442394b92b6625eac5fbc915fd1bc3c24e983d01", kill_on_drop: false }`
[INFO] [stdout] be8634d8554fefaef7259ccf442394b92b6625eac5fbc915fd1bc3c24e983d01
