[INFO] fetching crate tgf-macros 0.0.2...
[INFO] testing tgf-macros-0.0.2 against 1.83.0 for beta-1.84.0-4-retry
[INFO] extracting crate tgf-macros 0.0.2 into /workspace/builds/worker-7-tc1/source
[INFO] validating manifest of crates.io crate tgf-macros 0.0.2 on toolchain 1.83.0
[INFO] running `Command { std: CARGO_HOME="/workspace/cargo-home" RUSTUP_HOME="/workspace/rustup-home" "/workspace/cargo-home/bin/cargo" "+1.83.0" "metadata" "--manifest-path" "Cargo.toml" "--no-deps", kill_on_drop: false }`
[INFO] started tweaking crates.io crate tgf-macros 0.0.2
[INFO] finished tweaking crates.io crate tgf-macros 0.0.2
[INFO] tweaked toml for crates.io crate tgf-macros 0.0.2 written to /workspace/builds/worker-7-tc1/source/Cargo.toml
[INFO] running `Command { std: CARGO_HOME="/workspace/cargo-home" RUSTUP_HOME="/workspace/rustup-home" "/workspace/cargo-home/bin/cargo" "+1.83.0" "generate-lockfile" "--manifest-path" "Cargo.toml", kill_on_drop: false }`
[INFO] [stderr]     Updating crates.io index
[INFO] [stderr]      Locking 4 packages to latest compatible versions
[INFO] running `Command { std: CARGO_HOME="/workspace/cargo-home" RUSTUP_HOME="/workspace/rustup-home" "/workspace/cargo-home/bin/cargo" "+1.83.0" "fetch" "--manifest-path" "Cargo.toml", kill_on_drop: false }`
[INFO] running `Command { std: "docker" "create" "-v" "/var/lib/crater-agent-workspace/builds/worker-7-tc1/target:/opt/rustwide/target:rw,Z" "-v" "/var/lib/crater-agent-workspace/builds/worker-7-tc1/source:/opt/rustwide/workdir:ro,Z" "-v" "/var/lib/crater-agent-workspace/cargo-home:/opt/rustwide/cargo-home:ro,Z" "-v" "/var/lib/crater-agent-workspace/rustup-home:/opt/rustwide/rustup-home:ro,Z" "-e" "SOURCE_DIR=/opt/rustwide/workdir" "-e" "CARGO_TARGET_DIR=/opt/rustwide/target" "-e" "CARGO_HOME=/opt/rustwide/cargo-home" "-e" "RUSTUP_HOME=/opt/rustwide/rustup-home" "-w" "/opt/rustwide/workdir" "-m" "1610612736" "--user" "0:0" "--network" "none" "ghcr.io/rust-lang/crates-build-env/linux@sha256:f3a9d4ad9d972b27faf3965f35b62e55ba32bbce8f20bc8fe909558a86702fde" "/opt/rustwide/cargo-home/bin/cargo" "+1.83.0" "metadata" "--no-deps" "--format-version=1", kill_on_drop: false }`
[INFO] [stdout] e2b3c9bdfee038350494709c160ab9af7cfa4929a932e1c5640892753063801c
[INFO] running `Command { std: "docker" "start" "-a" "e2b3c9bdfee038350494709c160ab9af7cfa4929a932e1c5640892753063801c", kill_on_drop: false }`
[INFO] running `Command { std: "docker" "inspect" "e2b3c9bdfee038350494709c160ab9af7cfa4929a932e1c5640892753063801c", kill_on_drop: false }`
[INFO] running `Command { std: "docker" "rm" "-f" "e2b3c9bdfee038350494709c160ab9af7cfa4929a932e1c5640892753063801c", kill_on_drop: false }`
[INFO] [stdout] e2b3c9bdfee038350494709c160ab9af7cfa4929a932e1c5640892753063801c
[INFO] running `Command { std: "docker" "create" "-v" "/var/lib/crater-agent-workspace/builds/worker-7-tc1/target:/opt/rustwide/target:rw,Z" "-v" "/var/lib/crater-agent-workspace/builds/worker-7-tc1/source:/opt/rustwide/workdir:ro,Z" "-v" "/var/lib/crater-agent-workspace/cargo-home:/opt/rustwide/cargo-home:ro,Z" "-v" "/var/lib/crater-agent-workspace/rustup-home:/opt/rustwide/rustup-home:ro,Z" "-e" "SOURCE_DIR=/opt/rustwide/workdir" "-e" "CARGO_TARGET_DIR=/opt/rustwide/target" "-e" "CARGO_INCREMENTAL=0" "-e" "RUST_BACKTRACE=full" "-e" "RUSTFLAGS=--cap-lints=warn" "-e" "RUSTDOCFLAGS=--cap-lints=warn" "-e" "CARGO_HOME=/opt/rustwide/cargo-home" "-e" "RUSTUP_HOME=/opt/rustwide/rustup-home" "-w" "/opt/rustwide/workdir" "-m" "1610612736" "--user" "0:0" "--network" "none" "ghcr.io/rust-lang/crates-build-env/linux@sha256:f3a9d4ad9d972b27faf3965f35b62e55ba32bbce8f20bc8fe909558a86702fde" "/opt/rustwide/cargo-home/bin/cargo" "+1.83.0" "build" "--frozen" "--message-format=json", kill_on_drop: false }`
[INFO] [stdout] 1257ae3cf8b002a22f06fbb8d483f448efacac318307377cd8e261c60c74af4b
[INFO] running `Command { std: "docker" "start" "-a" "1257ae3cf8b002a22f06fbb8d483f448efacac318307377cd8e261c60c74af4b", kill_on_drop: false }`
[INFO] [stderr]    Compiling proc-macro2 v1.0.92
[INFO] [stderr]    Compiling unicode-ident v1.0.14
[INFO] [stderr]    Compiling quote v1.0.37
[INFO] [stderr]    Compiling syn v2.0.90
[INFO] [stderr]    Compiling tgf-macros v0.0.2 (/opt/rustwide/workdir)
[INFO] [stdout] warning: unused import: `ToTokens`
[INFO] [stdout]  --> src/lib.rs:2:20
[INFO] [stdout]   |
[INFO] [stdout] 2 | use quote::{quote, ToTokens};
[INFO] [stdout]   |                    ^^^^^^^^
[INFO] [stdout]   |
[INFO] [stdout]   = note: `#[warn(unused_imports)]` on by default
[INFO] [stdout] 
[INFO] [stdout] 
[INFO] [stdout] warning: unused imports: `TypePath` and `parse_quote`
[INFO] [stdout]  --> src/lib.rs:3:11
[INFO] [stdout]   |
[INFO] [stdout] 3 | use syn::{parse_quote, TypePath};
[INFO] [stdout]   |           ^^^^^^^^^^^  ^^^^^^^^
[INFO] [stdout] 
[INFO] [stdout] 
[INFO] [stderr]     Finished `dev` profile [unoptimized + debuginfo] target(s) in 8.54s
[INFO] running `Command { std: "docker" "inspect" "1257ae3cf8b002a22f06fbb8d483f448efacac318307377cd8e261c60c74af4b", kill_on_drop: false }`
[INFO] running `Command { std: "docker" "rm" "-f" "1257ae3cf8b002a22f06fbb8d483f448efacac318307377cd8e261c60c74af4b", kill_on_drop: false }`
[INFO] [stdout] 1257ae3cf8b002a22f06fbb8d483f448efacac318307377cd8e261c60c74af4b
[INFO] running `Command { std: "docker" "create" "-v" "/var/lib/crater-agent-workspace/builds/worker-7-tc1/target:/opt/rustwide/target:rw,Z" "-v" "/var/lib/crater-agent-workspace/builds/worker-7-tc1/source:/opt/rustwide/workdir:ro,Z" "-v" "/var/lib/crater-agent-workspace/cargo-home:/opt/rustwide/cargo-home:ro,Z" "-v" "/var/lib/crater-agent-workspace/rustup-home:/opt/rustwide/rustup-home:ro,Z" "-e" "SOURCE_DIR=/opt/rustwide/workdir" "-e" "CARGO_TARGET_DIR=/opt/rustwide/target" "-e" "CARGO_INCREMENTAL=0" "-e" "RUST_BACKTRACE=full" "-e" "RUSTFLAGS=--cap-lints=warn" "-e" "RUSTDOCFLAGS=--cap-lints=warn" "-e" "CARGO_HOME=/opt/rustwide/cargo-home" "-e" "RUSTUP_HOME=/opt/rustwide/rustup-home" "-w" "/opt/rustwide/workdir" "-m" "1610612736" "--user" "0:0" "--network" "none" "ghcr.io/rust-lang/crates-build-env/linux@sha256:f3a9d4ad9d972b27faf3965f35b62e55ba32bbce8f20bc8fe909558a86702fde" "/opt/rustwide/cargo-home/bin/cargo" "+1.83.0" "test" "--frozen" "--no-run" "--message-format=json", kill_on_drop: false }`
[INFO] [stdout] 0274c1c0326188641df021c3266026528b3d1ed9175f34929bfa01817c31c0db
[INFO] running `Command { std: "docker" "start" "-a" "0274c1c0326188641df021c3266026528b3d1ed9175f34929bfa01817c31c0db", kill_on_drop: false }`
[INFO] [stderr]    Compiling tgf-macros v0.0.2 (/opt/rustwide/workdir)
[INFO] [stdout] warning: unused import: `ToTokens`
[INFO] [stdout]  --> src/lib.rs:2:20
[INFO] [stdout]   |
[INFO] [stdout] 2 | use quote::{quote, ToTokens};
[INFO] [stdout]   |                    ^^^^^^^^
[INFO] [stdout]   |
[INFO] [stdout]   = note: `#[warn(unused_imports)]` on by default
[INFO] [stdout] 
[INFO] [stdout] 
[INFO] [stdout] warning: unused imports: `TypePath` and `parse_quote`
[INFO] [stdout]  --> src/lib.rs:3:11
[INFO] [stdout]   |
[INFO] [stdout] 3 | use syn::{parse_quote, TypePath};
[INFO] [stdout]   |           ^^^^^^^^^^^  ^^^^^^^^
[INFO] [stdout] 
[INFO] [stdout] 
[INFO] [stdout] warning: unused import: `ToTokens`
[INFO] [stdout]  --> src/lib.rs:2:20
[INFO] [stdout]   |
[INFO] [stdout] 2 | use quote::{quote, ToTokens};
[INFO] [stdout]   |                    ^^^^^^^^
[INFO] [stdout]   |
[INFO] [stdout]   = note: `#[warn(unused_imports)]` on by default
[INFO] [stdout] 
[INFO] [stdout] 
[INFO] [stdout] warning: unused imports: `TypePath` and `parse_quote`
[INFO] [stdout]  --> src/lib.rs:3:11
[INFO] [stdout]   |
[INFO] [stdout] 3 | use syn::{parse_quote, TypePath};
[INFO] [stdout]   |           ^^^^^^^^^^^  ^^^^^^^^
[INFO] [stdout] 
[INFO] [stdout] 
[INFO] [stderr]     Finished `test` profile [unoptimized + debuginfo] target(s) in 1.03s
[INFO] running `Command { std: "docker" "inspect" "0274c1c0326188641df021c3266026528b3d1ed9175f34929bfa01817c31c0db", kill_on_drop: false }`
[INFO] running `Command { std: "docker" "rm" "-f" "0274c1c0326188641df021c3266026528b3d1ed9175f34929bfa01817c31c0db", kill_on_drop: false }`
[INFO] [stdout] 0274c1c0326188641df021c3266026528b3d1ed9175f34929bfa01817c31c0db
[INFO] running `Command { std: "docker" "create" "-v" "/var/lib/crater-agent-workspace/builds/worker-7-tc1/target:/opt/rustwide/target:rw,Z" "-v" "/var/lib/crater-agent-workspace/builds/worker-7-tc1/source:/opt/rustwide/workdir:ro,Z" "-v" "/var/lib/crater-agent-workspace/cargo-home:/opt/rustwide/cargo-home:ro,Z" "-v" "/var/lib/crater-agent-workspace/rustup-home:/opt/rustwide/rustup-home:ro,Z" "-e" "SOURCE_DIR=/opt/rustwide/workdir" "-e" "CARGO_TARGET_DIR=/opt/rustwide/target" "-e" "CARGO_INCREMENTAL=0" "-e" "RUST_BACKTRACE=full" "-e" "RUSTFLAGS=--cap-lints=warn" "-e" "RUSTDOCFLAGS=--cap-lints=warn" "-e" "CARGO_HOME=/opt/rustwide/cargo-home" "-e" "RUSTUP_HOME=/opt/rustwide/rustup-home" "-w" "/opt/rustwide/workdir" "-m" "1610612736" "--user" "0:0" "--network" "none" "ghcr.io/rust-lang/crates-build-env/linux@sha256:f3a9d4ad9d972b27faf3965f35b62e55ba32bbce8f20bc8fe909558a86702fde" "/opt/rustwide/cargo-home/bin/cargo" "+1.83.0" "test" "--frozen", kill_on_drop: false }`
[INFO] [stdout] 7f221a2f767c240b72b3316d13a4e575ed9d95f05a0db247011487d9fd817474
[INFO] running `Command { std: "docker" "start" "-a" "7f221a2f767c240b72b3316d13a4e575ed9d95f05a0db247011487d9fd817474", kill_on_drop: false }`
[INFO] [stderr] warning: unused import: `ToTokens`
[INFO] [stderr]  --> src/lib.rs:2:20
[INFO] [stderr]   |
[INFO] [stderr] 2 | use quote::{quote, ToTokens};
[INFO] [stderr]   |                    ^^^^^^^^
[INFO] [stderr]   |
[INFO] [stderr]   = note: `#[warn(unused_imports)]` on by default
[INFO] [stderr] 
[INFO] [stderr] warning: unused imports: `TypePath` and `parse_quote`
[INFO] [stderr]  --> src/lib.rs:3:11
[INFO] [stderr]   |
[INFO] [stderr] 3 | use syn::{parse_quote, TypePath};
[INFO] [stderr]   |           ^^^^^^^^^^^  ^^^^^^^^
[INFO] [stderr] 
[INFO] [stderr] warning: `tgf-macros` (lib) generated 2 warnings (run `cargo fix --lib -p tgf-macros` to apply 2 suggestions)
[INFO] [stderr] warning: `tgf-macros` (lib test) generated 2 warnings (2 duplicates)
[INFO] [stderr]     Finished `test` profile [unoptimized + debuginfo] target(s) in 0.02s
[INFO] [stderr]      Running unittests src/lib.rs (/opt/rustwide/target/debug/deps/tgf_macros-0c7149bcba921e26)
[INFO] [stdout] 
[INFO] [stdout] running 0 tests
[INFO] [stderr]    Doc-tests tgf_macros
[INFO] [stdout] 
[INFO] [stdout] test result: ok. 0 passed; 0 failed; 0 ignored; 0 measured; 0 filtered out; finished in 0.00s
[INFO] [stdout] 
[INFO] [stderr] warning: unknown attribute `no-run`
[INFO] [stderr]   --> src/lib.rs:5:1
[INFO] [stderr]    |
[INFO] [stderr] 5  | / /// Derives the Lerp trait for a struct where each field implements Lerp.
[INFO] [stderr] 6  | | /// For example the Struct:
[INFO] [stderr] 7  | | /// ```rust,no-run
[INFO] [stderr] 8  | | /// struct Color{
[INFO] [stderr] ...  |
[INFO] [stderr] 28 | | ///
[INFO] [stderr] 29 | | /// Don't use this Derive Macro if the fields should not be lerped independently.
[INFO] [stderr]    | |_________________________________________________________________________________^
[INFO] [stderr]    |
[INFO] [stderr]    = help: use `no_run` to compile, but not run, the code sample during testing
[INFO] [stderr]    = help: this code block may be skipped during testing, because unknown attributes are treated as markers for code samples written in other programming languages, unless it is also explicitly marked as `rust`
[INFO] [stderr]    = note: `#[warn(rustdoc::invalid_codeblock_attributes)]` on by default
[INFO] [stderr] 
[INFO] [stderr] warning: 1 warning emitted
[INFO] [stderr] 
[INFO] [stdout] 
[INFO] [stdout] running 2 tests
[INFO] [stdout] test src/lib.rs - derive_lerp (line 17) ... FAILED
[INFO] [stdout] test src/lib.rs - derive_lerp (line 7) ... ok
[INFO] [stdout] 
[INFO] [stdout] failures:
[INFO] [stdout] 
[INFO] [stdout] ---- src/lib.rs - derive_lerp (line 17) stdout ----
[INFO] [stdout] error[E0405]: cannot find trait `Lerp` in this scope
[INFO] [stdout]  --> src/lib.rs:18:6
[INFO] [stdout]   |
[INFO] [stdout] 3 | impl Lerp for Color{
[INFO] [stdout]   |      ^^^^ not found in this scope
[INFO] [stdout] 
[INFO] [stdout] error[E0412]: cannot find type `Color` in this scope
[INFO] [stdout]  --> src/lib.rs:18:15
[INFO] [stdout]   |
[INFO] [stdout] 3 | impl Lerp for Color{
[INFO] [stdout]   |               ^^^^^ not found in this scope
[INFO] [stdout] 
[INFO] [stdout] error[E0422]: cannot find struct, variant or union type `Color` in this scope
[INFO] [stdout]  --> src/lib.rs:20:9
[INFO] [stdout]   |
[INFO] [stdout] 5 |         Color {
[INFO] [stdout]   |         ^^^^^ not found in this scope
[INFO] [stdout] 
[INFO] [stdout] error: aborting due to 3 previous errors
[INFO] [stdout] 
[INFO] [stdout] Some errors have detailed explanations: E0405, E0412, E0422.
[INFO] [stdout] For more information about an error, try `rustc --explain E0405`.
[INFO] [stdout] Couldn't compile the test.
[INFO] [stdout] 
[INFO] [stdout] failures:
[INFO] [stdout]     src/lib.rs - derive_lerp (line 17)
[INFO] [stdout] 
[INFO] [stdout] test result: FAILED. 1 passed; 1 failed; 0 ignored; 0 measured; 0 filtered out; finished in 0.32s
[INFO] [stdout] 
[INFO] [stderr] error: doctest failed, to rerun pass `--doc`
[INFO] running `Command { std: "docker" "inspect" "7f221a2f767c240b72b3316d13a4e575ed9d95f05a0db247011487d9fd817474", kill_on_drop: false }`
[INFO] running `Command { std: "docker" "rm" "-f" "7f221a2f767c240b72b3316d13a4e575ed9d95f05a0db247011487d9fd817474", kill_on_drop: false }`
[INFO] [stdout] 7f221a2f767c240b72b3316d13a4e575ed9d95f05a0db247011487d9fd817474
