[INFO] fetching crate textdb 0.1.0...
[INFO] testing textdb-0.1.0 against 1.83.0 for beta-1.84.0-4-retry
[INFO] extracting crate textdb 0.1.0 into /workspace/builds/worker-0-tc1/source
[INFO] validating manifest of crates.io crate textdb 0.1.0 on toolchain 1.83.0
[INFO] running `Command { std: CARGO_HOME="/workspace/cargo-home" RUSTUP_HOME="/workspace/rustup-home" "/workspace/cargo-home/bin/cargo" "+1.83.0" "metadata" "--manifest-path" "Cargo.toml" "--no-deps", kill_on_drop: false }`
[INFO] started tweaking crates.io crate textdb 0.1.0
[INFO] finished tweaking crates.io crate textdb 0.1.0
[INFO] tweaked toml for crates.io crate textdb 0.1.0 written to /workspace/builds/worker-0-tc1/source/Cargo.toml
[INFO] running `Command { std: CARGO_HOME="/workspace/cargo-home" RUSTUP_HOME="/workspace/rustup-home" "/workspace/cargo-home/bin/cargo" "+1.83.0" "generate-lockfile" "--manifest-path" "Cargo.toml", kill_on_drop: false }`
[INFO] [stderr]     Updating crates.io index
[INFO] [stderr]      Locking 34 packages to latest compatible versions
[INFO] running `Command { std: CARGO_HOME="/workspace/cargo-home" RUSTUP_HOME="/workspace/rustup-home" "/workspace/cargo-home/bin/cargo" "+1.83.0" "fetch" "--manifest-path" "Cargo.toml", kill_on_drop: false }`
[INFO] running `Command { std: "docker" "create" "-v" "/var/lib/crater-agent-workspace/builds/worker-0-tc1/target:/opt/rustwide/target:rw,Z" "-v" "/var/lib/crater-agent-workspace/builds/worker-0-tc1/source:/opt/rustwide/workdir:ro,Z" "-v" "/var/lib/crater-agent-workspace/cargo-home:/opt/rustwide/cargo-home:ro,Z" "-v" "/var/lib/crater-agent-workspace/rustup-home:/opt/rustwide/rustup-home:ro,Z" "-e" "SOURCE_DIR=/opt/rustwide/workdir" "-e" "CARGO_TARGET_DIR=/opt/rustwide/target" "-e" "CARGO_HOME=/opt/rustwide/cargo-home" "-e" "RUSTUP_HOME=/opt/rustwide/rustup-home" "-w" "/opt/rustwide/workdir" "-m" "1610612736" "--user" "0:0" "--network" "none" "ghcr.io/rust-lang/crates-build-env/linux@sha256:f3a9d4ad9d972b27faf3965f35b62e55ba32bbce8f20bc8fe909558a86702fde" "/opt/rustwide/cargo-home/bin/cargo" "+1.83.0" "metadata" "--no-deps" "--format-version=1", kill_on_drop: false }`
[INFO] [stdout] 6c11d9438eb262158f139414fe42b8160f0711170582750280a14f80080fe7ef
[INFO] running `Command { std: "docker" "start" "-a" "6c11d9438eb262158f139414fe42b8160f0711170582750280a14f80080fe7ef", kill_on_drop: false }`
[INFO] running `Command { std: "docker" "inspect" "6c11d9438eb262158f139414fe42b8160f0711170582750280a14f80080fe7ef", kill_on_drop: false }`
[INFO] running `Command { std: "docker" "rm" "-f" "6c11d9438eb262158f139414fe42b8160f0711170582750280a14f80080fe7ef", kill_on_drop: false }`
[INFO] [stdout] 6c11d9438eb262158f139414fe42b8160f0711170582750280a14f80080fe7ef
[INFO] running `Command { std: "docker" "create" "-v" "/var/lib/crater-agent-workspace/builds/worker-0-tc1/target:/opt/rustwide/target:rw,Z" "-v" "/var/lib/crater-agent-workspace/builds/worker-0-tc1/source:/opt/rustwide/workdir:ro,Z" "-v" "/var/lib/crater-agent-workspace/cargo-home:/opt/rustwide/cargo-home:ro,Z" "-v" "/var/lib/crater-agent-workspace/rustup-home:/opt/rustwide/rustup-home:ro,Z" "-e" "SOURCE_DIR=/opt/rustwide/workdir" "-e" "CARGO_TARGET_DIR=/opt/rustwide/target" "-e" "CARGO_INCREMENTAL=0" "-e" "RUST_BACKTRACE=full" "-e" "RUSTFLAGS=--cap-lints=warn" "-e" "RUSTDOCFLAGS=--cap-lints=warn" "-e" "CARGO_HOME=/opt/rustwide/cargo-home" "-e" "RUSTUP_HOME=/opt/rustwide/rustup-home" "-w" "/opt/rustwide/workdir" "-m" "1610612736" "--user" "0:0" "--network" "none" "ghcr.io/rust-lang/crates-build-env/linux@sha256:f3a9d4ad9d972b27faf3965f35b62e55ba32bbce8f20bc8fe909558a86702fde" "/opt/rustwide/cargo-home/bin/cargo" "+1.83.0" "build" "--frozen" "--message-format=json", kill_on_drop: false }`
[INFO] [stdout] 2297431eeab86d24067f3d9ba6d9903309fda615c4e8e8edde80387b7d81caf6
[INFO] running `Command { std: "docker" "start" "-a" "2297431eeab86d24067f3d9ba6d9903309fda615c4e8e8edde80387b7d81caf6", kill_on_drop: false }`
[INFO] [stderr]    Compiling anyhow v1.0.94
[INFO] [stderr]    Compiling textdb v0.1.0 (/opt/rustwide/workdir)
[INFO] [stderr]     Finished `dev` profile [unoptimized + debuginfo] target(s) in 1.42s
[INFO] running `Command { std: "docker" "inspect" "2297431eeab86d24067f3d9ba6d9903309fda615c4e8e8edde80387b7d81caf6", kill_on_drop: false }`
[INFO] running `Command { std: "docker" "rm" "-f" "2297431eeab86d24067f3d9ba6d9903309fda615c4e8e8edde80387b7d81caf6", kill_on_drop: false }`
[INFO] [stdout] 2297431eeab86d24067f3d9ba6d9903309fda615c4e8e8edde80387b7d81caf6
[INFO] running `Command { std: "docker" "create" "-v" "/var/lib/crater-agent-workspace/builds/worker-0-tc1/target:/opt/rustwide/target:rw,Z" "-v" "/var/lib/crater-agent-workspace/builds/worker-0-tc1/source:/opt/rustwide/workdir:ro,Z" "-v" "/var/lib/crater-agent-workspace/cargo-home:/opt/rustwide/cargo-home:ro,Z" "-v" "/var/lib/crater-agent-workspace/rustup-home:/opt/rustwide/rustup-home:ro,Z" "-e" "SOURCE_DIR=/opt/rustwide/workdir" "-e" "CARGO_TARGET_DIR=/opt/rustwide/target" "-e" "CARGO_INCREMENTAL=0" "-e" "RUST_BACKTRACE=full" "-e" "RUSTFLAGS=--cap-lints=warn" "-e" "RUSTDOCFLAGS=--cap-lints=warn" "-e" "CARGO_HOME=/opt/rustwide/cargo-home" "-e" "RUSTUP_HOME=/opt/rustwide/rustup-home" "-w" "/opt/rustwide/workdir" "-m" "1610612736" "--user" "0:0" "--network" "none" "ghcr.io/rust-lang/crates-build-env/linux@sha256:f3a9d4ad9d972b27faf3965f35b62e55ba32bbce8f20bc8fe909558a86702fde" "/opt/rustwide/cargo-home/bin/cargo" "+1.83.0" "test" "--frozen" "--no-run" "--message-format=json", kill_on_drop: false }`
[INFO] [stdout] 24cccfeda9567c21fd3ac3ee89ae69c34a29692d752a10ae3e60ffc97a000714
[INFO] running `Command { std: "docker" "start" "-a" "24cccfeda9567c21fd3ac3ee89ae69c34a29692d752a10ae3e60ffc97a000714", kill_on_drop: false }`
[INFO] [stderr]    Compiling proc-macro2 v1.0.92
[INFO] [stderr]    Compiling unicode-ident v1.0.14
[INFO] [stderr]    Compiling libc v0.2.168
[INFO] [stderr]    Compiling cfg-if v1.0.0
[INFO] [stderr]    Compiling byteorder v1.5.0
[INFO] [stderr]    Compiling rustix v0.38.42
[INFO] [stderr]    Compiling linux-raw-sys v0.4.14
[INFO] [stderr]    Compiling bitflags v2.6.0
[INFO] [stderr]    Compiling fastrand v2.3.0
[INFO] [stderr]    Compiling once_cell v1.20.2
[INFO] [stderr]    Compiling quote v1.0.37
[INFO] [stderr]    Compiling syn v2.0.90
[INFO] [stderr]    Compiling getrandom v0.2.15
[INFO] [stderr]    Compiling rand_core v0.6.4
[INFO] [stderr]    Compiling tempfile v3.14.0
[INFO] [stderr]    Compiling zerocopy-derive v0.7.35
[INFO] [stderr]    Compiling zerocopy v0.7.35
[INFO] [stderr]    Compiling ppv-lite86 v0.2.20
[INFO] [stderr]    Compiling rand_chacha v0.3.1
[INFO] [stderr]    Compiling rand v0.8.5
[INFO] [stderr]    Compiling textdb v0.1.0 (/opt/rustwide/workdir)
[INFO] [stderr]     Finished `test` profile [unoptimized + debuginfo] target(s) in 15.54s
[INFO] running `Command { std: "docker" "inspect" "24cccfeda9567c21fd3ac3ee89ae69c34a29692d752a10ae3e60ffc97a000714", kill_on_drop: false }`
[INFO] running `Command { std: "docker" "rm" "-f" "24cccfeda9567c21fd3ac3ee89ae69c34a29692d752a10ae3e60ffc97a000714", kill_on_drop: false }`
[INFO] [stdout] 24cccfeda9567c21fd3ac3ee89ae69c34a29692d752a10ae3e60ffc97a000714
[INFO] running `Command { std: "docker" "create" "-v" "/var/lib/crater-agent-workspace/builds/worker-0-tc1/target:/opt/rustwide/target:rw,Z" "-v" "/var/lib/crater-agent-workspace/builds/worker-0-tc1/source:/opt/rustwide/workdir:ro,Z" "-v" "/var/lib/crater-agent-workspace/cargo-home:/opt/rustwide/cargo-home:ro,Z" "-v" "/var/lib/crater-agent-workspace/rustup-home:/opt/rustwide/rustup-home:ro,Z" "-e" "SOURCE_DIR=/opt/rustwide/workdir" "-e" "CARGO_TARGET_DIR=/opt/rustwide/target" "-e" "CARGO_INCREMENTAL=0" "-e" "RUST_BACKTRACE=full" "-e" "RUSTFLAGS=--cap-lints=warn" "-e" "RUSTDOCFLAGS=--cap-lints=warn" "-e" "CARGO_HOME=/opt/rustwide/cargo-home" "-e" "RUSTUP_HOME=/opt/rustwide/rustup-home" "-w" "/opt/rustwide/workdir" "-m" "1610612736" "--user" "0:0" "--network" "none" "ghcr.io/rust-lang/crates-build-env/linux@sha256:f3a9d4ad9d972b27faf3965f35b62e55ba32bbce8f20bc8fe909558a86702fde" "/opt/rustwide/cargo-home/bin/cargo" "+1.83.0" "test" "--frozen", kill_on_drop: false }`
[INFO] [stdout] 706e8ac2d22683a78476f86b7d6c77f4a9dbe86fd1b6b7b1701de67e93d9b031
[INFO] running `Command { std: "docker" "start" "-a" "706e8ac2d22683a78476f86b7d6c77f4a9dbe86fd1b6b7b1701de67e93d9b031", kill_on_drop: false }`
[INFO] [stderr]     Finished `test` profile [unoptimized + debuginfo] target(s) in 0.06s
[INFO] [stderr]      Running unittests src/lib.rs (/opt/rustwide/target/debug/deps/textdb-abb76bbfd171e41f)
[INFO] [stdout] 
[INFO] [stdout] running 0 tests
[INFO] [stdout] 
[INFO] [stdout] test result: ok. 0 passed; 0 failed; 0 ignored; 0 measured; 0 filtered out; finished in 0.00s
[INFO] [stdout] 
[INFO] [stderr]      Running tests/test_tsv.rs (/opt/rustwide/target/debug/deps/test_tsv-b140d2b612336704)
[INFO] [stdout] 
[INFO] [stdout] running 6 tests
[INFO] [stdout] test test_get_matching_lines_1 ... ok
[INFO] [stdout] test test_get_matching_lines_a ... ok
[INFO] [stdout] test test_get_matching_lines_b ... ok
[INFO] [stdout] test test_tsv_parse ... ok
[INFO] [stdout] test test_tsv_text ... ok
[INFO] [stdout] test test_get_matching_lines_2 ... ok
[INFO] [stdout] 
[INFO] [stdout] test result: ok. 6 passed; 0 failed; 0 ignored; 0 measured; 0 filtered out; finished in 8.30s
[INFO] [stdout] 
[INFO] [stderr]    Doc-tests textdb
[INFO] [stdout] 
[INFO] [stdout] running 3 tests
[INFO] [stdout] test src/../README.md - (line 21) ... ignored
[INFO] [stdout] test src/../README.md - (line 60) ... FAILED
[INFO] [stdout] test src/../README.md - (line 43) ... ok
[INFO] [stdout] 
[INFO] [stdout] failures:
[INFO] [stdout] 
[INFO] [stdout] ---- src/../README.md - (line 60) stdout ----
[INFO] [stdout] error[E0433]: failed to resolve: use of undeclared crate or module `accessor`
[INFO] [stdout]  --> src/../README.md:66:20
[INFO] [stdout]   |
[INFO] [stdout] 9 |     let accessor = accessor::TsvParse::<u8, 0>::default();
[INFO] [stdout]   |                    ^^^^^^^^ use of undeclared crate or module `accessor`
[INFO] [stdout]   |
[INFO] [stdout] help: consider importing this struct
[INFO] [stdout]   |
[INFO] [stdout] 2 + use textdb::accessor::TsvParse;
[INFO] [stdout]   |
[INFO] [stdout] help: if you import `TsvParse`, refer to it directly
[INFO] [stdout]   |
[INFO] [stdout] 9 -     let accessor = accessor::TsvParse::<u8, 0>::default();
[INFO] [stdout] 9 +     let accessor = TsvParse::<u8, 0>::default();
[INFO] [stdout]   |
[INFO] [stdout] 
[INFO] [stdout] error[E0433]: failed to resolve: use of undeclared crate or module `maps`
[INFO] [stdout]   --> src/../README.md:67:15
[INFO] [stdout]    |
[INFO] [stdout] 10 |     let map = maps::SafeMemoryMap::from_str(&text);
[INFO] [stdout]    |               ^^^^ use of undeclared crate or module `maps`
[INFO] [stdout]    |
[INFO] [stdout] help: consider importing this struct
[INFO] [stdout]    |
[INFO] [stdout] 2  + use textdb::maps::SafeMemoryMap;
[INFO] [stdout]    |
[INFO] [stdout] help: if you import `SafeMemoryMap`, refer to it directly
[INFO] [stdout]    |
[INFO] [stdout] 10 -     let map = maps::SafeMemoryMap::from_str(&text);
[INFO] [stdout] 10 +     let map = SafeMemoryMap::from_str(&text);
[INFO] [stdout]    |
[INFO] [stdout] 
[INFO] [stdout] error: aborting due to 2 previous errors
[INFO] [stdout] 
[INFO] [stdout] For more information about this error, try `rustc --explain E0433`.
[INFO] [stdout] Couldn't compile the test.
[INFO] [stdout] 
[INFO] [stdout] failures:
[INFO] [stdout]     src/../README.md - (line 60)
[INFO] [stdout] 
[INFO] [stdout] test result: FAILED. 1 passed; 1 failed; 1 ignored; 0 measured; 0 filtered out; finished in 0.56s
[INFO] [stdout] 
[INFO] [stderr] error: doctest failed, to rerun pass `--doc`
[INFO] running `Command { std: "docker" "inspect" "706e8ac2d22683a78476f86b7d6c77f4a9dbe86fd1b6b7b1701de67e93d9b031", kill_on_drop: false }`
[INFO] running `Command { std: "docker" "rm" "-f" "706e8ac2d22683a78476f86b7d6c77f4a9dbe86fd1b6b7b1701de67e93d9b031", kill_on_drop: false }`
[INFO] [stdout] 706e8ac2d22683a78476f86b7d6c77f4a9dbe86fd1b6b7b1701de67e93d9b031
