[INFO] fetching crate test-casing 0.1.3...
[INFO] testing test-casing-0.1.3 against 1.83.0 for beta-1.84.0-4-retry
[INFO] extracting crate test-casing 0.1.3 into /workspace/builds/worker-2-tc1/source
[INFO] validating manifest of crates.io crate test-casing 0.1.3 on toolchain 1.83.0
[INFO] running `Command { std: CARGO_HOME="/workspace/cargo-home" RUSTUP_HOME="/workspace/rustup-home" "/workspace/cargo-home/bin/cargo" "+1.83.0" "metadata" "--manifest-path" "Cargo.toml" "--no-deps", kill_on_drop: false }`
[INFO] started tweaking crates.io crate test-casing 0.1.3
[INFO] finished tweaking crates.io crate test-casing 0.1.3
[INFO] tweaked toml for crates.io crate test-casing 0.1.3 written to /workspace/builds/worker-2-tc1/source/Cargo.toml
[INFO] running `Command { std: CARGO_HOME="/workspace/cargo-home" RUSTUP_HOME="/workspace/rustup-home" "/workspace/cargo-home/bin/cargo" "+1.83.0" "generate-lockfile" "--manifest-path" "Cargo.toml", kill_on_drop: false }`
[INFO] [stderr]     Updating crates.io index
[INFO] [stderr]      Locking 138 packages to latest compatible versions
[INFO] running `Command { std: CARGO_HOME="/workspace/cargo-home" RUSTUP_HOME="/workspace/rustup-home" "/workspace/cargo-home/bin/cargo" "+1.83.0" "fetch" "--manifest-path" "Cargo.toml", kill_on_drop: false }`
[INFO] [stderr]  Downloading crates ...
[INFO] [stderr]   Downloaded test-casing-macro v0.1.3
[INFO] running `Command { std: "docker" "create" "-v" "/var/lib/crater-agent-workspace/builds/worker-2-tc1/target:/opt/rustwide/target:rw,Z" "-v" "/var/lib/crater-agent-workspace/builds/worker-2-tc1/source:/opt/rustwide/workdir:ro,Z" "-v" "/var/lib/crater-agent-workspace/cargo-home:/opt/rustwide/cargo-home:ro,Z" "-v" "/var/lib/crater-agent-workspace/rustup-home:/opt/rustwide/rustup-home:ro,Z" "-e" "SOURCE_DIR=/opt/rustwide/workdir" "-e" "CARGO_TARGET_DIR=/opt/rustwide/target" "-e" "CARGO_HOME=/opt/rustwide/cargo-home" "-e" "RUSTUP_HOME=/opt/rustwide/rustup-home" "-w" "/opt/rustwide/workdir" "-m" "1610612736" "--user" "0:0" "--network" "none" "ghcr.io/rust-lang/crates-build-env/linux@sha256:f3a9d4ad9d972b27faf3965f35b62e55ba32bbce8f20bc8fe909558a86702fde" "/opt/rustwide/cargo-home/bin/cargo" "+1.83.0" "metadata" "--no-deps" "--format-version=1", kill_on_drop: false }`
[INFO] [stdout] c173c49b38849b152683b1c7e10021c467e49a11ae97cd150700317494eddba0
[INFO] running `Command { std: "docker" "start" "-a" "c173c49b38849b152683b1c7e10021c467e49a11ae97cd150700317494eddba0", kill_on_drop: false }`
[INFO] running `Command { std: "docker" "inspect" "c173c49b38849b152683b1c7e10021c467e49a11ae97cd150700317494eddba0", kill_on_drop: false }`
[INFO] running `Command { std: "docker" "rm" "-f" "c173c49b38849b152683b1c7e10021c467e49a11ae97cd150700317494eddba0", kill_on_drop: false }`
[INFO] [stdout] c173c49b38849b152683b1c7e10021c467e49a11ae97cd150700317494eddba0
[INFO] running `Command { std: "docker" "create" "-v" "/var/lib/crater-agent-workspace/builds/worker-2-tc1/target:/opt/rustwide/target:rw,Z" "-v" "/var/lib/crater-agent-workspace/builds/worker-2-tc1/source:/opt/rustwide/workdir:ro,Z" "-v" "/var/lib/crater-agent-workspace/cargo-home:/opt/rustwide/cargo-home:ro,Z" "-v" "/var/lib/crater-agent-workspace/rustup-home:/opt/rustwide/rustup-home:ro,Z" "-e" "SOURCE_DIR=/opt/rustwide/workdir" "-e" "CARGO_TARGET_DIR=/opt/rustwide/target" "-e" "CARGO_INCREMENTAL=0" "-e" "RUST_BACKTRACE=full" "-e" "RUSTFLAGS=--cap-lints=warn" "-e" "RUSTDOCFLAGS=--cap-lints=warn" "-e" "CARGO_HOME=/opt/rustwide/cargo-home" "-e" "RUSTUP_HOME=/opt/rustwide/rustup-home" "-w" "/opt/rustwide/workdir" "-m" "1610612736" "--user" "0:0" "--network" "none" "ghcr.io/rust-lang/crates-build-env/linux@sha256:f3a9d4ad9d972b27faf3965f35b62e55ba32bbce8f20bc8fe909558a86702fde" "/opt/rustwide/cargo-home/bin/cargo" "+1.83.0" "build" "--frozen" "--message-format=json", kill_on_drop: false }`
[INFO] [stdout] e9457bf6c6574a068b779adf6fec0a1239a2006933b56dc7e6c202518977f520
[INFO] running `Command { std: "docker" "start" "-a" "e9457bf6c6574a068b779adf6fec0a1239a2006933b56dc7e6c202518977f520", kill_on_drop: false }`
[INFO] [stderr]    Compiling proc-macro2 v1.0.92
[INFO] [stderr]    Compiling unicode-ident v1.0.14
[INFO] [stderr]    Compiling quote v1.0.37
[INFO] [stderr]    Compiling syn v2.0.90
[INFO] [stderr]    Compiling test-casing-macro v0.1.3
[INFO] [stderr]    Compiling test-casing v0.1.3 (/opt/rustwide/workdir)
[INFO] [stderr]     Finished `dev` profile [unoptimized + debuginfo] target(s) in 6.13s
[INFO] running `Command { std: "docker" "inspect" "e9457bf6c6574a068b779adf6fec0a1239a2006933b56dc7e6c202518977f520", kill_on_drop: false }`
[INFO] running `Command { std: "docker" "rm" "-f" "e9457bf6c6574a068b779adf6fec0a1239a2006933b56dc7e6c202518977f520", kill_on_drop: false }`
[INFO] [stdout] e9457bf6c6574a068b779adf6fec0a1239a2006933b56dc7e6c202518977f520
[INFO] running `Command { std: "docker" "create" "-v" "/var/lib/crater-agent-workspace/builds/worker-2-tc1/target:/opt/rustwide/target:rw,Z" "-v" "/var/lib/crater-agent-workspace/builds/worker-2-tc1/source:/opt/rustwide/workdir:ro,Z" "-v" "/var/lib/crater-agent-workspace/cargo-home:/opt/rustwide/cargo-home:ro,Z" "-v" "/var/lib/crater-agent-workspace/rustup-home:/opt/rustwide/rustup-home:ro,Z" "-e" "SOURCE_DIR=/opt/rustwide/workdir" "-e" "CARGO_TARGET_DIR=/opt/rustwide/target" "-e" "CARGO_INCREMENTAL=0" "-e" "RUST_BACKTRACE=full" "-e" "RUSTFLAGS=--cap-lints=warn" "-e" "RUSTDOCFLAGS=--cap-lints=warn" "-e" "CARGO_HOME=/opt/rustwide/cargo-home" "-e" "RUSTUP_HOME=/opt/rustwide/rustup-home" "-w" "/opt/rustwide/workdir" "-m" "1610612736" "--user" "0:0" "--network" "none" "ghcr.io/rust-lang/crates-build-env/linux@sha256:f3a9d4ad9d972b27faf3965f35b62e55ba32bbce8f20bc8fe909558a86702fde" "/opt/rustwide/cargo-home/bin/cargo" "+1.83.0" "test" "--frozen" "--no-run" "--message-format=json", kill_on_drop: false }`
[INFO] [stdout] 724a1e150492365fecc8888baafc27bb54a954f3208820de9bba765bbc97bcc4
[INFO] running `Command { std: "docker" "start" "-a" "724a1e150492365fecc8888baafc27bb54a954f3208820de9bba765bbc97bcc4", kill_on_drop: false }`
[INFO] [stderr]    Compiling unicode-ident v1.0.14
[INFO] [stderr]    Compiling stable_deref_trait v1.2.0
[INFO] [stderr]    Compiling crossbeam-utils v0.8.20
[INFO] [stderr]    Compiling pin-project-lite v0.2.15
[INFO] [stderr]    Compiling serde v1.0.216
[INFO] [stderr]    Compiling parking v2.2.1
[INFO] [stderr]    Compiling litemap v0.7.4
[INFO] [stderr]    Compiling writeable v0.5.5
[INFO] [stderr]    Compiling cfg-if v1.0.0
[INFO] [stderr]    Compiling futures-core v0.3.31
[INFO] [stderr]    Compiling fastrand v2.3.0
[INFO] [stderr]    Compiling equivalent v1.0.1
[INFO] [stderr]    Compiling autocfg v1.4.0
[INFO] [stderr]    Compiling hashbrown v0.15.2
[INFO] [stderr]    Compiling futures-io v0.3.31
[INFO] [stderr]    Compiling icu_locid_transform_data v1.5.0
[INFO] [stderr]    Compiling bitflags v2.6.0
[INFO] [stderr]    Compiling rustix v0.38.42
[INFO] [stderr]    Compiling icu_properties_data v1.5.0
[INFO] [stderr]    Compiling libc v0.2.168
[INFO] [stderr]    Compiling linux-raw-sys v0.4.14
[INFO] [stderr]    Compiling proc-macro2 v1.0.92
[INFO] [stderr]    Compiling memchr v2.7.4
[INFO] [stderr]    Compiling utf8_iter v1.0.4
[INFO] [stderr]    Compiling smallvec v1.13.2
[INFO] [stderr]    Compiling futures-lite v2.5.0
[INFO] [stderr]    Compiling icu_normalizer_data v1.5.0
[INFO] [stderr]    Compiling utf16_iter v1.0.5
[INFO] [stderr]    Compiling write16 v1.0.0
[INFO] [stderr]    Compiling tracing-core v0.1.33
[INFO] [stderr]    Compiling syn v1.0.109
[INFO] [stderr]    Compiling byteorder v1.5.0
[INFO] [stderr]    Compiling async-task v4.7.1
[INFO] [stderr]    Compiling indexmap v2.7.0
[INFO] [stderr]    Compiling tracing v0.1.41
[INFO] [stderr]    Compiling slab v0.4.9
[INFO] [stderr]    Compiling quote v1.0.37
[INFO] [stderr]    Compiling atomic-waker v1.1.2
[INFO] [stderr]    Compiling target-triple v0.1.3
[INFO] [stderr]    Compiling piper v0.2.4
[INFO] [stderr]    Compiling serde_json v1.0.133
[INFO] [stderr]    Compiling pulldown-cmark v0.9.6
[INFO] [stderr]    Compiling value-bag v1.10.0
[INFO] [stderr]    Compiling regex-syntax v0.8.5
[INFO] [stderr]    Compiling syn v2.0.90
[INFO] [stderr]    Compiling winnow v0.5.40
[INFO] [stderr]    Compiling percent-encoding v2.3.1
[INFO] [stderr]    Compiling winnow v0.6.20
[INFO] [stderr]    Compiling concurrent-queue v2.5.0
[INFO] [stderr]    Compiling semver v1.0.24
[INFO] [stderr]    Compiling log v0.4.22
[INFO] [stderr]    Compiling form_urlencoded v1.2.1
[INFO] [stderr]    Compiling event-listener v5.3.1
[INFO] [stderr]    Compiling async-executor v1.13.1
[INFO] [stderr]    Compiling doc-comment v0.3.3
[INFO] [stderr]    Compiling event-listener v2.5.3
[INFO] [stderr]    Compiling itoa v1.0.14
[INFO] [stderr]    Compiling getrandom v0.2.15
[INFO] [stderr]    Compiling event-listener-strategy v0.5.3
[INFO] [stderr]    Compiling rand_core v0.6.4
[INFO] [stderr]    Compiling ryu v1.0.18
[INFO] [stderr]    Compiling once_cell v1.20.2
[INFO] [stderr]    Compiling unicase v2.8.0
[INFO] [stderr]    Compiling async-lock v3.4.0
[INFO] [stderr]    Compiling async-channel v2.3.1
[INFO] [stderr]    Compiling async-channel v1.9.0
[INFO] [stderr]    Compiling blocking v1.6.1
[INFO] [stderr]    Compiling kv-log-macro v1.0.7
[INFO] [stderr]    Compiling glob v0.3.1
[INFO] [stderr]    Compiling termcolor v1.4.1
[INFO] [stderr]    Compiling pin-utils v0.1.0
[INFO] [stderr]    Compiling regex-automata v0.4.9
[INFO] [stderr]    Compiling regex v1.11.1
[INFO] [stderr]    Compiling synstructure v0.13.1
[INFO] [stderr]    Compiling toml_datetime v0.6.8
[INFO] [stderr]    Compiling serde_spanned v0.6.8
[INFO] [stderr]    Compiling toml_edit v0.19.15
[INFO] [stderr]    Compiling toml_edit v0.22.22
[INFO] [stderr]    Compiling zerofrom-derive v0.1.5
[INFO] [stderr]    Compiling yoke-derive v0.7.5
[INFO] [stderr]    Compiling zerovec-derive v0.10.3
[INFO] [stderr]    Compiling displaydoc v0.2.5
[INFO] [stderr]    Compiling icu_provider_macros v1.5.0
[INFO] [stderr]    Compiling zerocopy-derive v0.7.35
[INFO] [stderr]    Compiling serde_derive v1.0.216
[INFO] [stderr]    Compiling test-casing-macro v0.1.3
[INFO] [stderr]    Compiling polling v3.7.4
[INFO] [stderr]    Compiling async-io v2.4.0
[INFO] [stderr]    Compiling test-casing v0.1.3 (/opt/rustwide/workdir)
[INFO] [stderr]    Compiling async-attributes v1.1.2
[INFO] [stderr]    Compiling async-global-executor v2.4.1
[INFO] [stderr]    Compiling zerocopy v0.7.35
[INFO] [stderr]    Compiling zerofrom v0.1.5
[INFO] [stderr]    Compiling yoke v0.7.5
[INFO] [stderr]    Compiling toml v0.7.8
[INFO] [stderr]    Compiling zerovec v0.10.4
[INFO] [stderr]    Compiling async-std v1.13.0
[INFO] [stderr]    Compiling toml v0.8.19
[INFO] [stderr]    Compiling ppv-lite86 v0.2.20
[INFO] [stderr]    Compiling rand_chacha v0.3.1
[INFO] [stderr]    Compiling tinystr v0.7.6
[INFO] [stderr]    Compiling icu_collections v1.5.0
[INFO] [stderr]    Compiling rand v0.8.5
[INFO] [stderr]    Compiling icu_locid v1.5.0
[INFO] [stderr]    Compiling icu_provider v1.5.0
[INFO] [stderr]    Compiling trybuild v1.0.101
[INFO] [stderr]    Compiling icu_locid_transform v1.5.0
[INFO] [stderr]    Compiling icu_properties v1.5.1
[INFO] [stderr]    Compiling icu_normalizer v1.5.0
[INFO] [stderr]    Compiling idna_adapter v1.2.0
[INFO] [stderr]    Compiling idna v1.0.3
[INFO] [stderr]    Compiling url v2.5.4
[INFO] [stderr]    Compiling version-sync v0.9.5
[INFO] [stdout] warning: this function depends on never type fallback being `()`
[INFO] [stdout]    --> src/decorators.rs:523:5
[INFO] [stdout]     |
[INFO] [stdout] 523 |     fn sequential_tests() {
[INFO] [stdout]     |     ^^^^^^^^^^^^^^^^^^^^^
[INFO] [stdout]     |
[INFO] [stdout]     = warning: this was previously accepted by the compiler but is being phased out; it will become a hard error in a future release!
[INFO] [stdout]     = note: for more information, see issue #123748 <https://github.com/rust-lang/rust/issues/123748>
[INFO] [stdout]     = help: specify the types explicitly
[INFO] [stdout] note: in edition 2024, the requirement `decorators::Sequence: decorators::DecorateTest<!>` will fail
[INFO] [stdout]    --> src/decorators.rs:542:55
[INFO] [stdout]     |
[INFO] [stdout] 542 |         let first_test_handle = thread::spawn(move || SEQUENCE.decorate_and_test(first_test));
[INFO] [stdout]     |                                                       ^^^^^^^^
[INFO] [stdout]     = note: `#[warn(dependency_on_unit_never_type_fallback)]` on by default
[INFO] [stdout] 
[INFO] [stdout] 
[INFO] [stdout] warning: this function depends on never type fallback being `()`
[INFO] [stdout]    --> src/decorators.rs:548:5
[INFO] [stdout]     |
[INFO] [stdout] 548 |     fn sequential_tests_with_abort() {
[INFO] [stdout]     |     ^^^^^^^^^^^^^^^^^^^^^^^^^^^^^^^^
[INFO] [stdout]     |
[INFO] [stdout]     = warning: this was previously accepted by the compiler but is being phased out; it will become a hard error in a future release!
[INFO] [stdout]     = note: for more information, see issue #123748 <https://github.com/rust-lang/rust/issues/123748>
[INFO] [stdout]     = help: specify the types explicitly
[INFO] [stdout] note: in edition 2024, the requirement `decorators::Sequence: decorators::DecorateTest<!>` will fail
[INFO] [stdout]    --> src/decorators.rs:556:9
[INFO] [stdout]     |
[INFO] [stdout] 556 |         SEQUENCE.decorate_and_test(second_test);
[INFO] [stdout]     |         ^^^^^^^^
[INFO] [stdout] 
[INFO] [stdout] 
[INFO] [stderr]     Finished `test` profile [unoptimized + debuginfo] target(s) in 56.60s
[INFO] running `Command { std: "docker" "inspect" "724a1e150492365fecc8888baafc27bb54a954f3208820de9bba765bbc97bcc4", kill_on_drop: false }`
[INFO] running `Command { std: "docker" "rm" "-f" "724a1e150492365fecc8888baafc27bb54a954f3208820de9bba765bbc97bcc4", kill_on_drop: false }`
[INFO] [stdout] 724a1e150492365fecc8888baafc27bb54a954f3208820de9bba765bbc97bcc4
[INFO] running `Command { std: "docker" "create" "-v" "/var/lib/crater-agent-workspace/builds/worker-2-tc1/target:/opt/rustwide/target:rw,Z" "-v" "/var/lib/crater-agent-workspace/builds/worker-2-tc1/source:/opt/rustwide/workdir:ro,Z" "-v" "/var/lib/crater-agent-workspace/cargo-home:/opt/rustwide/cargo-home:ro,Z" "-v" "/var/lib/crater-agent-workspace/rustup-home:/opt/rustwide/rustup-home:ro,Z" "-e" "SOURCE_DIR=/opt/rustwide/workdir" "-e" "CARGO_TARGET_DIR=/opt/rustwide/target" "-e" "CARGO_INCREMENTAL=0" "-e" "RUST_BACKTRACE=full" "-e" "RUSTFLAGS=--cap-lints=warn" "-e" "RUSTDOCFLAGS=--cap-lints=warn" "-e" "CARGO_HOME=/opt/rustwide/cargo-home" "-e" "RUSTUP_HOME=/opt/rustwide/rustup-home" "-w" "/opt/rustwide/workdir" "-m" "1610612736" "--user" "0:0" "--network" "none" "ghcr.io/rust-lang/crates-build-env/linux@sha256:f3a9d4ad9d972b27faf3965f35b62e55ba32bbce8f20bc8fe909558a86702fde" "/opt/rustwide/cargo-home/bin/cargo" "+1.83.0" "test" "--frozen", kill_on_drop: false }`
[INFO] [stdout] 927ec4ea7c8941a5b2a0cadaef3f99fd7ee31ea6be19da9653bd662f63b47829
[INFO] running `Command { std: "docker" "start" "-a" "927ec4ea7c8941a5b2a0cadaef3f99fd7ee31ea6be19da9653bd662f63b47829", kill_on_drop: false }`
[INFO] [stderr] warning: this function depends on never type fallback being `()`
[INFO] [stderr]    --> src/decorators.rs:523:5
[INFO] [stderr]     |
[INFO] [stderr] 523 |     fn sequential_tests() {
[INFO] [stderr]     |     ^^^^^^^^^^^^^^^^^^^^^
[INFO] [stderr]     |
[INFO] [stderr]     = warning: this was previously accepted by the compiler but is being phased out; it will become a hard error in a future release!
[INFO] [stderr]     = note: for more information, see issue #123748 <https://github.com/rust-lang/rust/issues/123748>
[INFO] [stderr]     = help: specify the types explicitly
[INFO] [stderr] note: in edition 2024, the requirement `decorators::Sequence: decorators::DecorateTest<!>` will fail
[INFO] [stderr]    --> src/decorators.rs:542:55
[INFO] [stderr]     |
[INFO] [stderr] 542 |         let first_test_handle = thread::spawn(move || SEQUENCE.decorate_and_test(first_test));
[INFO] [stderr]     |                                                       ^^^^^^^^
[INFO] [stderr]     = note: `#[warn(dependency_on_unit_never_type_fallback)]` on by default
[INFO] [stderr] 
[INFO] [stderr] warning: this function depends on never type fallback being `()`
[INFO] [stderr]    --> src/decorators.rs:548:5
[INFO] [stderr]     |
[INFO] [stderr] 548 |     fn sequential_tests_with_abort() {
[INFO] [stderr]     |     ^^^^^^^^^^^^^^^^^^^^^^^^^^^^^^^^
[INFO] [stderr]     |
[INFO] [stderr]     = warning: this was previously accepted by the compiler but is being phased out; it will become a hard error in a future release!
[INFO] [stderr]     = note: for more information, see issue #123748 <https://github.com/rust-lang/rust/issues/123748>
[INFO] [stderr]     = help: specify the types explicitly
[INFO] [stderr] note: in edition 2024, the requirement `decorators::Sequence: decorators::DecorateTest<!>` will fail
[INFO] [stderr]    --> src/decorators.rs:556:9
[INFO] [stderr]     |
[INFO] [stderr] 556 |         SEQUENCE.decorate_and_test(second_test);
[INFO] [stderr]     |         ^^^^^^^^
[INFO] [stderr] 
[INFO] [stderr] warning: `test-casing` (lib test) generated 2 warnings
[INFO] [stderr]     Finished `test` profile [unoptimized + debuginfo] target(s) in 0.33s
[INFO] [stderr]      Running unittests src/lib.rs (/opt/rustwide/target/debug/deps/test_casing-50936787c48846ee)
[INFO] [stdout] 
[INFO] [stdout] running 11 tests
[INFO] [stdout] test decorators::tests::retrying_on_error ... ok
[INFO] [stdout] test decorators::tests::retrying_on_error_failure ... ok
[INFO] [stdout] test decorators::tests::sequential_tests_with_abort ... ok
[INFO] [stdout] test decorators::tests::making_sequence_into_trait_object ... ok
[INFO] [stdout] test test_casing::tests::unit_test_detection_works ... ok
[INFO] [stdout] test test_casing::tests::cartesian_product ... ok
[INFO] [stdout] test decorators::tests::sequential_tests ... ok
[INFO] [stdout] test decorators::tests::retrying_with_delay ... ok
[INFO] [stdout] test decorators::tests::composing_decorators ... ok
[INFO] [stdout] test decorators::tests::timeouts - should panic ... ok
[INFO] [stdout] test decorators::tests::making_decorator_into_trait_object ... ok
[INFO] [stdout] 
[INFO] [stdout] test result: ok. 11 passed; 0 failed; 0 ignored; 0 measured; 0 filtered out; finished in 0.11s
[INFO] [stdout] 
[INFO] [stderr]      Running tests/integration/main.rs (/opt/rustwide/target/debug/deps/integration-0d4105df4be0b4c9)
[INFO] [stdout] 
[INFO] [stdout] running 76 tests
[INFO] [stdout] test decorate::cases_with_retries::case_0 ... ok
[INFO] [stdout] test decorate::cases_with_retries::case_1 ... ok
[INFO] [stdout] test decorate::mismatched_error_with_error_retries ... ok
[INFO] [stdout] test decorate::with_error_retries ... ok
[INFO] [stdout] test decorate::with_retries_and_error ... ok
[INFO] [stdout] test test_casing::another_number_is_small ... ok
[INFO] [stdout] test test_casing::async_string_conversion::case_0 ... ok
[INFO] [stdout] test test_casing::async_string_conversion_without_output::case_0 ... ok
[INFO] [stdout] test test_casing::async_string_conversion::case_1 ... ok
[INFO] [stdout] test decorate::with_inlined_timeout ... ok
[INFO] [stdout] test test_casing::async_string_conversion::case_3 ... ok
[INFO] [stdout] test test_casing::async_string_conversion::case_2 ... ok
[INFO] [stdout] test test_casing::async_string_conversion_without_output::case_1 ... ok
[INFO] [stdout] test test_casing::async_string_conversion_without_output::case_2 ... ok
[INFO] [stdout] test test_casing::async_string_conversion_without_output::case_3 ... ok
[INFO] [stdout] test test_casing::cartesian_product::case_00 ... ok
[INFO] [stdout] test test_casing::cartesian_product::case_02 ... ok
[INFO] [stdout] test test_casing::cartesian_product::case_04 ... ok
[INFO] [stdout] test test_casing::async_string_conversion_without_output::case_4 ... ok
[INFO] [stdout] test test_casing::cartesian_product::case_01 ... ok
[INFO] [stdout] test test_casing::cartesian_product::case_03 ... ok
[INFO] [stdout] test test_casing::cartesian_product::case_05 ... ok
[INFO] [stdout] test test_casing::cartesian_product::case_06 ... ok
[INFO] [stdout] test test_casing::cartesian_product::case_08 ... ok
[INFO] [stdout] test test_casing::cartesian_product::case_10 ... ok
[INFO] [stdout] test test_casing::number_can_be_converted_to_string::case_0 ... ok
[INFO] [stdout] test test_casing::async_string_conversion::case_4 ... ok
[INFO] [stdout] test test_casing::cartesian_product::case_09 ... ok
[INFO] [stdout] test test_casing::cartesian_product::case_07 ... ok
[INFO] [stdout] test test_casing::cartesian_product::case_11 ... ok
[INFO] [stdout] test decorate::with_mixed_decorators ... ok
[INFO] [stdout] test test_casing::number_can_be_converted_to_string::case_1 ... ok
[INFO] [stdout] test test_casing::number_can_be_converted_to_string::case_2 ... ok
[INFO] [stdout] test test_casing::number_can_be_converted_to_string_with_tuple_input::case_0 ... ok
[INFO] [stdout] test test_casing::number_can_be_converted_to_string_with_tuple_input::case_1 ... ok
[INFO] [stdout] test test_casing::number_can_be_converted_to_string_with_tuple_input::case_2 ... ok
[INFO] [stdout] test test_casing::numbers_are_large::case_0 ... ignored, testing that `#[ignore]` attr works
[INFO] [stdout] test test_casing::numbers_are_large::case_1 ... ignored, testing that `#[ignore]` attr works
[INFO] [stdout] test test_casing::numbers_are_large::case_2 ... ignored, testing that `#[ignore]` attr works
[INFO] [stdout] test test_casing::numbers_are_large::case_3 ... ignored, testing that `#[ignore]` attr works
[INFO] [stdout] test test_casing::numbers_are_small::case_0 ... ok
[INFO] [stdout] test test_casing::numbers_are_small::case_2 ... ok
[INFO] [stdout] test test_casing::numbers_are_small_with_errors::case_0 ... ok
[INFO] [stdout] test test_casing::numbers_are_small_with_errors::case_2 ... ok
[INFO] [stdout] test test_casing::numbers_are_small::case_1 ... ok
[INFO] [stdout] test test_casing::numbers_are_small::case_3 ... ok
[INFO] [stdout] test test_casing::numbers_are_small_with_errors::case_1 ... ok
[INFO] [stdout] test test_casing::numbers_are_small_with_errors::case_3 ... ok
[INFO] [stdout] test test_casing::random::randomized_tests::case_1 ... ok
[INFO] [stdout] test test_casing::random::randomized_tests::case_2 ... ok
[INFO] [stdout] test test_casing::random::randomized_tests::case_0 ... ok
[INFO] [stdout] test test_casing::random::randomized_tests::case_4 ... ok
[INFO] [stdout] test test_casing::random::randomized_tests::case_6 ... ok
[INFO] [stdout] test test_casing::random::randomized_tests::case_3 ... ok
[INFO] [stdout] test decorate::with_timeout_constant ... ok
[INFO] [stdout] test test_casing::random::randomized_tests::case_5 ... ok
[INFO] [stdout] test test_casing::random::randomized_tests::case_7 ... ok
[INFO] [stdout] test test_casing::random::randomized_tests::case_9 ... ok
[INFO] [stdout] test test_casing::string_conversion::case_0 ... ok
[INFO] [stdout] test test_casing::string_conversion::case_1 ... ok
[INFO] [stdout] test test_casing::random::randomized_tests::case_8 ... ok
[INFO] [stdout] test test_casing::string_conversion::case_3 ... ok
[INFO] [stdout] test test_casing::string_conversion::case_2 ... ok
[INFO] [stdout] test test_casing::string_conversion::case_4 ... ok
[INFO] [stdout] test test_casing::unit_test_detection_works ... ok
[INFO] [stdout] test decorate::cases_with_retries::case_2 ... ok
[INFO] [stdout] test decorate::with_retries ... ok
[INFO] [stdout] test decorate::with_several_decorator_macros ... ok
[INFO] [stdout] test test_casing::string_conversion_fail::case_0 - should panic ... ok
[INFO] [stdout] test test_casing::string_conversion_fail::case_1 - should panic ... ok
[INFO] [stdout] test test_casing::string_conversion_fail::case_2 - should panic ... ok
[INFO] [stdout] test decorate::with_custom_decorator_and_retries ... ok
[INFO] [stdout] test decorate::async_test_with_timeout ... ok
[INFO] [stdout] test decorate::async_sequential_test ... ok
[INFO] [stdout] test decorate::other_sequential_test ... ok
[INFO] [stdout] test decorate::panicking_sequential_test - should panic ... ok
[INFO] [stdout] 
[INFO] [stdout] test result: ok. 72 passed; 0 failed; 4 ignored; 0 measured; 0 filtered out; finished in 0.24s
[INFO] [stdout] 
[INFO] [stderr]      Running tests/ui.rs (/opt/rustwide/target/debug/deps/ui-b90213c567d5c58c)
[INFO] [stdout] 
[INFO] [stdout] running 1 test
[INFO] [stderr]    Compiling proc-macro2 v1.0.92
[INFO] [stderr]    Compiling unicode-ident v1.0.14
[INFO] [stderr]     Checking stable_deref_trait v1.2.0
[INFO] [stderr]    Compiling crossbeam-utils v0.8.20
[INFO] [stderr]     Checking pin-project-lite v0.2.15
[INFO] [stderr]     Checking parking v2.2.1
[INFO] [stderr]     Checking litemap v0.7.4
[INFO] [stderr]     Checking writeable v0.5.5
[INFO] [stderr]     Checking cfg-if v1.0.0
[INFO] [stderr]     Checking futures-core v0.3.31
[INFO] [stderr]     Checking futures-io v0.3.31
[INFO] [stderr]    Compiling autocfg v1.4.0
[INFO] [stderr]     Checking icu_locid_transform_data v1.5.0
[INFO] [stderr]    Compiling serde v1.0.216
[INFO] [stderr]     Checking bitflags v2.6.0
[INFO] [stderr]     Checking fastrand v2.3.0
[INFO] [stderr]    Compiling rustix v0.38.42
[INFO] [stderr]     Checking icu_properties_data v1.5.0
[INFO] [stderr]    Compiling libc v0.2.168
[INFO] [stderr]     Checking linux-raw-sys v0.4.14
[INFO] [stderr]     Checking tracing-core v0.1.33
[INFO] [stderr]     Checking icu_normalizer_data v1.5.0
[INFO] [stderr]     Checking utf8_iter v1.0.4
[INFO] [stderr]     Checking utf16_iter v1.0.5
[INFO] [stderr]     Checking write16 v1.0.0
[INFO] [stderr]     Checking smallvec v1.13.2
[INFO] [stderr]     Checking futures-lite v2.5.0
[INFO] [stderr]     Checking async-task v4.7.1
[INFO] [stderr]     Checking equivalent v1.0.1
[INFO] [stderr]     Checking hashbrown v0.15.2
[INFO] [stderr]    Compiling syn v1.0.109
[INFO] [stderr]     Checking atomic-waker v1.1.2
[INFO] [stderr]     Checking byteorder v1.5.0
[INFO] [stderr]     Checking piper v0.2.4
[INFO] [stderr]     Checking regex-syntax v0.8.5
[INFO] [stderr]    Compiling pulldown-cmark v0.9.6
[INFO] [stderr]     Checking value-bag v1.10.0
[INFO] [stderr]     Checking winnow v0.5.40
[INFO] [stderr]    Compiling semver v1.0.24
[INFO] [stderr]     Checking tracing v0.1.41
[INFO] [stderr]     Checking percent-encoding v2.3.1
[INFO] [stderr]     Checking memchr v2.7.4
[INFO] [stderr]     Checking form_urlencoded v1.2.1
[INFO] [stderr]     Checking log v0.4.22
[INFO] [stderr]    Compiling slab v0.4.9
[INFO] [stderr]    Compiling doc-comment v0.3.3
[INFO] [stderr]     Checking unicase v2.8.0
[INFO] [stderr]     Checking concurrent-queue v2.5.0
[INFO] [stderr]     Checking event-listener v2.5.3
[INFO] [stderr]     Checking once_cell v1.20.2
[INFO] [stderr]     Checking quote v1.0.37
[INFO] [stderr]     Checking kv-log-macro v1.0.7
[INFO] [stderr]     Checking pin-utils v0.1.0
[INFO] [stderr]     Checking indexmap v2.7.0
[INFO] [stderr]     Checking getrandom v0.2.15
[INFO] [stderr]     Checking event-listener v5.3.1
[INFO] [stderr]     Checking async-channel v1.9.0
[INFO] [stderr]     Checking syn v2.0.90
[INFO] [stderr]     Checking rand_core v0.6.4
[INFO] [stderr]     Checking async-executor v1.13.1
[INFO] [stderr]     Checking event-listener-strategy v0.5.3
[INFO] [stderr]     Checking async-lock v3.4.0
[INFO] [stderr]     Checking async-channel v2.3.1
[INFO] [stderr]     Checking blocking v1.6.1
[INFO] [stderr]     Checking regex-automata v0.4.9
[INFO] [stderr]     Checking regex v1.11.1
[INFO] [stderr]     Checking serde_spanned v0.6.8
[INFO] [stderr]     Checking toml_datetime v0.6.8
[INFO] [stderr]     Checking toml_edit v0.19.15
[INFO] [stderr]     Checking polling v3.7.4
[INFO] [stderr]    Compiling synstructure v0.13.1
[INFO] [stderr]     Checking async-io v2.4.0
[INFO] [stderr]     Checking async-global-executor v2.4.1
[INFO] [stderr]     Checking toml v0.7.8
[INFO] [stderr]    Compiling async-attributes v1.1.2
[INFO] [stderr]    Compiling zerofrom-derive v0.1.5
[INFO] [stderr]    Compiling yoke-derive v0.7.5
[INFO] [stderr]    Compiling zerovec-derive v0.10.3
[INFO] [stderr]    Compiling displaydoc v0.2.5
[INFO] [stderr]    Compiling icu_provider_macros v1.5.0
[INFO] [stderr]    Compiling zerocopy-derive v0.7.35
[INFO] [stderr]    Compiling test-casing-macro v0.1.3
[INFO] [stderr]     Checking async-std v1.13.0
[INFO] [stderr]     Checking test-casing v0.1.3 (/opt/rustwide/workdir)
[INFO] [stderr]     Checking zerocopy v0.7.35
[INFO] [stderr]     Checking zerofrom v0.1.5
[INFO] [stderr]     Checking ppv-lite86 v0.2.20
[INFO] [stderr]     Checking yoke v0.7.5
[INFO] [stderr]     Checking rand_chacha v0.3.1
[INFO] [stderr]     Checking zerovec v0.10.4
[INFO] [stderr]     Checking rand v0.8.5
[INFO] [stderr]     Checking tinystr v0.7.6
[INFO] [stderr]     Checking icu_collections v1.5.0
[INFO] [stderr]     Checking icu_locid v1.5.0
[INFO] [stderr]     Checking icu_provider v1.5.0
[INFO] [stderr]     Checking icu_locid_transform v1.5.0
[INFO] [stderr]     Checking icu_properties v1.5.1
[INFO] [stderr]     Checking icu_normalizer v1.5.0
[INFO] [stderr]     Checking idna_adapter v1.2.0
[INFO] [stderr]     Checking idna v1.0.3
[INFO] [stderr]     Checking url v2.5.4
[INFO] [stderr]     Checking version-sync v0.9.5
[INFO] [stderr]     Checking test-casing-tests v0.0.0 (/opt/rustwide/target/tests/trybuild/test-casing)
[INFO] [stderr]     Finished `dev` profile [unoptimized + debuginfo] target(s) in 36.56s
[INFO] [stderr] 
[INFO] [stderr] 
[INFO] [stderr] test tests/ui/bug_in_iter_expr.rs ... ok
[INFO] [stderr] test tests/ui/fn_with_too_many_args.rs ... ok
[INFO] [stderr] test tests/ui/fn_without_args.rs ... ok
[INFO] [stderr] test tests/ui/invalid_case_count.rs ... ok
[INFO] [stderr] test tests/ui/invalid_iter_expr.rs ... mismatch
[INFO] [stderr] 
[INFO] [stderr] EXPECTED:
[INFO] [stderr] ┈┈┈┈┈┈┈┈┈┈┈┈┈┈┈┈┈┈┈┈┈┈┈┈┈┈┈┈┈┈┈┈┈┈┈┈┈┈┈┈┈┈┈┈┈┈┈┈┈┈┈┈┈┈┈┈┈┈┈┈
[INFO] [stderr] error[E0277]: `{integer}` is not an iterator
[INFO] [stderr]  --> tests/ui/invalid_iter_expr.rs:3:1
[INFO] [stderr]   |
[INFO] [stderr] 3 | #[test_casing(2, 5)]
[INFO] [stderr]   | ^^^^^^^^^^^^^^^^^^^^ `{integer}` is not an iterator
[INFO] [stderr]   |
[INFO] [stderr]   = help: the trait `Iterator` is not implemented for `{integer}`
[INFO] [stderr]   = note: if you want to iterate between `start` until a value `end`, use the exclusive range syntax `start..end` or the inclusive range syntax `start..=end`
[INFO] [stderr]   = note: required for `{integer}` to implement `IntoIterator`
[INFO] [stderr]   = note: this error originates in the attribute macro `test_casing` (in Nightly builds, run with -Z macro-backtrace for more info)
[INFO] [stderr] ┈┈┈┈┈┈┈┈┈┈┈┈┈┈┈┈┈┈┈┈┈┈┈┈┈┈┈┈┈┈┈┈┈┈┈┈┈┈┈┈┈┈┈┈┈┈┈┈┈┈┈┈┈┈┈┈┈┈┈┈
[INFO] [stderr] 
[INFO] [stderr] ACTUAL OUTPUT:
[INFO] [stderr] ┈┈┈┈┈┈┈┈┈┈┈┈┈┈┈┈┈┈┈┈┈┈┈┈┈┈┈┈┈┈┈┈┈┈┈┈┈┈┈┈┈┈┈┈┈┈┈┈┈┈┈┈┈┈┈┈┈┈┈┈
[INFO] [stderr] error[E0277]: `{integer}` is not an iterator
[INFO] [stderr]  --> tests/ui/invalid_iter_expr.rs:3:1
[INFO] [stderr]   |
[INFO] [stderr] 3 | #[test_casing(2, 5)]
[INFO] [stderr]   | ^^^^^^^^^^^^^^^^^^^^ `{integer}` is not an iterator
[INFO] [stderr]   |
[INFO] [stderr]   = help: the trait `Iterator` is not implemented for `{integer}`, which is required by `{integer}: IntoIterator`
[INFO] [stderr]   = note: required for `{integer}` to implement `IntoIterator`
[INFO] [stderr]   = note: this error originates in the attribute macro `test_casing` (in Nightly builds, run with -Z macro-backtrace for more info)
[INFO] [stderr] ┈┈┈┈┈┈┈┈┈┈┈┈┈┈┈┈┈┈┈┈┈┈┈┈┈┈┈┈┈┈┈┈┈┈┈┈┈┈┈┈┈┈┈┈┈┈┈┈┈┈┈┈┈┈┈┈┈┈┈┈
[INFO] [stderr] note: If the actual output is the correct output you can bless it by rerunning
[INFO] [stderr]       your test with the environment variable TRYBUILD=overwrite
[INFO] [stderr] 
[INFO] [stderr] test tests/ui/invalid_mapping.rs ... ok
[INFO] [stderr] test tests/ui/unsupported_item.rs ... ok
[INFO] [stderr] 
[INFO] [stderr] 
[INFO] [stdout] test ui ... FAILED
[INFO] [stdout] 
[INFO] [stdout] failures:
[INFO] [stdout] 
[INFO] [stdout] ---- ui stdout ----
[INFO] [stdout] thread 'ui' panicked at /opt/rustwide/cargo-home/registry/src/index.crates.io-6f17d22bba15001f/trybuild-1.0.101/src/run.rs:101:13:
[INFO] [stdout] 1 of 7 tests failed
[INFO] [stdout] stack backtrace:
[INFO] [stdout]    0:     0x5d06a32eba6a - std::backtrace_rs::backtrace::libunwind::trace::h5a5b8284f2d0c266
[INFO] [stdout]                                at /rustc/90b35a6239c3d8bdabc530a6a0816f7ff89a0aaf/library/std/src/../../backtrace/src/backtrace/libunwind.rs:116:5
[INFO] [stdout]    1:     0x5d06a32eba6a - std::backtrace_rs::backtrace::trace_unsynchronized::h76d4f1c9b0b875e3
[INFO] [stdout]                                at /rustc/90b35a6239c3d8bdabc530a6a0816f7ff89a0aaf/library/std/src/../../backtrace/src/backtrace/mod.rs:66:5
[INFO] [stdout]    2:     0x5d06a32eba6a - std::sys::backtrace::_print_fmt::hc4546b8364a537c6
[INFO] [stdout]                                at /rustc/90b35a6239c3d8bdabc530a6a0816f7ff89a0aaf/library/std/src/sys/backtrace.rs:66:9
[INFO] [stdout]    3:     0x5d06a32eba6a - <std::sys::backtrace::BacktraceLock::print::DisplayBacktrace as core::fmt::Display>::fmt::h5b6bd5631a6d1f6b
[INFO] [stdout]                                at /rustc/90b35a6239c3d8bdabc530a6a0816f7ff89a0aaf/library/std/src/sys/backtrace.rs:39:26
[INFO] [stdout]    4:     0x5d06a3314673 - core::fmt::rt::Argument::fmt::h270f6602a2b96f62
[INFO] [stdout]                                at /rustc/90b35a6239c3d8bdabc530a6a0816f7ff89a0aaf/library/core/src/fmt/rt.rs:177:76
[INFO] [stdout]    5:     0x5d06a3314673 - core::fmt::write::h7550c97b06c86515
[INFO] [stdout]                                at /rustc/90b35a6239c3d8bdabc530a6a0816f7ff89a0aaf/library/core/src/fmt/mod.rs:1186:21
[INFO] [stdout]    6:     0x5d06a32e8143 - std::io::Write::write_fmt::h509ff860e5956e5e
[INFO] [stdout]                                at /rustc/90b35a6239c3d8bdabc530a6a0816f7ff89a0aaf/library/std/src/io/mod.rs:1839:15
[INFO] [stdout]    7:     0x5d06a32eb8b2 - std::sys::backtrace::BacktraceLock::print::h2395ccd2c84ba3aa
[INFO] [stdout]                                at /rustc/90b35a6239c3d8bdabc530a6a0816f7ff89a0aaf/library/std/src/sys/backtrace.rs:42:9
[INFO] [stdout]    8:     0x5d06a32ed4ca - std::panicking::default_hook::{{closure}}::he19d4c7230e07961
[INFO] [stdout]                                at /rustc/90b35a6239c3d8bdabc530a6a0816f7ff89a0aaf/library/std/src/panicking.rs:268:22
[INFO] [stdout]    9:     0x5d06a32ed2d4 - std::panicking::default_hook::hf614597d3c67bbdb
[INFO] [stdout]                                at /rustc/90b35a6239c3d8bdabc530a6a0816f7ff89a0aaf/library/std/src/panicking.rs:292:9
[INFO] [stdout]   10:     0x5d06a32b5bf9 - <alloc::boxed::Box<F,A> as core::ops::function::Fn<Args>>::call::h39b51ce4599c23d1
[INFO] [stdout]                                at /rustc/90b35a6239c3d8bdabc530a6a0816f7ff89a0aaf/library/alloc/src/boxed.rs:2468:9
[INFO] [stdout]   11:     0x5d06a32b5bf9 - test::test_main::{{closure}}::he977ae839a582784
[INFO] [stdout]                                at /rustc/90b35a6239c3d8bdabc530a6a0816f7ff89a0aaf/library/test/src/lib.rs:133:21
[INFO] [stdout]   12:     0x5d06a32edb68 - <alloc::boxed::Box<F,A> as core::ops::function::Fn<Args>>::call::h9455091b6b06f9fb
[INFO] [stdout]                                at /rustc/90b35a6239c3d8bdabc530a6a0816f7ff89a0aaf/library/alloc/src/boxed.rs:2468:9
[INFO] [stdout]   13:     0x5d06a32edb68 - std::panicking::rust_panic_with_hook::h8942133a8b252070
[INFO] [stdout]                                at /rustc/90b35a6239c3d8bdabc530a6a0816f7ff89a0aaf/library/std/src/panicking.rs:809:13
[INFO] [stdout]   14:     0x5d06a32ed92a - std::panicking::begin_panic_handler::{{closure}}::hb5f5963570096b29
[INFO] [stdout]                                at /rustc/90b35a6239c3d8bdabc530a6a0816f7ff89a0aaf/library/std/src/panicking.rs:674:13
[INFO] [stdout]   15:     0x5d06a32ebf49 - std::sys::backtrace::__rust_end_short_backtrace::h6208cedc1922feda
[INFO] [stdout]                                at /rustc/90b35a6239c3d8bdabc530a6a0816f7ff89a0aaf/library/std/src/sys/backtrace.rs:170:18
[INFO] [stdout]   16:     0x5d06a32ed5bc - rust_begin_unwind
[INFO] [stdout]                                at /rustc/90b35a6239c3d8bdabc530a6a0816f7ff89a0aaf/library/std/src/panicking.rs:665:5
[INFO] [stdout]   17:     0x5d06a2fc8210 - core::panicking::panic_fmt::h0c3082644d1bf418
[INFO] [stdout]                                at /rustc/90b35a6239c3d8bdabc530a6a0816f7ff89a0aaf/library/core/src/panicking.rs:74:14
[INFO] [stdout]   18:     0x5d06a2fd61bf - trybuild::run::<impl trybuild::Runner>::run::h394fc962f01d3cc0
[INFO] [stdout]                                at /opt/rustwide/cargo-home/registry/src/index.crates.io-6f17d22bba15001f/trybuild-1.0.101/src/run.rs:101:13
[INFO] [stdout]   19:     0x5d06a2fdb6c8 - <trybuild::TestCases as core::ops::drop::Drop>::drop::h602bba3a1e4c8a6b
[INFO] [stdout]                                at /opt/rustwide/cargo-home/registry/src/index.crates.io-6f17d22bba15001f/trybuild-1.0.101/src/lib.rs:340:13
[INFO] [stdout]   20:     0x5d06a2fc8e57 - core::ptr::drop_in_place<trybuild::TestCases>::h9790b2445d280bd7
[INFO] [stdout]                                at /rustc/90b35a6239c3d8bdabc530a6a0816f7ff89a0aaf/library/core/src/ptr/mod.rs:574:1
[INFO] [stdout]   21:     0x5d06a2fc9593 - ui::ui::h94d0bb2764fad51c
[INFO] [stdout]                                at /opt/rustwide/workdir/tests/ui.rs:7:1
[INFO] [stdout]   22:     0x5d06a2fc9527 - ui::ui::{{closure}}::h8ff9bf8a346dbcea
[INFO] [stdout]                                at /opt/rustwide/workdir/tests/ui.rs:4:8
[INFO] [stdout]   23:     0x5d06a2fc8e06 - core::ops::function::FnOnce::call_once::hb63e36635ab6aa72
[INFO] [stdout]                                at /rustc/90b35a6239c3d8bdabc530a6a0816f7ff89a0aaf/library/core/src/ops/function.rs:250:5
[INFO] [stdout]   24:     0x5d06a32ba5bb - core::ops::function::FnOnce::call_once::h109cf8051a59b34e
[INFO] [stdout]                                at /rustc/90b35a6239c3d8bdabc530a6a0816f7ff89a0aaf/library/core/src/ops/function.rs:250:5
[INFO] [stdout]   25:     0x5d06a32ba5bb - test::__rust_begin_short_backtrace::hf4fff89d377446ba
[INFO] [stdout]                                at /rustc/90b35a6239c3d8bdabc530a6a0816f7ff89a0aaf/library/test/src/lib.rs:621:18
[INFO] [stdout]   26:     0x5d06a32b9df7 - test::run_test_in_process::{{closure}}::h0e39181dd7ee5a43
[INFO] [stdout]                                at /rustc/90b35a6239c3d8bdabc530a6a0816f7ff89a0aaf/library/test/src/lib.rs:644:60
[INFO] [stdout]   27:     0x5d06a32b9df7 - <core::panic::unwind_safe::AssertUnwindSafe<F> as core::ops::function::FnOnce<()>>::call_once::hc5a66a30f0bdfd1f
[INFO] [stdout]                                at /rustc/90b35a6239c3d8bdabc530a6a0816f7ff89a0aaf/library/core/src/panic/unwind_safe.rs:272:9
[INFO] [stdout]   28:     0x5d06a32b9df7 - std::panicking::try::do_call::h873b7cf639554a5e
[INFO] [stdout]                                at /rustc/90b35a6239c3d8bdabc530a6a0816f7ff89a0aaf/library/std/src/panicking.rs:557:40
[INFO] [stdout]   29:     0x5d06a32b9df7 - std::panicking::try::hdb19862fad9c8bd1
[INFO] [stdout]                                at /rustc/90b35a6239c3d8bdabc530a6a0816f7ff89a0aaf/library/std/src/panicking.rs:520:19
[INFO] [stdout]   30:     0x5d06a32b9df7 - std::panic::catch_unwind::h281fe732d236d260
[INFO] [stdout]                                at /rustc/90b35a6239c3d8bdabc530a6a0816f7ff89a0aaf/library/std/src/panic.rs:358:14
[INFO] [stdout]   31:     0x5d06a32b9df7 - test::run_test_in_process::h949b6df8457ed338
[INFO] [stdout]                                at /rustc/90b35a6239c3d8bdabc530a6a0816f7ff89a0aaf/library/test/src/lib.rs:644:27
[INFO] [stdout]   32:     0x5d06a32b9df7 - test::run_test::{{closure}}::h52c556a6d4740e10
[INFO] [stdout]                                at /rustc/90b35a6239c3d8bdabc530a6a0816f7ff89a0aaf/library/test/src/lib.rs:565:43
[INFO] [stdout]   33:     0x5d06a327f0d4 - test::run_test::{{closure}}::h4237f6381c45ccb9
[INFO] [stdout]                                at /rustc/90b35a6239c3d8bdabc530a6a0816f7ff89a0aaf/library/test/src/lib.rs:595:41
[INFO] [stdout]   34:     0x5d06a327f0d4 - std::sys::backtrace::__rust_begin_short_backtrace::h505c97a579eca628
[INFO] [stdout]                                at /rustc/90b35a6239c3d8bdabc530a6a0816f7ff89a0aaf/library/std/src/sys/backtrace.rs:154:18
[INFO] [stdout]   35:     0x5d06a328279e - std::thread::Builder::spawn_unchecked_::{{closure}}::{{closure}}::h9e86b2e2bc107ea3
[INFO] [stdout]                                at /rustc/90b35a6239c3d8bdabc530a6a0816f7ff89a0aaf/library/std/src/thread/mod.rs:538:17
[INFO] [stdout]   36:     0x5d06a328279e - <core::panic::unwind_safe::AssertUnwindSafe<F> as core::ops::function::FnOnce<()>>::call_once::h8b06ddb275ff4a25
[INFO] [stdout]                                at /rustc/90b35a6239c3d8bdabc530a6a0816f7ff89a0aaf/library/core/src/panic/unwind_safe.rs:272:9
[INFO] [stdout]   37:     0x5d06a328279e - std::panicking::try::do_call::hb26ecd7cd9a9355d
[INFO] [stdout]                                at /rustc/90b35a6239c3d8bdabc530a6a0816f7ff89a0aaf/library/std/src/panicking.rs:557:40
[INFO] [stdout]   38:     0x5d06a328279e - std::panicking::try::h8ddeca9d705f9069
[INFO] [stdout]                                at /rustc/90b35a6239c3d8bdabc530a6a0816f7ff89a0aaf/library/std/src/panicking.rs:520:19
[INFO] [stdout]   39:     0x5d06a328279e - std::panic::catch_unwind::h49e1c33078844c46
[INFO] [stdout]                                at /rustc/90b35a6239c3d8bdabc530a6a0816f7ff89a0aaf/library/std/src/panic.rs:358:14
[INFO] [stdout]   40:     0x5d06a328279e - std::thread::Builder::spawn_unchecked_::{{closure}}::h6073db6ff56ad35d
[INFO] [stdout]                                at /rustc/90b35a6239c3d8bdabc530a6a0816f7ff89a0aaf/library/std/src/thread/mod.rs:537:30
[INFO] [stdout]   41:     0x5d06a328279e - core::ops::function::FnOnce::call_once{{vtable.shim}}::h2c5a5f3779c774f1
[INFO] [stdout]                                at /rustc/90b35a6239c3d8bdabc530a6a0816f7ff89a0aaf/library/core/src/ops/function.rs:250:5
[INFO] [stdout]   42:     0x5d06a32f285b - <alloc::boxed::Box<F,A> as core::ops::function::FnOnce<Args>>::call_once::hf75717d9f28faebf
[INFO] [stdout]                                at /rustc/90b35a6239c3d8bdabc530a6a0816f7ff89a0aaf/library/alloc/src/boxed.rs:2454:9
[INFO] [stdout]   43:     0x5d06a32f285b - <alloc::boxed::Box<F,A> as core::ops::function::FnOnce<Args>>::call_once::h7bd883a5f3c5f3c1
[INFO] [stdout]                                at /rustc/90b35a6239c3d8bdabc530a6a0816f7ff89a0aaf/library/alloc/src/boxed.rs:2454:9
[INFO] [stdout]   44:     0x5d06a32f285b - std::sys::pal::unix::thread::Thread::new::thread_start::hcc78f3943333fa94
[INFO] [stdout]                                at /rustc/90b35a6239c3d8bdabc530a6a0816f7ff89a0aaf/library/std/src/sys/pal/unix/thread.rs:105:17
[INFO] [stdout]   45:     0x76a13e106ac3 - <unknown>
[INFO] [stdout]   46:     0x76a13e197a04 - clone
[INFO] [stdout]   47:                0x0 - <unknown>
[INFO] [stdout] 
[INFO] [stdout] 
[INFO] [stdout] failures:
[INFO] [stdout]     ui
[INFO] [stdout] 
[INFO] [stdout] test result: FAILED. 0 passed; 1 failed; 0 ignored; 0 measured; 0 filtered out; finished in 37.44s
[INFO] [stdout] 
[INFO] [stderr] error: test failed, to rerun pass `--test ui`
[INFO] running `Command { std: "docker" "inspect" "927ec4ea7c8941a5b2a0cadaef3f99fd7ee31ea6be19da9653bd662f63b47829", kill_on_drop: false }`
[INFO] running `Command { std: "docker" "rm" "-f" "927ec4ea7c8941a5b2a0cadaef3f99fd7ee31ea6be19da9653bd662f63b47829", kill_on_drop: false }`
[INFO] [stdout] 927ec4ea7c8941a5b2a0cadaef3f99fd7ee31ea6be19da9653bd662f63b47829
