[INFO] fetching crate termpause 0.1.0...
[INFO] testing termpause-0.1.0 against beta-2024-12-08 for beta-1.84.0-4-retry
[INFO] extracting crate termpause 0.1.0 into /workspace/builds/worker-0-tc2/source
[INFO] validating manifest of crates.io crate termpause 0.1.0 on toolchain beta-2024-12-08
[INFO] running `Command { std: CARGO_HOME="/workspace/cargo-home" RUSTUP_HOME="/workspace/rustup-home" "/workspace/cargo-home/bin/cargo" "+beta-2024-12-08" "metadata" "--manifest-path" "Cargo.toml" "--no-deps", kill_on_drop: false }`
[INFO] started tweaking crates.io crate termpause 0.1.0
[INFO] finished tweaking crates.io crate termpause 0.1.0
[INFO] tweaked toml for crates.io crate termpause 0.1.0 written to /workspace/builds/worker-0-tc2/source/Cargo.toml
[INFO] crate crates.io crate termpause 0.1.0 already has a lockfile, it will not be regenerated
[INFO] running `Command { std: CARGO_HOME="/workspace/cargo-home" RUSTUP_HOME="/workspace/rustup-home" "/workspace/cargo-home/bin/cargo" "+beta-2024-12-08" "fetch" "--manifest-path" "Cargo.toml", kill_on_drop: false }`
[INFO] running `Command { std: "docker" "create" "-v" "/var/lib/crater-agent-workspace/builds/worker-0-tc2/target:/opt/rustwide/target:rw,Z" "-v" "/var/lib/crater-agent-workspace/builds/worker-0-tc2/source:/opt/rustwide/workdir:ro,Z" "-v" "/var/lib/crater-agent-workspace/cargo-home:/opt/rustwide/cargo-home:ro,Z" "-v" "/var/lib/crater-agent-workspace/rustup-home:/opt/rustwide/rustup-home:ro,Z" "-e" "SOURCE_DIR=/opt/rustwide/workdir" "-e" "CARGO_TARGET_DIR=/opt/rustwide/target" "-e" "CARGO_HOME=/opt/rustwide/cargo-home" "-e" "RUSTUP_HOME=/opt/rustwide/rustup-home" "-w" "/opt/rustwide/workdir" "-m" "1610612736" "--user" "0:0" "--network" "none" "ghcr.io/rust-lang/crates-build-env/linux@sha256:f3a9d4ad9d972b27faf3965f35b62e55ba32bbce8f20bc8fe909558a86702fde" "/opt/rustwide/cargo-home/bin/cargo" "+beta-2024-12-08" "metadata" "--no-deps" "--format-version=1", kill_on_drop: false }`
[INFO] [stdout] 357e68dbf5721e09685854753aa0cb877e97f447b195d42ee4c42c6dce52584b
[INFO] running `Command { std: "docker" "start" "-a" "357e68dbf5721e09685854753aa0cb877e97f447b195d42ee4c42c6dce52584b", kill_on_drop: false }`
[INFO] running `Command { std: "docker" "inspect" "357e68dbf5721e09685854753aa0cb877e97f447b195d42ee4c42c6dce52584b", kill_on_drop: false }`
[INFO] running `Command { std: "docker" "rm" "-f" "357e68dbf5721e09685854753aa0cb877e97f447b195d42ee4c42c6dce52584b", kill_on_drop: false }`
[INFO] [stdout] 357e68dbf5721e09685854753aa0cb877e97f447b195d42ee4c42c6dce52584b
[INFO] running `Command { std: "docker" "create" "-v" "/var/lib/crater-agent-workspace/builds/worker-0-tc2/target:/opt/rustwide/target:rw,Z" "-v" "/var/lib/crater-agent-workspace/builds/worker-0-tc2/source:/opt/rustwide/workdir:ro,Z" "-v" "/var/lib/crater-agent-workspace/cargo-home:/opt/rustwide/cargo-home:ro,Z" "-v" "/var/lib/crater-agent-workspace/rustup-home:/opt/rustwide/rustup-home:ro,Z" "-e" "SOURCE_DIR=/opt/rustwide/workdir" "-e" "CARGO_TARGET_DIR=/opt/rustwide/target" "-e" "CARGO_INCREMENTAL=0" "-e" "RUST_BACKTRACE=full" "-e" "RUSTFLAGS=--cap-lints=warn" "-e" "RUSTDOCFLAGS=--cap-lints=warn" "-e" "CARGO_HOME=/opt/rustwide/cargo-home" "-e" "RUSTUP_HOME=/opt/rustwide/rustup-home" "-w" "/opt/rustwide/workdir" "-m" "1610612736" "--user" "0:0" "--network" "none" "ghcr.io/rust-lang/crates-build-env/linux@sha256:f3a9d4ad9d972b27faf3965f35b62e55ba32bbce8f20bc8fe909558a86702fde" "/opt/rustwide/cargo-home/bin/cargo" "+beta-2024-12-08" "build" "--frozen" "--message-format=json", kill_on_drop: false }`
[INFO] [stdout] 6f2476f7ae7966d0fc11e563d4884df65357ffc40c76d223b1ed587e0274aa46
[INFO] running `Command { std: "docker" "start" "-a" "6f2476f7ae7966d0fc11e563d4884df65357ffc40c76d223b1ed587e0274aa46", kill_on_drop: false }`
[INFO] [stderr]    Compiling termpause v0.1.0 (/opt/rustwide/workdir)
[INFO] [stdout] warning: unused import: `termpause::termpause::pause`
[INFO] [stdout]  --> src/main.rs:1:5
[INFO] [stdout]   |
[INFO] [stdout] 1 | use termpause::termpause::pause;
[INFO] [stdout]   |     ^^^^^^^^^^^^^^^^^^^^^^^^^^^
[INFO] [stdout]   |
[INFO] [stdout]   = note: `#[warn(unused_imports)]` on by default
[INFO] [stdout] 
[INFO] [stdout] 
[INFO] [stderr]     Finished `dev` profile [unoptimized + debuginfo] target(s) in 0.70s
[INFO] running `Command { std: "docker" "inspect" "6f2476f7ae7966d0fc11e563d4884df65357ffc40c76d223b1ed587e0274aa46", kill_on_drop: false }`
[INFO] running `Command { std: "docker" "rm" "-f" "6f2476f7ae7966d0fc11e563d4884df65357ffc40c76d223b1ed587e0274aa46", kill_on_drop: false }`
[INFO] [stdout] 6f2476f7ae7966d0fc11e563d4884df65357ffc40c76d223b1ed587e0274aa46
[INFO] running `Command { std: "docker" "create" "-v" "/var/lib/crater-agent-workspace/builds/worker-0-tc2/target:/opt/rustwide/target:rw,Z" "-v" "/var/lib/crater-agent-workspace/builds/worker-0-tc2/source:/opt/rustwide/workdir:ro,Z" "-v" "/var/lib/crater-agent-workspace/cargo-home:/opt/rustwide/cargo-home:ro,Z" "-v" "/var/lib/crater-agent-workspace/rustup-home:/opt/rustwide/rustup-home:ro,Z" "-e" "SOURCE_DIR=/opt/rustwide/workdir" "-e" "CARGO_TARGET_DIR=/opt/rustwide/target" "-e" "CARGO_INCREMENTAL=0" "-e" "RUST_BACKTRACE=full" "-e" "RUSTFLAGS=--cap-lints=warn" "-e" "RUSTDOCFLAGS=--cap-lints=warn" "-e" "CARGO_HOME=/opt/rustwide/cargo-home" "-e" "RUSTUP_HOME=/opt/rustwide/rustup-home" "-w" "/opt/rustwide/workdir" "-m" "1610612736" "--user" "0:0" "--network" "none" "ghcr.io/rust-lang/crates-build-env/linux@sha256:f3a9d4ad9d972b27faf3965f35b62e55ba32bbce8f20bc8fe909558a86702fde" "/opt/rustwide/cargo-home/bin/cargo" "+beta-2024-12-08" "test" "--frozen" "--no-run" "--message-format=json", kill_on_drop: false }`
[INFO] [stdout] fc97698701395eb74b1d2dd0a1b7c209e6d5ae14a16f35d8158f83509faa0b65
[INFO] running `Command { std: "docker" "start" "-a" "fc97698701395eb74b1d2dd0a1b7c209e6d5ae14a16f35d8158f83509faa0b65", kill_on_drop: false }`
[INFO] [stderr]    Compiling termpause v0.1.0 (/opt/rustwide/workdir)
[INFO] [stdout] warning: unused import: `termpause::termpause::pause`
[INFO] [stdout]  --> src/main.rs:1:5
[INFO] [stdout]   |
[INFO] [stdout] 1 | use termpause::termpause::pause;
[INFO] [stdout]   |     ^^^^^^^^^^^^^^^^^^^^^^^^^^^
[INFO] [stdout]   |
[INFO] [stdout]   = note: `#[warn(unused_imports)]` on by default
[INFO] [stdout] 
[INFO] [stdout] 
[INFO] [stderr]     Finished `test` profile [unoptimized + debuginfo] target(s) in 0.55s
[INFO] running `Command { std: "docker" "inspect" "fc97698701395eb74b1d2dd0a1b7c209e6d5ae14a16f35d8158f83509faa0b65", kill_on_drop: false }`
[INFO] running `Command { std: "docker" "rm" "-f" "fc97698701395eb74b1d2dd0a1b7c209e6d5ae14a16f35d8158f83509faa0b65", kill_on_drop: false }`
[INFO] [stdout] fc97698701395eb74b1d2dd0a1b7c209e6d5ae14a16f35d8158f83509faa0b65
[INFO] running `Command { std: "docker" "create" "-v" "/var/lib/crater-agent-workspace/builds/worker-0-tc2/target:/opt/rustwide/target:rw,Z" "-v" "/var/lib/crater-agent-workspace/builds/worker-0-tc2/source:/opt/rustwide/workdir:ro,Z" "-v" "/var/lib/crater-agent-workspace/cargo-home:/opt/rustwide/cargo-home:ro,Z" "-v" "/var/lib/crater-agent-workspace/rustup-home:/opt/rustwide/rustup-home:ro,Z" "-e" "SOURCE_DIR=/opt/rustwide/workdir" "-e" "CARGO_TARGET_DIR=/opt/rustwide/target" "-e" "CARGO_INCREMENTAL=0" "-e" "RUST_BACKTRACE=full" "-e" "RUSTFLAGS=--cap-lints=warn" "-e" "RUSTDOCFLAGS=--cap-lints=warn" "-e" "CARGO_HOME=/opt/rustwide/cargo-home" "-e" "RUSTUP_HOME=/opt/rustwide/rustup-home" "-w" "/opt/rustwide/workdir" "-m" "1610612736" "--user" "0:0" "--network" "none" "ghcr.io/rust-lang/crates-build-env/linux@sha256:f3a9d4ad9d972b27faf3965f35b62e55ba32bbce8f20bc8fe909558a86702fde" "/opt/rustwide/cargo-home/bin/cargo" "+beta-2024-12-08" "test" "--frozen", kill_on_drop: false }`
[INFO] [stdout] 7395aaef6963fa56ea6f1a54aac7743123c8d9292a0eefbf9046de75260d6dd5
[INFO] running `Command { std: "docker" "start" "-a" "7395aaef6963fa56ea6f1a54aac7743123c8d9292a0eefbf9046de75260d6dd5", kill_on_drop: false }`
[INFO] [stderr] warning: unused import: `termpause::termpause::pause`
[INFO] [stderr]  --> src/main.rs:1:5
[INFO] [stderr]   |
[INFO] [stderr] 1 | use termpause::termpause::pause;
[INFO] [stderr]   |     ^^^^^^^^^^^^^^^^^^^^^^^^^^^
[INFO] [stderr]   |
[INFO] [stderr]   = note: `#[warn(unused_imports)]` on by default
[INFO] [stderr] 
[INFO] [stdout] 
[INFO] [stderr] warning: `termpause` (bin "termpause" test) generated 1 warning (run `cargo fix --bin "termpause" --tests` to apply 1 suggestion)
[INFO] [stdout] running 0 tests
[INFO] [stderr]     Finished `test` profile [unoptimized + debuginfo] target(s) in 0.02s
[INFO] [stdout] 
[INFO] [stderr]      Running unittests src/lib.rs (/opt/rustwide/target/debug/deps/termpause-f72548bd0e63d06f)
[INFO] [stdout] test result: ok. 0 passed; 0 failed; 0 ignored; 0 measured; 0 filtered out; finished in 0.00s
[INFO] [stderr]      Running unittests src/main.rs (/opt/rustwide/target/debug/deps/termpause-e902b9aaf7f23058)
[INFO] [stdout] 
[INFO] [stdout] 
[INFO] [stdout] running 0 tests
[INFO] [stderr]    Doc-tests termpause
[INFO] [stdout] 
[INFO] [stdout] test result: ok. 0 passed; 0 failed; 0 ignored; 0 measured; 0 filtered out; finished in 0.00s
[INFO] [stdout] 
[INFO] [stdout] 
[INFO] [stdout] running 1 test
[INFO] [stdout] test src/lib.rs - termpause (line 7) ... FAILED
[INFO] [stdout] 
[INFO] [stdout] failures:
[INFO] [stdout] 
[INFO] [stdout] ---- src/lib.rs - termpause (line 7) stdout ----
[INFO] [stdout] error[E0425]: cannot find function `pause` in crate `termpause`
[INFO] [stdout]  --> src/lib.rs:11:16
[INFO] [stdout]   |
[INFO] [stdout] 6 |     termpause::pause();
[INFO] [stdout]   |                ^^^^^ not found in `termpause`
[INFO] [stdout]   |
[INFO] [stdout] help: consider importing this function
[INFO] [stdout]   |
[INFO] [stdout] 2 + use termpause::termpause::pause;
[INFO] [stdout]   |
[INFO] [stdout] help: if you import `pause`, refer to it directly
[INFO] [stdout]   |
[INFO] [stdout] 6 -     termpause::pause();
[INFO] [stdout] 6 +     pause();
[INFO] [stdout]   |
[INFO] [stdout] 
[INFO] [stdout] error: aborting due to 1 previous error
[INFO] [stdout] 
[INFO] [stdout] For more information about this error, try `rustc --explain E0425`.
[INFO] [stdout] Couldn't compile the test.
[INFO] [stdout] 
[INFO] [stdout] failures:
[INFO] [stdout]     src/lib.rs - termpause (line 7)
[INFO] [stdout] 
[INFO] [stdout] test result: FAILED. 0 passed; 1 failed; 0 ignored; 0 measured; 0 filtered out; finished in 0.07s
[INFO] [stdout] 
[INFO] [stderr] error: doctest failed, to rerun pass `--doc`
[INFO] running `Command { std: "docker" "inspect" "7395aaef6963fa56ea6f1a54aac7743123c8d9292a0eefbf9046de75260d6dd5", kill_on_drop: false }`
[INFO] running `Command { std: "docker" "rm" "-f" "7395aaef6963fa56ea6f1a54aac7743123c8d9292a0eefbf9046de75260d6dd5", kill_on_drop: false }`
[INFO] [stdout] 7395aaef6963fa56ea6f1a54aac7743123c8d9292a0eefbf9046de75260d6dd5
