[INFO] fetching crate termenu 2.3.0...
[INFO] testing termenu-2.3.0 against 1.83.0 for beta-1.84.0-4-retry
[INFO] extracting crate termenu 2.3.0 into /workspace/builds/worker-2-tc1/source
[INFO] validating manifest of crates.io crate termenu 2.3.0 on toolchain 1.83.0
[INFO] running `Command { std: CARGO_HOME="/workspace/cargo-home" RUSTUP_HOME="/workspace/rustup-home" "/workspace/cargo-home/bin/cargo" "+1.83.0" "metadata" "--manifest-path" "Cargo.toml" "--no-deps", kill_on_drop: false }`
[INFO] started tweaking crates.io crate termenu 2.3.0
[INFO] removed 0 missing examples
[INFO] finished tweaking crates.io crate termenu 2.3.0
[INFO] tweaked toml for crates.io crate termenu 2.3.0 written to /workspace/builds/worker-2-tc1/source/Cargo.toml
[INFO] crate crates.io crate termenu 2.3.0 already has a lockfile, it will not be regenerated
[INFO] running `Command { std: CARGO_HOME="/workspace/cargo-home" RUSTUP_HOME="/workspace/rustup-home" "/workspace/cargo-home/bin/cargo" "+1.83.0" "fetch" "--manifest-path" "Cargo.toml", kill_on_drop: false }`
[INFO] running `Command { std: "docker" "create" "-v" "/var/lib/crater-agent-workspace/builds/worker-2-tc1/target:/opt/rustwide/target:rw,Z" "-v" "/var/lib/crater-agent-workspace/builds/worker-2-tc1/source:/opt/rustwide/workdir:ro,Z" "-v" "/var/lib/crater-agent-workspace/cargo-home:/opt/rustwide/cargo-home:ro,Z" "-v" "/var/lib/crater-agent-workspace/rustup-home:/opt/rustwide/rustup-home:ro,Z" "-e" "SOURCE_DIR=/opt/rustwide/workdir" "-e" "CARGO_TARGET_DIR=/opt/rustwide/target" "-e" "CARGO_HOME=/opt/rustwide/cargo-home" "-e" "RUSTUP_HOME=/opt/rustwide/rustup-home" "-w" "/opt/rustwide/workdir" "-m" "1610612736" "--user" "0:0" "--network" "none" "ghcr.io/rust-lang/crates-build-env/linux@sha256:f3a9d4ad9d972b27faf3965f35b62e55ba32bbce8f20bc8fe909558a86702fde" "/opt/rustwide/cargo-home/bin/cargo" "+1.83.0" "metadata" "--no-deps" "--format-version=1", kill_on_drop: false }`
[INFO] [stdout] ebf6e3c55bb9169a9123b0b2671759b95fb6e1cda3d4529b7a84a63125e021f3
[INFO] running `Command { std: "docker" "start" "-a" "ebf6e3c55bb9169a9123b0b2671759b95fb6e1cda3d4529b7a84a63125e021f3", kill_on_drop: false }`
[INFO] running `Command { std: "docker" "inspect" "ebf6e3c55bb9169a9123b0b2671759b95fb6e1cda3d4529b7a84a63125e021f3", kill_on_drop: false }`
[INFO] running `Command { std: "docker" "rm" "-f" "ebf6e3c55bb9169a9123b0b2671759b95fb6e1cda3d4529b7a84a63125e021f3", kill_on_drop: false }`
[INFO] [stdout] ebf6e3c55bb9169a9123b0b2671759b95fb6e1cda3d4529b7a84a63125e021f3
[INFO] running `Command { std: "docker" "create" "-v" "/var/lib/crater-agent-workspace/builds/worker-2-tc1/target:/opt/rustwide/target:rw,Z" "-v" "/var/lib/crater-agent-workspace/builds/worker-2-tc1/source:/opt/rustwide/workdir:ro,Z" "-v" "/var/lib/crater-agent-workspace/cargo-home:/opt/rustwide/cargo-home:ro,Z" "-v" "/var/lib/crater-agent-workspace/rustup-home:/opt/rustwide/rustup-home:ro,Z" "-e" "SOURCE_DIR=/opt/rustwide/workdir" "-e" "CARGO_TARGET_DIR=/opt/rustwide/target" "-e" "CARGO_INCREMENTAL=0" "-e" "RUST_BACKTRACE=full" "-e" "RUSTFLAGS=--cap-lints=warn" "-e" "RUSTDOCFLAGS=--cap-lints=warn" "-e" "CARGO_HOME=/opt/rustwide/cargo-home" "-e" "RUSTUP_HOME=/opt/rustwide/rustup-home" "-w" "/opt/rustwide/workdir" "-m" "1610612736" "--user" "0:0" "--network" "none" "ghcr.io/rust-lang/crates-build-env/linux@sha256:f3a9d4ad9d972b27faf3965f35b62e55ba32bbce8f20bc8fe909558a86702fde" "/opt/rustwide/cargo-home/bin/cargo" "+1.83.0" "build" "--frozen" "--message-format=json", kill_on_drop: false }`
[INFO] [stdout] 4433d6b032dcfd509d8d2d7cc0cef47678285c0952b3454d7642c0b913f22d8a
[INFO] running `Command { std: "docker" "start" "-a" "4433d6b032dcfd509d8d2d7cc0cef47678285c0952b3454d7642c0b913f22d8a", kill_on_drop: false }`
[INFO] [stderr]    Compiling libc v0.2.162
[INFO] [stderr]    Compiling proc-macro2 v1.0.89
[INFO] [stderr]    Compiling unicode-ident v1.0.13
[INFO] [stderr]    Compiling crossbeam-utils v0.8.20
[INFO] [stderr]    Compiling cfg-if v1.0.0
[INFO] [stderr]    Compiling autocfg v1.3.0
[INFO] [stderr]    Compiling parking_lot_core v0.9.10
[INFO] [stderr]    Compiling utf8parse v0.2.2
[INFO] [stderr]    Compiling thiserror v1.0.65
[INFO] [stderr]    Compiling signal-hook v0.3.17
[INFO] [stderr]    Compiling rustix v0.38.37
[INFO] [stderr]    Compiling is_terminal_polyfill v1.70.1
[INFO] [stderr]    Compiling log v0.4.22
[INFO] [stderr]    Compiling scopeguard v1.2.0
[INFO] [stderr]    Compiling colorchoice v1.0.3
[INFO] [stderr]    Compiling anstyle v1.0.10
[INFO] [stderr]    Compiling anstyle-parse v0.2.6
[INFO] [stderr]    Compiling smallvec v1.13.2
[INFO] [stderr]    Compiling rayon-core v1.12.1
[INFO] [stderr]    Compiling anstyle-query v1.1.2
[INFO] [stderr]    Compiling linux-raw-sys v0.4.14
[INFO] [stderr]    Compiling heck v0.5.0
[INFO] [stderr]    Compiling clap_lex v0.7.2
[INFO] [stderr]    Compiling strsim v0.11.1
[INFO] [stderr]    Compiling bitflags v2.6.0
[INFO] [stderr]    Compiling anstream v0.6.18
[INFO] [stderr]    Compiling once_cell v1.19.0
[INFO] [stderr]    Compiling lazy_static v1.5.0
[INFO] [stderr]    Compiling either v1.13.0
[INFO] [stderr]    Compiling lock_api v0.4.12
[INFO] [stderr]    Compiling colored v2.1.0
[INFO] [stderr]    Compiling clap_builder v4.5.20
[INFO] [stderr]    Compiling thread_local v1.1.8
[INFO] [stderr]    Compiling fuzzy-matcher v0.3.7
[INFO] [stderr]    Compiling quote v1.0.37
[INFO] [stderr]    Compiling crossbeam-epoch v0.9.18
[INFO] [stderr]    Compiling syn v2.0.87
[INFO] [stderr]    Compiling crossbeam-deque v0.8.5
[INFO] [stderr]    Compiling signal-hook-registry v1.4.2
[INFO] [stderr]    Compiling mio v1.0.2
[INFO] [stderr]    Compiling num_cpus v1.16.0
[INFO] [stderr]    Compiling parking_lot v0.12.3
[INFO] [stderr]    Compiling signal-hook-mio v0.2.4
[INFO] [stderr]    Compiling rayon v1.10.0
[INFO] [stderr]    Compiling thiserror-impl v1.0.65
[INFO] [stderr]    Compiling clap_derive v4.5.18
[INFO] [stderr]    Compiling filedescriptor v0.8.2
[INFO] [stderr]    Compiling crossterm v0.28.1
[INFO] [stderr]    Compiling clap v4.5.20
[INFO] [stderr]    Compiling termenu v2.3.0 (/opt/rustwide/workdir)
[INFO] [stderr]     Finished `dev` profile [unoptimized + debuginfo] target(s) in 14.54s
[INFO] running `Command { std: "docker" "inspect" "4433d6b032dcfd509d8d2d7cc0cef47678285c0952b3454d7642c0b913f22d8a", kill_on_drop: false }`
[INFO] running `Command { std: "docker" "rm" "-f" "4433d6b032dcfd509d8d2d7cc0cef47678285c0952b3454d7642c0b913f22d8a", kill_on_drop: false }`
[INFO] [stdout] 4433d6b032dcfd509d8d2d7cc0cef47678285c0952b3454d7642c0b913f22d8a
[INFO] running `Command { std: "docker" "create" "-v" "/var/lib/crater-agent-workspace/builds/worker-2-tc1/target:/opt/rustwide/target:rw,Z" "-v" "/var/lib/crater-agent-workspace/builds/worker-2-tc1/source:/opt/rustwide/workdir:ro,Z" "-v" "/var/lib/crater-agent-workspace/cargo-home:/opt/rustwide/cargo-home:ro,Z" "-v" "/var/lib/crater-agent-workspace/rustup-home:/opt/rustwide/rustup-home:ro,Z" "-e" "SOURCE_DIR=/opt/rustwide/workdir" "-e" "CARGO_TARGET_DIR=/opt/rustwide/target" "-e" "CARGO_INCREMENTAL=0" "-e" "RUST_BACKTRACE=full" "-e" "RUSTFLAGS=--cap-lints=warn" "-e" "RUSTDOCFLAGS=--cap-lints=warn" "-e" "CARGO_HOME=/opt/rustwide/cargo-home" "-e" "RUSTUP_HOME=/opt/rustwide/rustup-home" "-w" "/opt/rustwide/workdir" "-m" "1610612736" "--user" "0:0" "--network" "none" "ghcr.io/rust-lang/crates-build-env/linux@sha256:f3a9d4ad9d972b27faf3965f35b62e55ba32bbce8f20bc8fe909558a86702fde" "/opt/rustwide/cargo-home/bin/cargo" "+1.83.0" "test" "--frozen" "--no-run" "--message-format=json", kill_on_drop: false }`
[INFO] [stdout] 1f338fb90229499a6b72b46bb5f0fd641baa2b18305bc26ef1e8b87121f0d79f
[INFO] running `Command { std: "docker" "start" "-a" "1f338fb90229499a6b72b46bb5f0fd641baa2b18305bc26ef1e8b87121f0d79f", kill_on_drop: false }`
[INFO] [stderr]    Compiling termenu v2.3.0 (/opt/rustwide/workdir)
[INFO] [stderr]     Finished `test` profile [unoptimized + debuginfo] target(s) in 2.79s
[INFO] running `Command { std: "docker" "inspect" "1f338fb90229499a6b72b46bb5f0fd641baa2b18305bc26ef1e8b87121f0d79f", kill_on_drop: false }`
[INFO] running `Command { std: "docker" "rm" "-f" "1f338fb90229499a6b72b46bb5f0fd641baa2b18305bc26ef1e8b87121f0d79f", kill_on_drop: false }`
[INFO] [stdout] 1f338fb90229499a6b72b46bb5f0fd641baa2b18305bc26ef1e8b87121f0d79f
[INFO] running `Command { std: "docker" "create" "-v" "/var/lib/crater-agent-workspace/builds/worker-2-tc1/target:/opt/rustwide/target:rw,Z" "-v" "/var/lib/crater-agent-workspace/builds/worker-2-tc1/source:/opt/rustwide/workdir:ro,Z" "-v" "/var/lib/crater-agent-workspace/cargo-home:/opt/rustwide/cargo-home:ro,Z" "-v" "/var/lib/crater-agent-workspace/rustup-home:/opt/rustwide/rustup-home:ro,Z" "-e" "SOURCE_DIR=/opt/rustwide/workdir" "-e" "CARGO_TARGET_DIR=/opt/rustwide/target" "-e" "CARGO_INCREMENTAL=0" "-e" "RUST_BACKTRACE=full" "-e" "RUSTFLAGS=--cap-lints=warn" "-e" "RUSTDOCFLAGS=--cap-lints=warn" "-e" "CARGO_HOME=/opt/rustwide/cargo-home" "-e" "RUSTUP_HOME=/opt/rustwide/rustup-home" "-w" "/opt/rustwide/workdir" "-m" "1610612736" "--user" "0:0" "--network" "none" "ghcr.io/rust-lang/crates-build-env/linux@sha256:f3a9d4ad9d972b27faf3965f35b62e55ba32bbce8f20bc8fe909558a86702fde" "/opt/rustwide/cargo-home/bin/cargo" "+1.83.0" "test" "--frozen", kill_on_drop: false }`
[INFO] [stdout] ed5fb8a950c69999029174ac8511a1308fc5e808091857a2e1d453006f442777
[INFO] running `Command { std: "docker" "start" "-a" "ed5fb8a950c69999029174ac8511a1308fc5e808091857a2e1d453006f442777", kill_on_drop: false }`
[INFO] [stderr]     Finished `test` profile [unoptimized + debuginfo] target(s) in 0.07s
[INFO] [stderr]      Running unittests src/lib.rs (/opt/rustwide/target/debug/deps/termenu-de5227c120e0fc2a)
[INFO] [stdout] 
[INFO] [stderr]      Running unittests src/main.rs (/opt/rustwide/target/debug/deps/termenu-ff504b839985e8aa)
[INFO] [stdout] running 0 tests
[INFO] [stdout] 
[INFO] [stdout] test result: ok. 0 passed; 0 failed; 0 ignored; 0 measured; 0 filtered out; finished in 0.00s
[INFO] [stdout] 
[INFO] [stdout] 
[INFO] [stdout] running 0 tests
[INFO] [stdout] 
[INFO] [stdout] test result: ok. 0 passed; 0 failed; 0 ignored; 0 measured; 0 filtered out; finished in 0.00s
[INFO] [stdout] 
[INFO] [stderr]    Doc-tests termenu
[INFO] [stdout] 
[INFO] [stdout] running 5 tests
[INFO] [stdout] test src/lib.rs - FontStyle (line 137) - compile ... FAILED
[INFO] [stdout] test src/lib.rs - (line 19) - compile ... FAILED
[INFO] [stdout] test src/core.rs - core::Menu<T>::new (line 24) - compile ... FAILED
[INFO] [stdout] test src/lib.rs - FontStyle (line 130) - compile ... FAILED
[INFO] [stdout] test src/lib.rs - FontStyle (line 124) - compile ... FAILED
[INFO] [stdout] 
[INFO] [stdout] failures:
[INFO] [stdout] 
[INFO] [stdout] ---- src/lib.rs - FontStyle (line 137) stdout ----
[INFO] [stdout] error[E0433]: failed to resolve: use of undeclared type `FontStyle`
[INFO] [stdout]  --> src/lib.rs:138:17
[INFO] [stdout]   |
[INFO] [stdout] 3 | let mut style = FontStyle::default();
[INFO] [stdout]   |                 ^^^^^^^^^ use of undeclared type `FontStyle`
[INFO] [stdout]   |
[INFO] [stdout] help: consider importing this struct
[INFO] [stdout]   |
[INFO] [stdout] 2 + use termenu::FontStyle;
[INFO] [stdout]   |
[INFO] [stdout] 
[INFO] [stdout] error: aborting due to 1 previous error
[INFO] [stdout] 
[INFO] [stdout] For more information about this error, try `rustc --explain E0433`.
[INFO] [stdout] Couldn't compile the test.
[INFO] [stdout] ---- src/lib.rs - (line 19) stdout ----
[INFO] [stdout] error[E0433]: failed to resolve: use of undeclared type `Item`
[INFO] [stdout]  --> src/lib.rs:24:19
[INFO] [stdout]   |
[INFO] [stdout] 8 |    item_list.push(Item::new(format!("{}th item", i).as_str(), i));
[INFO] [stdout]   |                   ^^^^ use of undeclared type `Item`
[INFO] [stdout]   |
[INFO] [stdout] help: consider importing this struct
[INFO] [stdout]   |
[INFO] [stdout] 2 + use termenu::Item;
[INFO] [stdout]   |
[INFO] [stdout] 
[INFO] [stdout] error: aborting due to 1 previous error
[INFO] [stdout] 
[INFO] [stdout] For more information about this error, try `rustc --explain E0433`.
[INFO] [stdout] Couldn't compile the test.
[INFO] [stdout] ---- src/core.rs - core::Menu<T>::new (line 24) stdout ----
[INFO] [stdout] error[E0283]: type annotations needed for `Menu<_>`
[INFO] [stdout]   --> src/core.rs:26:5
[INFO] [stdout]    |
[INFO] [stdout] 5  | let mut menu = termenu::Menu::new().unwrap();
[INFO] [stdout]    |     ^^^^^^^^   -------------------- type must be known at this point
[INFO] [stdout]    |
[INFO] [stdout]    = note: cannot satisfy `_: Send`
[INFO] [stdout] note: required by a bound in `termenu::core::<impl Menu<T>>::new`
[INFO] [stdout]   --> /opt/rustwide/workdir/src/core.rs:20:9
[INFO] [stdout]    |
[INFO] [stdout] 20 | impl<T: Send + Sync> Menu<T> {
[INFO] [stdout]    |         ^^^^ required by this bound in `termenu::core::<impl Menu<T>>::new`
[INFO] [stdout] ...
[INFO] [stdout] 27 |     pub fn new() -> io::Result<Menu<T>> {
[INFO] [stdout]    |            --- required by a bound in this associated function
[INFO] [stdout] help: consider giving `menu` an explicit type, where the type for type parameter `T` is specified
[INFO] [stdout]    |
[INFO] [stdout] 5  | let mut menu: Menu<T> = termenu::Menu::new().unwrap();
[INFO] [stdout]    |             +++++++++
[INFO] [stdout] 
[INFO] [stdout] error: aborting due to 1 previous error
[INFO] [stdout] 
[INFO] [stdout] For more information about this error, try `rustc --explain E0283`.
[INFO] [stdout] Couldn't compile the test.
[INFO] [stdout] ---- src/lib.rs - FontStyle (line 130) stdout ----
[INFO] [stdout] error[E0433]: failed to resolve: use of undeclared type `FontStyle`
[INFO] [stdout]  --> src/lib.rs:131:17
[INFO] [stdout]   |
[INFO] [stdout] 3 | let mut style = FontStyle::default();
[INFO] [stdout]   |                 ^^^^^^^^^ use of undeclared type `FontStyle`
[INFO] [stdout]   |
[INFO] [stdout] help: consider importing this struct
[INFO] [stdout]   |
[INFO] [stdout] 2 + use termenu::FontStyle;
[INFO] [stdout]   |
[INFO] [stdout] 
[INFO] [stdout] error[E0433]: failed to resolve: use of undeclared type `Color`
[INFO] [stdout]  --> src/lib.rs:132:20
[INFO] [stdout]   |
[INFO] [stdout] 4 | style.set_fg_color(Color::Red);
[INFO] [stdout]   |                    ^^^^^ use of undeclared type `Color`
[INFO] [stdout]   |
[INFO] [stdout] help: consider importing one of these enums
[INFO] [stdout]   |
[INFO] [stdout] 2 + use clap::builder::styling::Color;
[INFO] [stdout]   |
[INFO] [stdout] 2 + use colored::Color;
[INFO] [stdout]   |
[INFO] [stdout] 2 + use crossterm::style::Color;
[INFO] [stdout]   |
[INFO] [stdout] 
[INFO] [stdout] error[E0433]: failed to resolve: use of undeclared type `Color`
[INFO] [stdout]  --> src/lib.rs:133:20
[INFO] [stdout]   |
[INFO] [stdout] 5 | style.set_bg_color(Color::Blue);
[INFO] [stdout]   |                    ^^^^^ use of undeclared type `Color`
[INFO] [stdout]   |
[INFO] [stdout] help: consider importing one of these enums
[INFO] [stdout]   |
[INFO] [stdout] 2 + use clap::builder::styling::Color;
[INFO] [stdout]   |
[INFO] [stdout] 2 + use colored::Color;
[INFO] [stdout]   |
[INFO] [stdout] 2 + use crossterm::style::Color;
[INFO] [stdout]   |
[INFO] [stdout] 
[INFO] [stdout] error: aborting due to 3 previous errors
[INFO] [stdout] 
[INFO] [stdout] For more information about this error, try `rustc --explain E0433`.
[INFO] [stdout] Couldn't compile the test.
[INFO] [stdout] ---- src/lib.rs - FontStyle (line 124) stdout ----
[INFO] [stdout] error[E0433]: failed to resolve: use of undeclared type `FontStyle`
[INFO] [stdout]  --> src/lib.rs:125:17
[INFO] [stdout]   |
[INFO] [stdout] 3 | let mut style = FontStyle::default();
[INFO] [stdout]   |                 ^^^^^^^^^ use of undeclared type `FontStyle`
[INFO] [stdout]   |
[INFO] [stdout] help: consider importing this struct
[INFO] [stdout]   |
[INFO] [stdout] 2 + use termenu::FontStyle;
[INFO] [stdout]   |
[INFO] [stdout] 
[INFO] [stdout] error[E0433]: failed to resolve: use of undeclared type `FontShape`
[INFO] [stdout]  --> src/lib.rs:126:17
[INFO] [stdout]   |
[INFO] [stdout] 4 | style.set_shape(FontShape::Bold | FontShape::Italic);
[INFO] [stdout]   |                 ^^^^^^^^^ use of undeclared type `FontShape`
[INFO] [stdout]   |
[INFO] [stdout] help: consider importing this enum
[INFO] [stdout]   |
[INFO] [stdout] 2 + use termenu::FontShape;
[INFO] [stdout]   |
[INFO] [stdout] 
[INFO] [stdout] error[E0433]: failed to resolve: use of undeclared type `FontShape`
[INFO] [stdout]  --> src/lib.rs:126:35
[INFO] [stdout]   |
[INFO] [stdout] 4 | style.set_shape(FontShape::Bold | FontShape::Italic);
[INFO] [stdout]   |                                   ^^^^^^^^^ use of undeclared type `FontShape`
[INFO] [stdout]   |
[INFO] [stdout] help: consider importing this enum
[INFO] [stdout]   |
[INFO] [stdout] 2 + use termenu::FontShape;
[INFO] [stdout]   |
[INFO] [stdout] 
[INFO] [stdout] error: aborting due to 3 previous errors
[INFO] [stdout] 
[INFO] [stdout] For more information about this error, try `rustc --explain E0433`.
[INFO] [stdout] Couldn't compile the test.
[INFO] [stdout] 
[INFO] [stdout] failures:
[INFO] [stdout]     src/core.rs - core::Menu<T>::new (line 24)
[INFO] [stdout]     src/lib.rs - (line 19)
[INFO] [stdout]     src/lib.rs - FontStyle (line 124)
[INFO] [stdout]     src/lib.rs - FontStyle (line 130)
[INFO] [stdout]     src/lib.rs - FontStyle (line 137)
[INFO] [stdout] 
[INFO] [stdout] test result: FAILED. 0 passed; 5 failed; 0 ignored; 0 measured; 0 filtered out; finished in 0.19s
[INFO] [stdout] 
[INFO] [stderr] error: doctest failed, to rerun pass `--doc`
[INFO] running `Command { std: "docker" "inspect" "ed5fb8a950c69999029174ac8511a1308fc5e808091857a2e1d453006f442777", kill_on_drop: false }`
[INFO] running `Command { std: "docker" "rm" "-f" "ed5fb8a950c69999029174ac8511a1308fc5e808091857a2e1d453006f442777", kill_on_drop: false }`
[INFO] [stdout] ed5fb8a950c69999029174ac8511a1308fc5e808091857a2e1d453006f442777
