[INFO] fetching crate termcol 0.1.1...
[INFO] testing termcol-0.1.1 against 1.83.0 for beta-1.84.0-4-retry
[INFO] extracting crate termcol 0.1.1 into /workspace/builds/worker-1-tc1/source
[INFO] validating manifest of crates.io crate termcol 0.1.1 on toolchain 1.83.0
[INFO] running `Command { std: CARGO_HOME="/workspace/cargo-home" RUSTUP_HOME="/workspace/rustup-home" "/workspace/cargo-home/bin/cargo" "+1.83.0" "metadata" "--manifest-path" "Cargo.toml" "--no-deps", kill_on_drop: false }`
[INFO] started tweaking crates.io crate termcol 0.1.1
[INFO] finished tweaking crates.io crate termcol 0.1.1
[INFO] tweaked toml for crates.io crate termcol 0.1.1 written to /workspace/builds/worker-1-tc1/source/Cargo.toml
[INFO] crate crates.io crate termcol 0.1.1 already has a lockfile, it will not be regenerated
[INFO] running `Command { std: CARGO_HOME="/workspace/cargo-home" RUSTUP_HOME="/workspace/rustup-home" "/workspace/cargo-home/bin/cargo" "+1.83.0" "fetch" "--manifest-path" "Cargo.toml", kill_on_drop: false }`
[INFO] running `Command { std: "docker" "create" "-v" "/var/lib/crater-agent-workspace/builds/worker-1-tc1/target:/opt/rustwide/target:rw,Z" "-v" "/var/lib/crater-agent-workspace/builds/worker-1-tc1/source:/opt/rustwide/workdir:ro,Z" "-v" "/var/lib/crater-agent-workspace/cargo-home:/opt/rustwide/cargo-home:ro,Z" "-v" "/var/lib/crater-agent-workspace/rustup-home:/opt/rustwide/rustup-home:ro,Z" "-e" "SOURCE_DIR=/opt/rustwide/workdir" "-e" "CARGO_TARGET_DIR=/opt/rustwide/target" "-e" "CARGO_HOME=/opt/rustwide/cargo-home" "-e" "RUSTUP_HOME=/opt/rustwide/rustup-home" "-w" "/opt/rustwide/workdir" "-m" "1610612736" "--user" "0:0" "--network" "none" "ghcr.io/rust-lang/crates-build-env/linux@sha256:f3a9d4ad9d972b27faf3965f35b62e55ba32bbce8f20bc8fe909558a86702fde" "/opt/rustwide/cargo-home/bin/cargo" "+1.83.0" "metadata" "--no-deps" "--format-version=1", kill_on_drop: false }`
[INFO] [stdout] 722ed84e6b70ab9e3abeea9b942189ede5dc9df38c8d00e9db35e679dbc412a5
[INFO] running `Command { std: "docker" "start" "-a" "722ed84e6b70ab9e3abeea9b942189ede5dc9df38c8d00e9db35e679dbc412a5", kill_on_drop: false }`
[INFO] running `Command { std: "docker" "inspect" "722ed84e6b70ab9e3abeea9b942189ede5dc9df38c8d00e9db35e679dbc412a5", kill_on_drop: false }`
[INFO] running `Command { std: "docker" "rm" "-f" "722ed84e6b70ab9e3abeea9b942189ede5dc9df38c8d00e9db35e679dbc412a5", kill_on_drop: false }`
[INFO] [stdout] 722ed84e6b70ab9e3abeea9b942189ede5dc9df38c8d00e9db35e679dbc412a5
[INFO] running `Command { std: "docker" "create" "-v" "/var/lib/crater-agent-workspace/builds/worker-1-tc1/target:/opt/rustwide/target:rw,Z" "-v" "/var/lib/crater-agent-workspace/builds/worker-1-tc1/source:/opt/rustwide/workdir:ro,Z" "-v" "/var/lib/crater-agent-workspace/cargo-home:/opt/rustwide/cargo-home:ro,Z" "-v" "/var/lib/crater-agent-workspace/rustup-home:/opt/rustwide/rustup-home:ro,Z" "-e" "SOURCE_DIR=/opt/rustwide/workdir" "-e" "CARGO_TARGET_DIR=/opt/rustwide/target" "-e" "CARGO_INCREMENTAL=0" "-e" "RUST_BACKTRACE=full" "-e" "RUSTFLAGS=--cap-lints=warn" "-e" "RUSTDOCFLAGS=--cap-lints=warn" "-e" "CARGO_HOME=/opt/rustwide/cargo-home" "-e" "RUSTUP_HOME=/opt/rustwide/rustup-home" "-w" "/opt/rustwide/workdir" "-m" "1610612736" "--user" "0:0" "--network" "none" "ghcr.io/rust-lang/crates-build-env/linux@sha256:f3a9d4ad9d972b27faf3965f35b62e55ba32bbce8f20bc8fe909558a86702fde" "/opt/rustwide/cargo-home/bin/cargo" "+1.83.0" "build" "--frozen" "--message-format=json", kill_on_drop: false }`
[INFO] [stdout] 05f23235d05ad159452208d88c4ee0ea2162665580b80da60dd89af6c6937baf
[INFO] running `Command { std: "docker" "start" "-a" "05f23235d05ad159452208d88c4ee0ea2162665580b80da60dd89af6c6937baf", kill_on_drop: false }`
[INFO] [stderr]    Compiling termcol v0.1.1 (/opt/rustwide/workdir)
[INFO] [stderr]     Finished `dev` profile [unoptimized + debuginfo] target(s) in 0.24s
[INFO] running `Command { std: "docker" "inspect" "05f23235d05ad159452208d88c4ee0ea2162665580b80da60dd89af6c6937baf", kill_on_drop: false }`
[INFO] running `Command { std: "docker" "rm" "-f" "05f23235d05ad159452208d88c4ee0ea2162665580b80da60dd89af6c6937baf", kill_on_drop: false }`
[INFO] [stdout] 05f23235d05ad159452208d88c4ee0ea2162665580b80da60dd89af6c6937baf
[INFO] running `Command { std: "docker" "create" "-v" "/var/lib/crater-agent-workspace/builds/worker-1-tc1/target:/opt/rustwide/target:rw,Z" "-v" "/var/lib/crater-agent-workspace/builds/worker-1-tc1/source:/opt/rustwide/workdir:ro,Z" "-v" "/var/lib/crater-agent-workspace/cargo-home:/opt/rustwide/cargo-home:ro,Z" "-v" "/var/lib/crater-agent-workspace/rustup-home:/opt/rustwide/rustup-home:ro,Z" "-e" "SOURCE_DIR=/opt/rustwide/workdir" "-e" "CARGO_TARGET_DIR=/opt/rustwide/target" "-e" "CARGO_INCREMENTAL=0" "-e" "RUST_BACKTRACE=full" "-e" "RUSTFLAGS=--cap-lints=warn" "-e" "RUSTDOCFLAGS=--cap-lints=warn" "-e" "CARGO_HOME=/opt/rustwide/cargo-home" "-e" "RUSTUP_HOME=/opt/rustwide/rustup-home" "-w" "/opt/rustwide/workdir" "-m" "1610612736" "--user" "0:0" "--network" "none" "ghcr.io/rust-lang/crates-build-env/linux@sha256:f3a9d4ad9d972b27faf3965f35b62e55ba32bbce8f20bc8fe909558a86702fde" "/opt/rustwide/cargo-home/bin/cargo" "+1.83.0" "test" "--frozen" "--no-run" "--message-format=json", kill_on_drop: false }`
[INFO] [stdout] 2e7c22245b240945f9ba0a59519e711e9c4052f4817fe7539524c048d4c773ea
[INFO] running `Command { std: "docker" "start" "-a" "2e7c22245b240945f9ba0a59519e711e9c4052f4817fe7539524c048d4c773ea", kill_on_drop: false }`
[INFO] [stderr]    Compiling termcol v0.1.1 (/opt/rustwide/workdir)
[INFO] [stderr]     Finished `test` profile [unoptimized + debuginfo] target(s) in 0.36s
[INFO] running `Command { std: "docker" "inspect" "2e7c22245b240945f9ba0a59519e711e9c4052f4817fe7539524c048d4c773ea", kill_on_drop: false }`
[INFO] running `Command { std: "docker" "rm" "-f" "2e7c22245b240945f9ba0a59519e711e9c4052f4817fe7539524c048d4c773ea", kill_on_drop: false }`
[INFO] [stdout] 2e7c22245b240945f9ba0a59519e711e9c4052f4817fe7539524c048d4c773ea
[INFO] running `Command { std: "docker" "create" "-v" "/var/lib/crater-agent-workspace/builds/worker-1-tc1/target:/opt/rustwide/target:rw,Z" "-v" "/var/lib/crater-agent-workspace/builds/worker-1-tc1/source:/opt/rustwide/workdir:ro,Z" "-v" "/var/lib/crater-agent-workspace/cargo-home:/opt/rustwide/cargo-home:ro,Z" "-v" "/var/lib/crater-agent-workspace/rustup-home:/opt/rustwide/rustup-home:ro,Z" "-e" "SOURCE_DIR=/opt/rustwide/workdir" "-e" "CARGO_TARGET_DIR=/opt/rustwide/target" "-e" "CARGO_INCREMENTAL=0" "-e" "RUST_BACKTRACE=full" "-e" "RUSTFLAGS=--cap-lints=warn" "-e" "RUSTDOCFLAGS=--cap-lints=warn" "-e" "CARGO_HOME=/opt/rustwide/cargo-home" "-e" "RUSTUP_HOME=/opt/rustwide/rustup-home" "-w" "/opt/rustwide/workdir" "-m" "1610612736" "--user" "0:0" "--network" "none" "ghcr.io/rust-lang/crates-build-env/linux@sha256:f3a9d4ad9d972b27faf3965f35b62e55ba32bbce8f20bc8fe909558a86702fde" "/opt/rustwide/cargo-home/bin/cargo" "+1.83.0" "test" "--frozen", kill_on_drop: false }`
[INFO] [stdout] 0373e47bf190733b36aecdb25dd7a857914dc9494462c434125bab34c98a957c
[INFO] running `Command { std: "docker" "start" "-a" "0373e47bf190733b36aecdb25dd7a857914dc9494462c434125bab34c98a957c", kill_on_drop: false }`
[INFO] [stderr]     Finished `test` profile [unoptimized + debuginfo] target(s) in 0.01s
[INFO] [stderr]      Running unittests src/lib.rs (/opt/rustwide/target/debug/deps/termcol-35ed593f169c9e57)
[INFO] [stdout] 
[INFO] [stdout] running 0 tests
[INFO] [stdout] 
[INFO] [stdout] test result: ok. 0 passed; 0 failed; 0 ignored; 0 measured; 0 filtered out; finished in 0.00s
[INFO] [stdout] 
[INFO] [stderr]    Doc-tests termcol
[INFO] [stdout] 
[INFO] [stdout] running 11 tests
[INFO] [stdout] test src/lib.rs - true_color_hex (line 213) - compile ... ok
[INFO] [stdout] test src/lib.rs - optimize (line 327) - compile ... FAILED
[INFO] [stdout] test src/lib.rs - clean_output (line 32) - compile ... ok
[INFO] [stdout] test src/lib.rs - color (line 86) - compile ... ok
[INFO] [stdout] test src/lib.rs - format (line 269) - compile ... ok
[INFO] [stdout] test src/lib.rs - format_string (line 295) - compile ... ok
[INFO] [stdout] test src/lib.rs - true_color_string (line 184) - compile ... ok
[INFO] [stdout] test src/lib.rs - true_color (line 162) - compile ... ok
[INFO] [stdout] test src/lib.rs - true_color_string_hex (line 241) - compile ... ok
[INFO] [stdout] test src/lib.rs - color_string (line 120) - compile ... ok
[INFO] [stdout] test src/lib.rs - (line 9) ... ok
[INFO] [stdout] 
[INFO] [stdout] failures:
[INFO] [stdout] 
[INFO] [stdout] ---- src/lib.rs - optimize (line 327) stdout ----
[INFO] [stdout] error[E0425]: cannot find value `string_to_optimize` in this scope
[INFO] [stdout]  --> src/lib.rs:331:31
[INFO] [stdout]   |
[INFO] [stdout] 7 | let better_string = optimize(&string_to_optimize);
[INFO] [stdout]   |                               ^^^^^^^^^^^^^^^^^^ not found in this scope
[INFO] [stdout] 
[INFO] [stdout] error: aborting due to 1 previous error
[INFO] [stdout] 
[INFO] [stdout] For more information about this error, try `rustc --explain E0425`.
[INFO] [stdout] Couldn't compile the test.
[INFO] [stdout] 
[INFO] [stdout] failures:
[INFO] [stdout]     src/lib.rs - optimize (line 327)
[INFO] [stdout] 
[INFO] [stdout] test result: FAILED. 10 passed; 1 failed; 0 ignored; 0 measured; 0 filtered out; finished in 0.45s
[INFO] [stdout] 
[INFO] [stderr] error: doctest failed, to rerun pass `--doc`
[INFO] running `Command { std: "docker" "inspect" "0373e47bf190733b36aecdb25dd7a857914dc9494462c434125bab34c98a957c", kill_on_drop: false }`
[INFO] running `Command { std: "docker" "rm" "-f" "0373e47bf190733b36aecdb25dd7a857914dc9494462c434125bab34c98a957c", kill_on_drop: false }`
[INFO] [stdout] 0373e47bf190733b36aecdb25dd7a857914dc9494462c434125bab34c98a957c
