[INFO] fetching crate tere 1.6.0...
[INFO] testing tere-1.6.0 against 1.83.0 for beta-1.84.0-4-retry
[INFO] extracting crate tere 1.6.0 into /workspace/builds/worker-7-tc1/source
[INFO] validating manifest of crates.io crate tere 1.6.0 on toolchain 1.83.0
[INFO] running `Command { std: CARGO_HOME="/workspace/cargo-home" RUSTUP_HOME="/workspace/rustup-home" "/workspace/cargo-home/bin/cargo" "+1.83.0" "metadata" "--manifest-path" "Cargo.toml" "--no-deps", kill_on_drop: false }`
[INFO] removed /workspace/builds/worker-7-tc1/source/.cargo/config.toml
[INFO] started tweaking crates.io crate tere 1.6.0
[INFO] removed 0 missing tests
[INFO] finished tweaking crates.io crate tere 1.6.0
[INFO] tweaked toml for crates.io crate tere 1.6.0 written to /workspace/builds/worker-7-tc1/source/Cargo.toml
[INFO] crate crates.io crate tere 1.6.0 already has a lockfile, it will not be regenerated
[INFO] running `Command { std: CARGO_HOME="/workspace/cargo-home" RUSTUP_HOME="/workspace/rustup-home" "/workspace/cargo-home/bin/cargo" "+1.83.0" "fetch" "--manifest-path" "Cargo.toml", kill_on_drop: false }`
[INFO] [stderr]     Updating crates.io index
[INFO] [stderr]  Downloading crates ...
[INFO] [stderr]   Downloaded crokey-proc_macros v0.5.1
[INFO] [stderr]   Downloaded comma v1.0.0
[INFO] [stderr]   Downloaded crokey v0.5.1
[INFO] [stderr]   Downloaded rexpect v0.5.0
[INFO] running `Command { std: "docker" "create" "-v" "/var/lib/crater-agent-workspace/builds/worker-7-tc1/target:/opt/rustwide/target:rw,Z" "-v" "/var/lib/crater-agent-workspace/builds/worker-7-tc1/source:/opt/rustwide/workdir:ro,Z" "-v" "/var/lib/crater-agent-workspace/cargo-home:/opt/rustwide/cargo-home:ro,Z" "-v" "/var/lib/crater-agent-workspace/rustup-home:/opt/rustwide/rustup-home:ro,Z" "-e" "SOURCE_DIR=/opt/rustwide/workdir" "-e" "CARGO_TARGET_DIR=/opt/rustwide/target" "-e" "CARGO_HOME=/opt/rustwide/cargo-home" "-e" "RUSTUP_HOME=/opt/rustwide/rustup-home" "-w" "/opt/rustwide/workdir" "-m" "1610612736" "--user" "0:0" "--network" "none" "ghcr.io/rust-lang/crates-build-env/linux@sha256:f3a9d4ad9d972b27faf3965f35b62e55ba32bbce8f20bc8fe909558a86702fde" "/opt/rustwide/cargo-home/bin/cargo" "+1.83.0" "metadata" "--no-deps" "--format-version=1", kill_on_drop: false }`
[INFO] [stdout] 7461d93385d8d1e92d2cb3cf01c4fe499923dfc3e0045a9ff0da89f0bbc33197
[INFO] running `Command { std: "docker" "start" "-a" "7461d93385d8d1e92d2cb3cf01c4fe499923dfc3e0045a9ff0da89f0bbc33197", kill_on_drop: false }`
[INFO] running `Command { std: "docker" "inspect" "7461d93385d8d1e92d2cb3cf01c4fe499923dfc3e0045a9ff0da89f0bbc33197", kill_on_drop: false }`
[INFO] running `Command { std: "docker" "rm" "-f" "7461d93385d8d1e92d2cb3cf01c4fe499923dfc3e0045a9ff0da89f0bbc33197", kill_on_drop: false }`
[INFO] [stdout] 7461d93385d8d1e92d2cb3cf01c4fe499923dfc3e0045a9ff0da89f0bbc33197
[INFO] running `Command { std: "docker" "create" "-v" "/var/lib/crater-agent-workspace/builds/worker-7-tc1/target:/opt/rustwide/target:rw,Z" "-v" "/var/lib/crater-agent-workspace/builds/worker-7-tc1/source:/opt/rustwide/workdir:ro,Z" "-v" "/var/lib/crater-agent-workspace/cargo-home:/opt/rustwide/cargo-home:ro,Z" "-v" "/var/lib/crater-agent-workspace/rustup-home:/opt/rustwide/rustup-home:ro,Z" "-e" "SOURCE_DIR=/opt/rustwide/workdir" "-e" "CARGO_TARGET_DIR=/opt/rustwide/target" "-e" "CARGO_INCREMENTAL=0" "-e" "RUST_BACKTRACE=full" "-e" "RUSTFLAGS=--cap-lints=warn" "-e" "RUSTDOCFLAGS=--cap-lints=warn" "-e" "CARGO_HOME=/opt/rustwide/cargo-home" "-e" "RUSTUP_HOME=/opt/rustwide/rustup-home" "-w" "/opt/rustwide/workdir" "-m" "1610612736" "--user" "0:0" "--network" "none" "ghcr.io/rust-lang/crates-build-env/linux@sha256:f3a9d4ad9d972b27faf3965f35b62e55ba32bbce8f20bc8fe909558a86702fde" "/opt/rustwide/cargo-home/bin/cargo" "+1.83.0" "build" "--frozen" "--message-format=json", kill_on_drop: false }`
[INFO] [stdout] d43816630b8240115315f297422af6b1bd354fc54de33c574d61849509f6c73b
[INFO] running `Command { std: "docker" "start" "-a" "d43816630b8240115315f297422af6b1bd354fc54de33c574d61849509f6c73b", kill_on_drop: false }`
[INFO] [stderr]    Compiling proc-macro2 v1.0.86
[INFO] [stderr]    Compiling unicode-ident v1.0.13
[INFO] [stderr]    Compiling libc v0.2.158
[INFO] [stderr]    Compiling autocfg v1.3.0
[INFO] [stderr]    Compiling signal-hook v0.3.17
[INFO] [stderr]    Compiling rustix v0.38.37
[INFO] [stderr]    Compiling parking_lot_core v0.9.10
[INFO] [stderr]    Compiling serde v1.0.210
[INFO] [stderr]    Compiling linux-raw-sys v0.4.14
[INFO] [stderr]    Compiling rustversion v1.0.17
[INFO] [stderr]    Compiling bitflags v2.6.0
[INFO] [stderr]    Compiling cfg-if v1.0.0
[INFO] [stderr]    Compiling syn v1.0.109
[INFO] [stderr]    Compiling smallvec v1.13.2
[INFO] [stderr]    Compiling log v0.4.22
[INFO] [stderr]    Compiling memchr v2.7.4
[INFO] [stderr]    Compiling scopeguard v1.2.0
[INFO] [stderr]    Compiling heck v0.5.0
[INFO] [stderr]    Compiling strsim v0.11.1
[INFO] [stderr]    Compiling option-ext v0.2.0
[INFO] [stderr]    Compiling clap_lex v0.7.2
[INFO] [stderr]    Compiling bitflags v1.3.2
[INFO] [stderr]    Compiling regex-syntax v0.8.4
[INFO] [stderr]    Compiling anstyle v1.0.8
[INFO] [stderr]    Compiling serde_json v1.0.128
[INFO] [stderr]    Compiling once_cell v1.20.0
[INFO] [stderr]    Compiling unicode-linebreak v0.1.5
[INFO] [stderr]    Compiling unicode-width v0.1.13
[INFO] [stderr]    Compiling ryu v1.0.18
[INFO] [stderr]    Compiling lock_api v0.4.12
[INFO] [stderr]    Compiling smawk v0.3.2
[INFO] [stderr]    Compiling itoa v1.0.11
[INFO] [stderr]    Compiling unicode-segmentation v1.12.0
[INFO] [stderr]    Compiling textwrap v0.16.1
[INFO] [stderr]    Compiling aho-corasick v1.1.3
[INFO] [stderr]    Compiling quote v1.0.37
[INFO] [stderr]    Compiling syn v2.0.77
[INFO] [stderr]    Compiling crokey-proc_macros v0.5.1
[INFO] [stderr]    Compiling signal-hook-registry v1.4.2
[INFO] [stderr]    Compiling mio v0.8.11
[INFO] [stderr]    Compiling dirs-sys v0.4.1
[INFO] [stderr]    Compiling dirs v5.0.1
[INFO] [stderr]    Compiling parking_lot v0.12.3
[INFO] [stderr]    Compiling signal-hook-mio v0.2.4
[INFO] [stderr]    Compiling terminal_size v0.3.0
[INFO] [stderr]    Compiling clap_builder v4.5.17
[INFO] [stderr]    Compiling crossterm v0.24.0
[INFO] [stderr]    Compiling regex-automata v0.4.7
[INFO] [stderr]    Compiling regex v1.10.6
[INFO] [stderr]    Compiling serde_derive v1.0.210
[INFO] [stderr]    Compiling clap_derive v4.5.13
[INFO] [stderr]    Compiling strum_macros v0.26.4
[INFO] [stderr]    Compiling strum v0.26.3
[INFO] [stderr]    Compiling clap v4.5.17
[INFO] [stderr]    Compiling crokey v0.5.1
[INFO] [stderr]    Compiling tere v1.6.0 (/opt/rustwide/workdir)
[INFO] [stdout] warning: use of deprecated type alias `std::panic::PanicInfo`: use `PanicHookInfo` instead
[INFO] [stdout]  --> src/panic_guard.rs:3:58
[INFO] [stdout]   |
[INFO] [stdout] 3 | type PanicHookType = (dyn for<'r, 's> Fn(&'r std::panic::PanicInfo<'s>) + Send + Sync + 'static);
[INFO] [stdout]   |                                                          ^^^^^^^^^
[INFO] [stdout]   |
[INFO] [stdout]   = note: `#[warn(deprecated)]` on by default
[INFO] [stdout] 
[INFO] [stdout] 
[INFO] [stderr]     Finished `dev` profile [unoptimized + debuginfo] target(s) in 32.41s
[INFO] running `Command { std: "docker" "inspect" "d43816630b8240115315f297422af6b1bd354fc54de33c574d61849509f6c73b", kill_on_drop: false }`
[INFO] running `Command { std: "docker" "rm" "-f" "d43816630b8240115315f297422af6b1bd354fc54de33c574d61849509f6c73b", kill_on_drop: false }`
[INFO] [stdout] d43816630b8240115315f297422af6b1bd354fc54de33c574d61849509f6c73b
[INFO] running `Command { std: "docker" "create" "-v" "/var/lib/crater-agent-workspace/builds/worker-7-tc1/target:/opt/rustwide/target:rw,Z" "-v" "/var/lib/crater-agent-workspace/builds/worker-7-tc1/source:/opt/rustwide/workdir:ro,Z" "-v" "/var/lib/crater-agent-workspace/cargo-home:/opt/rustwide/cargo-home:ro,Z" "-v" "/var/lib/crater-agent-workspace/rustup-home:/opt/rustwide/rustup-home:ro,Z" "-e" "SOURCE_DIR=/opt/rustwide/workdir" "-e" "CARGO_TARGET_DIR=/opt/rustwide/target" "-e" "CARGO_INCREMENTAL=0" "-e" "RUST_BACKTRACE=full" "-e" "RUSTFLAGS=--cap-lints=warn" "-e" "RUSTDOCFLAGS=--cap-lints=warn" "-e" "CARGO_HOME=/opt/rustwide/cargo-home" "-e" "RUSTUP_HOME=/opt/rustwide/rustup-home" "-w" "/opt/rustwide/workdir" "-m" "1610612736" "--user" "0:0" "--network" "none" "ghcr.io/rust-lang/crates-build-env/linux@sha256:f3a9d4ad9d972b27faf3965f35b62e55ba32bbce8f20bc8fe909558a86702fde" "/opt/rustwide/cargo-home/bin/cargo" "+1.83.0" "test" "--frozen" "--no-run" "--message-format=json", kill_on_drop: false }`
[INFO] [stdout] cb51497dc311d35efc2df76c802147e2d7bbc87b27a37cfd8611b8138ce88e76
[INFO] running `Command { std: "docker" "start" "-a" "cb51497dc311d35efc2df76c802147e2d7bbc87b27a37cfd8611b8138ce88e76", kill_on_drop: false }`
[INFO] [stderr]    Compiling memoffset v0.6.5
[INFO] [stderr]    Compiling thiserror v1.0.63
[INFO] [stderr]    Compiling pin-utils v0.1.0
[INFO] [stderr]    Compiling fastrand v2.1.1
[INFO] [stderr]    Compiling thiserror-impl v1.0.63
[INFO] [stderr]    Compiling comma v1.0.0
[INFO] [stdout] warning: use of deprecated type alias `std::panic::PanicInfo`: use `PanicHookInfo` instead
[INFO] [stdout]  --> src/panic_guard.rs:3:58
[INFO] [stdout]   |
[INFO] [stdout] 3 | type PanicHookType = (dyn for<'r, 's> Fn(&'r std::panic::PanicInfo<'s>) + Send + Sync + 'static);
[INFO] [stdout]   |                                                          ^^^^^^^^^
[INFO] [stdout]   |
[INFO] [stdout]   = note: `#[warn(deprecated)]` on by default
[INFO] [stdout] 
[INFO] [stdout] 
[INFO] [stderr]    Compiling tempfile v3.12.0
[INFO] [stderr]    Compiling nix v0.25.1
[INFO] [stderr]    Compiling rexpect v0.5.0
[INFO] [stderr]    Compiling tere v1.6.0 (/opt/rustwide/workdir)
[INFO] [stdout] warning: use of deprecated type alias `std::panic::PanicInfo`: use `PanicHookInfo` instead
[INFO] [stdout]  --> src/panic_guard.rs:3:58
[INFO] [stdout]   |
[INFO] [stdout] 3 | type PanicHookType = (dyn for<'r, 's> Fn(&'r std::panic::PanicInfo<'s>) + Send + Sync + 'static);
[INFO] [stdout]   |                                                          ^^^^^^^^^
[INFO] [stdout]   |
[INFO] [stdout]   = note: `#[warn(deprecated)]` on by default
[INFO] [stdout] 
[INFO] [stdout] 
[INFO] [stderr]     Finished `test` profile [unoptimized + debuginfo] target(s) in 12.07s
[INFO] running `Command { std: "docker" "inspect" "cb51497dc311d35efc2df76c802147e2d7bbc87b27a37cfd8611b8138ce88e76", kill_on_drop: false }`
[INFO] running `Command { std: "docker" "rm" "-f" "cb51497dc311d35efc2df76c802147e2d7bbc87b27a37cfd8611b8138ce88e76", kill_on_drop: false }`
[INFO] [stdout] cb51497dc311d35efc2df76c802147e2d7bbc87b27a37cfd8611b8138ce88e76
[INFO] running `Command { std: "docker" "create" "-v" "/var/lib/crater-agent-workspace/builds/worker-7-tc1/target:/opt/rustwide/target:rw,Z" "-v" "/var/lib/crater-agent-workspace/builds/worker-7-tc1/source:/opt/rustwide/workdir:ro,Z" "-v" "/var/lib/crater-agent-workspace/cargo-home:/opt/rustwide/cargo-home:ro,Z" "-v" "/var/lib/crater-agent-workspace/rustup-home:/opt/rustwide/rustup-home:ro,Z" "-e" "SOURCE_DIR=/opt/rustwide/workdir" "-e" "CARGO_TARGET_DIR=/opt/rustwide/target" "-e" "CARGO_INCREMENTAL=0" "-e" "RUST_BACKTRACE=full" "-e" "RUSTFLAGS=--cap-lints=warn" "-e" "RUSTDOCFLAGS=--cap-lints=warn" "-e" "CARGO_HOME=/opt/rustwide/cargo-home" "-e" "RUSTUP_HOME=/opt/rustwide/rustup-home" "-w" "/opt/rustwide/workdir" "-m" "1610612736" "--user" "0:0" "--network" "none" "ghcr.io/rust-lang/crates-build-env/linux@sha256:f3a9d4ad9d972b27faf3965f35b62e55ba32bbce8f20bc8fe909558a86702fde" "/opt/rustwide/cargo-home/bin/cargo" "+1.83.0" "test" "--frozen", kill_on_drop: false }`
[INFO] [stdout] c363963adc51aac13f50f02937d358a2c24291f685a4d98f500d299bc9dc2b84
[INFO] running `Command { std: "docker" "start" "-a" "c363963adc51aac13f50f02937d358a2c24291f685a4d98f500d299bc9dc2b84", kill_on_drop: false }`
[INFO] [stderr] warning: use of deprecated type alias `std::panic::PanicInfo`: use `PanicHookInfo` instead
[INFO] [stderr]  --> src/panic_guard.rs:3:58
[INFO] [stderr]   |
[INFO] [stderr] 3 | type PanicHookType = (dyn for<'r, 's> Fn(&'r std::panic::PanicInfo<'s>) + Send + Sync + 'static);
[INFO] [stderr]   |                                                          ^^^^^^^^^
[INFO] [stderr]   |
[INFO] [stderr]   = note: `#[warn(deprecated)]` on by default
[INFO] [stderr] 
[INFO] [stderr] warning: `tere` (bin "tere" test) generated 1 warning
[INFO] [stderr] warning: `tere` (bin "tere") generated 1 warning (1 duplicate)
[INFO] [stderr]     Finished `test` profile [unoptimized + debuginfo] target(s) in 0.10s
[INFO] [stderr]      Running unittests src/main.rs (/opt/rustwide/target/debug/deps/tere-f33f8b6d3325eb4e)
[INFO] [stdout] 
[INFO] [stdout] running 93 tests
[INFO] [stdout] test app_state::history::tests_for_history_tree::test_change_dir ... ok
[INFO] [stdout] test app_state::history::tests_for_history_tree::test_debug_print ... ok
[INFO] [stdout] test app_state::history::tests_for_history_tree::test_serialize ... ok
[INFO] [stdout] test app_state::tests::test_advance_and_erase_search_with_filter_and_cursor_on_match3 ... ignored
[INFO] [stdout] test app_state::history::tests_for_history_tree::test_history_tree_visit ... ok
[INFO] [stdout] test app_state::history::tests_for_history_tree::test_deserialize ... ok
[INFO] [stdout] test app_state::tests::test_advance_and_erase_search_with_cursor_on_match ... ok
[INFO] [stdout] test app_state::tests::test_advance_and_erase_search_with_filter_and_cursor_on_match2 ... ok
[INFO] [stdout] test app_state::history::tests_for_history_tree::test_last_visisted_child ... ok
[INFO] [stdout] test app_state::history::tests_for_history_tree::test_tree_pointer_counts ... ok
[INFO] [stdout] test app_state::history::tests_for_history_tree::test_history_tree_go_up_down ... ok
[INFO] [stdout] test app_state::tests::test_advance_and_erase_search_with_filter_and_cursor_on_match ... ok
[INFO] [stdout] test app_state::tests::test_advance_and_clear_with_filter_search ... ok
[INFO] [stdout] test app_state::history::tests_for_history_tree::test_from_abs_path ... ok
[INFO] [stdout] test app_state::history::tests_for_history_tree::test_go_to_root ... ok
[INFO] [stdout] test app_state::tests::test_advance_and_erase_search_with_filter_and_scrolling ... ok
[INFO] [stdout] test app_state::tests::test_advance_search_wrap ... ok
[INFO] [stdout] test app_state::tests::test_cd_current_dir_deleted ... ok
[INFO] [stdout] test app_state::tests::test_cd_current_dir_parent_deleted ... ok
[INFO] [stdout] test app_state::tests::test_basic_advance_search ... ok
[INFO] [stdout] test app_state::tests::test_advance_and_erase_with_filter_search ... ok
[INFO] [stdout] test app_state::tests::test_cd_item_under_cursor ... ok
[INFO] [stdout] test app_state::tests::test_advance_search_with_filter_search_and_scrolling2 ... ok
[INFO] [stdout] test app_state::tests::test_scrolling_bufsize_larger_than_window_size5 ... ok
[INFO] [stdout] test app_state::tests::test_scrolling_bufsize_equal_to_window_size ... ok
[INFO] [stdout] test app_state::tests::test_cd_nonexistent ... ok
[INFO] [stdout] test app_state::tests::test_scrolling_bufsize_larger_than_window_size2 ... ok
[INFO] [stdout] test app_state::tests::test_scrolling_bufsize_less_than_window_size_wrap ... ok
[INFO] [stdout] test app_state::tests::test_scrolling_bufsize_larger_than_window_size_wrap ... ok
[INFO] [stdout] test app_state::tests::test_scrolling_bufsize_larger_than_window_size1 ... ok
[INFO] [stdout] test cli_args::tests::verify_cli ... ok
[INFO] [stdout] test app_state::tests::test_cd_parent ... ok
[INFO] [stdout] test app_state::tests::test_search_file_handling_mode_match ... ok
[INFO] [stdout] test app_state::tests::test_scrolling_bufsize_less_than_window_size ... ok
[INFO] [stdout] test app_state::tests::test_advance_search_with_filter_search_and_scrolling ... ok
[INFO] [stdout] test app_state::tests::test_gap_search_mode_change ... ok
[INFO] [stdout] test app_state::tests::test_cd_root ... ok
[INFO] [stdout] test first_run_check::tests::test_shell_snippet_found ... ok
[INFO] [stdout] test settings::tests::check_all_actions_have_default_keymap ... ok
[INFO] [stdout] test app_state::tests::test_case_sensitive_mode_change ... ok
[INFO] [stdout] test settings::tests::check_default_keymap_keys_unique ... ok
[INFO] [stdout] test app_state::tests::test_cd_basic ... ok
[INFO] [stdout] test app_state::tests::test_filter_search_toggle ... ok
[INFO] [stdout] test settings::tests::test_clear_default_keymap ... ok
[INFO] [stdout] test app_state::tests::test_find_valid_cd_target ... ok
[INFO] [stdout] test app_state::tests::test_scrolling_bufsize_larger_than_window_size3 ... ok
[INFO] [stdout] test app_state::tests::test_search_default_file_handling_mode ... ok
[INFO] [stdout] test settings::tests::test_empty_keymap_is_error ... ok
[INFO] [stdout] test settings::tests::test_case_sensitive_mode_override ... ok
[INFO] [stdout] test settings::tests::test_files_override ... ok
[INFO] [stdout] test app_state::tests::test_search_file_handling_mode_hide ... ok
[INFO] [stdout] test app_state::tests::test_scrolling_bufsize_larger_than_window_size4 ... ok
[INFO] [stdout] test settings::tests::test_keyboard_mapping_cli_option1 ... ok
[INFO] [stdout] test settings::tests::test_folders_only_deprecated ... ok
[INFO] [stdout] test settings::tests::test_keyboard_mapping_cli_option2 ... ok
[INFO] [stdout] test settings::tests::test_gap_search_mode_override ... ok
[INFO] [stdout] test settings::tests::test_keyboard_mapping_cli_option4 ... ok
[INFO] [stdout] test settings::tests::test_keyboard_mapping_cli_option3 ... ok
[INFO] [stdout] test settings::tests::test_filter_search_override ... ok
[INFO] [stdout] test settings::tests::test_keyboard_mapping_cli_option_wrong1 ... ok
[INFO] [stdout] test settings::tests::test_keyboard_mapping_cli_option_wrong3 ... ok
[INFO] [stdout] test settings::tests::test_keyboard_mapping_cli_option_wrong4 ... ok
[INFO] [stdout] test settings::tests::test_keyboard_mapping_cli_option_wrong5 ... ok
[INFO] [stdout] test settings::tests::test_mouse_override ... ok
[INFO] [stdout] test settings::tests::test_keyboard_mapping_cli_option_wrong2 ... ok
[INFO] [stdout] test settings::tests::test_files_parse ... ok
[INFO] [stdout] test settings::tests::test_keyboard_mapping_cli_option_wrong6 ... ok
[INFO] [stdout] test settings::tests::test_parse_keymap_arg1 ... ok
[INFO] [stdout] test settings::tests::test_parse_keymap_arg2 ... ok
[INFO] [stdout] test settings::tests::test_unmap2 ... ok
[INFO] [stdout] test settings::tests::test_unmap1 ... ok
[INFO] [stdout] test settings::tests::test_no_gap_search_deprecated ... ok
[INFO] [stdout] test settings::tests::test_skip_first_run_prompt ... ok
[INFO] [stdout] test ui::help_window::tests::test_keyboard_shortcuts_table_fond ... ok
[INFO] [stdout] test ui::markup_render::tests::test_strip_markup2 ... ok
[INFO] [stdout] test ui::markup_render::tests::test_strip_markup ... ok
[INFO] [stdout] test ui::markup_render::tests::test_stylize_wrapped_lines2 ... ok
[INFO] [stdout] test settings::tests::test_unmap_exit_is_error ... ok
[INFO] [stdout] test settings::tests::test_sort_mode_override ... ok
[INFO] [stdout] test ui::help_window::tests::test_all_key_mappings_listed_in_readme ... ok
[INFO] [stdout] test ui::help_window::tests::test_user_guide_found ... ok
[INFO] [stdout] test ui::help_window::tests::test_replace_works_as_expected ... ok
[INFO] [stdout] test ui::markup_render::tests::test_stylize_wrapped_lines ... ok
[INFO] [stdout] test ui::markup_render::tests::test_wrap_and_stylize ... ok
[INFO] [stdout] test app_state::tests::test_cd_current_dir_permission_denied ... FAILED
[INFO] [stdout] test settings::tests::test_files_missing - should panic ... ok
[INFO] [stdout] test settings::tests::test_files_invalid - should panic ... ok
[INFO] [stdout] test panic_guard::tests::test_callback_called_before_panic_hook ... ok
[INFO] [stdout] test panic_guard::tests::test_callback_called_on_drop ... ok
[INFO] [stdout] test panic_guard::tests::test_nested_callback ... ok
[INFO] [stdout] test panic_guard::tests::test_nested_callback_hook_restored ... ok
[INFO] [stdout] test panic_guard::tests::test_nested_callback_with_panic ... ok
[INFO] [stdout] test panic_guard::tests::test_callback_called_once_only_panic ... ok
[INFO] [stdout] 
[INFO] [stdout] failures:
[INFO] [stdout] 
[INFO] [stdout] ---- app_state::tests::test_cd_current_dir_permission_denied stdout ----
[INFO] [stdout] thread 'app_state::tests::test_cd_current_dir_permission_denied' panicked at src/app_state.rs:1941:9:
[INFO] [stdout] assertion `left == right` failed
[INFO] [stdout]   left: "/tmp/.tmp2QpGMM/foo"
[INFO] [stdout]  right: "/tmp/.tmp2QpGMM"
[INFO] [stdout] stack backtrace:
[INFO] [stdout]    0:     0x6013bafc63ba - std::backtrace_rs::backtrace::libunwind::trace::h5a5b8284f2d0c266
[INFO] [stdout]                                at /rustc/90b35a6239c3d8bdabc530a6a0816f7ff89a0aaf/library/std/src/../../backtrace/src/backtrace/libunwind.rs:116:5
[INFO] [stdout]    1:     0x6013bafc63ba - std::backtrace_rs::backtrace::trace_unsynchronized::h76d4f1c9b0b875e3
[INFO] [stdout]                                at /rustc/90b35a6239c3d8bdabc530a6a0816f7ff89a0aaf/library/std/src/../../backtrace/src/backtrace/mod.rs:66:5
[INFO] [stdout]    2:     0x6013bafc63ba - std::sys::backtrace::_print_fmt::hc4546b8364a537c6
[INFO] [stdout]                                at /rustc/90b35a6239c3d8bdabc530a6a0816f7ff89a0aaf/library/std/src/sys/backtrace.rs:66:9
[INFO] [stdout]    3:     0x6013bafc63ba - <std::sys::backtrace::BacktraceLock::print::DisplayBacktrace as core::fmt::Display>::fmt::h5b6bd5631a6d1f6b
[INFO] [stdout]                                at /rustc/90b35a6239c3d8bdabc530a6a0816f7ff89a0aaf/library/std/src/sys/backtrace.rs:39:26
[INFO] [stdout]    4:     0x6013bafedad3 - core::fmt::rt::Argument::fmt::h270f6602a2b96f62
[INFO] [stdout]                                at /rustc/90b35a6239c3d8bdabc530a6a0816f7ff89a0aaf/library/core/src/fmt/rt.rs:177:76
[INFO] [stdout]    5:     0x6013bafedad3 - core::fmt::write::h7550c97b06c86515
[INFO] [stdout]                                at /rustc/90b35a6239c3d8bdabc530a6a0816f7ff89a0aaf/library/core/src/fmt/mod.rs:1186:21
[INFO] [stdout]    6:     0x6013bafc3163 - std::io::Write::write_fmt::h509ff860e5956e5e
[INFO] [stdout]                                at /rustc/90b35a6239c3d8bdabc530a6a0816f7ff89a0aaf/library/std/src/io/mod.rs:1839:15
[INFO] [stdout]    7:     0x6013bafc6202 - std::sys::backtrace::BacktraceLock::print::h2395ccd2c84ba3aa
[INFO] [stdout]                                at /rustc/90b35a6239c3d8bdabc530a6a0816f7ff89a0aaf/library/std/src/sys/backtrace.rs:42:9
[INFO] [stdout]    8:     0x6013bafc781a - std::panicking::default_hook::{{closure}}::he19d4c7230e07961
[INFO] [stdout]                                at /rustc/90b35a6239c3d8bdabc530a6a0816f7ff89a0aaf/library/std/src/panicking.rs:268:22
[INFO] [stdout]    9:     0x6013bafc7624 - std::panicking::default_hook::hf614597d3c67bbdb
[INFO] [stdout]                                at /rustc/90b35a6239c3d8bdabc530a6a0816f7ff89a0aaf/library/std/src/panicking.rs:292:9
[INFO] [stdout]   10:     0x6013babd2b49 - <alloc::boxed::Box<F,A> as core::ops::function::Fn<Args>>::call::h39b51ce4599c23d1
[INFO] [stdout]                                at /rustc/90b35a6239c3d8bdabc530a6a0816f7ff89a0aaf/library/alloc/src/boxed.rs:2468:9
[INFO] [stdout]   11:     0x6013babd2b49 - test::test_main::{{closure}}::he977ae839a582784
[INFO] [stdout]                                at /rustc/90b35a6239c3d8bdabc530a6a0816f7ff89a0aaf/library/test/src/lib.rs:133:21
[INFO] [stdout]   12:     0x6013bafc7eb8 - <alloc::boxed::Box<F,A> as core::ops::function::Fn<Args>>::call::h9455091b6b06f9fb
[INFO] [stdout]                                at /rustc/90b35a6239c3d8bdabc530a6a0816f7ff89a0aaf/library/alloc/src/boxed.rs:2468:9
[INFO] [stdout]   13:     0x6013bafc7eb8 - std::panicking::rust_panic_with_hook::h8942133a8b252070
[INFO] [stdout]                                at /rustc/90b35a6239c3d8bdabc530a6a0816f7ff89a0aaf/library/std/src/panicking.rs:809:13
[INFO] [stdout]   14:     0x6013bafc7c7a - std::panicking::begin_panic_handler::{{closure}}::hb5f5963570096b29
[INFO] [stdout]                                at /rustc/90b35a6239c3d8bdabc530a6a0816f7ff89a0aaf/library/std/src/panicking.rs:674:13
[INFO] [stdout]   15:     0x6013bafc6899 - std::sys::backtrace::__rust_end_short_backtrace::h6208cedc1922feda
[INFO] [stdout]                                at /rustc/90b35a6239c3d8bdabc530a6a0816f7ff89a0aaf/library/std/src/sys/backtrace.rs:170:18
[INFO] [stdout]   16:     0x6013bafc790c - rust_begin_unwind
[INFO] [stdout]                                at /rustc/90b35a6239c3d8bdabc530a6a0816f7ff89a0aaf/library/std/src/panicking.rs:665:5
[INFO] [stdout]   17:     0x6013baac9380 - core::panicking::panic_fmt::h0c3082644d1bf418
[INFO] [stdout]                                at /rustc/90b35a6239c3d8bdabc530a6a0816f7ff89a0aaf/library/core/src/panicking.rs:74:14
[INFO] [stdout]   18:     0x6013baac9784 - core::panicking::assert_failed_inner::h2ddf1fcc067fa858
[INFO] [stdout]   19:     0x6013bab2750d - core::panicking::assert_failed::hff1f36773bafb3e2
[INFO] [stdout]                                at /rustc/90b35a6239c3d8bdabc530a6a0816f7ff89a0aaf/library/core/src/panicking.rs:367:5
[INFO] [stdout]   20:     0x6013baaf82df - tere::app_state::tests::test_cd_current_dir_permission_denied::h08ef2a668f734394
[INFO] [stdout]                                at /opt/rustwide/workdir/src/app_state.rs:1941:9
[INFO] [stdout]   21:     0x6013baaf79a7 - tere::app_state::tests::test_cd_current_dir_permission_denied::{{closure}}::h1ee913f6e2cdebc1
[INFO] [stdout]                                at /opt/rustwide/workdir/src/app_state.rs:1924:47
[INFO] [stdout]   22:     0x6013bab667e6 - core::ops::function::FnOnce::call_once::h96cd4b9eab5365f8
[INFO] [stdout]                                at /rustc/90b35a6239c3d8bdabc530a6a0816f7ff89a0aaf/library/core/src/ops/function.rs:250:5
[INFO] [stdout]   23:     0x6013babd750b - core::ops::function::FnOnce::call_once::h109cf8051a59b34e
[INFO] [stdout]                                at /rustc/90b35a6239c3d8bdabc530a6a0816f7ff89a0aaf/library/core/src/ops/function.rs:250:5
[INFO] [stdout]   24:     0x6013babd750b - test::__rust_begin_short_backtrace::hf4fff89d377446ba
[INFO] [stdout]                                at /rustc/90b35a6239c3d8bdabc530a6a0816f7ff89a0aaf/library/test/src/lib.rs:621:18
[INFO] [stdout]   25:     0x6013babd6d47 - test::run_test_in_process::{{closure}}::h0e39181dd7ee5a43
[INFO] [stdout]                                at /rustc/90b35a6239c3d8bdabc530a6a0816f7ff89a0aaf/library/test/src/lib.rs:644:60
[INFO] [stdout]   26:     0x6013babd6d47 - <core::panic::unwind_safe::AssertUnwindSafe<F> as core::ops::function::FnOnce<()>>::call_once::hc5a66a30f0bdfd1f
[INFO] [stdout]                                at /rustc/90b35a6239c3d8bdabc530a6a0816f7ff89a0aaf/library/core/src/panic/unwind_safe.rs:272:9
[INFO] [stdout]   27:     0x6013babd6d47 - std::panicking::try::do_call::h873b7cf639554a5e
[INFO] [stdout]                                at /rustc/90b35a6239c3d8bdabc530a6a0816f7ff89a0aaf/library/std/src/panicking.rs:557:40
[INFO] [stdout]   28:     0x6013babd6d47 - std::panicking::try::hdb19862fad9c8bd1
[INFO] [stdout]                                at /rustc/90b35a6239c3d8bdabc530a6a0816f7ff89a0aaf/library/std/src/panicking.rs:520:19
[INFO] [stdout]   29:     0x6013babd6d47 - std::panic::catch_unwind::h281fe732d236d260
[INFO] [stdout]                                at /rustc/90b35a6239c3d8bdabc530a6a0816f7ff89a0aaf/library/std/src/panic.rs:358:14
[INFO] [stdout]   30:     0x6013babd6d47 - test::run_test_in_process::h949b6df8457ed338
[INFO] [stdout]                                at /rustc/90b35a6239c3d8bdabc530a6a0816f7ff89a0aaf/library/test/src/lib.rs:644:27
[INFO] [stdout]   31:     0x6013babd6d47 - test::run_test::{{closure}}::h52c556a6d4740e10
[INFO] [stdout]                                at /rustc/90b35a6239c3d8bdabc530a6a0816f7ff89a0aaf/library/test/src/lib.rs:565:43
[INFO] [stdout]   32:     0x6013bab9c024 - test::run_test::{{closure}}::h4237f6381c45ccb9
[INFO] [stdout]                                at /rustc/90b35a6239c3d8bdabc530a6a0816f7ff89a0aaf/library/test/src/lib.rs:595:41
[INFO] [stdout]   33:     0x6013bab9c024 - std::sys::backtrace::__rust_begin_short_backtrace::h505c97a579eca628
[INFO] [stdout]                                at /rustc/90b35a6239c3d8bdabc530a6a0816f7ff89a0aaf/library/std/src/sys/backtrace.rs:154:18
[INFO] [stdout]   34:     0x6013bab9f6ee - std::thread::Builder::spawn_unchecked_::{{closure}}::{{closure}}::h9e86b2e2bc107ea3
[INFO] [stdout]                                at /rustc/90b35a6239c3d8bdabc530a6a0816f7ff89a0aaf/library/std/src/thread/mod.rs:538:17
[INFO] [stdout]   35:     0x6013bab9f6ee - <core::panic::unwind_safe::AssertUnwindSafe<F> as core::ops::function::FnOnce<()>>::call_once::h8b06ddb275ff4a25
[INFO] [stdout]                                at /rustc/90b35a6239c3d8bdabc530a6a0816f7ff89a0aaf/library/core/src/panic/unwind_safe.rs:272:9
[INFO] [stdout]   36:     0x6013bab9f6ee - std::panicking::try::do_call::hb26ecd7cd9a9355d
[INFO] [stdout]                                at /rustc/90b35a6239c3d8bdabc530a6a0816f7ff89a0aaf/library/std/src/panicking.rs:557:40
[INFO] [stdout]   37:     0x6013bab9f6ee - std::panicking::try::h8ddeca9d705f9069
[INFO] [stdout]                                at /rustc/90b35a6239c3d8bdabc530a6a0816f7ff89a0aaf/library/std/src/panicking.rs:520:19
[INFO] [stdout]   38:     0x6013bab9f6ee - std::panic::catch_unwind::h49e1c33078844c46
[INFO] [stdout]                                at /rustc/90b35a6239c3d8bdabc530a6a0816f7ff89a0aaf/library/std/src/panic.rs:358:14
[INFO] [stdout]   39:     0x6013bab9f6ee - std::thread::Builder::spawn_unchecked_::{{closure}}::h6073db6ff56ad35d
[INFO] [stdout]                                at /rustc/90b35a6239c3d8bdabc530a6a0816f7ff89a0aaf/library/std/src/thread/mod.rs:537:30
[INFO] [stdout]   40:     0x6013bab9f6ee - core::ops::function::FnOnce::call_once{{vtable.shim}}::h2c5a5f3779c774f1
[INFO] [stdout]                                at /rustc/90b35a6239c3d8bdabc530a6a0816f7ff89a0aaf/library/core/src/ops/function.rs:250:5
[INFO] [stdout]   41:     0x6013bafccb4b - <alloc::boxed::Box<F,A> as core::ops::function::FnOnce<Args>>::call_once::hf75717d9f28faebf
[INFO] [stdout]                                at /rustc/90b35a6239c3d8bdabc530a6a0816f7ff89a0aaf/library/alloc/src/boxed.rs:2454:9
[INFO] [stdout]   42:     0x6013bafccb4b - <alloc::boxed::Box<F,A> as core::ops::function::FnOnce<Args>>::call_once::h7bd883a5f3c5f3c1
[INFO] [stdout]                                at /rustc/90b35a6239c3d8bdabc530a6a0816f7ff89a0aaf/library/alloc/src/boxed.rs:2454:9
[INFO] [stdout]   43:     0x6013bafccb4b - std::sys::pal::unix::thread::Thread::new::thread_start::hcc78f3943333fa94
[INFO] [stdout]                                at /rustc/90b35a6239c3d8bdabc530a6a0816f7ff89a0aaf/library/std/src/sys/pal/unix/thread.rs:105:17
[INFO] [stdout]   44:     0x76c49fc68ac3 - <unknown>
[INFO] [stdout]   45:     0x76c49fcf9a04 - clone
[INFO] [stdout]   46:                0x0 - <unknown>
[INFO] [stdout] 
[INFO] [stdout] 
[INFO] [stdout] failures:
[INFO] [stdout]     app_state::tests::test_cd_current_dir_permission_denied
[INFO] [stdout] 
[INFO] [stdout] test result: FAILED. 91 passed; 1 failed; 1 ignored; 0 measured; 0 filtered out; finished in 0.17s
[INFO] [stdout] 
[INFO] [stderr] error: test failed, to rerun pass `--bin tere`
[INFO] running `Command { std: "docker" "inspect" "c363963adc51aac13f50f02937d358a2c24291f685a4d98f500d299bc9dc2b84", kill_on_drop: false }`
[INFO] running `Command { std: "docker" "rm" "-f" "c363963adc51aac13f50f02937d358a2c24291f685a4d98f500d299bc9dc2b84", kill_on_drop: false }`
[INFO] [stdout] c363963adc51aac13f50f02937d358a2c24291f685a4d98f500d299bc9dc2b84
