[INFO] fetching crate tenet 0.0.4...
[INFO] testing tenet-0.0.4 against beta-2024-12-08 for beta-1.84.0-4-retry
[INFO] extracting crate tenet 0.0.4 into /workspace/builds/worker-2-tc2/source
[INFO] validating manifest of crates.io crate tenet 0.0.4 on toolchain beta-2024-12-08
[INFO] running `Command { std: CARGO_HOME="/workspace/cargo-home" RUSTUP_HOME="/workspace/rustup-home" "/workspace/cargo-home/bin/cargo" "+beta-2024-12-08" "metadata" "--manifest-path" "Cargo.toml" "--no-deps", kill_on_drop: false }`
[INFO] started tweaking crates.io crate tenet 0.0.4
[INFO] finished tweaking crates.io crate tenet 0.0.4
[INFO] tweaked toml for crates.io crate tenet 0.0.4 written to /workspace/builds/worker-2-tc2/source/Cargo.toml
[INFO] running `Command { std: CARGO_HOME="/workspace/cargo-home" RUSTUP_HOME="/workspace/rustup-home" "/workspace/cargo-home/bin/cargo" "+beta-2024-12-08" "generate-lockfile" "--manifest-path" "Cargo.toml", kill_on_drop: false }`
[INFO] [stderr]     Blocking waiting for file lock on package cache
[INFO] [stderr]     Updating crates.io index
[INFO] [stderr]     Blocking waiting for file lock on package cache
[INFO] [stderr]      Locking 26 packages to latest compatible versions
[INFO] [stderr]       Adding base64 v0.13.1 (available: v0.22.1)
[INFO] [stderr]       Adding http v0.2.12 (available: v1.2.0)
[INFO] running `Command { std: CARGO_HOME="/workspace/cargo-home" RUSTUP_HOME="/workspace/rustup-home" "/workspace/cargo-home/bin/cargo" "+beta-2024-12-08" "fetch" "--manifest-path" "Cargo.toml", kill_on_drop: false }`
[INFO] [stderr]     Blocking waiting for file lock on package cache
[INFO] [stderr]     Blocking waiting for file lock on package cache
[INFO] running `Command { std: "docker" "create" "-v" "/var/lib/crater-agent-workspace/builds/worker-2-tc2/target:/opt/rustwide/target:rw,Z" "-v" "/var/lib/crater-agent-workspace/builds/worker-2-tc2/source:/opt/rustwide/workdir:ro,Z" "-v" "/var/lib/crater-agent-workspace/cargo-home:/opt/rustwide/cargo-home:ro,Z" "-v" "/var/lib/crater-agent-workspace/rustup-home:/opt/rustwide/rustup-home:ro,Z" "-e" "SOURCE_DIR=/opt/rustwide/workdir" "-e" "CARGO_TARGET_DIR=/opt/rustwide/target" "-e" "CARGO_HOME=/opt/rustwide/cargo-home" "-e" "RUSTUP_HOME=/opt/rustwide/rustup-home" "-w" "/opt/rustwide/workdir" "-m" "1610612736" "--user" "0:0" "--network" "none" "ghcr.io/rust-lang/crates-build-env/linux@sha256:f3a9d4ad9d972b27faf3965f35b62e55ba32bbce8f20bc8fe909558a86702fde" "/opt/rustwide/cargo-home/bin/cargo" "+beta-2024-12-08" "metadata" "--no-deps" "--format-version=1", kill_on_drop: false }`
[INFO] [stdout] 7e3d9622889e48a66764880aa8fb4d9f778b2659982fcb7fdff89deb9fdb26e4
[INFO] running `Command { std: "docker" "start" "-a" "7e3d9622889e48a66764880aa8fb4d9f778b2659982fcb7fdff89deb9fdb26e4", kill_on_drop: false }`
[INFO] running `Command { std: "docker" "inspect" "7e3d9622889e48a66764880aa8fb4d9f778b2659982fcb7fdff89deb9fdb26e4", kill_on_drop: false }`
[INFO] running `Command { std: "docker" "rm" "-f" "7e3d9622889e48a66764880aa8fb4d9f778b2659982fcb7fdff89deb9fdb26e4", kill_on_drop: false }`
[INFO] [stdout] 7e3d9622889e48a66764880aa8fb4d9f778b2659982fcb7fdff89deb9fdb26e4
[INFO] running `Command { std: "docker" "create" "-v" "/var/lib/crater-agent-workspace/builds/worker-2-tc2/target:/opt/rustwide/target:rw,Z" "-v" "/var/lib/crater-agent-workspace/builds/worker-2-tc2/source:/opt/rustwide/workdir:ro,Z" "-v" "/var/lib/crater-agent-workspace/cargo-home:/opt/rustwide/cargo-home:ro,Z" "-v" "/var/lib/crater-agent-workspace/rustup-home:/opt/rustwide/rustup-home:ro,Z" "-e" "SOURCE_DIR=/opt/rustwide/workdir" "-e" "CARGO_TARGET_DIR=/opt/rustwide/target" "-e" "CARGO_INCREMENTAL=0" "-e" "RUST_BACKTRACE=full" "-e" "RUSTFLAGS=--cap-lints=warn" "-e" "RUSTDOCFLAGS=--cap-lints=warn" "-e" "CARGO_HOME=/opt/rustwide/cargo-home" "-e" "RUSTUP_HOME=/opt/rustwide/rustup-home" "-w" "/opt/rustwide/workdir" "-m" "1610612736" "--user" "0:0" "--network" "none" "ghcr.io/rust-lang/crates-build-env/linux@sha256:f3a9d4ad9d972b27faf3965f35b62e55ba32bbce8f20bc8fe909558a86702fde" "/opt/rustwide/cargo-home/bin/cargo" "+beta-2024-12-08" "build" "--frozen" "--message-format=json", kill_on_drop: false }`
[INFO] [stdout] 2ce41ab37f520aee92c79a52a79b8d77dfc2999c572c2ef3fe9eedff678bbdc3
[INFO] running `Command { std: "docker" "start" "-a" "2ce41ab37f520aee92c79a52a79b8d77dfc2999c572c2ef3fe9eedff678bbdc3", kill_on_drop: false }`
[INFO] [stderr]    Compiling typenum v1.17.0
[INFO] [stderr]    Compiling version_check v0.9.5
[INFO] [stderr]    Compiling proc-macro2 v1.0.92
[INFO] [stderr]    Compiling unicode-ident v1.0.14
[INFO] [stderr]    Compiling subtle v2.6.1
[INFO] [stderr]    Compiling serde v1.0.216
[INFO] [stderr]    Compiling serde_json v1.0.133
[INFO] [stderr]    Compiling cpufeatures v0.2.16
[INFO] [stderr]    Compiling memchr v2.7.4
[INFO] [stderr]    Compiling cfg-if v1.0.0
[INFO] [stderr]    Compiling itoa v1.0.14
[INFO] [stderr]    Compiling ryu v1.0.18
[INFO] [stderr]    Compiling base64 v0.13.1
[INFO] [stderr]    Compiling generic-array v0.14.7
[INFO] [stderr]    Compiling quote v1.0.37
[INFO] [stderr]    Compiling syn v2.0.90
[INFO] [stderr]    Compiling block-buffer v0.10.4
[INFO] [stderr]    Compiling crypto-common v0.1.6
[INFO] [stderr]    Compiling digest v0.10.7
[INFO] [stderr]    Compiling sha2 v0.10.8
[INFO] [stderr]    Compiling hmac v0.12.1
[INFO] [stderr]    Compiling serde_derive v1.0.216
[INFO] [stderr]    Compiling tenet v0.0.4 (/opt/rustwide/workdir)
[INFO] [stderr]     Finished `dev` profile [unoptimized + debuginfo] target(s) in 14.27s
[INFO] running `Command { std: "docker" "inspect" "2ce41ab37f520aee92c79a52a79b8d77dfc2999c572c2ef3fe9eedff678bbdc3", kill_on_drop: false }`
[INFO] running `Command { std: "docker" "rm" "-f" "2ce41ab37f520aee92c79a52a79b8d77dfc2999c572c2ef3fe9eedff678bbdc3", kill_on_drop: false }`
[INFO] [stdout] 2ce41ab37f520aee92c79a52a79b8d77dfc2999c572c2ef3fe9eedff678bbdc3
[INFO] running `Command { std: "docker" "create" "-v" "/var/lib/crater-agent-workspace/builds/worker-2-tc2/target:/opt/rustwide/target:rw,Z" "-v" "/var/lib/crater-agent-workspace/builds/worker-2-tc2/source:/opt/rustwide/workdir:ro,Z" "-v" "/var/lib/crater-agent-workspace/cargo-home:/opt/rustwide/cargo-home:ro,Z" "-v" "/var/lib/crater-agent-workspace/rustup-home:/opt/rustwide/rustup-home:ro,Z" "-e" "SOURCE_DIR=/opt/rustwide/workdir" "-e" "CARGO_TARGET_DIR=/opt/rustwide/target" "-e" "CARGO_INCREMENTAL=0" "-e" "RUST_BACKTRACE=full" "-e" "RUSTFLAGS=--cap-lints=warn" "-e" "RUSTDOCFLAGS=--cap-lints=warn" "-e" "CARGO_HOME=/opt/rustwide/cargo-home" "-e" "RUSTUP_HOME=/opt/rustwide/rustup-home" "-w" "/opt/rustwide/workdir" "-m" "1610612736" "--user" "0:0" "--network" "none" "ghcr.io/rust-lang/crates-build-env/linux@sha256:f3a9d4ad9d972b27faf3965f35b62e55ba32bbce8f20bc8fe909558a86702fde" "/opt/rustwide/cargo-home/bin/cargo" "+beta-2024-12-08" "test" "--frozen" "--no-run" "--message-format=json", kill_on_drop: false }`
[INFO] [stdout] c8d9c09a31acc415fc7f3bea4ccbc9c1d5b310484621621a7db083071f4ecc93
[INFO] running `Command { std: "docker" "start" "-a" "c8d9c09a31acc415fc7f3bea4ccbc9c1d5b310484621621a7db083071f4ecc93", kill_on_drop: false }`
[INFO] [stderr]    Compiling tenet v0.0.4 (/opt/rustwide/workdir)
[INFO] [stderr]     Finished `test` profile [unoptimized + debuginfo] target(s) in 0.46s
[INFO] running `Command { std: "docker" "inspect" "c8d9c09a31acc415fc7f3bea4ccbc9c1d5b310484621621a7db083071f4ecc93", kill_on_drop: false }`
[INFO] running `Command { std: "docker" "rm" "-f" "c8d9c09a31acc415fc7f3bea4ccbc9c1d5b310484621621a7db083071f4ecc93", kill_on_drop: false }`
[INFO] [stdout] c8d9c09a31acc415fc7f3bea4ccbc9c1d5b310484621621a7db083071f4ecc93
[INFO] running `Command { std: "docker" "create" "-v" "/var/lib/crater-agent-workspace/builds/worker-2-tc2/target:/opt/rustwide/target:rw,Z" "-v" "/var/lib/crater-agent-workspace/builds/worker-2-tc2/source:/opt/rustwide/workdir:ro,Z" "-v" "/var/lib/crater-agent-workspace/cargo-home:/opt/rustwide/cargo-home:ro,Z" "-v" "/var/lib/crater-agent-workspace/rustup-home:/opt/rustwide/rustup-home:ro,Z" "-e" "SOURCE_DIR=/opt/rustwide/workdir" "-e" "CARGO_TARGET_DIR=/opt/rustwide/target" "-e" "CARGO_INCREMENTAL=0" "-e" "RUST_BACKTRACE=full" "-e" "RUSTFLAGS=--cap-lints=warn" "-e" "RUSTDOCFLAGS=--cap-lints=warn" "-e" "CARGO_HOME=/opt/rustwide/cargo-home" "-e" "RUSTUP_HOME=/opt/rustwide/rustup-home" "-w" "/opt/rustwide/workdir" "-m" "1610612736" "--user" "0:0" "--network" "none" "ghcr.io/rust-lang/crates-build-env/linux@sha256:f3a9d4ad9d972b27faf3965f35b62e55ba32bbce8f20bc8fe909558a86702fde" "/opt/rustwide/cargo-home/bin/cargo" "+beta-2024-12-08" "test" "--frozen", kill_on_drop: false }`
[INFO] [stdout] 7c534c7d2537e168fc82dd9dfa341934b36e5bd20df065b664d05aaab26116d5
[INFO] running `Command { std: "docker" "start" "-a" "7c534c7d2537e168fc82dd9dfa341934b36e5bd20df065b664d05aaab26116d5", kill_on_drop: false }`
[INFO] [stderr]     Finished `test` profile [unoptimized + debuginfo] target(s) in 0.03s
[INFO] [stderr]      Running unittests src/lib.rs (/opt/rustwide/target/debug/deps/tenet-e4c1242f5a2c26f9)
[INFO] [stdout] 
[INFO] [stdout] running 0 tests
[INFO] [stdout] 
[INFO] [stdout] test result: ok. 0 passed; 0 failed; 0 ignored; 0 measured; 0 filtered out; finished in 0.00s
[INFO] [stdout] 
[INFO] [stderr]    Doc-tests tenet
[INFO] [stdout] 
[INFO] [stdout] running 3 tests
[INFO] [stdout] test src/lib.rs - Token<T>::new (line 286) ... FAILED
[INFO] [stdout] test src/lib.rs - Token<T>::create (line 272) ... FAILED
[INFO] [stdout] test src/lib.rs - (line 39) ... FAILED
[INFO] [stdout] 
[INFO] [stdout] failures:
[INFO] [stdout] 
[INFO] [stdout] ---- src/lib.rs - Token<T>::new (line 286) stdout ----
[INFO] [stdout] error[E0432]: unresolved import `jwt_watchflow`
[INFO] [stdout]  --> src/lib.rs:287:5
[INFO] [stdout]   |
[INFO] [stdout] 3 | use jwt_watchflow::{Token, TokenAlgorithm, TokenHeader};
[INFO] [stdout]   |     ^^^^^^^^^^^^^ use of undeclared crate or module `jwt_watchflow`
[INFO] [stdout] 
[INFO] [stdout] error: aborting due to 1 previous error
[INFO] [stdout] 
[INFO] [stdout] For more information about this error, try `rustc --explain E0432`.
[INFO] [stdout] Couldn't compile the test.
[INFO] [stdout] ---- src/lib.rs - Token<T>::create (line 272) stdout ----
[INFO] [stdout] error[E0432]: unresolved import `jwt_watchflow`
[INFO] [stdout]  --> src/lib.rs:273:5
[INFO] [stdout]   |
[INFO] [stdout] 3 | use jwt_watchflow::{Token, TokenAlgorithm};
[INFO] [stdout]   |     ^^^^^^^^^^^^^ use of undeclared crate or module `jwt_watchflow`
[INFO] [stdout] 
[INFO] [stdout] error: aborting due to 1 previous error
[INFO] [stdout] 
[INFO] [stdout] For more information about this error, try `rustc --explain E0432`.
[INFO] [stdout] Couldn't compile the test.
[INFO] [stdout] ---- src/lib.rs - (line 39) stdout ----
[INFO] [stdout] error[E0432]: unresolved import `jwt_watchflow`
[INFO] [stdout]  --> src/lib.rs:41:5
[INFO] [stdout]   |
[INFO] [stdout] 4 | use jwt_watchflow::{Token, TokenAlgorithm, SignedToken};
[INFO] [stdout]   |     ^^^^^^^^^^^^^ use of undeclared crate or module `jwt_watchflow`
[INFO] [stdout] 
[INFO] [stdout] error: aborting due to 1 previous error
[INFO] [stdout] 
[INFO] [stdout] For more information about this error, try `rustc --explain E0432`.
[INFO] [stdout] Couldn't compile the test.
[INFO] [stdout] 
[INFO] [stdout] failures:
[INFO] [stdout]     src/lib.rs - (line 39)
[INFO] [stdout]     src/lib.rs - Token<T>::create (line 272)
[INFO] [stdout]     src/lib.rs - Token<T>::new (line 286)
[INFO] [stdout] 
[INFO] [stdout] test result: FAILED. 0 passed; 3 failed; 0 ignored; 0 measured; 0 filtered out; finished in 0.17s
[INFO] [stdout] 
[INFO] [stderr] error: doctest failed, to rerun pass `--doc`
[INFO] running `Command { std: "docker" "inspect" "7c534c7d2537e168fc82dd9dfa341934b36e5bd20df065b664d05aaab26116d5", kill_on_drop: false }`
[INFO] running `Command { std: "docker" "rm" "-f" "7c534c7d2537e168fc82dd9dfa341934b36e5bd20df065b664d05aaab26116d5", kill_on_drop: false }`
[INFO] [stdout] 7c534c7d2537e168fc82dd9dfa341934b36e5bd20df065b664d05aaab26116d5
