[INFO] fetching crate templr_macros 0.2.2...
[INFO] testing templr_macros-0.2.2 against 1.83.0 for beta-1.84.0-4-retry
[INFO] extracting crate templr_macros 0.2.2 into /workspace/builds/worker-7-tc1/source
[INFO] validating manifest of crates.io crate templr_macros 0.2.2 on toolchain 1.83.0
[INFO] running `Command { std: CARGO_HOME="/workspace/cargo-home" RUSTUP_HOME="/workspace/rustup-home" "/workspace/cargo-home/bin/cargo" "+1.83.0" "metadata" "--manifest-path" "Cargo.toml" "--no-deps", kill_on_drop: false }`
[INFO] started tweaking crates.io crate templr_macros 0.2.2
[INFO] finished tweaking crates.io crate templr_macros 0.2.2
[INFO] tweaked toml for crates.io crate templr_macros 0.2.2 written to /workspace/builds/worker-7-tc1/source/Cargo.toml
[INFO] running `Command { std: CARGO_HOME="/workspace/cargo-home" RUSTUP_HOME="/workspace/rustup-home" "/workspace/cargo-home/bin/cargo" "+1.83.0" "generate-lockfile" "--manifest-path" "Cargo.toml", kill_on_drop: false }`
[INFO] [stderr]     Updating crates.io index
[INFO] [stderr]      Locking 6 packages to latest compatible versions
[INFO] running `Command { std: CARGO_HOME="/workspace/cargo-home" RUSTUP_HOME="/workspace/rustup-home" "/workspace/cargo-home/bin/cargo" "+1.83.0" "fetch" "--manifest-path" "Cargo.toml", kill_on_drop: false }`
[INFO] [stderr]  Downloading crates ...
[INFO] [stderr]   Downloaded templr_parser v0.2.1
[INFO] running `Command { std: "docker" "create" "-v" "/var/lib/crater-agent-workspace/builds/worker-7-tc1/target:/opt/rustwide/target:rw,Z" "-v" "/var/lib/crater-agent-workspace/builds/worker-7-tc1/source:/opt/rustwide/workdir:ro,Z" "-v" "/var/lib/crater-agent-workspace/cargo-home:/opt/rustwide/cargo-home:ro,Z" "-v" "/var/lib/crater-agent-workspace/rustup-home:/opt/rustwide/rustup-home:ro,Z" "-e" "SOURCE_DIR=/opt/rustwide/workdir" "-e" "CARGO_TARGET_DIR=/opt/rustwide/target" "-e" "CARGO_HOME=/opt/rustwide/cargo-home" "-e" "RUSTUP_HOME=/opt/rustwide/rustup-home" "-w" "/opt/rustwide/workdir" "-m" "1610612736" "--user" "0:0" "--network" "none" "ghcr.io/rust-lang/crates-build-env/linux@sha256:f3a9d4ad9d972b27faf3965f35b62e55ba32bbce8f20bc8fe909558a86702fde" "/opt/rustwide/cargo-home/bin/cargo" "+1.83.0" "metadata" "--no-deps" "--format-version=1", kill_on_drop: false }`
[INFO] [stdout] 26d0f1b4a6a958ab4a37566756260d4ecd6cf4fc32108d1d6331a144e0c28cd3
[INFO] running `Command { std: "docker" "start" "-a" "26d0f1b4a6a958ab4a37566756260d4ecd6cf4fc32108d1d6331a144e0c28cd3", kill_on_drop: false }`
[INFO] running `Command { std: "docker" "inspect" "26d0f1b4a6a958ab4a37566756260d4ecd6cf4fc32108d1d6331a144e0c28cd3", kill_on_drop: false }`
[INFO] running `Command { std: "docker" "rm" "-f" "26d0f1b4a6a958ab4a37566756260d4ecd6cf4fc32108d1d6331a144e0c28cd3", kill_on_drop: false }`
[INFO] [stdout] 26d0f1b4a6a958ab4a37566756260d4ecd6cf4fc32108d1d6331a144e0c28cd3
[INFO] running `Command { std: "docker" "create" "-v" "/var/lib/crater-agent-workspace/builds/worker-7-tc1/target:/opt/rustwide/target:rw,Z" "-v" "/var/lib/crater-agent-workspace/builds/worker-7-tc1/source:/opt/rustwide/workdir:ro,Z" "-v" "/var/lib/crater-agent-workspace/cargo-home:/opt/rustwide/cargo-home:ro,Z" "-v" "/var/lib/crater-agent-workspace/rustup-home:/opt/rustwide/rustup-home:ro,Z" "-e" "SOURCE_DIR=/opt/rustwide/workdir" "-e" "CARGO_TARGET_DIR=/opt/rustwide/target" "-e" "CARGO_INCREMENTAL=0" "-e" "RUST_BACKTRACE=full" "-e" "RUSTFLAGS=--cap-lints=warn" "-e" "RUSTDOCFLAGS=--cap-lints=warn" "-e" "CARGO_HOME=/opt/rustwide/cargo-home" "-e" "RUSTUP_HOME=/opt/rustwide/rustup-home" "-w" "/opt/rustwide/workdir" "-m" "1610612736" "--user" "0:0" "--network" "none" "ghcr.io/rust-lang/crates-build-env/linux@sha256:f3a9d4ad9d972b27faf3965f35b62e55ba32bbce8f20bc8fe909558a86702fde" "/opt/rustwide/cargo-home/bin/cargo" "+1.83.0" "build" "--frozen" "--message-format=json", kill_on_drop: false }`
[INFO] [stdout] e8bf1d784498725418b702f6b2e8074554947bc4571d475e4b051292bbf4fa9e
[INFO] running `Command { std: "docker" "start" "-a" "e8bf1d784498725418b702f6b2e8074554947bc4571d475e4b051292bbf4fa9e", kill_on_drop: false }`
[INFO] [stderr]    Compiling proc-macro2 v1.0.92
[INFO] [stderr]    Compiling unicode-ident v1.0.14
[INFO] [stderr]    Compiling askama_escape v0.10.3
[INFO] [stderr]    Compiling quote v1.0.37
[INFO] [stderr]    Compiling syn v2.0.90
[INFO] [stderr]    Compiling templr_parser v0.2.1
[INFO] [stderr]    Compiling templr_macros v0.2.2 (/opt/rustwide/workdir)
[INFO] [stderr]     Finished `dev` profile [unoptimized + debuginfo] target(s) in 10.63s
[INFO] running `Command { std: "docker" "inspect" "e8bf1d784498725418b702f6b2e8074554947bc4571d475e4b051292bbf4fa9e", kill_on_drop: false }`
[INFO] running `Command { std: "docker" "rm" "-f" "e8bf1d784498725418b702f6b2e8074554947bc4571d475e4b051292bbf4fa9e", kill_on_drop: false }`
[INFO] [stdout] e8bf1d784498725418b702f6b2e8074554947bc4571d475e4b051292bbf4fa9e
[INFO] running `Command { std: "docker" "create" "-v" "/var/lib/crater-agent-workspace/builds/worker-7-tc1/target:/opt/rustwide/target:rw,Z" "-v" "/var/lib/crater-agent-workspace/builds/worker-7-tc1/source:/opt/rustwide/workdir:ro,Z" "-v" "/var/lib/crater-agent-workspace/cargo-home:/opt/rustwide/cargo-home:ro,Z" "-v" "/var/lib/crater-agent-workspace/rustup-home:/opt/rustwide/rustup-home:ro,Z" "-e" "SOURCE_DIR=/opt/rustwide/workdir" "-e" "CARGO_TARGET_DIR=/opt/rustwide/target" "-e" "CARGO_INCREMENTAL=0" "-e" "RUST_BACKTRACE=full" "-e" "RUSTFLAGS=--cap-lints=warn" "-e" "RUSTDOCFLAGS=--cap-lints=warn" "-e" "CARGO_HOME=/opt/rustwide/cargo-home" "-e" "RUSTUP_HOME=/opt/rustwide/rustup-home" "-w" "/opt/rustwide/workdir" "-m" "1610612736" "--user" "0:0" "--network" "none" "ghcr.io/rust-lang/crates-build-env/linux@sha256:f3a9d4ad9d972b27faf3965f35b62e55ba32bbce8f20bc8fe909558a86702fde" "/opt/rustwide/cargo-home/bin/cargo" "+1.83.0" "test" "--frozen" "--no-run" "--message-format=json", kill_on_drop: false }`
[INFO] [stdout] 87407816e72405441a6d493fcf817bed3fa730c83e555564ebd2c0d66b23649f
[INFO] running `Command { std: "docker" "start" "-a" "87407816e72405441a6d493fcf817bed3fa730c83e555564ebd2c0d66b23649f", kill_on_drop: false }`
[INFO] [stderr]    Compiling templr_macros v0.2.2 (/opt/rustwide/workdir)
[INFO] [stderr]     Finished `test` profile [unoptimized + debuginfo] target(s) in 1.69s
[INFO] running `Command { std: "docker" "inspect" "87407816e72405441a6d493fcf817bed3fa730c83e555564ebd2c0d66b23649f", kill_on_drop: false }`
[INFO] running `Command { std: "docker" "rm" "-f" "87407816e72405441a6d493fcf817bed3fa730c83e555564ebd2c0d66b23649f", kill_on_drop: false }`
[INFO] [stdout] 87407816e72405441a6d493fcf817bed3fa730c83e555564ebd2c0d66b23649f
[INFO] running `Command { std: "docker" "create" "-v" "/var/lib/crater-agent-workspace/builds/worker-7-tc1/target:/opt/rustwide/target:rw,Z" "-v" "/var/lib/crater-agent-workspace/builds/worker-7-tc1/source:/opt/rustwide/workdir:ro,Z" "-v" "/var/lib/crater-agent-workspace/cargo-home:/opt/rustwide/cargo-home:ro,Z" "-v" "/var/lib/crater-agent-workspace/rustup-home:/opt/rustwide/rustup-home:ro,Z" "-e" "SOURCE_DIR=/opt/rustwide/workdir" "-e" "CARGO_TARGET_DIR=/opt/rustwide/target" "-e" "CARGO_INCREMENTAL=0" "-e" "RUST_BACKTRACE=full" "-e" "RUSTFLAGS=--cap-lints=warn" "-e" "RUSTDOCFLAGS=--cap-lints=warn" "-e" "CARGO_HOME=/opt/rustwide/cargo-home" "-e" "RUSTUP_HOME=/opt/rustwide/rustup-home" "-w" "/opt/rustwide/workdir" "-m" "1610612736" "--user" "0:0" "--network" "none" "ghcr.io/rust-lang/crates-build-env/linux@sha256:f3a9d4ad9d972b27faf3965f35b62e55ba32bbce8f20bc8fe909558a86702fde" "/opt/rustwide/cargo-home/bin/cargo" "+1.83.0" "test" "--frozen", kill_on_drop: false }`
[INFO] [stdout] bc9132face3caa5cbba3f0f4dd46cc2fc8ddc03d3cf50c94259d91755a8f1e43
[INFO] running `Command { std: "docker" "start" "-a" "bc9132face3caa5cbba3f0f4dd46cc2fc8ddc03d3cf50c94259d91755a8f1e43", kill_on_drop: false }`
[INFO] [stderr]     Finished `test` profile [unoptimized + debuginfo] target(s) in 0.03s
[INFO] [stderr]      Running unittests src/lib.rs (/opt/rustwide/target/debug/deps/templr_macros-0e87a1ec9c9e3b8b)
[INFO] [stdout] 
[INFO] [stdout] running 0 tests
[INFO] [stdout] 
[INFO] [stdout] test result: ok. 0 passed; 0 failed; 0 ignored; 0 measured; 0 filtered out; finished in 0.00s
[INFO] [stdout] 
[INFO] [stderr]    Doc-tests templr_macros
[INFO] [stdout] 
[INFO] [stdout] running 8 tests
[INFO] [stdout] test src/lib.rs - templ (line 1110) ... FAILED
[INFO] [stdout] test src/lib.rs - derive_template (line 1336) ... FAILED
[INFO] [stdout] test src/lib.rs - attrs (line 1286) ... FAILED
[INFO] [stdout] test src/lib.rs - templ (line 1203) ... FAILED
[INFO] [stdout] test src/lib.rs - templ (line 1157) ... FAILED
[INFO] [stdout] test src/lib.rs - templ (line 1088) ... FAILED
[INFO] [stdout] test src/lib.rs - templ (line 1131) ... FAILED
[INFO] [stdout] test src/lib.rs - templ (line 1233) ... FAILED
[INFO] [stdout] 
[INFO] [stdout] failures:
[INFO] [stdout] 
[INFO] [stdout] ---- src/lib.rs - templ (line 1110) stdout ----
[INFO] [stdout] error[E0432]: unresolved import `templr`
[INFO] [stdout]  --> src/lib.rs:1111:5
[INFO] [stdout]   |
[INFO] [stdout] 3 | use templr::{templ, Template};
[INFO] [stdout]   |     ^^^^^^ use of undeclared crate or module `templr`
[INFO] [stdout] 
[INFO] [stdout] error: aborting due to 1 previous error
[INFO] [stdout] 
[INFO] [stdout] For more information about this error, try `rustc --explain E0432`.
[INFO] [stdout] Couldn't compile the test.
[INFO] [stdout] ---- src/lib.rs - derive_template (line 1336) stdout ----
[INFO] [stdout] error[E0432]: unresolved import `templr`
[INFO] [stdout]  --> src/lib.rs:1337:5
[INFO] [stdout]   |
[INFO] [stdout] 3 | use templr::{templ, ToTemplate, Template};
[INFO] [stdout]   |     ^^^^^^ use of undeclared crate or module `templr`
[INFO] [stdout] 
[INFO] [stdout] error: aborting due to 1 previous error
[INFO] [stdout] 
[INFO] [stdout] For more information about this error, try `rustc --explain E0432`.
[INFO] [stdout] Couldn't compile the test.
[INFO] [stdout] ---- src/lib.rs - attrs (line 1286) stdout ----
[INFO] [stdout] error[E0432]: unresolved import `templr`
[INFO] [stdout]  --> src/lib.rs:1287:5
[INFO] [stdout]   |
[INFO] [stdout] 3 | use templr::{templ, Template, attrs};
[INFO] [stdout]   |     ^^^^^^ use of undeclared crate or module `templr`
[INFO] [stdout] 
[INFO] [stdout] error: aborting due to 1 previous error
[INFO] [stdout] 
[INFO] [stdout] For more information about this error, try `rustc --explain E0432`.
[INFO] [stdout] Couldn't compile the test.
[INFO] [stdout] ---- src/lib.rs - templ (line 1203) stdout ----
[INFO] [stdout] error[E0432]: unresolved import `templr`
[INFO] [stdout]  --> src/lib.rs:1204:5
[INFO] [stdout]   |
[INFO] [stdout] 3 | use templr::{templ, Template};
[INFO] [stdout]   |     ^^^^^^ use of undeclared crate or module `templr`
[INFO] [stdout] 
[INFO] [stdout] error: aborting due to 1 previous error
[INFO] [stdout] 
[INFO] [stdout] For more information about this error, try `rustc --explain E0432`.
[INFO] [stdout] Couldn't compile the test.
[INFO] [stdout] ---- src/lib.rs - templ (line 1157) stdout ----
[INFO] [stdout] error[E0432]: unresolved import `templr`
[INFO] [stdout]  --> src/lib.rs:1158:5
[INFO] [stdout]   |
[INFO] [stdout] 3 | use templr::{templ, Template};
[INFO] [stdout]   |     ^^^^^^ use of undeclared crate or module `templr`
[INFO] [stdout] 
[INFO] [stdout] error: aborting due to 1 previous error
[INFO] [stdout] 
[INFO] [stdout] For more information about this error, try `rustc --explain E0432`.
[INFO] [stdout] Couldn't compile the test.
[INFO] [stdout] ---- src/lib.rs - templ (line 1088) stdout ----
[INFO] [stdout] error[E0432]: unresolved import `templr`
[INFO] [stdout]  --> src/lib.rs:1089:5
[INFO] [stdout]   |
[INFO] [stdout] 3 | use templr::{templ, Template};
[INFO] [stdout]   |     ^^^^^^ use of undeclared crate or module `templr`
[INFO] [stdout] 
[INFO] [stdout] error: aborting due to 1 previous error
[INFO] [stdout] 
[INFO] [stdout] For more information about this error, try `rustc --explain E0432`.
[INFO] [stdout] Couldn't compile the test.
[INFO] [stdout] ---- src/lib.rs - templ (line 1131) stdout ----
[INFO] [stdout] error[E0432]: unresolved import `templr`
[INFO] [stdout]  --> src/lib.rs:1132:5
[INFO] [stdout]   |
[INFO] [stdout] 3 | use templr::{templ, Template};
[INFO] [stdout]   |     ^^^^^^ use of undeclared crate or module `templr`
[INFO] [stdout] 
[INFO] [stdout] error: aborting due to 1 previous error
[INFO] [stdout] 
[INFO] [stdout] For more information about this error, try `rustc --explain E0432`.
[INFO] [stdout] Couldn't compile the test.
[INFO] [stdout] ---- src/lib.rs - templ (line 1233) stdout ----
[INFO] [stdout] error[E0432]: unresolved import `templr`
[INFO] [stdout]  --> src/lib.rs:1234:5
[INFO] [stdout]   |
[INFO] [stdout] 3 | use templr::{templ, Template};
[INFO] [stdout]   |     ^^^^^^ use of undeclared crate or module `templr`
[INFO] [stdout] 
[INFO] [stdout] error: aborting due to 1 previous error
[INFO] [stdout] 
[INFO] [stdout] For more information about this error, try `rustc --explain E0432`.
[INFO] [stdout] Couldn't compile the test.
[INFO] [stdout] 
[INFO] [stdout] failures:
[INFO] [stdout]     src/lib.rs - attrs (line 1286)
[INFO] [stdout]     src/lib.rs - derive_template (line 1336)
[INFO] [stdout]     src/lib.rs - templ (line 1088)
[INFO] [stdout]     src/lib.rs - templ (line 1110)
[INFO] [stdout]     src/lib.rs - templ (line 1131)
[INFO] [stdout]     src/lib.rs - templ (line 1157)
[INFO] [stdout]     src/lib.rs - templ (line 1203)
[INFO] [stdout]     src/lib.rs - templ (line 1233)
[INFO] [stdout] 
[INFO] [stdout] test result: FAILED. 0 passed; 8 failed; 0 ignored; 0 measured; 0 filtered out; finished in 0.25s
[INFO] [stdout] 
[INFO] [stderr] error: doctest failed, to rerun pass `--doc`
[INFO] running `Command { std: "docker" "inspect" "bc9132face3caa5cbba3f0f4dd46cc2fc8ddc03d3cf50c94259d91755a8f1e43", kill_on_drop: false }`
[INFO] running `Command { std: "docker" "rm" "-f" "bc9132face3caa5cbba3f0f4dd46cc2fc8ddc03d3cf50c94259d91755a8f1e43", kill_on_drop: false }`
[INFO] [stdout] bc9132face3caa5cbba3f0f4dd46cc2fc8ddc03d3cf50c94259d91755a8f1e43
