[INFO] fetching crate tdbg 0.1.0...
[INFO] testing tdbg-0.1.0 against 1.83.0 for beta-1.84.0-4-retry
[INFO] extracting crate tdbg 0.1.0 into /workspace/builds/worker-7-tc1/source
[INFO] validating manifest of crates.io crate tdbg 0.1.0 on toolchain 1.83.0
[INFO] running `Command { std: CARGO_HOME="/workspace/cargo-home" RUSTUP_HOME="/workspace/rustup-home" "/workspace/cargo-home/bin/cargo" "+1.83.0" "metadata" "--manifest-path" "Cargo.toml" "--no-deps", kill_on_drop: false }`
[INFO] started tweaking crates.io crate tdbg 0.1.0
[INFO] finished tweaking crates.io crate tdbg 0.1.0
[INFO] tweaked toml for crates.io crate tdbg 0.1.0 written to /workspace/builds/worker-7-tc1/source/Cargo.toml
[INFO] crate crates.io crate tdbg 0.1.0 already has a lockfile, it will not be regenerated
[INFO] running `Command { std: CARGO_HOME="/workspace/cargo-home" RUSTUP_HOME="/workspace/rustup-home" "/workspace/cargo-home/bin/cargo" "+1.83.0" "fetch" "--manifest-path" "Cargo.toml", kill_on_drop: false }`
[INFO] [stderr]     Blocking waiting for file lock on package cache
[INFO] running `Command { std: "docker" "create" "-v" "/var/lib/crater-agent-workspace/builds/worker-7-tc1/target:/opt/rustwide/target:rw,Z" "-v" "/var/lib/crater-agent-workspace/builds/worker-7-tc1/source:/opt/rustwide/workdir:ro,Z" "-v" "/var/lib/crater-agent-workspace/cargo-home:/opt/rustwide/cargo-home:ro,Z" "-v" "/var/lib/crater-agent-workspace/rustup-home:/opt/rustwide/rustup-home:ro,Z" "-e" "SOURCE_DIR=/opt/rustwide/workdir" "-e" "CARGO_TARGET_DIR=/opt/rustwide/target" "-e" "CARGO_HOME=/opt/rustwide/cargo-home" "-e" "RUSTUP_HOME=/opt/rustwide/rustup-home" "-w" "/opt/rustwide/workdir" "-m" "1610612736" "--user" "0:0" "--network" "none" "ghcr.io/rust-lang/crates-build-env/linux@sha256:f3a9d4ad9d972b27faf3965f35b62e55ba32bbce8f20bc8fe909558a86702fde" "/opt/rustwide/cargo-home/bin/cargo" "+1.83.0" "metadata" "--no-deps" "--format-version=1", kill_on_drop: false }`
[INFO] [stdout] b16e33c716df04b10a1b68fb4534722dd999f24fed04e9e27c0218b76ac83f1f
[INFO] running `Command { std: "docker" "start" "-a" "b16e33c716df04b10a1b68fb4534722dd999f24fed04e9e27c0218b76ac83f1f", kill_on_drop: false }`
[INFO] running `Command { std: "docker" "inspect" "b16e33c716df04b10a1b68fb4534722dd999f24fed04e9e27c0218b76ac83f1f", kill_on_drop: false }`
[INFO] running `Command { std: "docker" "rm" "-f" "b16e33c716df04b10a1b68fb4534722dd999f24fed04e9e27c0218b76ac83f1f", kill_on_drop: false }`
[INFO] [stdout] b16e33c716df04b10a1b68fb4534722dd999f24fed04e9e27c0218b76ac83f1f
[INFO] running `Command { std: "docker" "create" "-v" "/var/lib/crater-agent-workspace/builds/worker-7-tc1/target:/opt/rustwide/target:rw,Z" "-v" "/var/lib/crater-agent-workspace/builds/worker-7-tc1/source:/opt/rustwide/workdir:ro,Z" "-v" "/var/lib/crater-agent-workspace/cargo-home:/opt/rustwide/cargo-home:ro,Z" "-v" "/var/lib/crater-agent-workspace/rustup-home:/opt/rustwide/rustup-home:ro,Z" "-e" "SOURCE_DIR=/opt/rustwide/workdir" "-e" "CARGO_TARGET_DIR=/opt/rustwide/target" "-e" "CARGO_INCREMENTAL=0" "-e" "RUST_BACKTRACE=full" "-e" "RUSTFLAGS=--cap-lints=warn" "-e" "RUSTDOCFLAGS=--cap-lints=warn" "-e" "CARGO_HOME=/opt/rustwide/cargo-home" "-e" "RUSTUP_HOME=/opt/rustwide/rustup-home" "-w" "/opt/rustwide/workdir" "-m" "1610612736" "--user" "0:0" "--network" "none" "ghcr.io/rust-lang/crates-build-env/linux@sha256:f3a9d4ad9d972b27faf3965f35b62e55ba32bbce8f20bc8fe909558a86702fde" "/opt/rustwide/cargo-home/bin/cargo" "+1.83.0" "build" "--frozen" "--message-format=json", kill_on_drop: false }`
[INFO] [stdout] 908f170370818c297599a2253313e6994ed29a1c232d0ac9a41bfffb5ceddbd5
[INFO] running `Command { std: "docker" "start" "-a" "908f170370818c297599a2253313e6994ed29a1c232d0ac9a41bfffb5ceddbd5", kill_on_drop: false }`
[INFO] [stderr]    Compiling tdbg v0.1.0 (/opt/rustwide/workdir)
[INFO] [stderr]     Finished `dev` profile [unoptimized + debuginfo] target(s) in 0.52s
[INFO] running `Command { std: "docker" "inspect" "908f170370818c297599a2253313e6994ed29a1c232d0ac9a41bfffb5ceddbd5", kill_on_drop: false }`
[INFO] running `Command { std: "docker" "rm" "-f" "908f170370818c297599a2253313e6994ed29a1c232d0ac9a41bfffb5ceddbd5", kill_on_drop: false }`
[INFO] [stdout] 908f170370818c297599a2253313e6994ed29a1c232d0ac9a41bfffb5ceddbd5
[INFO] running `Command { std: "docker" "create" "-v" "/var/lib/crater-agent-workspace/builds/worker-7-tc1/target:/opt/rustwide/target:rw,Z" "-v" "/var/lib/crater-agent-workspace/builds/worker-7-tc1/source:/opt/rustwide/workdir:ro,Z" "-v" "/var/lib/crater-agent-workspace/cargo-home:/opt/rustwide/cargo-home:ro,Z" "-v" "/var/lib/crater-agent-workspace/rustup-home:/opt/rustwide/rustup-home:ro,Z" "-e" "SOURCE_DIR=/opt/rustwide/workdir" "-e" "CARGO_TARGET_DIR=/opt/rustwide/target" "-e" "CARGO_INCREMENTAL=0" "-e" "RUST_BACKTRACE=full" "-e" "RUSTFLAGS=--cap-lints=warn" "-e" "RUSTDOCFLAGS=--cap-lints=warn" "-e" "CARGO_HOME=/opt/rustwide/cargo-home" "-e" "RUSTUP_HOME=/opt/rustwide/rustup-home" "-w" "/opt/rustwide/workdir" "-m" "1610612736" "--user" "0:0" "--network" "none" "ghcr.io/rust-lang/crates-build-env/linux@sha256:f3a9d4ad9d972b27faf3965f35b62e55ba32bbce8f20bc8fe909558a86702fde" "/opt/rustwide/cargo-home/bin/cargo" "+1.83.0" "test" "--frozen" "--no-run" "--message-format=json", kill_on_drop: false }`
[INFO] [stdout] 9a75978d2db3b6ffaf4088ad4c7cb5881ec4db3c58d080d921e68074709d31ee
[INFO] running `Command { std: "docker" "start" "-a" "9a75978d2db3b6ffaf4088ad4c7cb5881ec4db3c58d080d921e68074709d31ee", kill_on_drop: false }`
[INFO] [stderr]    Compiling tdbg v0.1.0 (/opt/rustwide/workdir)
[INFO] [stderr]     Finished `test` profile [unoptimized + debuginfo] target(s) in 0.35s
[INFO] running `Command { std: "docker" "inspect" "9a75978d2db3b6ffaf4088ad4c7cb5881ec4db3c58d080d921e68074709d31ee", kill_on_drop: false }`
[INFO] running `Command { std: "docker" "rm" "-f" "9a75978d2db3b6ffaf4088ad4c7cb5881ec4db3c58d080d921e68074709d31ee", kill_on_drop: false }`
[INFO] [stdout] 9a75978d2db3b6ffaf4088ad4c7cb5881ec4db3c58d080d921e68074709d31ee
[INFO] running `Command { std: "docker" "create" "-v" "/var/lib/crater-agent-workspace/builds/worker-7-tc1/target:/opt/rustwide/target:rw,Z" "-v" "/var/lib/crater-agent-workspace/builds/worker-7-tc1/source:/opt/rustwide/workdir:ro,Z" "-v" "/var/lib/crater-agent-workspace/cargo-home:/opt/rustwide/cargo-home:ro,Z" "-v" "/var/lib/crater-agent-workspace/rustup-home:/opt/rustwide/rustup-home:ro,Z" "-e" "SOURCE_DIR=/opt/rustwide/workdir" "-e" "CARGO_TARGET_DIR=/opt/rustwide/target" "-e" "CARGO_INCREMENTAL=0" "-e" "RUST_BACKTRACE=full" "-e" "RUSTFLAGS=--cap-lints=warn" "-e" "RUSTDOCFLAGS=--cap-lints=warn" "-e" "CARGO_HOME=/opt/rustwide/cargo-home" "-e" "RUSTUP_HOME=/opt/rustwide/rustup-home" "-w" "/opt/rustwide/workdir" "-m" "1610612736" "--user" "0:0" "--network" "none" "ghcr.io/rust-lang/crates-build-env/linux@sha256:f3a9d4ad9d972b27faf3965f35b62e55ba32bbce8f20bc8fe909558a86702fde" "/opt/rustwide/cargo-home/bin/cargo" "+1.83.0" "test" "--frozen", kill_on_drop: false }`
[INFO] [stdout] 76360e3d5d4157daf21f27c98496df8cc16b1d900dab739c79b97e96e0b4865c
[INFO] running `Command { std: "docker" "start" "-a" "76360e3d5d4157daf21f27c98496df8cc16b1d900dab739c79b97e96e0b4865c", kill_on_drop: false }`
[INFO] [stderr]     Finished `test` profile [unoptimized + debuginfo] target(s) in 0.01s
[INFO] [stderr]      Running unittests src/lib.rs (/opt/rustwide/target/debug/deps/tdbg-03ddab571fced557)
[INFO] [stdout] 
[INFO] [stderr]      Running unittests src/server.rs (/opt/rustwide/target/debug/deps/tdbg-b7407b0c3cf9fcbb)
[INFO] [stdout] running 0 tests
[INFO] [stdout] 
[INFO] [stdout] test result: ok. 0 passed; 0 failed; 0 ignored; 0 measured; 0 filtered out; finished in 0.00s
[INFO] [stdout] 
[INFO] [stderr]    Doc-tests tdbg
[INFO] [stdout] 
[INFO] [stdout] running 0 tests
[INFO] [stdout] 
[INFO] [stdout] test result: ok. 0 passed; 0 failed; 0 ignored; 0 measured; 0 filtered out; finished in 0.00s
[INFO] [stdout] 
[INFO] [stdout] 
[INFO] [stdout] running 1 test
[INFO] [stdout] test src/lib.rs - tdbg (line 32) ... FAILED
[INFO] [stdout] 
[INFO] [stdout] failures:
[INFO] [stdout] 
[INFO] [stdout] ---- src/lib.rs - tdbg (line 32) stdout ----
[INFO] [stdout] error[E0425]: cannot find value `unlikely_condition` in this scope
[INFO] [stdout]   --> src/lib.rs:40:8
[INFO] [stdout]    |
[INFO] [stdout] 11 |     if unlikely_condition {
[INFO] [stdout]    |        ^^^^^^^^^^^^^^^^^^ not found in this scope
[INFO] [stdout] 
[INFO] [stdout] error: aborting due to 1 previous error
[INFO] [stdout] 
[INFO] [stdout] For more information about this error, try `rustc --explain E0425`.
[INFO] [stdout] Couldn't compile the test.
[INFO] [stdout] 
[INFO] [stdout] failures:
[INFO] [stdout]     src/lib.rs - tdbg (line 32)
[INFO] [stdout] 
[INFO] [stdout] test result: FAILED. 0 passed; 1 failed; 0 ignored; 0 measured; 0 filtered out; finished in 0.05s
[INFO] [stdout] 
[INFO] [stderr] error: doctest failed, to rerun pass `--doc`
[INFO] running `Command { std: "docker" "inspect" "76360e3d5d4157daf21f27c98496df8cc16b1d900dab739c79b97e96e0b4865c", kill_on_drop: false }`
[INFO] running `Command { std: "docker" "rm" "-f" "76360e3d5d4157daf21f27c98496df8cc16b1d900dab739c79b97e96e0b4865c", kill_on_drop: false }`
[INFO] [stdout] 76360e3d5d4157daf21f27c98496df8cc16b1d900dab739c79b97e96e0b4865c
