[INFO] fetching crate tarpc-copy 0.34.0-copy.33b0b21...
[INFO] testing tarpc-copy-0.34.0-copy.33b0b21 against beta-2024-12-08 for beta-1.84.0-4-retry
[INFO] extracting crate tarpc-copy 0.34.0-copy.33b0b21 into /workspace/builds/worker-7-tc2/source
[INFO] validating manifest of crates.io crate tarpc-copy 0.34.0-copy.33b0b21 on toolchain beta-2024-12-08
[INFO] running `Command { std: CARGO_HOME="/workspace/cargo-home" RUSTUP_HOME="/workspace/rustup-home" "/workspace/cargo-home/bin/cargo" "+beta-2024-12-08" "metadata" "--manifest-path" "Cargo.toml" "--no-deps", kill_on_drop: false }`
[INFO] started tweaking crates.io crate tarpc-copy 0.34.0-copy.33b0b21
[INFO] removed 0 missing examples
[INFO] removed 0 missing tests
[INFO] finished tweaking crates.io crate tarpc-copy 0.34.0-copy.33b0b21
[INFO] tweaked toml for crates.io crate tarpc-copy 0.34.0-copy.33b0b21 written to /workspace/builds/worker-7-tc2/source/Cargo.toml
[INFO] crate crates.io crate tarpc-copy 0.34.0-copy.33b0b21 already has a lockfile, it will not be regenerated
[INFO] running `Command { std: CARGO_HOME="/workspace/cargo-home" RUSTUP_HOME="/workspace/rustup-home" "/workspace/cargo-home/bin/cargo" "+beta-2024-12-08" "fetch" "--manifest-path" "Cargo.toml", kill_on_drop: false }`
[INFO] running `Command { std: "docker" "create" "-v" "/var/lib/crater-agent-workspace/builds/worker-7-tc2/target:/opt/rustwide/target:rw,Z" "-v" "/var/lib/crater-agent-workspace/builds/worker-7-tc2/source:/opt/rustwide/workdir:ro,Z" "-v" "/var/lib/crater-agent-workspace/cargo-home:/opt/rustwide/cargo-home:ro,Z" "-v" "/var/lib/crater-agent-workspace/rustup-home:/opt/rustwide/rustup-home:ro,Z" "-e" "SOURCE_DIR=/opt/rustwide/workdir" "-e" "CARGO_TARGET_DIR=/opt/rustwide/target" "-e" "CARGO_HOME=/opt/rustwide/cargo-home" "-e" "RUSTUP_HOME=/opt/rustwide/rustup-home" "-w" "/opt/rustwide/workdir" "-m" "1610612736" "--user" "0:0" "--network" "none" "ghcr.io/rust-lang/crates-build-env/linux@sha256:f3a9d4ad9d972b27faf3965f35b62e55ba32bbce8f20bc8fe909558a86702fde" "/opt/rustwide/cargo-home/bin/cargo" "+beta-2024-12-08" "metadata" "--no-deps" "--format-version=1", kill_on_drop: false }`
[INFO] [stdout] 65db94c77adb2e346a1917b2a7174730fa2cd274995cdbf207cdc64634c852d0
[INFO] running `Command { std: "docker" "start" "-a" "65db94c77adb2e346a1917b2a7174730fa2cd274995cdbf207cdc64634c852d0", kill_on_drop: false }`
[INFO] running `Command { std: "docker" "inspect" "65db94c77adb2e346a1917b2a7174730fa2cd274995cdbf207cdc64634c852d0", kill_on_drop: false }`
[INFO] running `Command { std: "docker" "rm" "-f" "65db94c77adb2e346a1917b2a7174730fa2cd274995cdbf207cdc64634c852d0", kill_on_drop: false }`
[INFO] [stdout] 65db94c77adb2e346a1917b2a7174730fa2cd274995cdbf207cdc64634c852d0
[INFO] running `Command { std: "docker" "create" "-v" "/var/lib/crater-agent-workspace/builds/worker-7-tc2/target:/opt/rustwide/target:rw,Z" "-v" "/var/lib/crater-agent-workspace/builds/worker-7-tc2/source:/opt/rustwide/workdir:ro,Z" "-v" "/var/lib/crater-agent-workspace/cargo-home:/opt/rustwide/cargo-home:ro,Z" "-v" "/var/lib/crater-agent-workspace/rustup-home:/opt/rustwide/rustup-home:ro,Z" "-e" "SOURCE_DIR=/opt/rustwide/workdir" "-e" "CARGO_TARGET_DIR=/opt/rustwide/target" "-e" "CARGO_INCREMENTAL=0" "-e" "RUST_BACKTRACE=full" "-e" "RUSTFLAGS=--cap-lints=warn" "-e" "RUSTDOCFLAGS=--cap-lints=warn" "-e" "CARGO_HOME=/opt/rustwide/cargo-home" "-e" "RUSTUP_HOME=/opt/rustwide/rustup-home" "-w" "/opt/rustwide/workdir" "-m" "1610612736" "--user" "0:0" "--network" "none" "ghcr.io/rust-lang/crates-build-env/linux@sha256:f3a9d4ad9d972b27faf3965f35b62e55ba32bbce8f20bc8fe909558a86702fde" "/opt/rustwide/cargo-home/bin/cargo" "+beta-2024-12-08" "build" "--frozen" "--message-format=json", kill_on_drop: false }`
[INFO] [stdout] 1d3f1fefcc6a5bacb81b78000a6fee314539ed774052e6fd1961828a05e36606
[INFO] running `Command { std: "docker" "start" "-a" "1d3f1fefcc6a5bacb81b78000a6fee314539ed774052e6fd1961828a05e36606", kill_on_drop: false }`
[INFO] [stderr]    Compiling proc-macro2 v1.0.86
[INFO] [stderr]    Compiling unicode-ident v1.0.12
[INFO] [stderr]    Compiling autocfg v1.3.0
[INFO] [stderr]    Compiling pin-project-lite v0.2.14
[INFO] [stderr]    Compiling cfg-if v1.0.0
[INFO] [stderr]    Compiling futures-sink v0.3.30
[INFO] [stderr]    Compiling libc v0.2.158
[INFO] [stderr]    Compiling futures-core v0.3.30
[INFO] [stderr]    Compiling once_cell v1.19.0
[INFO] [stderr]    Compiling byteorder v1.5.0
[INFO] [stderr]    Compiling futures-task v0.3.30
[INFO] [stderr]    Compiling pin-utils v0.1.0
[INFO] [stderr]    Compiling thiserror v1.0.63
[INFO] [stderr]    Compiling memchr v2.7.4
[INFO] [stderr]    Compiling futures-io v0.3.30
[INFO] [stderr]    Compiling syn v1.0.109
[INFO] [stderr]    Compiling lazy_static v1.5.0
[INFO] [stderr]    Compiling anyhow v1.0.86
[INFO] [stderr]    Compiling log v0.4.22
[INFO] [stderr]    Compiling sharded-slab v0.1.7
[INFO] [stderr]    Compiling futures-channel v0.3.30
[INFO] [stderr]    Compiling percent-encoding v2.3.1
[INFO] [stderr]    Compiling tokio v1.39.3
[INFO] [stderr]    Compiling bytes v1.7.1
[INFO] [stderr]    Compiling humantime v2.1.0
[INFO] [stderr]    Compiling static_assertions v1.1.0
[INFO] [stderr]    Compiling fnv v1.0.7
[INFO] [stderr]    Compiling opentelemetry-semantic-conventions v0.16.0
[INFO] [stderr]    Compiling tracing-core v0.1.32
[INFO] [stderr]    Compiling thread_local v1.1.8
[INFO] [stderr]    Compiling slab v0.4.9
[INFO] [stderr]    Compiling tracing-subscriber v0.3.18
[INFO] [stderr]    Compiling quote v1.0.36
[INFO] [stderr]    Compiling getrandom v0.2.15
[INFO] [stderr]    Compiling syn v2.0.75
[INFO] [stderr]    Compiling tokio-util v0.7.11
[INFO] [stderr]    Compiling rand_core v0.6.4
[INFO] [stderr]    Compiling tarpc-plugins v0.13.1
[INFO] [stderr]    Compiling zerocopy-derive v0.7.35
[INFO] [stderr]    Compiling futures-macro v0.3.30
[INFO] [stderr]    Compiling thiserror-impl v1.0.63
[INFO] [stderr]    Compiling tracing-attributes v0.1.27
[INFO] [stderr]    Compiling async-trait v0.1.81
[INFO] [stderr]    Compiling pin-project-internal v1.1.5
[INFO] [stderr]    Compiling futures-util v0.3.30
[INFO] [stderr]    Compiling zerocopy v0.7.35
[INFO] [stderr]    Compiling tracing v0.1.40
[INFO] [stderr]    Compiling opentelemetry v0.24.0
[INFO] [stderr]    Compiling pin-project v1.1.5
[INFO] [stderr]    Compiling ppv-lite86 v0.2.20
[INFO] [stderr]    Compiling rand_chacha v0.3.1
[INFO] [stderr]    Compiling rand v0.8.5
[INFO] [stderr]    Compiling futures-executor v0.3.30
[INFO] [stderr]    Compiling opentelemetry_sdk v0.24.1
[INFO] [stderr]    Compiling futures v0.3.30
[INFO] [stderr]    Compiling tracing-opentelemetry v0.25.0
[INFO] [stderr]    Compiling tarpc-copy v0.34.0-copy.33b0b21 (/opt/rustwide/workdir)
[INFO] [stderr]     Finished `dev` profile [unoptimized + debuginfo] target(s) in 20.21s
[INFO] running `Command { std: "docker" "inspect" "1d3f1fefcc6a5bacb81b78000a6fee314539ed774052e6fd1961828a05e36606", kill_on_drop: false }`
[INFO] running `Command { std: "docker" "rm" "-f" "1d3f1fefcc6a5bacb81b78000a6fee314539ed774052e6fd1961828a05e36606", kill_on_drop: false }`
[INFO] [stdout] 1d3f1fefcc6a5bacb81b78000a6fee314539ed774052e6fd1961828a05e36606
[INFO] running `Command { std: "docker" "create" "-v" "/var/lib/crater-agent-workspace/builds/worker-7-tc2/target:/opt/rustwide/target:rw,Z" "-v" "/var/lib/crater-agent-workspace/builds/worker-7-tc2/source:/opt/rustwide/workdir:ro,Z" "-v" "/var/lib/crater-agent-workspace/cargo-home:/opt/rustwide/cargo-home:ro,Z" "-v" "/var/lib/crater-agent-workspace/rustup-home:/opt/rustwide/rustup-home:ro,Z" "-e" "SOURCE_DIR=/opt/rustwide/workdir" "-e" "CARGO_TARGET_DIR=/opt/rustwide/target" "-e" "CARGO_INCREMENTAL=0" "-e" "RUST_BACKTRACE=full" "-e" "RUSTFLAGS=--cap-lints=warn" "-e" "RUSTDOCFLAGS=--cap-lints=warn" "-e" "CARGO_HOME=/opt/rustwide/cargo-home" "-e" "RUSTUP_HOME=/opt/rustwide/rustup-home" "-w" "/opt/rustwide/workdir" "-m" "1610612736" "--user" "0:0" "--network" "none" "ghcr.io/rust-lang/crates-build-env/linux@sha256:f3a9d4ad9d972b27faf3965f35b62e55ba32bbce8f20bc8fe909558a86702fde" "/opt/rustwide/cargo-home/bin/cargo" "+beta-2024-12-08" "test" "--frozen" "--no-run" "--message-format=json", kill_on_drop: false }`
[INFO] [stdout] 2fbb763ec72544f9fcb44c6863bae755e084d229ef0916384c4213f9bce2294f
[INFO] running `Command { std: "docker" "start" "-a" "2fbb763ec72544f9fcb44c6863bae755e084d229ef0916384c4213f9bce2294f", kill_on_drop: false }`
[INFO] [stderr]    Compiling serde v1.0.208
[INFO] [stderr]    Compiling libc v0.2.158
[INFO] [stderr]    Compiling smallvec v1.13.2
[INFO] [stderr]    Compiling itoa v1.0.11
[INFO] [stderr]    Compiling lock_api v0.4.12
[INFO] [stderr]    Compiling parking_lot_core v0.9.10
[INFO] [stderr]    Compiling scopeguard v1.2.0
[INFO] [stderr]    Compiling byteorder v1.5.0
[INFO] [stderr]    Compiling log v0.4.22
[INFO] [stderr]    Compiling indexmap v1.9.3
[INFO] [stderr]    Compiling hashbrown v0.12.3
[INFO] [stderr]    Compiling rustversion v1.0.17
[INFO] [stderr]    Compiling equivalent v1.0.1
[INFO] [stderr]    Compiling serde_derive v1.0.208
[INFO] [stderr]    Compiling tokio-macros v2.4.0
[INFO] [stderr]    Compiling hashbrown v0.14.5
[INFO] [stderr]    Compiling serde_json v1.0.125
[INFO] [stderr]    Compiling ryu v1.0.18
[INFO] [stderr]    Compiling httparse v1.9.4
[INFO] [stderr]    Compiling zerocopy v0.7.35
[INFO] [stderr]    Compiling tracing v0.1.40
[INFO] [stderr]    Compiling tower-service v0.3.3
[INFO] [stderr]    Compiling tower-layer v0.3.3
[INFO] [stderr]    Compiling either v1.13.0
[INFO] [stderr]    Compiling try-lock v0.2.5
[INFO] [stderr]    Compiling atomic-waker v1.1.2
[INFO] [stderr]    Compiling num-traits v0.2.19
[INFO] [stderr]    Compiling regex-syntax v0.8.4
[INFO] [stderr]    Compiling httpdate v1.0.3
[INFO] [stderr]    Compiling want v0.3.1
[INFO] [stderr]    Compiling crossbeam-utils v0.8.20
[INFO] [stderr]    Compiling shlex v1.3.0
[INFO] [stderr]    Compiling regex-syntax v0.6.29
[INFO] [stderr]    Compiling cc v1.1.13
[INFO] [stderr]    Compiling itertools v0.13.0
[INFO] [stderr]    Compiling sync_wrapper v0.1.2
[INFO] [stderr]    Compiling indexmap v2.4.0
[INFO] [stderr]    Compiling overload v0.1.1
[INFO] [stderr]    Compiling mime v0.3.17
[INFO] [stderr]    Compiling nu-ansi-term v0.46.0
[INFO] [stderr]    Compiling axum-core v0.4.3
[INFO] [stderr]    Compiling axum v0.7.5
[INFO] [stderr]    Compiling ppv-lite86 v0.2.20
[INFO] [stderr]    Compiling tracing-log v0.2.0
[INFO] [stderr]    Compiling async-stream-impl v0.3.5
[INFO] [stderr]    Compiling matchit v0.7.3
[INFO] [stderr]    Compiling sync_wrapper v1.0.1
[INFO] [stderr]    Compiling glob v0.3.1
[INFO] [stderr]    Compiling base64 v0.22.1
[INFO] [stderr]    Compiling crossbeam-channel v0.5.13
[INFO] [stderr]    Compiling opentelemetry_api v0.18.0
[INFO] [stderr]    Compiling adler2 v2.0.0
[INFO] [stderr]    Compiling spin v0.9.8
[INFO] [stderr]    Compiling getrandom v0.2.15
[INFO] [stderr]    Compiling socket2 v0.5.7
[INFO] [stderr]    Compiling signal-hook-registry v1.4.2
[INFO] [stderr]    Compiling mio v1.0.2
[INFO] [stderr]    Compiling rustls-pki-types v1.8.0
[INFO] [stderr]    Compiling rand_core v0.6.4
[INFO] [stderr]    Compiling untrusted v0.9.0
[INFO] [stderr]    Compiling parking_lot v0.12.3
[INFO] [stderr]    Compiling regex-automata v0.4.7
[INFO] [stderr]    Compiling ring v0.17.8
[INFO] [stderr]    Compiling rand_chacha v0.3.1
[INFO] [stderr]    Compiling regex-automata v0.1.10
[INFO] [stderr]    Compiling rand v0.8.5
[INFO] [stderr]    Compiling num-integer v0.1.46
[INFO] [stderr]    Compiling async-stream v0.3.5
[INFO] [stderr]    Compiling miniz_oxide v0.8.0
[INFO] [stderr]    Compiling enum-ordinalize-derive v4.3.1
[INFO] [stderr]    Compiling crc32fast v1.4.2
[INFO] [stderr]    Compiling minimal-lexical v0.2.1
[INFO] [stderr]    Compiling rustls v0.22.4
[INFO] [stderr]    Compiling winnow v0.6.18
[INFO] [stderr]    Compiling num-bigint v0.4.6
[INFO] [stderr]    Compiling nom v7.1.3
[INFO] [stderr]    Compiling tarpc-plugins v0.13.1
[INFO] [stderr]    Compiling trybuild v1.0.99
[INFO] [stderr]    Compiling prost-derive v0.13.1
[INFO] [stderr]    Compiling matchers v0.1.0
[INFO] [stderr]    Compiling opentelemetry_sdk v0.18.0
[INFO] [stderr]    Compiling flate2 v1.0.32
[INFO] [stderr]    Compiling enum-ordinalize v4.3.0
[INFO] [stderr]    Compiling zeroize v1.8.1
[INFO] [stderr]    Compiling base64 v0.21.7
[INFO] [stderr]    Compiling subtle v2.6.1
[INFO] [stderr]    Compiling educe v0.5.11
[INFO] [stderr]    Compiling termcolor v1.4.1
[INFO] [stderr]    Compiling rustls-pemfile v2.1.3
[INFO] [stderr]    Compiling futures-test v0.3.30
[INFO] [stderr]    Compiling assert_matches v1.5.0
[INFO] [stderr]    Compiling enum-ordinalize v3.1.15
[INFO] [stderr]    Compiling opentelemetry v0.18.0
[INFO] [stderr]    Compiling regex v1.10.6
[INFO] [stderr]    Compiling hdrhistogram v7.5.4
[INFO] [stderr]    Compiling educe v0.4.23
[INFO] [stderr]    Compiling tracing-subscriber v0.3.18
[INFO] [stderr]    Compiling rustls-webpki v0.102.6
[INFO] [stderr]    Compiling tracing-opentelemetry v0.18.0
[INFO] [stderr]    Compiling bytes v1.7.1
[INFO] [stderr]    Compiling serde_spanned v0.6.7
[INFO] [stderr]    Compiling bincode v1.3.3
[INFO] [stderr]    Compiling toml_datetime v0.6.8
[INFO] [stderr]    Compiling serde_bytes v0.11.15
[INFO] [stderr]    Compiling toml_edit v0.22.20
[INFO] [stderr]    Compiling tokio v1.39.3
[INFO] [stderr]    Compiling http v1.1.0
[INFO] [stderr]    Compiling prost v0.13.1
[INFO] [stderr]    Compiling prost-types v0.13.1
[INFO] [stderr]    Compiling tokio-serde v0.8.0
[INFO] [stderr]    Compiling tokio-serde v0.9.0
[INFO] [stderr]    Compiling http-body v1.0.1
[INFO] [stderr]    Compiling http-body-util v0.1.2
[INFO] [stderr]    Compiling toml v0.8.19
[INFO] [stderr]    Compiling tokio-util v0.7.11
[INFO] [stderr]    Compiling tokio-stream v0.1.15
[INFO] [stderr]    Compiling tokio-rustls v0.25.0
[INFO] [stderr]    Compiling tower v0.4.13
[INFO] [stderr]    Compiling h2 v0.4.6
[INFO] [stderr]    Compiling tarpc v0.34.0
[INFO] [stderr]    Compiling opentelemetry_sdk v0.24.1
[INFO] [stderr]    Compiling tracing-opentelemetry v0.25.0
[INFO] [stderr]    Compiling tarpc-copy v0.34.0-copy.33b0b21 (/opt/rustwide/workdir)
[INFO] [stderr]    Compiling hyper v1.4.1
[INFO] [stderr]    Compiling hyper-util v0.1.7
[INFO] [stderr]    Compiling hyper-timeout v0.5.1
[INFO] [stderr]    Compiling tonic v0.12.1
[INFO] [stderr]    Compiling opentelemetry-proto v0.7.0
[INFO] [stderr]    Compiling console-api v0.8.0
[INFO] [stderr]    Compiling console-subscriber v0.4.0
[INFO] [stderr]    Compiling opentelemetry-otlp v0.17.0
[INFO] [stderr]     Finished `test` profile [unoptimized + debuginfo] target(s) in 1m 20s
[INFO] running `Command { std: "docker" "inspect" "2fbb763ec72544f9fcb44c6863bae755e084d229ef0916384c4213f9bce2294f", kill_on_drop: false }`
[INFO] running `Command { std: "docker" "rm" "-f" "2fbb763ec72544f9fcb44c6863bae755e084d229ef0916384c4213f9bce2294f", kill_on_drop: false }`
[INFO] [stdout] 2fbb763ec72544f9fcb44c6863bae755e084d229ef0916384c4213f9bce2294f
[INFO] running `Command { std: "docker" "create" "-v" "/var/lib/crater-agent-workspace/builds/worker-7-tc2/target:/opt/rustwide/target:rw,Z" "-v" "/var/lib/crater-agent-workspace/builds/worker-7-tc2/source:/opt/rustwide/workdir:ro,Z" "-v" "/var/lib/crater-agent-workspace/cargo-home:/opt/rustwide/cargo-home:ro,Z" "-v" "/var/lib/crater-agent-workspace/rustup-home:/opt/rustwide/rustup-home:ro,Z" "-e" "SOURCE_DIR=/opt/rustwide/workdir" "-e" "CARGO_TARGET_DIR=/opt/rustwide/target" "-e" "CARGO_INCREMENTAL=0" "-e" "RUST_BACKTRACE=full" "-e" "RUSTFLAGS=--cap-lints=warn" "-e" "RUSTDOCFLAGS=--cap-lints=warn" "-e" "CARGO_HOME=/opt/rustwide/cargo-home" "-e" "RUSTUP_HOME=/opt/rustwide/rustup-home" "-w" "/opt/rustwide/workdir" "-m" "1610612736" "--user" "0:0" "--network" "none" "ghcr.io/rust-lang/crates-build-env/linux@sha256:f3a9d4ad9d972b27faf3965f35b62e55ba32bbce8f20bc8fe909558a86702fde" "/opt/rustwide/cargo-home/bin/cargo" "+beta-2024-12-08" "test" "--frozen", kill_on_drop: false }`
[INFO] [stdout] c1e970c6620f86b49673ff7159430dfb6afcbcb447549502d8d8ca15475fca9f
[INFO] running `Command { std: "docker" "start" "-a" "c1e970c6620f86b49673ff7159430dfb6afcbcb447549502d8d8ca15475fca9f", kill_on_drop: false }`
[INFO] [stderr]     Finished `test` profile [unoptimized + debuginfo] target(s) in 0.31s
[INFO] [stderr]      Running unittests src/lib.rs (/opt/rustwide/target/debug/deps/tarpc_copy-6063551b3acc6364)
[INFO] [stdout] 
[INFO] [stdout] running 56 tests
[INFO] [stdout] test client::stub::load_balance::round_robin::cycle::test_cycle ... ok
[INFO] [stdout] test client::tests::dispatch_response_doesnt_cancel_after_complete ... ok
[INFO] [stdout] test client::tests::dispatch_response_cancels_on_drop ... ok
[INFO] [stdout] test client::tests::stage_request_response_closed_skipped ... ok
[INFO] [stdout] test client::tests::response_completes_request_future ... ok
[INFO] [stdout] test client::stub::load_balance::consistent_hash::tests::test ... ok
[INFO] [stdout] test client::tests::stage_request_channel_dropped_doesnt_panic ... ok
[INFO] [stdout] test client::tests::stage_request_response_future_dropped_is_canceled_before_sending ... ok
[INFO] [stdout] test client::tests::test_permit_before_transport_error ... ok
[INFO] [stdout] test client::tests::stage_request ... ok
[INFO] [stdout] test client::tests::stage_request_response_future_dropped_is_canceled_after_sending ... ok
[INFO] [stdout] test client::tests::test_transport_error_flush ... ok
[INFO] [stdout] test client::tests::test_transport_error_read ... ok
[INFO] [stdout] test client::tests::test_shutdown ... ok
[INFO] [stdout] test client::tests::test_transport_error_ready ... ok
[INFO] [stdout] test server::in_flight_requests::tests::cancel_request_aborts ... ok
[INFO] [stdout] test server::limits::channels_per_key::channel_filter_increment_channels_for_key ... ok
[INFO] [stdout] test client::tests::test_transport_error_write ... ok
[INFO] [stdout] test server::limits::channels_per_key::channel_filter_poll_closed_channels ... ok
[INFO] [stdout] test server::limits::channels_per_key::tracker_drop ... ok
[INFO] [stdout] test server::limits::channels_per_key::channel_filter_poll_listener ... ok
[INFO] [stdout] test server::limits::channels_per_key::channel_filter_stream ... ok
[INFO] [stdout] test server::in_flight_requests::tests::polling_expired_aborts ... ok
[INFO] [stdout] test server::in_flight_requests::tests::remove_request_doesnt_abort ... ok
[INFO] [stdout] test server::limits::requests_per_channel::tests::throttler_in_flight_requests ... ok
[INFO] [stdout] test server::limits::requests_per_channel::tests::throttler_poll_next_done ... ok
[INFO] [stdout] test server::limits::channels_per_key::channel_filter_handle_new_channel ... ok
[INFO] [stdout] test server::limits::requests_per_channel::tests::throttler_poll_next_some ... ok
[INFO] [stdout] test server::in_flight_requests::tests::start_request_increases_len ... ok
[INFO] [stdout] test server::limits::requests_per_channel::tests::throttler_poll_next_throttled_sink_not_ready ... ok
[INFO] [stdout] test server::limits::requests_per_channel::tests::throttler_poll_next_throttled ... ok
[INFO] [stdout] test server::limits::channels_per_key::tracked_channel_sink ... ok
[INFO] [stdout] test server::limits::requests_per_channel::tests::throttler_start_send ... ok
[INFO] [stdout] test server::tests::base_channel_poll_next_aborts_request_and_yields_request ... ok
[INFO] [stdout] test server::tests::base_channel_start_send_removes_in_flight_request ... ok
[INFO] [stdout] test server::tests::requests_pump_read ... ok
[INFO] [stdout] test server::tests::requests_pump_write_returns_pending_when_buffer_full ... ok
[INFO] [stdout] test server::tests::base_channel_with_closed_transport_and_no_in_flight_requests_returns_closed ... ok
[INFO] [stdout] test server::tests::in_flight_request_drop_cancels_request ... ok
[INFO] [stdout] test server::limits::channels_per_key::tracked_channel_stream ... ok
[INFO] [stdout] test client::tests::test_transport_error_close ... ok
[INFO] [stdout] test server::tests::base_channel_poll_next_aborts_multiple_requests ... ok
[INFO] [stdout] test server::tests::requests_poll_next_response_returns_pending_when_buffer_full ... ok
[INFO] [stdout] test server::tests::base_channel_start_send_duplicate_request_returns_error ... ok
[INFO] [stdout] test server::request_hook::before::before_request_list ... ok
[INFO] [stdout] test server::tests::base_channel_poll_next_aborts_canceled_request ... ok
[INFO] [stdout] test server::tests::base_channel_poll_next_yields_request ... ok
[INFO] [stdout] test server::tests::serve_before_error_aborts_request ... ok
[INFO] [stdout] test server::tests::base_channel_with_closed_transport_and_in_flight_request_returns_pending ... ok
[INFO] [stdout] test server::tests::serve_before_and_after ... ok
[INFO] [stdout] test server::tests::serve_before_mutates_context ... ok
[INFO] [stdout] test server::tests::in_flight_requests_successful_execute_doesnt_cancel_request ... ok
[INFO] [stdout] test server::tests::test_serve ... ok
[INFO] [stdout] test test_channel_any_casts ... ok
[INFO] [stdout] test util::test_compact ... ok
[INFO] [stderr]      Running tests/compile_fail.rs (/opt/rustwide/target/debug/deps/compile_fail-a23cebc4e8563365)
[INFO] [stdout] test test_channel_error_upcast ... ok
[INFO] [stdout] 
[INFO] [stdout] test result: ok. 56 passed; 0 failed; 0 ignored; 0 measured; 0 filtered out; finished in 0.02s
[INFO] [stdout] 
[INFO] [stdout] 
[INFO] [stdout] running 1 test
[INFO] [stderr]    Compiling proc-macro2 v1.0.86
[INFO] [stderr]    Compiling unicode-ident v1.0.12
[INFO] [stderr]    Compiling autocfg v1.3.0
[INFO] [stderr]    Compiling libc v0.2.158
[INFO] [stderr]     Checking cfg-if v1.0.0
[INFO] [stderr]    Compiling serde v1.0.208
[INFO] [stderr]     Checking pin-project-lite v0.2.14
[INFO] [stderr]     Checking futures-core v0.3.30
[INFO] [stderr]     Checking futures-sink v0.3.30
[INFO] [stderr]     Checking memchr v2.7.4
[INFO] [stderr]     Checking once_cell v1.19.0
[INFO] [stderr]     Checking futures-io v0.3.30
[INFO] [stderr]     Checking futures-task v0.3.30
[INFO] [stderr]     Checking pin-utils v0.1.0
[INFO] [stderr]     Checking smallvec v1.13.2
[INFO] [stderr]    Compiling parking_lot_core v0.9.10
[INFO] [stderr]     Checking itoa v1.0.11
[INFO] [stderr]     Checking scopeguard v1.2.0
[INFO] [stderr]     Checking byteorder v1.5.0
[INFO] [stderr]     Checking log v0.4.22
[INFO] [stderr]     Checking futures-channel v0.3.30
[INFO] [stderr]     Checking fnv v1.0.7
[INFO] [stderr]     Checking hashbrown v0.12.3
[INFO] [stderr]    Compiling anyhow v1.0.86
[INFO] [stderr]    Compiling rustversion v1.0.17
[INFO] [stderr]    Compiling thiserror v1.0.63
[INFO] [stderr]     Checking tracing-core v0.1.32
[INFO] [stderr]     Checking percent-encoding v2.3.1
[INFO] [stderr]    Compiling serde_json v1.0.125
[INFO] [stderr]     Checking ryu v1.0.18
[INFO] [stderr]     Checking tower-layer v0.3.3
[INFO] [stderr]     Checking equivalent v1.0.1
[INFO] [stderr]    Compiling httparse v1.9.4
[INFO] [stderr]     Checking tower-service v0.3.3
[INFO] [stderr]     Checking hashbrown v0.14.5
[INFO] [stderr]     Checking try-lock v0.2.5
[INFO] [stderr]    Compiling either v1.13.0
[INFO] [stderr]     Checking atomic-waker v1.1.2
[INFO] [stderr]     Checking want v0.3.1
[INFO] [stderr]    Compiling shlex v1.3.0
[INFO] [stderr]    Compiling itertools v0.13.0
[INFO] [stderr]     Checking regex-syntax v0.8.4
[INFO] [stderr]    Compiling crossbeam-utils v0.8.20
[INFO] [stderr]     Checking regex-syntax v0.6.29
[INFO] [stderr]     Checking httpdate v1.0.3
[INFO] [stderr]     Checking overload v0.1.1
[INFO] [stderr]     Checking sync_wrapper v0.1.2
[INFO] [stderr]    Compiling syn v1.0.109
[INFO] [stderr]     Checking lazy_static v1.5.0
[INFO] [stderr]    Compiling slab v0.4.9
[INFO] [stderr]    Compiling lock_api v0.4.12
[INFO] [stderr]    Compiling indexmap v1.9.3
[INFO] [stderr]    Compiling num-traits v0.2.19
[INFO] [stderr]    Compiling cc v1.1.13
[INFO] [stderr]    Compiling quote v1.0.36
[INFO] [stderr]     Checking indexmap v2.4.0
[INFO] [stderr]     Checking mime v0.3.17
[INFO] [stderr]     Checking sharded-slab v0.1.7
[INFO] [stderr]    Compiling syn v2.0.75
[INFO] [stderr]     Checking nu-ansi-term v0.46.0
[INFO] [stderr]     Checking tracing-log v0.2.0
[INFO] [stderr]     Checking thread_local v1.1.8
[INFO] [stderr]     Checking matchit v0.7.3
[INFO] [stderr]     Checking base64 v0.22.1
[INFO] [stderr]     Checking sync_wrapper v1.0.1
[INFO] [stderr]     Checking getrandom v0.2.15
[INFO] [stderr]     Checking socket2 v0.5.7
[INFO] [stderr]     Checking signal-hook-registry v1.4.2
[INFO] [stderr]     Checking mio v1.0.2
[INFO] [stderr]     Checking crossbeam-channel v0.5.13
[INFO] [stderr]     Checking glob v0.3.1
[INFO] [stderr]     Checking rand_core v0.6.4
[INFO] [stderr]     Checking parking_lot v0.12.3
[INFO] [stderr]    Compiling axum-core v0.4.3
[INFO] [stderr]    Compiling axum v0.7.5
[INFO] [stderr]     Checking spin v0.9.8
[INFO] [stderr]     Checking adler2 v2.0.0
[INFO] [stderr]     Checking rustls-pki-types v1.8.0
[INFO] [stderr]     Checking untrusted v0.9.0
[INFO] [stderr]     Checking miniz_oxide v0.8.0
[INFO] [stderr]     Checking crc32fast v1.4.2
[INFO] [stderr]     Checking humantime v2.1.0
[INFO] [stderr]     Checking minimal-lexical v0.2.1
[INFO] [stderr]    Compiling rustls v0.22.4
[INFO] [stderr]     Checking zeroize v1.8.1
[INFO] [stderr]     Checking static_assertions v1.1.0
[INFO] [stderr]     Checking subtle v2.6.1
[INFO] [stderr]     Checking base64 v0.21.7
[INFO] [stderr]     Checking regex-automata v0.1.10
[INFO] [stderr]     Checking opentelemetry-semantic-conventions v0.16.0
[INFO] [stderr]     Checking rustls-pemfile v2.1.3
[INFO] [stderr]     Checking assert_matches v1.5.0
[INFO] [stderr]    Compiling num-integer v0.1.46
[INFO] [stderr]     Checking nom v7.1.3
[INFO] [stderr]     Checking flate2 v1.0.32
[INFO] [stderr]    Compiling ring v0.17.8
[INFO] [stderr]    Compiling num-bigint v0.4.6
[INFO] [stderr]     Checking regex-automata v0.4.7
[INFO] [stderr]     Checking matchers v0.1.0
[INFO] [stderr]     Checking hdrhistogram v7.5.4
[INFO] [stderr]     Checking regex v1.10.6
[INFO] [stderr]    Compiling serde_derive v1.0.208
[INFO] [stderr]    Compiling futures-macro v0.3.30
[INFO] [stderr]    Compiling zerocopy-derive v0.7.35
[INFO] [stderr]    Compiling tokio-macros v2.4.0
[INFO] [stderr]    Compiling tracing-attributes v0.1.27
[INFO] [stderr]    Compiling pin-project-internal v1.1.5
[INFO] [stderr]    Compiling async-trait v0.1.81
[INFO] [stderr]    Compiling thiserror-impl v1.0.63
[INFO] [stderr]    Compiling prost-derive v0.13.1
[INFO] [stderr]    Compiling async-stream-impl v0.3.5
[INFO] [stderr]    Compiling enum-ordinalize v3.1.15
[INFO] [stderr]    Compiling enum-ordinalize-derive v4.3.1
[INFO] [stderr]    Compiling tarpc-plugins v0.13.1
[INFO] [stderr]    Compiling educe v0.4.23
[INFO] [stderr]     Checking async-stream v0.3.5
[INFO] [stderr]    Compiling enum-ordinalize v4.3.0
[INFO] [stderr]    Compiling educe v0.5.11
[INFO] [stderr]     Checking rustls-webpki v0.102.6
[INFO] [stderr]     Checking futures-util v0.3.30
[INFO] [stderr]     Checking zerocopy v0.7.35
[INFO] [stderr]     Checking ppv-lite86 v0.2.20
[INFO] [stderr]     Checking pin-project v1.1.5
[INFO] [stderr]     Checking opentelemetry v0.24.0
[INFO] [stderr]     Checking tracing v0.1.40
[INFO] [stderr]     Checking rand_chacha v0.3.1
[INFO] [stderr]     Checking tracing-subscriber v0.3.18
[INFO] [stderr]     Checking rand v0.8.5
[INFO] [stderr]     Checking futures-executor v0.3.30
[INFO] [stderr]     Checking opentelemetry_api v0.18.0
[INFO] [stderr]     Checking futures v0.3.30
[INFO] [stderr]     Checking futures-test v0.3.30
[INFO] [stderr]     Checking opentelemetry_sdk v0.18.0
[INFO] [stderr]     Checking opentelemetry v0.18.0
[INFO] [stderr]     Checking tracing-opentelemetry v0.18.0
[INFO] [stderr]     Checking bytes v1.7.1
[INFO] [stderr]     Checking bincode v1.3.3
[INFO] [stderr]     Checking serde_bytes v0.11.15
[INFO] [stderr]     Checking tokio v1.39.3
[INFO] [stderr]     Checking http v1.1.0
[INFO] [stderr]     Checking prost v0.13.1
[INFO] [stderr]     Checking prost-types v0.13.1
[INFO] [stderr]     Checking tokio-serde v0.8.0
[INFO] [stderr]     Checking tokio-serde v0.9.0
[INFO] [stderr]     Checking http-body v1.0.1
[INFO] [stderr]     Checking http-body-util v0.1.2
[INFO] [stderr]     Checking tokio-util v0.7.11
[INFO] [stderr]     Checking tokio-stream v0.1.15
[INFO] [stderr]     Checking tokio-rustls v0.25.0
[INFO] [stderr]     Checking opentelemetry_sdk v0.24.1
[INFO] [stderr]     Checking h2 v0.4.6
[INFO] [stderr]     Checking tower v0.4.13
[INFO] [stderr]     Checking tarpc v0.34.0
[INFO] [stderr]     Checking tracing-opentelemetry v0.25.0
[INFO] [stderr]     Checking tarpc-copy v0.34.0-copy.33b0b21 (/opt/rustwide/workdir)
[INFO] [stderr]     Checking hyper v1.4.1
[INFO] [stderr]     Checking hyper-util v0.1.7
[INFO] [stderr]     Checking hyper-timeout v0.5.1
[INFO] [stderr]     Checking tonic v0.12.1
[INFO] [stderr]     Checking console-api v0.8.0
[INFO] [stderr]     Checking opentelemetry-proto v0.7.0
[INFO] [stderr]     Checking console-subscriber v0.4.0
[INFO] [stderr]     Checking opentelemetry-otlp v0.17.0
[INFO] [stderr]     Checking tarpc-copy-tests v0.0.0 (/opt/rustwide/target/tests/trybuild/tarpc-copy)
[INFO] [stderr]     Finished `dev` profile [unoptimized + debuginfo] target(s) in 51.46s
[INFO] [stderr] 
[INFO] [stderr] 
[INFO] [stderr] test tests/compile_fail/must_use_request_dispatch.rs ... ok
[INFO] [stderr] test tests/compile_fail/tarpc_service_arg_pat.rs ... ok
[INFO] [stderr] test tests/compile_fail/tarpc_service_derive_serde.rs ... ok
[INFO] [stderr] test tests/compile_fail/tarpc_service_fn_new.rs ... ok
[INFO] [stderr] test tests/compile_fail/tarpc_service_fn_serve.rs ... ok
[INFO] [stderr] test tests/compile_fail/no_serde1/no_explicit_serde_without_feature.rs ... mismatch
[INFO] [stderr] 
[INFO] [stderr] EXPECTED:
[INFO] [stderr] ┈┈┈┈┈┈┈┈┈┈┈┈┈┈┈┈┈┈┈┈┈┈┈┈┈┈┈┈┈┈┈┈┈┈┈┈┈┈┈┈┈┈┈┈┈┈┈┈┈┈┈┈┈┈┈┈┈┈┈┈
[INFO] [stderr] error: To enable serde, first enable the `serde1` feature of tarpc
[INFO] [stderr]  --> tests/compile_fail/no_serde1/no_explicit_serde_without_feature.rs:1:18
[INFO] [stderr]   |
[INFO] [stderr] 1 | #[tarpc::service(derive_serde = true)]
[INFO] [stderr]   |                  ^^^^^^^^^^^^
[INFO] [stderr] 
[INFO] [stderr] error[E0433]: failed to resolve: use of undeclared type `FooRequest`
[INFO] [stderr]  --> tests/compile_fail/no_serde1/no_explicit_serde_without_feature.rs:7:13
[INFO] [stderr]   |
[INFO] [stderr] 7 |     let x = FooRequest::Foo {};
[INFO] [stderr]   |             ^^^^^^^^^^ use of undeclared type `FooRequest`
[INFO] [stderr] ┈┈┈┈┈┈┈┈┈┈┈┈┈┈┈┈┈┈┈┈┈┈┈┈┈┈┈┈┈┈┈┈┈┈┈┈┈┈┈┈┈┈┈┈┈┈┈┈┈┈┈┈┈┈┈┈┈┈┈┈
[INFO] [stderr] 
[INFO] [stderr] ACTUAL OUTPUT:
[INFO] [stderr] ┈┈┈┈┈┈┈┈┈┈┈┈┈┈┈┈┈┈┈┈┈┈┈┈┈┈┈┈┈┈┈┈┈┈┈┈┈┈┈┈┈┈┈┈┈┈┈┈┈┈┈┈┈┈┈┈┈┈┈┈
[INFO] [stderr] error[E0599]: no method named `serialize` found for enum `FooRequest` in the current scope
[INFO] [stderr]  --> tests/compile_fail/no_serde1/no_explicit_serde_without_feature.rs:8:7
[INFO] [stderr]   |
[INFO] [stderr] 1 | #[tarpc::service(derive_serde = true)]
[INFO] [stderr]   | -------------------------------------- method `serialize` not found for this enum
[INFO] [stderr] ...
[INFO] [stderr] 8 |     x.serialize();
[INFO] [stderr]   |       ^^^^^^^^^ method not found in `FooRequest`
[INFO] [stderr]   |
[INFO] [stderr]  ::: $CARGO/serde-1.0.208/src/ser/mod.rs
[INFO] [stderr]   |
[INFO] [stderr]   |     fn serialize<S>(&self, serializer: S) -> Result<S::Ok, S::Error>
[INFO] [stderr]   |        --------- the method is available for `FooRequest` here
[INFO] [stderr]   |
[INFO] [stderr]   = help: items from traits can only be used if the trait is in scope
[INFO] [stderr] help: trait `Serialize` which provides `serialize` is implemented but not in scope; perhaps you want to import it
[INFO] [stderr]   |
[INFO] [stderr] 1   + use tarpc::serde::Serialize;
[INFO] [stderr]     |
[INFO] [stderr] ┈┈┈┈┈┈┈┈┈┈┈┈┈┈┈┈┈┈┈┈┈┈┈┈┈┈┈┈┈┈┈┈┈┈┈┈┈┈┈┈┈┈┈┈┈┈┈┈┈┈┈┈┈┈┈┈┈┈┈┈
[INFO] [stderr] note: If the actual output is the correct output you can bless it by rerunning
[INFO] [stderr]       your test with the environment variable TRYBUILD=overwrite
[INFO] [stderr] 
[INFO] [stderr] test tests/compile_fail/no_serde1/no_implicit_serde_without_feature.rs ... mismatch
[INFO] [stderr] 
[INFO] [stderr] EXPECTED:
[INFO] [stderr] ┈┈┈┈┈┈┈┈┈┈┈┈┈┈┈┈┈┈┈┈┈┈┈┈┈┈┈┈┈┈┈┈┈┈┈┈┈┈┈┈┈┈┈┈┈┈┈┈┈┈┈┈┈┈┈┈┈┈┈┈
[INFO] [stderr] error[E0599]: no method named `serialize` found for enum `FooRequest` in the current scope
[INFO] [stderr]  --> tests/compile_fail/no_serde1/no_implicit_serde_without_feature.rs:8:7
[INFO] [stderr]   |
[INFO] [stderr] 1 | #[tarpc::service]
[INFO] [stderr]   | ----------------- method `serialize` not found for this enum
[INFO] [stderr] ...
[INFO] [stderr] 8 |     x.serialize();
[INFO] [stderr]   |       ^^^^^^^^^ method not found in `FooRequest`
[INFO] [stderr]   |
[INFO] [stderr]   = help: items from traits can only be used if the trait is implemented and in scope
[INFO] [stderr]   = note: the following trait defines an item `serialize`, perhaps you need to implement it:
[INFO] [stderr]           candidate #1: `serde::ser::Serialize`
[INFO] [stderr] ┈┈┈┈┈┈┈┈┈┈┈┈┈┈┈┈┈┈┈┈┈┈┈┈┈┈┈┈┈┈┈┈┈┈┈┈┈┈┈┈┈┈┈┈┈┈┈┈┈┈┈┈┈┈┈┈┈┈┈┈
[INFO] [stderr] 
[INFO] [stderr] ACTUAL OUTPUT:
[INFO] [stderr] ┈┈┈┈┈┈┈┈┈┈┈┈┈┈┈┈┈┈┈┈┈┈┈┈┈┈┈┈┈┈┈┈┈┈┈┈┈┈┈┈┈┈┈┈┈┈┈┈┈┈┈┈┈┈┈┈┈┈┈┈
[INFO] [stderr] error[E0599]: no method named `serialize` found for enum `FooRequest` in the current scope
[INFO] [stderr]  --> tests/compile_fail/no_serde1/no_implicit_serde_without_feature.rs:8:7
[INFO] [stderr]   |
[INFO] [stderr] 1 | #[tarpc::service]
[INFO] [stderr]   | ----------------- method `serialize` not found for this enum
[INFO] [stderr] ...
[INFO] [stderr] 8 |     x.serialize();
[INFO] [stderr]   |       ^^^^^^^^^ method not found in `FooRequest`
[INFO] [stderr]   |
[INFO] [stderr]  ::: $CARGO/serde-1.0.208/src/ser/mod.rs
[INFO] [stderr]   |
[INFO] [stderr]   |     fn serialize<S>(&self, serializer: S) -> Result<S::Ok, S::Error>
[INFO] [stderr]   |        --------- the method is available for `FooRequest` here
[INFO] [stderr]   |
[INFO] [stderr]   = help: items from traits can only be used if the trait is in scope
[INFO] [stderr] help: trait `Serialize` which provides `serialize` is implemented but not in scope; perhaps you want to import it
[INFO] [stderr]   |
[INFO] [stderr] 1   + use tarpc::serde::Serialize;
[INFO] [stderr]     |
[INFO] [stderr] ┈┈┈┈┈┈┈┈┈┈┈┈┈┈┈┈┈┈┈┈┈┈┈┈┈┈┈┈┈┈┈┈┈┈┈┈┈┈┈┈┈┈┈┈┈┈┈┈┈┈┈┈┈┈┈┈┈┈┈┈
[INFO] [stderr] note: If the actual output is the correct output you can bless it by rerunning
[INFO] [stderr]       your test with the environment variable TRYBUILD=overwrite
[INFO] [stderr] 
[INFO] [stderr] 
[INFO] [stderr] 
[INFO] [stdout] test ui ... FAILED
[INFO] [stdout] 
[INFO] [stdout] failures:
[INFO] [stdout] 
[INFO] [stdout] ---- ui stdout ----
[INFO] [stdout] thread 'ui' panicked at /opt/rustwide/cargo-home/registry/src/index.crates.io-6f17d22bba15001f/trybuild-1.0.99/src/run.rs:101:13:
[INFO] [stdout] 2 of 7 tests failed
[INFO] [stdout] stack backtrace:
[INFO] [stdout]    0:     0x58adad14440a - std::backtrace_rs::backtrace::libunwind::trace::h8810477743020387
[INFO] [stdout]                                at /rustc/202008a1b8de96d2e5b6bc02d379db03a877d34d/library/std/src/../../backtrace/src/backtrace/libunwind.rs:116:5
[INFO] [stdout]    1:     0x58adad14440a - std::backtrace_rs::backtrace::trace_unsynchronized::h3aa55355dd6c54a6
[INFO] [stdout]                                at /rustc/202008a1b8de96d2e5b6bc02d379db03a877d34d/library/std/src/../../backtrace/src/backtrace/mod.rs:66:5
[INFO] [stdout]    2:     0x58adad14440a - std::sys::backtrace::_print_fmt::h8588b0f62410823f
[INFO] [stdout]                                at /rustc/202008a1b8de96d2e5b6bc02d379db03a877d34d/library/std/src/sys/backtrace.rs:66:9
[INFO] [stdout]    3:     0x58adad14440a - <std::sys::backtrace::BacktraceLock::print::DisplayBacktrace as core::fmt::Display>::fmt::h98c26ac25ffe89bb
[INFO] [stdout]                                at /rustc/202008a1b8de96d2e5b6bc02d379db03a877d34d/library/std/src/sys/backtrace.rs:39:26
[INFO] [stdout]    4:     0x58adad16d743 - core::fmt::rt::Argument::fmt::hf95377f4aebd453b
[INFO] [stdout]                                at /rustc/202008a1b8de96d2e5b6bc02d379db03a877d34d/library/core/src/fmt/rt.rs:177:76
[INFO] [stdout]    5:     0x58adad16d743 - core::fmt::write::h0dd5f6e2238c7982
[INFO] [stdout]                                at /rustc/202008a1b8de96d2e5b6bc02d379db03a877d34d/library/core/src/fmt/mod.rs:1189:21
[INFO] [stdout]    6:     0x58adad140ab3 - std::io::Write::write_fmt::h03bb0ca26e6faf8c
[INFO] [stdout]                                at /rustc/202008a1b8de96d2e5b6bc02d379db03a877d34d/library/std/src/io/mod.rs:1884:15
[INFO] [stdout]    7:     0x58adad144252 - std::sys::backtrace::BacktraceLock::print::h5c19c1c038ee186d
[INFO] [stdout]                                at /rustc/202008a1b8de96d2e5b6bc02d379db03a877d34d/library/std/src/sys/backtrace.rs:42:9
[INFO] [stdout]    8:     0x58adad145e8d - std::panicking::default_hook::{{closure}}::h77172f079a1fcb13
[INFO] [stdout]                                at /rustc/202008a1b8de96d2e5b6bc02d379db03a877d34d/library/std/src/panicking.rs:268:22
[INFO] [stdout]    9:     0x58adad145c97 - std::panicking::default_hook::he5f8e3b203ccddba
[INFO] [stdout]                                at /rustc/202008a1b8de96d2e5b6bc02d379db03a877d34d/library/std/src/panicking.rs:292:9
[INFO] [stdout]   10:     0x58adad10c5e7 - <alloc::boxed::Box<F,A> as core::ops::function::Fn<Args>>::call::h7a3c7b4a1ae77f2f
[INFO] [stdout]                                at /rustc/202008a1b8de96d2e5b6bc02d379db03a877d34d/library/alloc/src/boxed.rs:1986:9
[INFO] [stdout]   11:     0x58adad10c5e7 - test::test_main::{{closure}}::hf0d3b69ae9b353d1
[INFO] [stdout]                                at /rustc/202008a1b8de96d2e5b6bc02d379db03a877d34d/library/test/src/lib.rs:134:21
[INFO] [stdout]   12:     0x58adad146538 - <alloc::boxed::Box<F,A> as core::ops::function::Fn<Args>>::call::h6332e82e7b189abd
[INFO] [stdout]                                at /rustc/202008a1b8de96d2e5b6bc02d379db03a877d34d/library/alloc/src/boxed.rs:1986:9
[INFO] [stdout]   13:     0x58adad146538 - std::panicking::rust_panic_with_hook::h53863d4e9018df39
[INFO] [stdout]                                at /rustc/202008a1b8de96d2e5b6bc02d379db03a877d34d/library/std/src/panicking.rs:809:13
[INFO] [stdout]   14:     0x58adad1462fa - std::panicking::begin_panic_handler::{{closure}}::h67280e6fa0757873
[INFO] [stdout]                                at /rustc/202008a1b8de96d2e5b6bc02d379db03a877d34d/library/std/src/panicking.rs:674:13
[INFO] [stdout]   15:     0x58adad1448e9 - std::sys::backtrace::__rust_end_short_backtrace::h1dac3f54d6fbbeb2
[INFO] [stdout]                                at /rustc/202008a1b8de96d2e5b6bc02d379db03a877d34d/library/std/src/sys/backtrace.rs:170:18
[INFO] [stdout]   16:     0x58adad145f8c - rust_begin_unwind
[INFO] [stdout]                                at /rustc/202008a1b8de96d2e5b6bc02d379db03a877d34d/library/std/src/panicking.rs:665:5
[INFO] [stdout]   17:     0x58adace0f260 - core::panicking::panic_fmt::h6792bd1b2bf01041
[INFO] [stdout]                                at /rustc/202008a1b8de96d2e5b6bc02d379db03a877d34d/library/core/src/panicking.rs:76:14
[INFO] [stdout]   18:     0x58adace2ca2f - trybuild::run::<impl trybuild::Runner>::run::h85aea54818871221
[INFO] [stdout]                                at /opt/rustwide/cargo-home/registry/src/index.crates.io-6f17d22bba15001f/trybuild-1.0.99/src/run.rs:101:13
[INFO] [stdout]   19:     0x58adace32108 - <trybuild::TestCases as core::ops::drop::Drop>::drop::h62661b93b8c0ed9a
[INFO] [stdout]                                at /opt/rustwide/cargo-home/registry/src/index.crates.io-6f17d22bba15001f/trybuild-1.0.99/src/lib.rs:319:13
[INFO] [stdout]   20:     0x58adace0fd87 - core::ptr::drop_in_place<trybuild::TestCases>::h5975c501e6279a2c
[INFO] [stdout]                                at /rustc/202008a1b8de96d2e5b6bc02d379db03a877d34d/library/core/src/ptr/mod.rs:521:1
[INFO] [stdout]   21:     0x58adace104eb - compile_fail::ui::h7f9bded40d00bde5
[INFO] [stdout]                                at /opt/rustwide/workdir/tests/compile_fail.rs:11:1
[INFO] [stdout]   22:     0x58adace10467 - compile_fail::ui::{{closure}}::hb9724dc67f7cbd47
[INFO] [stdout]                                at /opt/rustwide/workdir/tests/compile_fail.rs:2:8
[INFO] [stdout]   23:     0x58adace0fcf6 - core::ops::function::FnOnce::call_once::h5e64cfade1a0486f
[INFO] [stdout]                                at /rustc/202008a1b8de96d2e5b6bc02d379db03a877d34d/library/core/src/ops/function.rs:250:5
[INFO] [stdout]   24:     0x58adad11110b - core::ops::function::FnOnce::call_once::h871bf86719ec9aa4
[INFO] [stdout]                                at /rustc/202008a1b8de96d2e5b6bc02d379db03a877d34d/library/core/src/ops/function.rs:250:5
[INFO] [stdout]   25:     0x58adad11110b - test::__rust_begin_short_backtrace::h2167df1e2b7d76fd
[INFO] [stdout]                                at /rustc/202008a1b8de96d2e5b6bc02d379db03a877d34d/library/test/src/lib.rs:632:18
[INFO] [stdout]   26:     0x58adad110af8 - test::run_test_in_process::{{closure}}::h15d92f75a3adfb79
[INFO] [stdout]                                at /rustc/202008a1b8de96d2e5b6bc02d379db03a877d34d/library/test/src/lib.rs:655:60
[INFO] [stdout]   27:     0x58adad110af8 - <core::panic::unwind_safe::AssertUnwindSafe<F> as core::ops::function::FnOnce<()>>::call_once::hb6c8955835a8dbbb
[INFO] [stdout]                                at /rustc/202008a1b8de96d2e5b6bc02d379db03a877d34d/library/core/src/panic/unwind_safe.rs:272:9
[INFO] [stdout]   28:     0x58adad110af8 - std::panicking::try::do_call::hc79d0fc888a0bd30
[INFO] [stdout]                                at /rustc/202008a1b8de96d2e5b6bc02d379db03a877d34d/library/std/src/panicking.rs:557:40
[INFO] [stdout]   29:     0x58adad110af8 - std::panicking::try::hb8a7878e3a8589d6
[INFO] [stdout]                                at /rustc/202008a1b8de96d2e5b6bc02d379db03a877d34d/library/std/src/panicking.rs:520:19
[INFO] [stdout]   30:     0x58adad110af8 - std::panic::catch_unwind::hb8e4600ff0ff5cfa
[INFO] [stdout]                                at /rustc/202008a1b8de96d2e5b6bc02d379db03a877d34d/library/std/src/panic.rs:358:14
[INFO] [stdout]   31:     0x58adad110af8 - test::run_test_in_process::hc2900b0b18688dd6
[INFO] [stdout]                                at /rustc/202008a1b8de96d2e5b6bc02d379db03a877d34d/library/test/src/lib.rs:655:27
[INFO] [stdout]   32:     0x58adad110af8 - test::run_test::{{closure}}::hac2a9cb07be3d48d
[INFO] [stdout]                                at /rustc/202008a1b8de96d2e5b6bc02d379db03a877d34d/library/test/src/lib.rs:576:43
[INFO] [stdout]   33:     0x58adad0d459a - test::run_test::{{closure}}::h4a5b729e66a38cd8
[INFO] [stdout]                                at /rustc/202008a1b8de96d2e5b6bc02d379db03a877d34d/library/test/src/lib.rs:606:41
[INFO] [stdout]   34:     0x58adad0d459a - std::sys::backtrace::__rust_begin_short_backtrace::h0496fb742492f573
[INFO] [stdout]                                at /rustc/202008a1b8de96d2e5b6bc02d379db03a877d34d/library/std/src/sys/backtrace.rs:154:18
[INFO] [stdout]   35:     0x58adad0d7f14 - std::thread::Builder::spawn_unchecked_::{{closure}}::{{closure}}::hbb6d257c550a54bd
[INFO] [stdout]                                at /rustc/202008a1b8de96d2e5b6bc02d379db03a877d34d/library/std/src/thread/mod.rs:561:17
[INFO] [stdout]   36:     0x58adad0d7f14 - <core::panic::unwind_safe::AssertUnwindSafe<F> as core::ops::function::FnOnce<()>>::call_once::h46696fe4a6832328
[INFO] [stdout]                                at /rustc/202008a1b8de96d2e5b6bc02d379db03a877d34d/library/core/src/panic/unwind_safe.rs:272:9
[INFO] [stdout]   37:     0x58adad0d7f14 - std::panicking::try::do_call::h2625a51b667bfb64
[INFO] [stdout]                                at /rustc/202008a1b8de96d2e5b6bc02d379db03a877d34d/library/std/src/panicking.rs:557:40
[INFO] [stdout]   38:     0x58adad0d7f14 - std::panicking::try::hb956a59a1973aa4c
[INFO] [stdout]                                at /rustc/202008a1b8de96d2e5b6bc02d379db03a877d34d/library/std/src/panicking.rs:520:19
[INFO] [stdout]   39:     0x58adad0d7f14 - std::panic::catch_unwind::h64f3b9d1067ef6a0
[INFO] [stdout]                                at /rustc/202008a1b8de96d2e5b6bc02d379db03a877d34d/library/std/src/panic.rs:358:14
[INFO] [stdout]   40:     0x58adad0d7f14 - std::thread::Builder::spawn_unchecked_::{{closure}}::h42b2841295b6c0b2
[INFO] [stdout]                                at /rustc/202008a1b8de96d2e5b6bc02d379db03a877d34d/library/std/src/thread/mod.rs:559:30
[INFO] [stdout]   41:     0x58adad0d7f14 - core::ops::function::FnOnce::call_once{{vtable.shim}}::h6127de71b8124639
[INFO] [stdout]                                at /rustc/202008a1b8de96d2e5b6bc02d379db03a877d34d/library/core/src/ops/function.rs:250:5
[INFO] [stdout]   42:     0x58adad14b44b - <alloc::boxed::Box<F,A> as core::ops::function::FnOnce<Args>>::call_once::h42f0ba71002a1b2c
[INFO] [stdout]                                at /rustc/202008a1b8de96d2e5b6bc02d379db03a877d34d/library/alloc/src/boxed.rs:1972:9
[INFO] [stdout]   43:     0x58adad14b44b - <alloc::boxed::Box<F,A> as core::ops::function::FnOnce<Args>>::call_once::had9e47d7a3dcecb8
[INFO] [stdout]                                at /rustc/202008a1b8de96d2e5b6bc02d379db03a877d34d/library/alloc/src/boxed.rs:1972:9
[INFO] [stdout]   44:     0x58adad14b44b - std::sys::pal::unix::thread::Thread::new::thread_start::h48cf765408f6f5f2
[INFO] [stdout]                                at /rustc/202008a1b8de96d2e5b6bc02d379db03a877d34d/library/std/src/sys/pal/unix/thread.rs:105:17
[INFO] [stdout]   45:     0x725fe8de8ac3 - <unknown>
[INFO] [stdout]   46:     0x725fe8e79a04 - clone
[INFO] [stdout]   47:                0x0 - <unknown>
[INFO] [stdout] 
[INFO] [stdout] 
[INFO] [stdout] failures:
[INFO] [stdout]     ui
[INFO] [stdout] 
[INFO] [stdout] test result: FAILED. 0 passed; 1 failed; 0 ignored; 0 measured; 0 filtered out; finished in 52.96s
[INFO] [stdout] 
[INFO] [stderr] error: test failed, to rerun pass `--test compile_fail`
[INFO] running `Command { std: "docker" "inspect" "c1e970c6620f86b49673ff7159430dfb6afcbcb447549502d8d8ca15475fca9f", kill_on_drop: false }`
[INFO] running `Command { std: "docker" "rm" "-f" "c1e970c6620f86b49673ff7159430dfb6afcbcb447549502d8d8ca15475fca9f", kill_on_drop: false }`
[INFO] [stdout] c1e970c6620f86b49673ff7159430dfb6afcbcb447549502d8d8ca15475fca9f
