[INFO] fetching crate tap-harness 0.3.0...
[INFO] testing tap-harness-0.3.0 against 1.83.0 for beta-1.84.0-4-retry
[INFO] extracting crate tap-harness 0.3.0 into /workspace/builds/worker-6-tc1/source
[INFO] validating manifest of crates.io crate tap-harness 0.3.0 on toolchain 1.83.0
[INFO] running `Command { std: CARGO_HOME="/workspace/cargo-home" RUSTUP_HOME="/workspace/rustup-home" "/workspace/cargo-home/bin/cargo" "+1.83.0" "metadata" "--manifest-path" "Cargo.toml" "--no-deps", kill_on_drop: false }`
[INFO] started tweaking crates.io crate tap-harness 0.3.0
[INFO] finished tweaking crates.io crate tap-harness 0.3.0
[INFO] tweaked toml for crates.io crate tap-harness 0.3.0 written to /workspace/builds/worker-6-tc1/source/Cargo.toml
[INFO] running `Command { std: CARGO_HOME="/workspace/cargo-home" RUSTUP_HOME="/workspace/rustup-home" "/workspace/cargo-home/bin/cargo" "+1.83.0" "generate-lockfile" "--manifest-path" "Cargo.toml", kill_on_drop: false }`
[INFO] [stderr]     Updating crates.io index
[INFO] [stderr]      Locking 2 packages to latest compatible versions
[INFO] running `Command { std: CARGO_HOME="/workspace/cargo-home" RUSTUP_HOME="/workspace/rustup-home" "/workspace/cargo-home/bin/cargo" "+1.83.0" "fetch" "--manifest-path" "Cargo.toml", kill_on_drop: false }`
[INFO] [stderr]  Downloading crates ...
[INFO] [stderr]   Downloaded testanything v0.4.2
[INFO] running `Command { std: "docker" "create" "-v" "/var/lib/crater-agent-workspace/builds/worker-6-tc1/target:/opt/rustwide/target:rw,Z" "-v" "/var/lib/crater-agent-workspace/builds/worker-6-tc1/source:/opt/rustwide/workdir:ro,Z" "-v" "/var/lib/crater-agent-workspace/cargo-home:/opt/rustwide/cargo-home:ro,Z" "-v" "/var/lib/crater-agent-workspace/rustup-home:/opt/rustwide/rustup-home:ro,Z" "-e" "SOURCE_DIR=/opt/rustwide/workdir" "-e" "CARGO_TARGET_DIR=/opt/rustwide/target" "-e" "CARGO_HOME=/opt/rustwide/cargo-home" "-e" "RUSTUP_HOME=/opt/rustwide/rustup-home" "-w" "/opt/rustwide/workdir" "-m" "1610612736" "--user" "0:0" "--network" "none" "ghcr.io/rust-lang/crates-build-env/linux@sha256:f3a9d4ad9d972b27faf3965f35b62e55ba32bbce8f20bc8fe909558a86702fde" "/opt/rustwide/cargo-home/bin/cargo" "+1.83.0" "metadata" "--no-deps" "--format-version=1", kill_on_drop: false }`
[INFO] [stdout] d331553ae11a04235b0dc5c742dbc7f183dda42fa289fd2ef8254a6c0965b0fa
[INFO] running `Command { std: "docker" "start" "-a" "d331553ae11a04235b0dc5c742dbc7f183dda42fa289fd2ef8254a6c0965b0fa", kill_on_drop: false }`
[INFO] running `Command { std: "docker" "inspect" "d331553ae11a04235b0dc5c742dbc7f183dda42fa289fd2ef8254a6c0965b0fa", kill_on_drop: false }`
[INFO] running `Command { std: "docker" "rm" "-f" "d331553ae11a04235b0dc5c742dbc7f183dda42fa289fd2ef8254a6c0965b0fa", kill_on_drop: false }`
[INFO] [stdout] d331553ae11a04235b0dc5c742dbc7f183dda42fa289fd2ef8254a6c0965b0fa
[INFO] running `Command { std: "docker" "create" "-v" "/var/lib/crater-agent-workspace/builds/worker-6-tc1/target:/opt/rustwide/target:rw,Z" "-v" "/var/lib/crater-agent-workspace/builds/worker-6-tc1/source:/opt/rustwide/workdir:ro,Z" "-v" "/var/lib/crater-agent-workspace/cargo-home:/opt/rustwide/cargo-home:ro,Z" "-v" "/var/lib/crater-agent-workspace/rustup-home:/opt/rustwide/rustup-home:ro,Z" "-e" "SOURCE_DIR=/opt/rustwide/workdir" "-e" "CARGO_TARGET_DIR=/opt/rustwide/target" "-e" "CARGO_INCREMENTAL=0" "-e" "RUST_BACKTRACE=full" "-e" "RUSTFLAGS=--cap-lints=warn" "-e" "RUSTDOCFLAGS=--cap-lints=warn" "-e" "CARGO_HOME=/opt/rustwide/cargo-home" "-e" "RUSTUP_HOME=/opt/rustwide/rustup-home" "-w" "/opt/rustwide/workdir" "-m" "1610612736" "--user" "0:0" "--network" "none" "ghcr.io/rust-lang/crates-build-env/linux@sha256:f3a9d4ad9d972b27faf3965f35b62e55ba32bbce8f20bc8fe909558a86702fde" "/opt/rustwide/cargo-home/bin/cargo" "+1.83.0" "build" "--frozen" "--message-format=json", kill_on_drop: false }`
[INFO] [stdout] 9d2977e099be16048fc52c12406f602b20302c3b2dc9a66750909a07fd13e21c
[INFO] running `Command { std: "docker" "start" "-a" "9d2977e099be16048fc52c12406f602b20302c3b2dc9a66750909a07fd13e21c", kill_on_drop: false }`
[INFO] [stderr]    Compiling testanything v0.4.2
[INFO] [stderr]    Compiling tap-harness v0.3.0 (/opt/rustwide/workdir)
[INFO] [stdout] warning: lint `private_in_public` has been removed: replaced with another group of lints, see RFC <https://rust-lang.github.io/rfcs/2145-type-privacy.html> for more information
[INFO] [stdout]   --> src/lib.rs:92:3
[INFO] [stdout]    |
[INFO] [stdout] 92 |   private_in_public,
[INFO] [stdout]    |   ^^^^^^^^^^^^^^^^^
[INFO] [stdout]    |
[INFO] [stdout]    = note: `#[warn(renamed_and_removed_lints)]` on by default
[INFO] [stdout] 
[INFO] [stdout] 
[INFO] [stderr]     Finished `dev` profile [unoptimized + debuginfo] target(s) in 0.74s
[INFO] running `Command { std: "docker" "inspect" "9d2977e099be16048fc52c12406f602b20302c3b2dc9a66750909a07fd13e21c", kill_on_drop: false }`
[INFO] running `Command { std: "docker" "rm" "-f" "9d2977e099be16048fc52c12406f602b20302c3b2dc9a66750909a07fd13e21c", kill_on_drop: false }`
[INFO] [stdout] 9d2977e099be16048fc52c12406f602b20302c3b2dc9a66750909a07fd13e21c
[INFO] running `Command { std: "docker" "create" "-v" "/var/lib/crater-agent-workspace/builds/worker-6-tc1/target:/opt/rustwide/target:rw,Z" "-v" "/var/lib/crater-agent-workspace/builds/worker-6-tc1/source:/opt/rustwide/workdir:ro,Z" "-v" "/var/lib/crater-agent-workspace/cargo-home:/opt/rustwide/cargo-home:ro,Z" "-v" "/var/lib/crater-agent-workspace/rustup-home:/opt/rustwide/rustup-home:ro,Z" "-e" "SOURCE_DIR=/opt/rustwide/workdir" "-e" "CARGO_TARGET_DIR=/opt/rustwide/target" "-e" "CARGO_INCREMENTAL=0" "-e" "RUST_BACKTRACE=full" "-e" "RUSTFLAGS=--cap-lints=warn" "-e" "RUSTDOCFLAGS=--cap-lints=warn" "-e" "CARGO_HOME=/opt/rustwide/cargo-home" "-e" "RUSTUP_HOME=/opt/rustwide/rustup-home" "-w" "/opt/rustwide/workdir" "-m" "1610612736" "--user" "0:0" "--network" "none" "ghcr.io/rust-lang/crates-build-env/linux@sha256:f3a9d4ad9d972b27faf3965f35b62e55ba32bbce8f20bc8fe909558a86702fde" "/opt/rustwide/cargo-home/bin/cargo" "+1.83.0" "test" "--frozen" "--no-run" "--message-format=json", kill_on_drop: false }`
[INFO] [stdout] 6ad604585adf9c797cfb2c338eb2ac205673f0696d66d106fef01cdcc1134615
[INFO] running `Command { std: "docker" "start" "-a" "6ad604585adf9c797cfb2c338eb2ac205673f0696d66d106fef01cdcc1134615", kill_on_drop: false }`
[INFO] [stderr]    Compiling anyhow v1.0.94
[INFO] [stdout] warning: lint `private_in_public` has been removed: replaced with another group of lints, see RFC <https://rust-lang.github.io/rfcs/2145-type-privacy.html> for more information
[INFO] [stdout]   --> src/lib.rs:92:3
[INFO] [stdout]    |
[INFO] [stdout] 92 |   private_in_public,
[INFO] [stdout]    |   ^^^^^^^^^^^^^^^^^
[INFO] [stdout]    |
[INFO] [stdout]    = note: `#[warn(renamed_and_removed_lints)]` on by default
[INFO] [stdout] 
[INFO] [stdout] 
[INFO] [stderr]    Compiling tap-harness v0.3.0 (/opt/rustwide/workdir)
[INFO] [stdout] warning: lint `private_in_public` has been removed: replaced with another group of lints, see RFC <https://rust-lang.github.io/rfcs/2145-type-privacy.html> for more information
[INFO] [stdout]   --> src/lib.rs:92:3
[INFO] [stdout]    |
[INFO] [stdout] 92 |   private_in_public,
[INFO] [stdout]    |   ^^^^^^^^^^^^^^^^^
[INFO] [stdout]    |
[INFO] [stdout]    = note: `#[warn(renamed_and_removed_lints)]` on by default
[INFO] [stdout] 
[INFO] [stdout] 
[INFO] [stderr]     Finished `test` profile [unoptimized + debuginfo] target(s) in 1.70s
[INFO] running `Command { std: "docker" "inspect" "6ad604585adf9c797cfb2c338eb2ac205673f0696d66d106fef01cdcc1134615", kill_on_drop: false }`
[INFO] running `Command { std: "docker" "rm" "-f" "6ad604585adf9c797cfb2c338eb2ac205673f0696d66d106fef01cdcc1134615", kill_on_drop: false }`
[INFO] [stdout] 6ad604585adf9c797cfb2c338eb2ac205673f0696d66d106fef01cdcc1134615
[INFO] running `Command { std: "docker" "create" "-v" "/var/lib/crater-agent-workspace/builds/worker-6-tc1/target:/opt/rustwide/target:rw,Z" "-v" "/var/lib/crater-agent-workspace/builds/worker-6-tc1/source:/opt/rustwide/workdir:ro,Z" "-v" "/var/lib/crater-agent-workspace/cargo-home:/opt/rustwide/cargo-home:ro,Z" "-v" "/var/lib/crater-agent-workspace/rustup-home:/opt/rustwide/rustup-home:ro,Z" "-e" "SOURCE_DIR=/opt/rustwide/workdir" "-e" "CARGO_TARGET_DIR=/opt/rustwide/target" "-e" "CARGO_INCREMENTAL=0" "-e" "RUST_BACKTRACE=full" "-e" "RUSTFLAGS=--cap-lints=warn" "-e" "RUSTDOCFLAGS=--cap-lints=warn" "-e" "CARGO_HOME=/opt/rustwide/cargo-home" "-e" "RUSTUP_HOME=/opt/rustwide/rustup-home" "-w" "/opt/rustwide/workdir" "-m" "1610612736" "--user" "0:0" "--network" "none" "ghcr.io/rust-lang/crates-build-env/linux@sha256:f3a9d4ad9d972b27faf3965f35b62e55ba32bbce8f20bc8fe909558a86702fde" "/opt/rustwide/cargo-home/bin/cargo" "+1.83.0" "test" "--frozen", kill_on_drop: false }`
[INFO] [stdout] cb5c8a397ac62cfa78c913bc781daea95c7b36d7971c8b534255e0c0694ecff8
[INFO] running `Command { std: "docker" "start" "-a" "cb5c8a397ac62cfa78c913bc781daea95c7b36d7971c8b534255e0c0694ecff8", kill_on_drop: false }`
[INFO] [stderr] warning: lint `private_in_public` has been removed: replaced with another group of lints, see RFC <https://rust-lang.github.io/rfcs/2145-type-privacy.html> for more information
[INFO] [stderr]   --> src/lib.rs:92:3
[INFO] [stderr]    |
[INFO] [stderr] 92 |   private_in_public,
[INFO] [stderr]    |   ^^^^^^^^^^^^^^^^^
[INFO] [stderr]    |
[INFO] [stderr]    = note: `#[warn(renamed_and_removed_lints)]` on by default
[INFO] [stderr] 
[INFO] [stderr] warning: `tap-harness` (lib) generated 1 warning
[INFO] [stderr] warning: `tap-harness` (lib test) generated 1 warning (1 duplicate)
[INFO] [stderr]     Finished `test` profile [unoptimized + debuginfo] target(s) in 0.02s
[INFO] [stderr]      Running unittests src/lib.rs (/opt/rustwide/target/debug/deps/tap_harness-66b4ef562015d3b4)
[INFO] [stdout] 
[INFO] [stdout] running 0 tests
[INFO] [stdout] 
[INFO] [stdout] test result: ok. 0 passed; 0 failed; 0 ignored; 0 measured; 0 filtered out; finished in 0.00s
[INFO] [stdout] 
[INFO] [stderr]    Doc-tests tap_harness
[INFO] [stderr] warning: lint `private_in_public` has been removed: replaced with another group of lints, see RFC <https://rust-lang.github.io/rfcs/2145-type-privacy.html> for more information
[INFO] [stderr]   --> src/lib.rs:92:3
[INFO] [stderr]    |
[INFO] [stderr] 92 |   private_in_public,
[INFO] [stderr]    |   ^^^^^^^^^^^^^^^^^
[INFO] [stderr]    |
[INFO] [stderr]    = note: `#[warn(renamed_and_removed_lints)]` on by default
[INFO] [stderr] 
[INFO] [stderr] warning: 1 warning emitted
[INFO] [stderr] 
[INFO] [stdout] 
[INFO] [stdout] running 1 test
[INFO] [stdout] test src/../README.md - (line 7) ... FAILED
[INFO] [stdout] 
[INFO] [stdout] failures:
[INFO] [stdout] 
[INFO] [stdout] ---- src/../README.md - (line 7) stdout ----
[INFO] [stdout] error[E0308]: mismatched types
[INFO] [stdout]  --> src/../README.md:12:41
[INFO] [stdout]   |
[INFO] [stdout] 7 |   let mut runner = TestRunner::new(Some("My test"));
[INFO] [stdout]   |                                    ---- ^^^^^^^^^- help: try using a conversion method: `.to_string()`
[INFO] [stdout]   |                                    |    |
[INFO] [stdout]   |                                    |    expected `String`, found `&str`
[INFO] [stdout]   |                                    arguments to this enum variant are incorrect
[INFO] [stdout]   |
[INFO] [stdout] help: the type constructed contains `&'static str` due to the type of the argument passed
[INFO] [stdout]  --> src/../README.md:12:36
[INFO] [stdout]   |
[INFO] [stdout] 7 |   let mut runner = TestRunner::new(Some("My test"));
[INFO] [stdout]   |                                    ^^^^^---------^
[INFO] [stdout]   |                                         |
[INFO] [stdout]   |                                         this argument influences the type of `Some`
[INFO] [stdout] note: tuple variant defined here
[INFO] [stdout]  --> /rustc/90b35a6239c3d8bdabc530a6a0816f7ff89a0aaf/library/core/src/option.rs:579:5
[INFO] [stdout] 
[INFO] [stdout] error[E0308]: mismatched types
[INFO] [stdout]  --> src/../README.md:14:39
[INFO] [stdout]   |
[INFO] [stdout] 9 |   let mut block = TestBlock::new(Some("My block"));
[INFO] [stdout]   |                                  ---- ^^^^^^^^^^- help: try using a conversion method: `.to_string()`
[INFO] [stdout]   |                                  |    |
[INFO] [stdout]   |                                  |    expected `String`, found `&str`
[INFO] [stdout]   |                                  arguments to this enum variant are incorrect
[INFO] [stdout]   |
[INFO] [stdout] help: the type constructed contains `&'static str` due to the type of the argument passed
[INFO] [stdout]  --> src/../README.md:14:34
[INFO] [stdout]   |
[INFO] [stdout] 9 |   let mut block = TestBlock::new(Some("My block"));
[INFO] [stdout]   |                                  ^^^^^----------^
[INFO] [stdout]   |                                       |
[INFO] [stdout]   |                                       this argument influences the type of `Some`
[INFO] [stdout] note: tuple variant defined here
[INFO] [stdout]  --> /rustc/90b35a6239c3d8bdabc530a6a0816f7ff89a0aaf/library/core/src/option.rs:579:5
[INFO] [stdout] 
[INFO] [stdout] error: aborting due to 2 previous errors
[INFO] [stdout] 
[INFO] [stdout] For more information about this error, try `rustc --explain E0308`.
[INFO] [stdout] Couldn't compile the test.
[INFO] [stdout] 
[INFO] [stdout] failures:
[INFO] [stdout]     src/../README.md - (line 7)
[INFO] [stdout] 
[INFO] [stdout] test result: FAILED. 0 passed; 1 failed; 0 ignored; 0 measured; 0 filtered out; finished in 0.12s
[INFO] [stdout] 
[INFO] [stderr] error: doctest failed, to rerun pass `--doc`
[INFO] running `Command { std: "docker" "inspect" "cb5c8a397ac62cfa78c913bc781daea95c7b36d7971c8b534255e0c0694ecff8", kill_on_drop: false }`
[INFO] running `Command { std: "docker" "rm" "-f" "cb5c8a397ac62cfa78c913bc781daea95c7b36d7971c8b534255e0c0694ecff8", kill_on_drop: false }`
[INFO] [stdout] cb5c8a397ac62cfa78c913bc781daea95c7b36d7971c8b534255e0c0694ecff8
