[INFO] fetching crate tai-time 0.3.3...
[INFO] testing tai-time-0.3.3 against beta-2024-12-08 for beta-1.84.0-4-retry
[INFO] extracting crate tai-time 0.3.3 into /workspace/builds/worker-1-tc2/source
[INFO] validating manifest of crates.io crate tai-time 0.3.3 on toolchain beta-2024-12-08
[INFO] running `Command { std: CARGO_HOME="/workspace/cargo-home" RUSTUP_HOME="/workspace/rustup-home" "/workspace/cargo-home/bin/cargo" "+beta-2024-12-08" "metadata" "--manifest-path" "Cargo.toml" "--no-deps", kill_on_drop: false }`
[INFO] started tweaking crates.io crate tai-time 0.3.3
[INFO] finished tweaking crates.io crate tai-time 0.3.3
[INFO] tweaked toml for crates.io crate tai-time 0.3.3 written to /workspace/builds/worker-1-tc2/source/Cargo.toml
[INFO] running `Command { std: CARGO_HOME="/workspace/cargo-home" RUSTUP_HOME="/workspace/rustup-home" "/workspace/cargo-home/bin/cargo" "+beta-2024-12-08" "generate-lockfile" "--manifest-path" "Cargo.toml", kill_on_drop: false }`
[INFO] [stderr]     Updating crates.io index
[INFO] [stderr]      Locking 24 packages to latest compatible versions
[INFO] [stderr]       Adding nix v0.26.4 (available: v0.29.0)
[INFO] running `Command { std: CARGO_HOME="/workspace/cargo-home" RUSTUP_HOME="/workspace/rustup-home" "/workspace/cargo-home/bin/cargo" "+beta-2024-12-08" "fetch" "--manifest-path" "Cargo.toml", kill_on_drop: false }`
[INFO] running `Command { std: "docker" "create" "-v" "/var/lib/crater-agent-workspace/builds/worker-1-tc2/target:/opt/rustwide/target:rw,Z" "-v" "/var/lib/crater-agent-workspace/builds/worker-1-tc2/source:/opt/rustwide/workdir:ro,Z" "-v" "/var/lib/crater-agent-workspace/cargo-home:/opt/rustwide/cargo-home:ro,Z" "-v" "/var/lib/crater-agent-workspace/rustup-home:/opt/rustwide/rustup-home:ro,Z" "-e" "SOURCE_DIR=/opt/rustwide/workdir" "-e" "CARGO_TARGET_DIR=/opt/rustwide/target" "-e" "CARGO_HOME=/opt/rustwide/cargo-home" "-e" "RUSTUP_HOME=/opt/rustwide/rustup-home" "-w" "/opt/rustwide/workdir" "-m" "1610612736" "--user" "0:0" "--network" "none" "ghcr.io/rust-lang/crates-build-env/linux@sha256:f3a9d4ad9d972b27faf3965f35b62e55ba32bbce8f20bc8fe909558a86702fde" "/opt/rustwide/cargo-home/bin/cargo" "+beta-2024-12-08" "metadata" "--no-deps" "--format-version=1", kill_on_drop: false }`
[INFO] [stdout] 6bb63add6a02f0ee5cc7b61b94481837475999e5bb1fbad1d3d372e147422440
[INFO] running `Command { std: "docker" "start" "-a" "6bb63add6a02f0ee5cc7b61b94481837475999e5bb1fbad1d3d372e147422440", kill_on_drop: false }`
[INFO] running `Command { std: "docker" "inspect" "6bb63add6a02f0ee5cc7b61b94481837475999e5bb1fbad1d3d372e147422440", kill_on_drop: false }`
[INFO] running `Command { std: "docker" "rm" "-f" "6bb63add6a02f0ee5cc7b61b94481837475999e5bb1fbad1d3d372e147422440", kill_on_drop: false }`
[INFO] [stdout] 6bb63add6a02f0ee5cc7b61b94481837475999e5bb1fbad1d3d372e147422440
[INFO] running `Command { std: "docker" "create" "-v" "/var/lib/crater-agent-workspace/builds/worker-1-tc2/target:/opt/rustwide/target:rw,Z" "-v" "/var/lib/crater-agent-workspace/builds/worker-1-tc2/source:/opt/rustwide/workdir:ro,Z" "-v" "/var/lib/crater-agent-workspace/cargo-home:/opt/rustwide/cargo-home:ro,Z" "-v" "/var/lib/crater-agent-workspace/rustup-home:/opt/rustwide/rustup-home:ro,Z" "-e" "SOURCE_DIR=/opt/rustwide/workdir" "-e" "CARGO_TARGET_DIR=/opt/rustwide/target" "-e" "CARGO_INCREMENTAL=0" "-e" "RUST_BACKTRACE=full" "-e" "RUSTFLAGS=--cap-lints=warn" "-e" "RUSTDOCFLAGS=--cap-lints=warn" "-e" "CARGO_HOME=/opt/rustwide/cargo-home" "-e" "RUSTUP_HOME=/opt/rustwide/rustup-home" "-w" "/opt/rustwide/workdir" "-m" "1610612736" "--user" "0:0" "--network" "none" "ghcr.io/rust-lang/crates-build-env/linux@sha256:f3a9d4ad9d972b27faf3965f35b62e55ba32bbce8f20bc8fe909558a86702fde" "/opt/rustwide/cargo-home/bin/cargo" "+beta-2024-12-08" "build" "--frozen" "--message-format=json", kill_on_drop: false }`
[INFO] [stdout] 3d5a99fcbcc9c307984dca7429e177a8a6ede053550a83c43815feb6422a2141
[INFO] running `Command { std: "docker" "start" "-a" "3d5a99fcbcc9c307984dca7429e177a8a6ede053550a83c43815feb6422a2141", kill_on_drop: false }`
[INFO] [stderr]    Compiling tai-time v0.3.3 (/opt/rustwide/workdir)
[INFO] [stderr]     Finished `dev` profile [unoptimized + debuginfo] target(s) in 0.36s
[INFO] running `Command { std: "docker" "inspect" "3d5a99fcbcc9c307984dca7429e177a8a6ede053550a83c43815feb6422a2141", kill_on_drop: false }`
[INFO] running `Command { std: "docker" "rm" "-f" "3d5a99fcbcc9c307984dca7429e177a8a6ede053550a83c43815feb6422a2141", kill_on_drop: false }`
[INFO] [stdout] 3d5a99fcbcc9c307984dca7429e177a8a6ede053550a83c43815feb6422a2141
[INFO] running `Command { std: "docker" "create" "-v" "/var/lib/crater-agent-workspace/builds/worker-1-tc2/target:/opt/rustwide/target:rw,Z" "-v" "/var/lib/crater-agent-workspace/builds/worker-1-tc2/source:/opt/rustwide/workdir:ro,Z" "-v" "/var/lib/crater-agent-workspace/cargo-home:/opt/rustwide/cargo-home:ro,Z" "-v" "/var/lib/crater-agent-workspace/rustup-home:/opt/rustwide/rustup-home:ro,Z" "-e" "SOURCE_DIR=/opt/rustwide/workdir" "-e" "CARGO_TARGET_DIR=/opt/rustwide/target" "-e" "CARGO_INCREMENTAL=0" "-e" "RUST_BACKTRACE=full" "-e" "RUSTFLAGS=--cap-lints=warn" "-e" "RUSTDOCFLAGS=--cap-lints=warn" "-e" "CARGO_HOME=/opt/rustwide/cargo-home" "-e" "RUSTUP_HOME=/opt/rustwide/rustup-home" "-w" "/opt/rustwide/workdir" "-m" "1610612736" "--user" "0:0" "--network" "none" "ghcr.io/rust-lang/crates-build-env/linux@sha256:f3a9d4ad9d972b27faf3965f35b62e55ba32bbce8f20bc8fe909558a86702fde" "/opt/rustwide/cargo-home/bin/cargo" "+beta-2024-12-08" "test" "--frozen" "--no-run" "--message-format=json", kill_on_drop: false }`
[INFO] [stdout] 88bae20f25d5e1bc4720c1161dcb0bf2de8b59dd05702d1b49d4d5bc1db9e985
[INFO] running `Command { std: "docker" "start" "-a" "88bae20f25d5e1bc4720c1161dcb0bf2de8b59dd05702d1b49d4d5bc1db9e985", kill_on_drop: false }`
[INFO] [stderr]    Compiling serde v1.0.216
[INFO] [stderr]    Compiling serde_json v1.0.133
[INFO] [stderr]    Compiling memchr v2.7.4
[INFO] [stderr]    Compiling itoa v1.0.14
[INFO] [stderr]    Compiling ryu v1.0.18
[INFO] [stderr]    Compiling tai-time v0.3.3 (/opt/rustwide/workdir)
[INFO] [stderr]     Finished `test` profile [unoptimized + debuginfo] target(s) in 6.00s
[INFO] running `Command { std: "docker" "inspect" "88bae20f25d5e1bc4720c1161dcb0bf2de8b59dd05702d1b49d4d5bc1db9e985", kill_on_drop: false }`
[INFO] running `Command { std: "docker" "rm" "-f" "88bae20f25d5e1bc4720c1161dcb0bf2de8b59dd05702d1b49d4d5bc1db9e985", kill_on_drop: false }`
[INFO] [stdout] 88bae20f25d5e1bc4720c1161dcb0bf2de8b59dd05702d1b49d4d5bc1db9e985
[INFO] running `Command { std: "docker" "create" "-v" "/var/lib/crater-agent-workspace/builds/worker-1-tc2/target:/opt/rustwide/target:rw,Z" "-v" "/var/lib/crater-agent-workspace/builds/worker-1-tc2/source:/opt/rustwide/workdir:ro,Z" "-v" "/var/lib/crater-agent-workspace/cargo-home:/opt/rustwide/cargo-home:ro,Z" "-v" "/var/lib/crater-agent-workspace/rustup-home:/opt/rustwide/rustup-home:ro,Z" "-e" "SOURCE_DIR=/opt/rustwide/workdir" "-e" "CARGO_TARGET_DIR=/opt/rustwide/target" "-e" "CARGO_INCREMENTAL=0" "-e" "RUST_BACKTRACE=full" "-e" "RUSTFLAGS=--cap-lints=warn" "-e" "RUSTDOCFLAGS=--cap-lints=warn" "-e" "CARGO_HOME=/opt/rustwide/cargo-home" "-e" "RUSTUP_HOME=/opt/rustwide/rustup-home" "-w" "/opt/rustwide/workdir" "-m" "1610612736" "--user" "0:0" "--network" "none" "ghcr.io/rust-lang/crates-build-env/linux@sha256:f3a9d4ad9d972b27faf3965f35b62e55ba32bbce8f20bc8fe909558a86702fde" "/opt/rustwide/cargo-home/bin/cargo" "+beta-2024-12-08" "test" "--frozen", kill_on_drop: false }`
[INFO] [stdout] 9e9f5244e108e56bea888264569213f3092a051b0ab74f32e16601dc8cd75f26
[INFO] running `Command { std: "docker" "start" "-a" "9e9f5244e108e56bea888264569213f3092a051b0ab74f32e16601dc8cd75f26", kill_on_drop: false }`
[INFO] [stderr]     Finished `test` profile [unoptimized + debuginfo] target(s) in 0.02s
[INFO] [stderr]      Running unittests src/lib.rs (/opt/rustwide/target/debug/deps/tai_time-fd0efb3925ff1182)
[INFO] [stdout] 
[INFO] [stdout] running 33 tests
[INFO] [stdout] test tai_clock::tests::clock_init_at_smoke ... ok
[INFO] [stdout] test tai_clock::tests::clock_init_from_utc_smoke ... ok
[INFO] [stdout] test tests::add_duration_extreme ... ok
[INFO] [stdout] test tai_clock::tests::clock_init_from_past_instant_smoke ... ok
[INFO] [stdout] test tai_clock::tests::clock_init_from_past_system_time_smoke ... ok
[INFO] [stdout] test tests::add_duration_smoke ... ok
[INFO] [stdout] test tai_clock::tests::clock_init_from_future_system_time_smoke ... ok
[INFO] [stdout] test tai_clock::tests::clock_init_from_future_instant_smoke ... ok
[INFO] [stdout] test tests::as_secs_and_nanos ... ok
[INFO] [stdout] test tests::date_time_invalid ... ok
[INFO] [stdout] test tests::date_time_string_roundtrip ... ok
[INFO] [stdout] test tests::duration_since_smoke ... ok
[INFO] [stdout] test tests::as_unix_secs ... ok
[INFO] [stdout] test tests::duration_since_extreme ... ok
[INFO] [stdout] test tests::duration_since_invalid ... ok
[INFO] [stdout] test tests::ordering ... ok
[INFO] [stdout] test tests::sub_duration_extreme ... ok
[INFO] [stdout] test tests::add_duration_with_carry ... ok
[INFO] [stdout] test tests::to_tai_time ... ok
[INFO] [stdout] test tests::duration_with_carry ... ok
[INFO] [stdout] test tests::equality ... ok
[INFO] [stdout] test tests::invalid_nanoseconds ... ok
[INFO] [stdout] test tests::from_unix_timestamp ... ok
[INFO] [stdout] test tests::from_unix_timestamp_with_carry ... ok
[INFO] [stdout] test tests::now_from_utc_smoke ... ok
[INFO] [stdout] test tests::sub_duration_smoke ... ok
[INFO] [stdout] test tests::sub_duration_with_carry ... ok
[INFO] [stdout] test tests::from_system_time ... ok
[INFO] [stdout] test tests::epoch_smoke ... ok
[INFO] [stdout] test tests::to_system_time ... ok
[INFO] [stdout] test tests::date_time_second_count ... ok
[INFO] [stdout] test tests::add_duration_overflow - should panic ... ok
[INFO] [stderr]    Doc-tests tai_time
[INFO] [stdout] test tests::sub_duration_overflow - should panic ... ok
[INFO] [stdout] 
[INFO] [stdout] test result: ok. 33 passed; 0 failed; 0 ignored; 0 measured; 0 filtered out; finished in 0.03s
[INFO] [stdout] 
[INFO] [stdout] 
[INFO] [stdout] running 26 tests
[INFO] [stdout] test src/lib.rs - (line 162) ... FAILED
[INFO] [stdout] test src/lib.rs - TaiTime<EPOCH_REF>::checked_add (line 1101) ... ok
[INFO] [stdout] test src/lib.rs - TaiTime<EPOCH_REF>::as_unix_secs (line 946) ... ok
[INFO] [stdout] test src/lib.rs - TaiTime (line 321) ... ok
[INFO] [stdout] test src/lib.rs - TaiTime<EPOCH_REF>::as_secs (line 882) ... ok
[INFO] [stdout] test src/lib.rs - MonotonicTime (line 206) ... ok
[INFO] [stdout] test src/lib.rs - TaiTime<EPOCH_REF>::checked_sub (line 1146) ... ok
[INFO] [stdout] test src/lib.rs - Tai1958Time (line 278) ... ok
[INFO] [stdout] test src/lib.rs - GstTime (line 240) ... ok
[INFO] [stdout] test src/lib.rs - TaiTime<EPOCH_REF>::checked_duration_since (line 1226) ... ok
[INFO] [stdout] test src/lib.rs - (line 95) ... ok
[INFO] [stdout] test src/lib.rs - TaiTime<EPOCH_REF>::from_unix_timestamp (line 661) ... ok
[INFO] [stdout] test src/lib.rs - GpsTime (line 223) ... ok
[INFO] [stdout] test src/lib.rs - Tai1972Time (line 295) ... ok
[INFO] [stdout] test src/lib.rs - (line 122) ... ok
[INFO] [stdout] test src/lib.rs - (line 136) ... ok
[INFO] [stdout] test src/lib.rs - BdtTime (line 257) ... ok
[INFO] [stdout] test src/lib.rs - TaiTime<EPOCH_REF>::duration_since (line 1198) ... ok
[INFO] [stdout] test src/lib.rs - TaiTime<EPOCH_REF>::subsec_nanos (line 905) ... ok
[INFO] [stdout] test src/lib.rs - TaiTime<EPOCH_REF>::from_system_time (line 741) ... ok
[INFO] [stdout] test src/lib.rs - TaiTime<EPOCH_REF>::to_system_time (line 1027) ... ok
[INFO] [stdout] test src/lib.rs - TaiTime<EPOCH_REF>::now_from_utc (line 526) ... ok
[INFO] [stdout] test src/lib.rs - TaiTime<EPOCH_REF>::new (line 386) ... ok
[INFO] [stdout] test src/lib.rs - TaiTime<EPOCH_REF>::try_from_date_time (line 579) ... ok
[INFO] [stdout] test src/lib.rs - TaiTime<EPOCH_REF>::to_tai_time (line 976) ... ok
[INFO] [stdout] test src/tai_clock.rs - tai_clock::TaiClock (line 38) ... ok
[INFO] [stdout] 
[INFO] [stdout] failures:
[INFO] [stdout] 
[INFO] [stdout] ---- src/lib.rs - (line 162) stdout ----
[INFO] [stdout] error[E0599]: no function or associated item named `now` found for struct `TaiTime` in the current scope
[INFO] [stdout]    --> src/lib.rs:166:26
[INFO] [stdout]     |
[INFO] [stdout] 7   | let now = MonotonicTime::now();
[INFO] [stdout]     |                          ^^^ function or associated item not found in `TaiTime<0>`
[INFO] [stdout]     |
[INFO] [stdout] note: if you're trying to build a new `TaiTime<0>` consider using one of the following associated functions:
[INFO] [stdout]       TaiTime::<EPOCH_REF>::new
[INFO] [stdout]       TaiTime::<EPOCH_REF>::now_from_utc
[INFO] [stdout]       TaiTime::<EPOCH_REF>::try_now_from_utc
[INFO] [stdout]       TaiTime::<EPOCH_REF>::try_from_date_time
[INFO] [stdout]       and 4 others
[INFO] [stdout]    --> /opt/rustwide/workdir/src/lib.rs:397:5
[INFO] [stdout]     |
[INFO] [stdout] 397 |       pub const fn new(secs: i64, subsec_nanos: u32) -> Option<Self> {
[INFO] [stdout]     |       ^^^^^^^^^^^^^^^^^^^^^^^^^^^^^^^^^^^^^^^^^^^^^^^^^^^^^^^^^^^^^^
[INFO] [stdout] ...
[INFO] [stdout] 534 |       pub fn now_from_utc(leap_secs: i64) -> Self {
[INFO] [stdout]     |       ^^^^^^^^^^^^^^^^^^^^^^^^^^^^^^^^^^^^^^^^^^^
[INFO] [stdout] ...
[INFO] [stdout] 547 |       pub fn try_now_from_utc(leap_secs: i64) -> Result<Self, OutOfRangeError> {
[INFO] [stdout]     |       ^^^^^^^^^^^^^^^^^^^^^^^^^^^^^^^^^^^^^^^^^^^^^^^^^^^^^^^^^^^^^^^^^^^^^^^^
[INFO] [stdout] ...
[INFO] [stdout] 587 | /     pub const fn try_from_date_time(
[INFO] [stdout] 588 | |         year: i32,
[INFO] [stdout] 589 | |         month: u8,
[INFO] [stdout] 590 | |         day: u8,
[INFO] [stdout] ...   |
[INFO] [stdout] 594 | |         nano: u32,
[INFO] [stdout] 595 | |     ) -> Result<Self, DateTimeError> {
[INFO] [stdout]     | |____________________________________^
[INFO] [stdout] help: there is an associated function `new` with a similar name
[INFO] [stdout]    --> /opt/rustwide/workdir/src/lib.rs:397:5
[INFO] [stdout]     |
[INFO] [stdout] 397 |     pub const fn new(secs: i64, subsec_nanos: u32) -> Option<Self> {
[INFO] [stdout]     |     ^^^^^^^^^^^^^^^^^^^^^^^^^^^^^^^^^^^^^^^^^^^^^^^^^^^^^^^^^^^^^^
[INFO] [stdout] 
[INFO] [stdout] error: aborting due to 1 previous error
[INFO] [stdout] 
[INFO] [stdout] For more information about this error, try `rustc --explain E0599`.
[INFO] [stdout] Couldn't compile the test.
[INFO] [stdout] 
[INFO] [stdout] failures:
[INFO] [stdout]     src/lib.rs - (line 162)
[INFO] [stdout] 
[INFO] [stdout] test result: FAILED. 25 passed; 1 failed; 0 ignored; 0 measured; 0 filtered out; finished in 2.23s
[INFO] [stdout] 
[INFO] [stderr] error: doctest failed, to rerun pass `--doc`
[INFO] running `Command { std: "docker" "inspect" "9e9f5244e108e56bea888264569213f3092a051b0ab74f32e16601dc8cd75f26", kill_on_drop: false }`
[INFO] running `Command { std: "docker" "rm" "-f" "9e9f5244e108e56bea888264569213f3092a051b0ab74f32e16601dc8cd75f26", kill_on_drop: false }`
[INFO] [stdout] 9e9f5244e108e56bea888264569213f3092a051b0ab74f32e16601dc8cd75f26
