[INFO] fetching crate tackler-api 0.6.0...
[INFO] testing tackler-api-0.6.0 against 1.83.0 for beta-1.84.0-4-retry
[INFO] extracting crate tackler-api 0.6.0 into /workspace/builds/worker-6-tc1/source
[INFO] validating manifest of crates.io crate tackler-api 0.6.0 on toolchain 1.83.0
[INFO] running `Command { std: CARGO_HOME="/workspace/cargo-home" RUSTUP_HOME="/workspace/rustup-home" "/workspace/cargo-home/bin/cargo" "+1.83.0" "metadata" "--manifest-path" "Cargo.toml" "--no-deps", kill_on_drop: false }`
[INFO] started tweaking crates.io crate tackler-api 0.6.0
[INFO] finished tweaking crates.io crate tackler-api 0.6.0
[INFO] tweaked toml for crates.io crate tackler-api 0.6.0 written to /workspace/builds/worker-6-tc1/source/Cargo.toml
[INFO] running `Command { std: CARGO_HOME="/workspace/cargo-home" RUSTUP_HOME="/workspace/rustup-home" "/workspace/cargo-home/bin/cargo" "+1.83.0" "generate-lockfile" "--manifest-path" "Cargo.toml", kill_on_drop: false }`
[INFO] [stderr]     Updating crates.io index
[INFO] [stderr]      Locking 105 packages to latest compatible versions
[INFO] running `Command { std: CARGO_HOME="/workspace/cargo-home" RUSTUP_HOME="/workspace/rustup-home" "/workspace/cargo-home/bin/cargo" "+1.83.0" "fetch" "--manifest-path" "Cargo.toml", kill_on_drop: false }`
[INFO] [stderr]  Downloading crates ...
[INFO] [stderr]   Downloaded tackler-rs v0.6.0
[INFO] [stderr]   Downloaded time-tz v2.0.0
[INFO] running `Command { std: "docker" "create" "-v" "/var/lib/crater-agent-workspace/builds/worker-6-tc1/target:/opt/rustwide/target:rw,Z" "-v" "/var/lib/crater-agent-workspace/builds/worker-6-tc1/source:/opt/rustwide/workdir:ro,Z" "-v" "/var/lib/crater-agent-workspace/cargo-home:/opt/rustwide/cargo-home:ro,Z" "-v" "/var/lib/crater-agent-workspace/rustup-home:/opt/rustwide/rustup-home:ro,Z" "-e" "SOURCE_DIR=/opt/rustwide/workdir" "-e" "CARGO_TARGET_DIR=/opt/rustwide/target" "-e" "CARGO_HOME=/opt/rustwide/cargo-home" "-e" "RUSTUP_HOME=/opt/rustwide/rustup-home" "-w" "/opt/rustwide/workdir" "-m" "1610612736" "--user" "0:0" "--network" "none" "ghcr.io/rust-lang/crates-build-env/linux@sha256:f3a9d4ad9d972b27faf3965f35b62e55ba32bbce8f20bc8fe909558a86702fde" "/opt/rustwide/cargo-home/bin/cargo" "+1.83.0" "metadata" "--no-deps" "--format-version=1", kill_on_drop: false }`
[INFO] [stdout] c242de3fdc22be32259855d920b255d517f4773453ac7480556cc4dc53e3ff62
[INFO] running `Command { std: "docker" "start" "-a" "c242de3fdc22be32259855d920b255d517f4773453ac7480556cc4dc53e3ff62", kill_on_drop: false }`
[INFO] running `Command { std: "docker" "inspect" "c242de3fdc22be32259855d920b255d517f4773453ac7480556cc4dc53e3ff62", kill_on_drop: false }`
[INFO] running `Command { std: "docker" "rm" "-f" "c242de3fdc22be32259855d920b255d517f4773453ac7480556cc4dc53e3ff62", kill_on_drop: false }`
[INFO] [stdout] c242de3fdc22be32259855d920b255d517f4773453ac7480556cc4dc53e3ff62
[INFO] running `Command { std: "docker" "create" "-v" "/var/lib/crater-agent-workspace/builds/worker-6-tc1/target:/opt/rustwide/target:rw,Z" "-v" "/var/lib/crater-agent-workspace/builds/worker-6-tc1/source:/opt/rustwide/workdir:ro,Z" "-v" "/var/lib/crater-agent-workspace/cargo-home:/opt/rustwide/cargo-home:ro,Z" "-v" "/var/lib/crater-agent-workspace/rustup-home:/opt/rustwide/rustup-home:ro,Z" "-e" "SOURCE_DIR=/opt/rustwide/workdir" "-e" "CARGO_TARGET_DIR=/opt/rustwide/target" "-e" "CARGO_INCREMENTAL=0" "-e" "RUST_BACKTRACE=full" "-e" "RUSTFLAGS=--cap-lints=warn" "-e" "RUSTDOCFLAGS=--cap-lints=warn" "-e" "CARGO_HOME=/opt/rustwide/cargo-home" "-e" "RUSTUP_HOME=/opt/rustwide/rustup-home" "-w" "/opt/rustwide/workdir" "-m" "1610612736" "--user" "0:0" "--network" "none" "ghcr.io/rust-lang/crates-build-env/linux@sha256:f3a9d4ad9d972b27faf3965f35b62e55ba32bbce8f20bc8fe909558a86702fde" "/opt/rustwide/cargo-home/bin/cargo" "+1.83.0" "build" "--frozen" "--message-format=json", kill_on_drop: false }`
[INFO] [stdout] 9e4c7238948688459f66c10855234d7853731337307e32a7e1593d3a1e04626c
[INFO] running `Command { std: "docker" "start" "-a" "9e4c7238948688459f66c10855234d7853731337307e32a7e1593d3a1e04626c", kill_on_drop: false }`
[INFO] [stderr]    Compiling serde v1.0.216
[INFO] [stderr]    Compiling regex-syntax v0.8.5
[INFO] [stderr]    Compiling rand_core v0.6.4
[INFO] [stderr]    Compiling xml-rs v0.8.24
[INFO] [stderr]    Compiling log v0.4.22
[INFO] [stderr]    Compiling time-core v0.1.2
[INFO] [stderr]    Compiling num-conv v0.1.0
[INFO] [stderr]    Compiling powerfmt v0.2.0
[INFO] [stderr]    Compiling thiserror v1.0.69
[INFO] [stderr]    Compiling phf_shared v0.11.2
[INFO] [stderr]    Compiling num-traits v0.2.19
[INFO] [stderr]    Compiling aho-corasick v1.1.3
[INFO] [stderr]    Compiling serde_json v1.0.133
[INFO] [stderr]    Compiling thiserror-impl v1.0.69
[INFO] [stderr]    Compiling rust_decimal v1.36.0
[INFO] [stderr]    Compiling arrayvec v0.7.6
[INFO] [stderr]    Compiling rand v0.8.5
[INFO] [stderr]    Compiling base64 v0.22.1
[INFO] [stderr]    Compiling time-macros v0.2.19
[INFO] [stderr]    Compiling phf_generator v0.11.2
[INFO] [stderr]    Compiling phf_codegen v0.11.2
[INFO] [stderr]    Compiling regex-automata v0.4.9
[INFO] [stderr]    Compiling serde-xml-rs v0.5.1
[INFO] [stderr]    Compiling regex v1.11.1
[INFO] [stderr]    Compiling parse-zoneinfo v0.3.1
[INFO] [stderr]    Compiling time-tz v2.0.0
[INFO] [stderr]    Compiling deranged v0.3.11
[INFO] [stderr]    Compiling uuid v1.11.0
[INFO] [stderr]    Compiling time v0.3.37
[INFO] [stderr]    Compiling serde_regex v1.1.0
[INFO] [stderr]    Compiling tackler-api v0.6.0 (/opt/rustwide/workdir)
[INFO] [stderr]     Finished `dev` profile [unoptimized + debuginfo] target(s) in 28.06s
[INFO] running `Command { std: "docker" "inspect" "9e4c7238948688459f66c10855234d7853731337307e32a7e1593d3a1e04626c", kill_on_drop: false }`
[INFO] running `Command { std: "docker" "rm" "-f" "9e4c7238948688459f66c10855234d7853731337307e32a7e1593d3a1e04626c", kill_on_drop: false }`
[INFO] [stdout] 9e4c7238948688459f66c10855234d7853731337307e32a7e1593d3a1e04626c
[INFO] running `Command { std: "docker" "create" "-v" "/var/lib/crater-agent-workspace/builds/worker-6-tc1/target:/opt/rustwide/target:rw,Z" "-v" "/var/lib/crater-agent-workspace/builds/worker-6-tc1/source:/opt/rustwide/workdir:ro,Z" "-v" "/var/lib/crater-agent-workspace/cargo-home:/opt/rustwide/cargo-home:ro,Z" "-v" "/var/lib/crater-agent-workspace/rustup-home:/opt/rustwide/rustup-home:ro,Z" "-e" "SOURCE_DIR=/opt/rustwide/workdir" "-e" "CARGO_TARGET_DIR=/opt/rustwide/target" "-e" "CARGO_INCREMENTAL=0" "-e" "RUST_BACKTRACE=full" "-e" "RUSTFLAGS=--cap-lints=warn" "-e" "RUSTDOCFLAGS=--cap-lints=warn" "-e" "CARGO_HOME=/opt/rustwide/cargo-home" "-e" "RUSTUP_HOME=/opt/rustwide/rustup-home" "-w" "/opt/rustwide/workdir" "-m" "1610612736" "--user" "0:0" "--network" "none" "ghcr.io/rust-lang/crates-build-env/linux@sha256:f3a9d4ad9d972b27faf3965f35b62e55ba32bbce8f20bc8fe909558a86702fde" "/opt/rustwide/cargo-home/bin/cargo" "+1.83.0" "test" "--frozen" "--no-run" "--message-format=json", kill_on_drop: false }`
[INFO] [stdout] 6e9439eb56bf869c03ff5ba4b3971f17b9d70a620fdf1e681d8aca66dfbd7634
[INFO] running `Command { std: "docker" "start" "-a" "6e9439eb56bf869c03ff5ba4b3971f17b9d70a620fdf1e681d8aca66dfbd7634", kill_on_drop: false }`
[INFO] [stderr]    Compiling log v0.4.22
[INFO] [stderr]    Compiling rust_decimal v1.36.0
[INFO] [stderr]    Compiling same-file v1.0.6
[INFO] [stderr]    Compiling arrayvec v0.7.6
[INFO] [stderr]    Compiling indoc v2.0.5
[INFO] [stderr]    Compiling serde-xml-rs v0.5.1
[INFO] [stderr]    Compiling walkdir v2.5.0
[INFO] [stderr]    Compiling tackler-rs v0.6.0
[INFO] [stderr]    Compiling time-tz v2.0.0
[INFO] [stderr]    Compiling rust_decimal_macros v1.36.0
[INFO] [stderr]    Compiling tackler-api v0.6.0 (/opt/rustwide/workdir)
[INFO] [stderr]     Finished `test` profile [unoptimized + debuginfo] target(s) in 16.24s
[INFO] running `Command { std: "docker" "inspect" "6e9439eb56bf869c03ff5ba4b3971f17b9d70a620fdf1e681d8aca66dfbd7634", kill_on_drop: false }`
[INFO] running `Command { std: "docker" "rm" "-f" "6e9439eb56bf869c03ff5ba4b3971f17b9d70a620fdf1e681d8aca66dfbd7634", kill_on_drop: false }`
[INFO] [stdout] 6e9439eb56bf869c03ff5ba4b3971f17b9d70a620fdf1e681d8aca66dfbd7634
[INFO] running `Command { std: "docker" "create" "-v" "/var/lib/crater-agent-workspace/builds/worker-6-tc1/target:/opt/rustwide/target:rw,Z" "-v" "/var/lib/crater-agent-workspace/builds/worker-6-tc1/source:/opt/rustwide/workdir:ro,Z" "-v" "/var/lib/crater-agent-workspace/cargo-home:/opt/rustwide/cargo-home:ro,Z" "-v" "/var/lib/crater-agent-workspace/rustup-home:/opt/rustwide/rustup-home:ro,Z" "-e" "SOURCE_DIR=/opt/rustwide/workdir" "-e" "CARGO_TARGET_DIR=/opt/rustwide/target" "-e" "CARGO_INCREMENTAL=0" "-e" "RUST_BACKTRACE=full" "-e" "RUSTFLAGS=--cap-lints=warn" "-e" "RUSTDOCFLAGS=--cap-lints=warn" "-e" "CARGO_HOME=/opt/rustwide/cargo-home" "-e" "RUSTUP_HOME=/opt/rustwide/rustup-home" "-w" "/opt/rustwide/workdir" "-m" "1610612736" "--user" "0:0" "--network" "none" "ghcr.io/rust-lang/crates-build-env/linux@sha256:f3a9d4ad9d972b27faf3965f35b62e55ba32bbce8f20bc8fe909558a86702fde" "/opt/rustwide/cargo-home/bin/cargo" "+1.83.0" "test" "--frozen", kill_on_drop: false }`
[INFO] [stdout] 8b8a51ae4c2598a957d34c8d295ab3f39c163b05f6b63a84192703c29c24af85
[INFO] running `Command { std: "docker" "start" "-a" "8b8a51ae4c2598a957d34c8d295ab3f39c163b05f6b63a84192703c29c24af85", kill_on_drop: false }`
[INFO] [stderr]     Finished `test` profile [unoptimized + debuginfo] target(s) in 0.16s
[INFO] [stderr]      Running unittests src/lib.rs (/opt/rustwide/target/debug/deps/tackler_api-b252125cf1bd9a10)
[INFO] [stdout] 
[INFO] [stdout] running 70 tests
[INFO] [stdout] test filters::filter_definition::tests::filter_definition_check_err_msg ... ok
[INFO] [stdout] test filters::filter_definition::tests::filter_definition_from_decoded ... ok
[INFO] [stdout] test filters::filter_definition::tests::filter_definition_json ... ok
[INFO] [stdout] test filters::logic::logic_and::tests::and_filt_text ... ok
[INFO] [stdout] test filters::logic::logic_and::tests::and_json ... ok
[INFO] [stdout] test filters::filter_definition::tests::filter_definition_text ... ok
[INFO] [stdout] test filters::logic::logic_not::tests::not_filt_text ... ok
[INFO] [stdout] test filters::logic::logic_or::tests::or_filt_json ... ok
[INFO] [stdout] test filters::filter_definition::tests::filter_definition_is_encoded ... ok
[INFO] [stdout] test filters::logic::logic_not::tests::not_filt_json ... ok
[INFO] [stdout] test filters::posting::posting_account::tests::posting_account_json ... ok
[INFO] [stdout] test filters::logic::logic_or::tests::or_filt_text ... ok
[INFO] [stdout] test filters::posting::posting_amount_less::tests::posting_amount_less_text ... ok
[INFO] [stdout] test filters::posting::posting_amount_equal::tests::posting_amount_equal_text ... ok
[INFO] [stdout] test filters::posting::posting_amount_greater::tests::posting_amount_greater_text ... ok
[INFO] [stdout] test filters::txn::txn_bbox_lat_lon_alt::tests::txn_bbox_lat_lon_alt_text ... ok
[INFO] [stdout] test filters::posting::posting_amount_greater::tests::posting_amount_greater_json ... ok
[INFO] [stdout] test filters::posting::posting_amount_less::tests::posting_amount_less_json ... ok
[INFO] [stdout] test filters::posting::posting_comment::tests::posting_comment_text ... ok
[INFO] [stdout] test filters::txn::txn_bbox_lat_lon::tests::txn_bbox_lat_lon_text ... ok
[INFO] [stdout] test filters::txn::txn_bbox_lat_lon_alt::tests::txn_bbox_lat_lon_alt_json ... ok
[INFO] [stdout] test filters::posting::posting_amount_equal::tests::posting_amount_equal_json ... ok
[INFO] [stdout] test filters::posting::posting_account::tests::posting_account_text ... ok
[INFO] [stdout] test filters::txn::txn_ts_begin::tests::txn_ts_begin_json ... ok
[INFO] [stdout] test filters::txn::txn_ts_begin::tests::txn_ts_begin_json_with_zulu ... ok
[INFO] [stdout] test filters::txn::txn_code::tests::txn_code_json ... ok
[INFO] [stdout] test filters::txn::txn_tags::tests::txn_tags_text ... ok
[INFO] [stdout] test filters::txn::txn_description::tests::txn_description_text ... ok
[INFO] [stdout] test filters::txn::txn_code::tests::txn_code_text ... ok
[INFO] [stdout] test filters::txn::txn_comments::tests::txn_comments_text ... ok
[INFO] [stdout] test filters::txn::txn_description::tests::txn_description_json ... ok
[INFO] [stdout] test filters::txn::txn_bbox_lat_lon::tests::txn_bbox_lat_lon_json ... ok
[INFO] [stdout] test filters::txn::txn_ts_begin::tests::txn_ts_begin_text ... ok
[INFO] [stdout] test filters::posting::posting_comment::tests::posting_comment_json ... ok
[INFO] [stdout] test filters::posting::posting_commodity::tests::posting_commodity_json ... ok
[INFO] [stdout] test filters::txn::txn_ts_end::tests::txn_ts_end_text ... ok
[INFO] [stdout] test filters::txn::txn_uuid::tests::txn_uuid_text ... ok
[INFO] [stdout] test location::tests::geo_display ... ok
[INFO] [stdout] test filters::posting::posting_commodity::tests::posting_commodity_text ... ok
[INFO] [stdout] test filters::txn::txn_tags::tests::txn_tags_json ... ok
[INFO] [stdout] test filters::txn::txn_uuid::tests::txn_uuid_json ... ok
[INFO] [stdout] test txn_ts::tests::test_fmt_seconds ... ok
[INFO] [stdout] test txn_ts::tests::test_fmt_week_date ... ok
[INFO] [stdout] test txn_ts::tests::test_fmt_date ... ok
[INFO] [stdout] test txn_ts::tests::test_seconds_tz ... ok
[INFO] [stdout] test txn_ts::tests::test_utc_date ... ok
[INFO] [stdout] test txn_ts::tests::doc_test ... ok
[INFO] [stdout] test txn_ts::tests::test_fmt_year ... ok
[INFO] [stdout] test txn_ts::tests::test_fmt_week ... ok
[INFO] [stdout] test txn_ts::tests::test_fmt_month ... ok
[INFO] [stdout] test filters::txn::txn_ts_end::tests::txn_ts_end_json ... ok
[INFO] [stdout] test filters::txn::txn_ts_end::tests::txn_ts_end_json_with_zulu_zone ... ok
[INFO] [stdout] test txn_header::tests::txn_header_display ... ok
[INFO] [stdout] test txn_ts::tests::test_fmt_full ... ok
[INFO] [stdout] test txn_ts::tests::test_full_tz ... ok
[INFO] [stdout] test txn_ts::tests::test_rfc_3339 ... ok
[INFO] [stdout] test txn_ts::tests::test_utc_month ... ok
[INFO] [stdout] test filters::txn::txn_comments::tests::txn_comments_json ... ok
[INFO] [stdout] test txn_ts::tests::test_utc_seconds ... ok
[INFO] [stdout] test txn_ts::tests::test_utc_week ... ok
[INFO] [stdout] test txn_ts::tests::test_utc_full ... ok
[INFO] [stdout] test txn_ts::tests::test_utc_week_date ... ok
[INFO] [stdout] test txn_ts::tests::test_zoned_date ... ok
[INFO] [stdout] test txn_ts::tests::test_zoned_full ... ok
[INFO] [stdout] test txn_ts::tests::test_zoned_month ... ok
[INFO] [stdout] test txn_ts::tests::test_zoned_week ... ok
[INFO] [stdout] test txn_ts::tests::test_zoned_year ... ok
[INFO] [stdout] test txn_ts::tests::test_zoned_week_date ... ok
[INFO] [stdout] test txn_ts::tests::test_zoned_seconds ... ok
[INFO] [stdout] test txn_ts::tests::test_utc_year ... ok
[INFO] [stdout] 
[INFO] [stdout] test result: ok. 70 passed; 0 failed; 0 ignored; 0 measured; 0 filtered out; finished in 0.08s
[INFO] [stdout] 
[INFO] [stderr]    Doc-tests tackler_api
[INFO] [stdout] 
[INFO] [stdout] running 20 tests
[INFO] [stdout] test src/filters/filter_definition.rs - filters::filter_definition::FilterDefinition::from_json_str (line 62) ... FAILED
[INFO] [stdout] test src/txn_ts.rs - txn_ts::as_tz_date (line 425) ... FAILED
[INFO] [stdout] test src/txn_ts.rs - txn_ts::as_tz_month (line 452) ... FAILED
[INFO] [stdout] test src/txn_ts.rs - txn_ts::as_tz_full (line 398) ... FAILED
[INFO] [stdout] test src/txn_ts.rs - txn_ts::rfc_3339 (line 126) ... FAILED
[INFO] [stdout] test src/txn_ts.rs - txn_ts::as_tz_year (line 479) ... FAILED
[INFO] [stdout] test src/txn_ts.rs - txn_ts::as_tz_iso_week (line 503) ... FAILED
[INFO] [stdout] test src/txn_ts.rs - txn_ts::as_tz_seconds (line 371) ... FAILED
[INFO] [stdout] test src/txn_ts.rs - txn_ts::as_utc_full (line 256) ... ok
[INFO] [stdout] test src/txn_ts.rs - txn_ts::as_utc_date (line 276) ... ok
[INFO] [stdout] test src/txn_ts.rs - txn_ts::as_utc_iso_week_date (line 348) ... ok
[INFO] [stdout] test src/txn_ts.rs - txn_ts::as_utc_seconds (line 236) ... ok
[INFO] [stdout] test src/txn_ts.rs - txn_ts::as_utc_iso_week (line 326) ... ok
[INFO] [stdout] test src/txn_ts.rs - txn_ts::full_tz (line 168) ... ok
[INFO] [stdout] test src/txn_ts.rs - txn_ts::as_utc_month (line 293) ... ok
[INFO] [stdout] test src/txn_ts.rs - txn_ts::as_utc_year (line 310) ... ok
[INFO] [stdout] test src/txn_ts.rs - txn_ts::as_tz_iso_week_date (line 527) ... ok
[INFO] [stdout] test src/filters/filter_definition.rs - filters::filter_definition::FilterDefinition::from_armor (line 98) ... ok
[INFO] [stdout] test src/filters/filter_definition.rs - filters::filter_definition::FilterDefinition (line 32) ... ok
[INFO] [stdout] test src/txn_ts.rs - txn_ts::seconds_tz (line 146) ... ok
[INFO] [stdout] 
[INFO] [stdout] failures:
[INFO] [stdout] 
[INFO] [stdout] ---- src/filters/filter_definition.rs - filters::filter_definition::FilterDefinition::from_json_str (line 62) stdout ----
[INFO] [stdout] error: linking with `cc` failed: exit status: 1
[INFO] [stdout]   |
[INFO] [stdout]   = note: LC_ALL="C" PATH="/opt/rustwide/rustup-home/toolchains/1.83.0-x86_64-unknown-linux-gnu/lib/rustlib/x86_64-unknown-linux-gnu/bin:/opt/rustwide/cargo-home/bin:/usr/local/sbin:/usr/local/bin:/usr/sbin:/usr/bin:/sbin:/bin" VSLANG="1033" "cc" "-m64" "/tmp/rustcKuFJpN/symbols.o" "/tmp/rustdoctestOZ7GGT/rust_out.rust_out.cb03291d53e4e161-cgu.0.rcgu.o" "/tmp/rustdoctestOZ7GGT/rust_out.1s7umcihpz0t7nkz1uc2ifee9.rcgu.o" "-Wl,--as-needed" "-Wl,-Bstatic" "/opt/rustwide/target/debug/deps/libtackler_api-cc25afd62168e927.rlib" "/opt/rustwide/target/debug/deps/libserde_regex-ca0269b30937d4a3.rlib" "/opt/rustwide/target/debug/deps/libtime_tz-b591d31b5793d493.rlib" "/opt/rustwide/target/debug/deps/libphf-3e2f5ba824183b56.rlib" "/opt/rustwide/target/debug/deps/libphf_shared-f65c24852a10dcd2.rlib" "/opt/rustwide/target/debug/deps/libsiphasher-9a0e888a6230d9ab.rlib" "/opt/rustwide/target/debug/deps/libuuid-003c25a12d6c316b.rlib" "/opt/rustwide/target/debug/deps/libtime-0b25ed345fb5a905.rlib" "/opt/rustwide/target/debug/deps/libtime_core-920e11b901147e65.rlib" "/opt/rustwide/target/debug/deps/libnum_conv-4bd030b5826783c5.rlib" "/opt/rustwide/target/debug/deps/libderanged-e94edbc38c499e66.rlib" "/opt/rustwide/target/debug/deps/libpowerfmt-776ac6678c847955.rlib" "/opt/rustwide/target/debug/deps/librust_decimal-0d3f2ec8377fb6a4.rlib" "/opt/rustwide/target/debug/deps/libserde_json-21137d95c2d14bf8.rlib" "/opt/rustwide/target/debug/deps/libitoa-e8776415c5fe0047.rlib" "/opt/rustwide/target/debug/deps/libryu-bba83beca99dd7c0.rlib" "/opt/rustwide/target/debug/deps/libarrayvec-2c7d15e177211bcd.rlib" "/opt/rustwide/target/debug/deps/libnum_traits-f17a85320d420b17.rlib" "/opt/rustwide/target/debug/deps/libregex-64f88d847001da0c.rlib" "/opt/rustwide/target/debug/deps/libregex_automata-be8c6f0bea44587d.rlib" "/opt/rustwide/target/debug/deps/libaho_corasick-7c62546353774bfd.rlib" "/opt/rustwide/target/debug/deps/libmemchr-6b84ce758acd6c63.rlib" "/opt/rustwide/target/debug/deps/libregex_syntax-155e812807b49638.rlib" "/opt/rustwide/target/debug/deps/libserde-be8dfa5fed1a03c9.rlib" "/opt/rustwide/target/debug/deps/libbase64-1d5853d8a2dd9229.rlib" "/opt/rustwide/rustup-home/toolchains/1.83.0-x86_64-unknown-linux-gnu/lib/rustlib/x86_64-unknown-linux-gnu/lib/libstd-ca74a2d9c5166d9f.rlib" "/opt/rustwide/rustup-home/toolchains/1.83.0-x86_64-unknown-linux-gnu/lib/rustlib/x86_64-unknown-linux-gnu/lib/libpanic_unwind-e31ab23316ed5080.rlib" "/opt/rustwide/rustup-home/toolchains/1.83.0-x86_64-unknown-linux-gnu/lib/rustlib/x86_64-unknown-linux-gnu/lib/libobject-27dc4aa955912662.rlib" "/opt/rustwide/rustup-home/toolchains/1.83.0-x86_64-unknown-linux-gnu/lib/rustlib/x86_64-unknown-linux-gnu/lib/libmemchr-bd0d6cccce077b99.rlib" "/opt/rustwide/rustup-home/toolchains/1.83.0-x86_64-unknown-linux-gnu/lib/rustlib/x86_64-unknown-linux-gnu/lib/libaddr2line-8d001680935b5e3c.rlib" "/opt/rustwide/rustup-home/toolchains/1.83.0-x86_64-unknown-linux-gnu/lib/rustlib/x86_64-unknown-linux-gnu/lib/libgimli-ba8ce71964f984f4.rlib" "/opt/rustwide/rustup-home/toolchains/1.83.0-x86_64-unknown-linux-gnu/lib/rustlib/x86_64-unknown-linux-gnu/lib/librustc_demangle-99a73526abcec14b.rlib" "/opt/rustwide/rustup-home/toolchains/1.83.0-x86_64-unknown-linux-gnu/lib/rustlib/x86_64-unknown-linux-gnu/lib/libstd_detect-63ac0d22cff92579.rlib" "/opt/rustwide/rustup-home/toolchains/1.83.0-x86_64-unknown-linux-gnu/lib/rustlib/x86_64-unknown-linux-gnu/lib/libhashbrown-9057355c92c922d5.rlib" "/opt/rustwide/rustup-home/toolchains/1.83.0-x86_64-unknown-linux-gnu/lib/rustlib/x86_64-unknown-linux-gnu/lib/librustc_std_workspace_alloc-358be9bc1f6bab04.rlib" "/opt/rustwide/rustup-home/toolchains/1.83.0-x86_64-unknown-linux-gnu/lib/rustlib/x86_64-unknown-linux-gnu/lib/libminiz_oxide-aca15549d5bff974.rlib" "/opt/rustwide/rustup-home/toolchains/1.83.0-x86_64-unknown-linux-gnu/lib/rustlib/x86_64-unknown-linux-gnu/lib/libadler-8251d2cef7072448.rlib" "/opt/rustwide/rustup-home/toolchains/1.83.0-x86_64-unknown-linux-gnu/lib/rustlib/x86_64-unknown-linux-gnu/lib/libunwind-7d50b86011c66411.rlib" "/opt/rustwide/rustup-home/toolchains/1.83.0-x86_64-unknown-linux-gnu/lib/rustlib/x86_64-unknown-linux-gnu/lib/libcfg_if-51ea098fce5006bf.rlib" "/opt/rustwide/rustup-home/toolchains/1.83.0-x86_64-unknown-linux-gnu/lib/rustlib/x86_64-unknown-linux-gnu/lib/liblibc-5a14e0d0b712e731.rlib" "/opt/rustwide/rustup-home/toolchains/1.83.0-x86_64-unknown-linux-gnu/lib/rustlib/x86_64-unknown-linux-gnu/lib/liballoc-8b83dbf3a7b8f999.rlib" "/opt/rustwide/rustup-home/toolchains/1.83.0-x86_64-unknown-linux-gnu/lib/rustlib/x86_64-unknown-linux-gnu/lib/librustc_std_workspace_core-c6fd227bdc7b39ff.rlib" "/opt/rustwide/rustup-home/toolchains/1.83.0-x86_64-unknown-linux-gnu/lib/rustlib/x86_64-unknown-linux-gnu/lib/libcore-959d3389fa3da8a5.rlib" "/opt/rustwide/rustup-home/toolchains/1.83.0-x86_64-unknown-linux-gnu/lib/rustlib/x86_64-unknown-linux-gnu/lib/libcompiler_builtins-abe05db089cc2c62.rlib" "-Wl,-Bdynamic" "-lgcc_s" "-lutil" "-lrt" "-lpthread" "-lm" "-ldl" "-lc" "-Wl,--eh-frame-hdr" "-Wl,-z,noexecstack" "-L" "/opt/rustwide/rustup-home/toolchains/1.83.0-x86_64-unknown-linux-gnu/lib/rustlib/x86_64-unknown-linux-gnu/lib" "-o" "/tmp/rustdoctestOZ7GGT/rust_out" "-Wl,--gc-sections" "-pie" "-Wl,-z,relro,-z,now" "-nodefaultlibs"
[INFO] [stdout]   = note: collect2: fatal error: ld terminated with signal 9 [Killed]
[INFO] [stdout]           compilation terminated.
[INFO] [stdout]           
[INFO] [stdout] 
[INFO] [stdout] error: aborting due to 1 previous error
[INFO] [stdout] 
[INFO] [stdout] Couldn't compile the test.
[INFO] [stdout] ---- src/txn_ts.rs - txn_ts::as_tz_date (line 425) stdout ----
[INFO] [stdout] error: linking with `cc` failed: exit status: 1
[INFO] [stdout]   |
[INFO] [stdout]   = note: LC_ALL="C" PATH="/opt/rustwide/rustup-home/toolchains/1.83.0-x86_64-unknown-linux-gnu/lib/rustlib/x86_64-unknown-linux-gnu/bin:/opt/rustwide/cargo-home/bin:/usr/local/sbin:/usr/local/bin:/usr/sbin:/usr/bin:/sbin:/bin" VSLANG="1033" "cc" "-m64" "/tmp/rustcX4Cl1A/symbols.o" "/tmp/rustdoctestTCKM7M/rust_out.rust_out.cb03291d53e4e161-cgu.0.rcgu.o" "/tmp/rustdoctestTCKM7M/rust_out.1s7umcihpz0t7nkz1uc2ifee9.rcgu.o" "-Wl,--as-needed" "-Wl,-Bstatic" "/opt/rustwide/target/debug/deps/libtackler_api-cc25afd62168e927.rlib" "/opt/rustwide/target/debug/deps/libserde_regex-ca0269b30937d4a3.rlib" "/opt/rustwide/target/debug/deps/libtime_tz-b591d31b5793d493.rlib" "/opt/rustwide/target/debug/deps/libphf-3e2f5ba824183b56.rlib" "/opt/rustwide/target/debug/deps/libphf_shared-f65c24852a10dcd2.rlib" "/opt/rustwide/target/debug/deps/libsiphasher-9a0e888a6230d9ab.rlib" "/opt/rustwide/target/debug/deps/libuuid-003c25a12d6c316b.rlib" "/opt/rustwide/target/debug/deps/libtime-0b25ed345fb5a905.rlib" "/opt/rustwide/target/debug/deps/libtime_core-920e11b901147e65.rlib" "/opt/rustwide/target/debug/deps/libnum_conv-4bd030b5826783c5.rlib" "/opt/rustwide/target/debug/deps/libderanged-e94edbc38c499e66.rlib" "/opt/rustwide/target/debug/deps/libpowerfmt-776ac6678c847955.rlib" "/opt/rustwide/target/debug/deps/librust_decimal-0d3f2ec8377fb6a4.rlib" "/opt/rustwide/target/debug/deps/libserde_json-21137d95c2d14bf8.rlib" "/opt/rustwide/target/debug/deps/libitoa-e8776415c5fe0047.rlib" "/opt/rustwide/target/debug/deps/libryu-bba83beca99dd7c0.rlib" "/opt/rustwide/target/debug/deps/libarrayvec-2c7d15e177211bcd.rlib" "/opt/rustwide/target/debug/deps/libnum_traits-f17a85320d420b17.rlib" "/opt/rustwide/target/debug/deps/libregex-64f88d847001da0c.rlib" "/opt/rustwide/target/debug/deps/libregex_automata-be8c6f0bea44587d.rlib" "/opt/rustwide/target/debug/deps/libaho_corasick-7c62546353774bfd.rlib" "/opt/rustwide/target/debug/deps/libmemchr-6b84ce758acd6c63.rlib" "/opt/rustwide/target/debug/deps/libregex_syntax-155e812807b49638.rlib" "/opt/rustwide/target/debug/deps/libserde-be8dfa5fed1a03c9.rlib" "/opt/rustwide/target/debug/deps/libbase64-1d5853d8a2dd9229.rlib" "/opt/rustwide/rustup-home/toolchains/1.83.0-x86_64-unknown-linux-gnu/lib/rustlib/x86_64-unknown-linux-gnu/lib/libstd-ca74a2d9c5166d9f.rlib" "/opt/rustwide/rustup-home/toolchains/1.83.0-x86_64-unknown-linux-gnu/lib/rustlib/x86_64-unknown-linux-gnu/lib/libpanic_unwind-e31ab23316ed5080.rlib" "/opt/rustwide/rustup-home/toolchains/1.83.0-x86_64-unknown-linux-gnu/lib/rustlib/x86_64-unknown-linux-gnu/lib/libobject-27dc4aa955912662.rlib" "/opt/rustwide/rustup-home/toolchains/1.83.0-x86_64-unknown-linux-gnu/lib/rustlib/x86_64-unknown-linux-gnu/lib/libmemchr-bd0d6cccce077b99.rlib" "/opt/rustwide/rustup-home/toolchains/1.83.0-x86_64-unknown-linux-gnu/lib/rustlib/x86_64-unknown-linux-gnu/lib/libaddr2line-8d001680935b5e3c.rlib" "/opt/rustwide/rustup-home/toolchains/1.83.0-x86_64-unknown-linux-gnu/lib/rustlib/x86_64-unknown-linux-gnu/lib/libgimli-ba8ce71964f984f4.rlib" "/opt/rustwide/rustup-home/toolchains/1.83.0-x86_64-unknown-linux-gnu/lib/rustlib/x86_64-unknown-linux-gnu/lib/librustc_demangle-99a73526abcec14b.rlib" "/opt/rustwide/rustup-home/toolchains/1.83.0-x86_64-unknown-linux-gnu/lib/rustlib/x86_64-unknown-linux-gnu/lib/libstd_detect-63ac0d22cff92579.rlib" "/opt/rustwide/rustup-home/toolchains/1.83.0-x86_64-unknown-linux-gnu/lib/rustlib/x86_64-unknown-linux-gnu/lib/libhashbrown-9057355c92c922d5.rlib" "/opt/rustwide/rustup-home/toolchains/1.83.0-x86_64-unknown-linux-gnu/lib/rustlib/x86_64-unknown-linux-gnu/lib/librustc_std_workspace_alloc-358be9bc1f6bab04.rlib" "/opt/rustwide/rustup-home/toolchains/1.83.0-x86_64-unknown-linux-gnu/lib/rustlib/x86_64-unknown-linux-gnu/lib/libminiz_oxide-aca15549d5bff974.rlib" "/opt/rustwide/rustup-home/toolchains/1.83.0-x86_64-unknown-linux-gnu/lib/rustlib/x86_64-unknown-linux-gnu/lib/libadler-8251d2cef7072448.rlib" "/opt/rustwide/rustup-home/toolchains/1.83.0-x86_64-unknown-linux-gnu/lib/rustlib/x86_64-unknown-linux-gnu/lib/libunwind-7d50b86011c66411.rlib" "/opt/rustwide/rustup-home/toolchains/1.83.0-x86_64-unknown-linux-gnu/lib/rustlib/x86_64-unknown-linux-gnu/lib/libcfg_if-51ea098fce5006bf.rlib" "/opt/rustwide/rustup-home/toolchains/1.83.0-x86_64-unknown-linux-gnu/lib/rustlib/x86_64-unknown-linux-gnu/lib/liblibc-5a14e0d0b712e731.rlib" "/opt/rustwide/rustup-home/toolchains/1.83.0-x86_64-unknown-linux-gnu/lib/rustlib/x86_64-unknown-linux-gnu/lib/liballoc-8b83dbf3a7b8f999.rlib" "/opt/rustwide/rustup-home/toolchains/1.83.0-x86_64-unknown-linux-gnu/lib/rustlib/x86_64-unknown-linux-gnu/lib/librustc_std_workspace_core-c6fd227bdc7b39ff.rlib" "/opt/rustwide/rustup-home/toolchains/1.83.0-x86_64-unknown-linux-gnu/lib/rustlib/x86_64-unknown-linux-gnu/lib/libcore-959d3389fa3da8a5.rlib" "/opt/rustwide/rustup-home/toolchains/1.83.0-x86_64-unknown-linux-gnu/lib/rustlib/x86_64-unknown-linux-gnu/lib/libcompiler_builtins-abe05db089cc2c62.rlib" "-Wl,-Bdynamic" "-lgcc_s" "-lutil" "-lrt" "-lpthread" "-lm" "-ldl" "-lc" "-Wl,--eh-frame-hdr" "-Wl,-z,noexecstack" "-L" "/opt/rustwide/rustup-home/toolchains/1.83.0-x86_64-unknown-linux-gnu/lib/rustlib/x86_64-unknown-linux-gnu/lib" "-o" "/tmp/rustdoctestTCKM7M/rust_out" "-Wl,--gc-sections" "-pie" "-Wl,-z,relro,-z,now" "-nodefaultlibs"
[INFO] [stdout]   = note: collect2: fatal error: ld terminated with signal 9 [Killed]
[INFO] [stdout]           compilation terminated.
[INFO] [stdout]           
[INFO] [stdout] 
[INFO] [stdout] error: aborting due to 1 previous error
[INFO] [stdout] 
[INFO] [stdout] Couldn't compile the test.
[INFO] [stdout] ---- src/txn_ts.rs - txn_ts::as_tz_month (line 452) stdout ----
[INFO] [stdout] error: linking with `cc` failed: exit status: 1
[INFO] [stdout]   |
[INFO] [stdout]   = note: LC_ALL="C" PATH="/opt/rustwide/rustup-home/toolchains/1.83.0-x86_64-unknown-linux-gnu/lib/rustlib/x86_64-unknown-linux-gnu/bin:/opt/rustwide/cargo-home/bin:/usr/local/sbin:/usr/local/bin:/usr/sbin:/usr/bin:/sbin:/bin" VSLANG="1033" "cc" "-m64" "/tmp/rustcTPOpHg/symbols.o" "/tmp/rustdoctestXIkWT3/rust_out.rust_out.cb03291d53e4e161-cgu.0.rcgu.o" "/tmp/rustdoctestXIkWT3/rust_out.1s7umcihpz0t7nkz1uc2ifee9.rcgu.o" "-Wl,--as-needed" "-Wl,-Bstatic" "/opt/rustwide/target/debug/deps/libtackler_api-cc25afd62168e927.rlib" "/opt/rustwide/target/debug/deps/libserde_regex-ca0269b30937d4a3.rlib" "/opt/rustwide/target/debug/deps/libtime_tz-b591d31b5793d493.rlib" "/opt/rustwide/target/debug/deps/libphf-3e2f5ba824183b56.rlib" "/opt/rustwide/target/debug/deps/libphf_shared-f65c24852a10dcd2.rlib" "/opt/rustwide/target/debug/deps/libsiphasher-9a0e888a6230d9ab.rlib" "/opt/rustwide/target/debug/deps/libuuid-003c25a12d6c316b.rlib" "/opt/rustwide/target/debug/deps/libtime-0b25ed345fb5a905.rlib" "/opt/rustwide/target/debug/deps/libtime_core-920e11b901147e65.rlib" "/opt/rustwide/target/debug/deps/libnum_conv-4bd030b5826783c5.rlib" "/opt/rustwide/target/debug/deps/libderanged-e94edbc38c499e66.rlib" "/opt/rustwide/target/debug/deps/libpowerfmt-776ac6678c847955.rlib" "/opt/rustwide/target/debug/deps/librust_decimal-0d3f2ec8377fb6a4.rlib" "/opt/rustwide/target/debug/deps/libserde_json-21137d95c2d14bf8.rlib" "/opt/rustwide/target/debug/deps/libitoa-e8776415c5fe0047.rlib" "/opt/rustwide/target/debug/deps/libryu-bba83beca99dd7c0.rlib" "/opt/rustwide/target/debug/deps/libarrayvec-2c7d15e177211bcd.rlib" "/opt/rustwide/target/debug/deps/libnum_traits-f17a85320d420b17.rlib" "/opt/rustwide/target/debug/deps/libregex-64f88d847001da0c.rlib" "/opt/rustwide/target/debug/deps/libregex_automata-be8c6f0bea44587d.rlib" "/opt/rustwide/target/debug/deps/libaho_corasick-7c62546353774bfd.rlib" "/opt/rustwide/target/debug/deps/libmemchr-6b84ce758acd6c63.rlib" "/opt/rustwide/target/debug/deps/libregex_syntax-155e812807b49638.rlib" "/opt/rustwide/target/debug/deps/libserde-be8dfa5fed1a03c9.rlib" "/opt/rustwide/target/debug/deps/libbase64-1d5853d8a2dd9229.rlib" "/opt/rustwide/rustup-home/toolchains/1.83.0-x86_64-unknown-linux-gnu/lib/rustlib/x86_64-unknown-linux-gnu/lib/libstd-ca74a2d9c5166d9f.rlib" "/opt/rustwide/rustup-home/toolchains/1.83.0-x86_64-unknown-linux-gnu/lib/rustlib/x86_64-unknown-linux-gnu/lib/libpanic_unwind-e31ab23316ed5080.rlib" "/opt/rustwide/rustup-home/toolchains/1.83.0-x86_64-unknown-linux-gnu/lib/rustlib/x86_64-unknown-linux-gnu/lib/libobject-27dc4aa955912662.rlib" "/opt/rustwide/rustup-home/toolchains/1.83.0-x86_64-unknown-linux-gnu/lib/rustlib/x86_64-unknown-linux-gnu/lib/libmemchr-bd0d6cccce077b99.rlib" "/opt/rustwide/rustup-home/toolchains/1.83.0-x86_64-unknown-linux-gnu/lib/rustlib/x86_64-unknown-linux-gnu/lib/libaddr2line-8d001680935b5e3c.rlib" "/opt/rustwide/rustup-home/toolchains/1.83.0-x86_64-unknown-linux-gnu/lib/rustlib/x86_64-unknown-linux-gnu/lib/libgimli-ba8ce71964f984f4.rlib" "/opt/rustwide/rustup-home/toolchains/1.83.0-x86_64-unknown-linux-gnu/lib/rustlib/x86_64-unknown-linux-gnu/lib/librustc_demangle-99a73526abcec14b.rlib" "/opt/rustwide/rustup-home/toolchains/1.83.0-x86_64-unknown-linux-gnu/lib/rustlib/x86_64-unknown-linux-gnu/lib/libstd_detect-63ac0d22cff92579.rlib" "/opt/rustwide/rustup-home/toolchains/1.83.0-x86_64-unknown-linux-gnu/lib/rustlib/x86_64-unknown-linux-gnu/lib/libhashbrown-9057355c92c922d5.rlib" "/opt/rustwide/rustup-home/toolchains/1.83.0-x86_64-unknown-linux-gnu/lib/rustlib/x86_64-unknown-linux-gnu/lib/librustc_std_workspace_alloc-358be9bc1f6bab04.rlib" "/opt/rustwide/rustup-home/toolchains/1.83.0-x86_64-unknown-linux-gnu/lib/rustlib/x86_64-unknown-linux-gnu/lib/libminiz_oxide-aca15549d5bff974.rlib" "/opt/rustwide/rustup-home/toolchains/1.83.0-x86_64-unknown-linux-gnu/lib/rustlib/x86_64-unknown-linux-gnu/lib/libadler-8251d2cef7072448.rlib" "/opt/rustwide/rustup-home/toolchains/1.83.0-x86_64-unknown-linux-gnu/lib/rustlib/x86_64-unknown-linux-gnu/lib/libunwind-7d50b86011c66411.rlib" "/opt/rustwide/rustup-home/toolchains/1.83.0-x86_64-unknown-linux-gnu/lib/rustlib/x86_64-unknown-linux-gnu/lib/libcfg_if-51ea098fce5006bf.rlib" "/opt/rustwide/rustup-home/toolchains/1.83.0-x86_64-unknown-linux-gnu/lib/rustlib/x86_64-unknown-linux-gnu/lib/liblibc-5a14e0d0b712e731.rlib" "/opt/rustwide/rustup-home/toolchains/1.83.0-x86_64-unknown-linux-gnu/lib/rustlib/x86_64-unknown-linux-gnu/lib/liballoc-8b83dbf3a7b8f999.rlib" "/opt/rustwide/rustup-home/toolchains/1.83.0-x86_64-unknown-linux-gnu/lib/rustlib/x86_64-unknown-linux-gnu/lib/librustc_std_workspace_core-c6fd227bdc7b39ff.rlib" "/opt/rustwide/rustup-home/toolchains/1.83.0-x86_64-unknown-linux-gnu/lib/rustlib/x86_64-unknown-linux-gnu/lib/libcore-959d3389fa3da8a5.rlib" "/opt/rustwide/rustup-home/toolchains/1.83.0-x86_64-unknown-linux-gnu/lib/rustlib/x86_64-unknown-linux-gnu/lib/libcompiler_builtins-abe05db089cc2c62.rlib" "-Wl,-Bdynamic" "-lgcc_s" "-lutil" "-lrt" "-lpthread" "-lm" "-ldl" "-lc" "-Wl,--eh-frame-hdr" "-Wl,-z,noexecstack" "-L" "/opt/rustwide/rustup-home/toolchains/1.83.0-x86_64-unknown-linux-gnu/lib/rustlib/x86_64-unknown-linux-gnu/lib" "-o" "/tmp/rustdoctestXIkWT3/rust_out" "-Wl,--gc-sections" "-pie" "-Wl,-z,relro,-z,now" "-nodefaultlibs"
[INFO] [stdout]   = note: collect2: fatal error: ld terminated with signal 9 [Killed]
[INFO] [stdout]           compilation terminated.
[INFO] [stdout]           
[INFO] [stdout] 
[INFO] [stdout] error: aborting due to 1 previous error
[INFO] [stdout] 
[INFO] [stdout] Couldn't compile the test.
[INFO] [stdout] ---- src/txn_ts.rs - txn_ts::as_tz_full (line 398) stdout ----
[INFO] [stdout] error: linking with `cc` failed: exit status: 1
[INFO] [stdout]   |
[INFO] [stdout]   = note: LC_ALL="C" PATH="/opt/rustwide/rustup-home/toolchains/1.83.0-x86_64-unknown-linux-gnu/lib/rustlib/x86_64-unknown-linux-gnu/bin:/opt/rustwide/cargo-home/bin:/usr/local/sbin:/usr/local/bin:/usr/sbin:/usr/bin:/sbin:/bin" VSLANG="1033" "cc" "-m64" "/tmp/rustctB0pBS/symbols.o" "/tmp/rustdoctestTqn5Kp/rust_out.rust_out.cb03291d53e4e161-cgu.0.rcgu.o" "/tmp/rustdoctestTqn5Kp/rust_out.1s7umcihpz0t7nkz1uc2ifee9.rcgu.o" "-Wl,--as-needed" "-Wl,-Bstatic" "/opt/rustwide/target/debug/deps/libtackler_api-cc25afd62168e927.rlib" "/opt/rustwide/target/debug/deps/libserde_regex-ca0269b30937d4a3.rlib" "/opt/rustwide/target/debug/deps/libtime_tz-b591d31b5793d493.rlib" "/opt/rustwide/target/debug/deps/libphf-3e2f5ba824183b56.rlib" "/opt/rustwide/target/debug/deps/libphf_shared-f65c24852a10dcd2.rlib" "/opt/rustwide/target/debug/deps/libsiphasher-9a0e888a6230d9ab.rlib" "/opt/rustwide/target/debug/deps/libuuid-003c25a12d6c316b.rlib" "/opt/rustwide/target/debug/deps/libtime-0b25ed345fb5a905.rlib" "/opt/rustwide/target/debug/deps/libtime_core-920e11b901147e65.rlib" "/opt/rustwide/target/debug/deps/libnum_conv-4bd030b5826783c5.rlib" "/opt/rustwide/target/debug/deps/libderanged-e94edbc38c499e66.rlib" "/opt/rustwide/target/debug/deps/libpowerfmt-776ac6678c847955.rlib" "/opt/rustwide/target/debug/deps/librust_decimal-0d3f2ec8377fb6a4.rlib" "/opt/rustwide/target/debug/deps/libserde_json-21137d95c2d14bf8.rlib" "/opt/rustwide/target/debug/deps/libitoa-e8776415c5fe0047.rlib" "/opt/rustwide/target/debug/deps/libryu-bba83beca99dd7c0.rlib" "/opt/rustwide/target/debug/deps/libarrayvec-2c7d15e177211bcd.rlib" "/opt/rustwide/target/debug/deps/libnum_traits-f17a85320d420b17.rlib" "/opt/rustwide/target/debug/deps/libregex-64f88d847001da0c.rlib" "/opt/rustwide/target/debug/deps/libregex_automata-be8c6f0bea44587d.rlib" "/opt/rustwide/target/debug/deps/libaho_corasick-7c62546353774bfd.rlib" "/opt/rustwide/target/debug/deps/libmemchr-6b84ce758acd6c63.rlib" "/opt/rustwide/target/debug/deps/libregex_syntax-155e812807b49638.rlib" "/opt/rustwide/target/debug/deps/libserde-be8dfa5fed1a03c9.rlib" "/opt/rustwide/target/debug/deps/libbase64-1d5853d8a2dd9229.rlib" "/opt/rustwide/rustup-home/toolchains/1.83.0-x86_64-unknown-linux-gnu/lib/rustlib/x86_64-unknown-linux-gnu/lib/libstd-ca74a2d9c5166d9f.rlib" "/opt/rustwide/rustup-home/toolchains/1.83.0-x86_64-unknown-linux-gnu/lib/rustlib/x86_64-unknown-linux-gnu/lib/libpanic_unwind-e31ab23316ed5080.rlib" "/opt/rustwide/rustup-home/toolchains/1.83.0-x86_64-unknown-linux-gnu/lib/rustlib/x86_64-unknown-linux-gnu/lib/libobject-27dc4aa955912662.rlib" "/opt/rustwide/rustup-home/toolchains/1.83.0-x86_64-unknown-linux-gnu/lib/rustlib/x86_64-unknown-linux-gnu/lib/libmemchr-bd0d6cccce077b99.rlib" "/opt/rustwide/rustup-home/toolchains/1.83.0-x86_64-unknown-linux-gnu/lib/rustlib/x86_64-unknown-linux-gnu/lib/libaddr2line-8d001680935b5e3c.rlib" "/opt/rustwide/rustup-home/toolchains/1.83.0-x86_64-unknown-linux-gnu/lib/rustlib/x86_64-unknown-linux-gnu/lib/libgimli-ba8ce71964f984f4.rlib" "/opt/rustwide/rustup-home/toolchains/1.83.0-x86_64-unknown-linux-gnu/lib/rustlib/x86_64-unknown-linux-gnu/lib/librustc_demangle-99a73526abcec14b.rlib" "/opt/rustwide/rustup-home/toolchains/1.83.0-x86_64-unknown-linux-gnu/lib/rustlib/x86_64-unknown-linux-gnu/lib/libstd_detect-63ac0d22cff92579.rlib" "/opt/rustwide/rustup-home/toolchains/1.83.0-x86_64-unknown-linux-gnu/lib/rustlib/x86_64-unknown-linux-gnu/lib/libhashbrown-9057355c92c922d5.rlib" "/opt/rustwide/rustup-home/toolchains/1.83.0-x86_64-unknown-linux-gnu/lib/rustlib/x86_64-unknown-linux-gnu/lib/librustc_std_workspace_alloc-358be9bc1f6bab04.rlib" "/opt/rustwide/rustup-home/toolchains/1.83.0-x86_64-unknown-linux-gnu/lib/rustlib/x86_64-unknown-linux-gnu/lib/libminiz_oxide-aca15549d5bff974.rlib" "/opt/rustwide/rustup-home/toolchains/1.83.0-x86_64-unknown-linux-gnu/lib/rustlib/x86_64-unknown-linux-gnu/lib/libadler-8251d2cef7072448.rlib" "/opt/rustwide/rustup-home/toolchains/1.83.0-x86_64-unknown-linux-gnu/lib/rustlib/x86_64-unknown-linux-gnu/lib/libunwind-7d50b86011c66411.rlib" "/opt/rustwide/rustup-home/toolchains/1.83.0-x86_64-unknown-linux-gnu/lib/rustlib/x86_64-unknown-linux-gnu/lib/libcfg_if-51ea098fce5006bf.rlib" "/opt/rustwide/rustup-home/toolchains/1.83.0-x86_64-unknown-linux-gnu/lib/rustlib/x86_64-unknown-linux-gnu/lib/liblibc-5a14e0d0b712e731.rlib" "/opt/rustwide/rustup-home/toolchains/1.83.0-x86_64-unknown-linux-gnu/lib/rustlib/x86_64-unknown-linux-gnu/lib/liballoc-8b83dbf3a7b8f999.rlib" "/opt/rustwide/rustup-home/toolchains/1.83.0-x86_64-unknown-linux-gnu/lib/rustlib/x86_64-unknown-linux-gnu/lib/librustc_std_workspace_core-c6fd227bdc7b39ff.rlib" "/opt/rustwide/rustup-home/toolchains/1.83.0-x86_64-unknown-linux-gnu/lib/rustlib/x86_64-unknown-linux-gnu/lib/libcore-959d3389fa3da8a5.rlib" "/opt/rustwide/rustup-home/toolchains/1.83.0-x86_64-unknown-linux-gnu/lib/rustlib/x86_64-unknown-linux-gnu/lib/libcompiler_builtins-abe05db089cc2c62.rlib" "-Wl,-Bdynamic" "-lgcc_s" "-lutil" "-lrt" "-lpthread" "-lm" "-ldl" "-lc" "-Wl,--eh-frame-hdr" "-Wl,-z,noexecstack" "-L" "/opt/rustwide/rustup-home/toolchains/1.83.0-x86_64-unknown-linux-gnu/lib/rustlib/x86_64-unknown-linux-gnu/lib" "-o" "/tmp/rustdoctestTqn5Kp/rust_out" "-Wl,--gc-sections" "-pie" "-Wl,-z,relro,-z,now" "-nodefaultlibs"
[INFO] [stdout]   = note: collect2: fatal error: ld terminated with signal 9 [Killed]
[INFO] [stdout]           compilation terminated.
[INFO] [stdout]           
[INFO] [stdout] 
[INFO] [stdout] error: aborting due to 1 previous error
[INFO] [stdout] 
[INFO] [stdout] Couldn't compile the test.
[INFO] [stdout] ---- src/txn_ts.rs - txn_ts::rfc_3339 (line 126) stdout ----
[INFO] [stdout] Couldn't compile the test.
[INFO] [stdout] ---- src/txn_ts.rs - txn_ts::as_tz_year (line 479) stdout ----
[INFO] [stdout] error: linking with `cc` failed: exit status: 1
[INFO] [stdout]   |
[INFO] [stdout]   = note: LC_ALL="C" PATH="/opt/rustwide/rustup-home/toolchains/1.83.0-x86_64-unknown-linux-gnu/lib/rustlib/x86_64-unknown-linux-gnu/bin:/opt/rustwide/cargo-home/bin:/usr/local/sbin:/usr/local/bin:/usr/sbin:/usr/bin:/sbin:/bin" VSLANG="1033" "cc" "-m64" "/tmp/rustcihnBwb/symbols.o" "/tmp/rustdoctestqKZtOm/rust_out.rust_out.cb03291d53e4e161-cgu.0.rcgu.o" "/tmp/rustdoctestqKZtOm/rust_out.1s7umcihpz0t7nkz1uc2ifee9.rcgu.o" "-Wl,--as-needed" "-Wl,-Bstatic" "/opt/rustwide/target/debug/deps/libtackler_api-cc25afd62168e927.rlib" "/opt/rustwide/target/debug/deps/libserde_regex-ca0269b30937d4a3.rlib" "/opt/rustwide/target/debug/deps/libtime_tz-b591d31b5793d493.rlib" "/opt/rustwide/target/debug/deps/libphf-3e2f5ba824183b56.rlib" "/opt/rustwide/target/debug/deps/libphf_shared-f65c24852a10dcd2.rlib" "/opt/rustwide/target/debug/deps/libsiphasher-9a0e888a6230d9ab.rlib" "/opt/rustwide/target/debug/deps/libuuid-003c25a12d6c316b.rlib" "/opt/rustwide/target/debug/deps/libtime-0b25ed345fb5a905.rlib" "/opt/rustwide/target/debug/deps/libtime_core-920e11b901147e65.rlib" "/opt/rustwide/target/debug/deps/libnum_conv-4bd030b5826783c5.rlib" "/opt/rustwide/target/debug/deps/libderanged-e94edbc38c499e66.rlib" "/opt/rustwide/target/debug/deps/libpowerfmt-776ac6678c847955.rlib" "/opt/rustwide/target/debug/deps/librust_decimal-0d3f2ec8377fb6a4.rlib" "/opt/rustwide/target/debug/deps/libserde_json-21137d95c2d14bf8.rlib" "/opt/rustwide/target/debug/deps/libitoa-e8776415c5fe0047.rlib" "/opt/rustwide/target/debug/deps/libryu-bba83beca99dd7c0.rlib" "/opt/rustwide/target/debug/deps/libarrayvec-2c7d15e177211bcd.rlib" "/opt/rustwide/target/debug/deps/libnum_traits-f17a85320d420b17.rlib" "/opt/rustwide/target/debug/deps/libregex-64f88d847001da0c.rlib" "/opt/rustwide/target/debug/deps/libregex_automata-be8c6f0bea44587d.rlib" "/opt/rustwide/target/debug/deps/libaho_corasick-7c62546353774bfd.rlib" "/opt/rustwide/target/debug/deps/libmemchr-6b84ce758acd6c63.rlib" "/opt/rustwide/target/debug/deps/libregex_syntax-155e812807b49638.rlib" "/opt/rustwide/target/debug/deps/libserde-be8dfa5fed1a03c9.rlib" "/opt/rustwide/target/debug/deps/libbase64-1d5853d8a2dd9229.rlib" "/opt/rustwide/rustup-home/toolchains/1.83.0-x86_64-unknown-linux-gnu/lib/rustlib/x86_64-unknown-linux-gnu/lib/libstd-ca74a2d9c5166d9f.rlib" "/opt/rustwide/rustup-home/toolchains/1.83.0-x86_64-unknown-linux-gnu/lib/rustlib/x86_64-unknown-linux-gnu/lib/libpanic_unwind-e31ab23316ed5080.rlib" "/opt/rustwide/rustup-home/toolchains/1.83.0-x86_64-unknown-linux-gnu/lib/rustlib/x86_64-unknown-linux-gnu/lib/libobject-27dc4aa955912662.rlib" "/opt/rustwide/rustup-home/toolchains/1.83.0-x86_64-unknown-linux-gnu/lib/rustlib/x86_64-unknown-linux-gnu/lib/libmemchr-bd0d6cccce077b99.rlib" "/opt/rustwide/rustup-home/toolchains/1.83.0-x86_64-unknown-linux-gnu/lib/rustlib/x86_64-unknown-linux-gnu/lib/libaddr2line-8d001680935b5e3c.rlib" "/opt/rustwide/rustup-home/toolchains/1.83.0-x86_64-unknown-linux-gnu/lib/rustlib/x86_64-unknown-linux-gnu/lib/libgimli-ba8ce71964f984f4.rlib" "/opt/rustwide/rustup-home/toolchains/1.83.0-x86_64-unknown-linux-gnu/lib/rustlib/x86_64-unknown-linux-gnu/lib/librustc_demangle-99a73526abcec14b.rlib" "/opt/rustwide/rustup-home/toolchains/1.83.0-x86_64-unknown-linux-gnu/lib/rustlib/x86_64-unknown-linux-gnu/lib/libstd_detect-63ac0d22cff92579.rlib" "/opt/rustwide/rustup-home/toolchains/1.83.0-x86_64-unknown-linux-gnu/lib/rustlib/x86_64-unknown-linux-gnu/lib/libhashbrown-9057355c92c922d5.rlib" "/opt/rustwide/rustup-home/toolchains/1.83.0-x86_64-unknown-linux-gnu/lib/rustlib/x86_64-unknown-linux-gnu/lib/librustc_std_workspace_alloc-358be9bc1f6bab04.rlib" "/opt/rustwide/rustup-home/toolchains/1.83.0-x86_64-unknown-linux-gnu/lib/rustlib/x86_64-unknown-linux-gnu/lib/libminiz_oxide-aca15549d5bff974.rlib" "/opt/rustwide/rustup-home/toolchains/1.83.0-x86_64-unknown-linux-gnu/lib/rustlib/x86_64-unknown-linux-gnu/lib/libadler-8251d2cef7072448.rlib" "/opt/rustwide/rustup-home/toolchains/1.83.0-x86_64-unknown-linux-gnu/lib/rustlib/x86_64-unknown-linux-gnu/lib/libunwind-7d50b86011c66411.rlib" "/opt/rustwide/rustup-home/toolchains/1.83.0-x86_64-unknown-linux-gnu/lib/rustlib/x86_64-unknown-linux-gnu/lib/libcfg_if-51ea098fce5006bf.rlib" "/opt/rustwide/rustup-home/toolchains/1.83.0-x86_64-unknown-linux-gnu/lib/rustlib/x86_64-unknown-linux-gnu/lib/liblibc-5a14e0d0b712e731.rlib" "/opt/rustwide/rustup-home/toolchains/1.83.0-x86_64-unknown-linux-gnu/lib/rustlib/x86_64-unknown-linux-gnu/lib/liballoc-8b83dbf3a7b8f999.rlib" "/opt/rustwide/rustup-home/toolchains/1.83.0-x86_64-unknown-linux-gnu/lib/rustlib/x86_64-unknown-linux-gnu/lib/librustc_std_workspace_core-c6fd227bdc7b39ff.rlib" "/opt/rustwide/rustup-home/toolchains/1.83.0-x86_64-unknown-linux-gnu/lib/rustlib/x86_64-unknown-linux-gnu/lib/libcore-959d3389fa3da8a5.rlib" "/opt/rustwide/rustup-home/toolchains/1.83.0-x86_64-unknown-linux-gnu/lib/rustlib/x86_64-unknown-linux-gnu/lib/libcompiler_builtins-abe05db089cc2c62.rlib" "-Wl,-Bdynamic" "-lgcc_s" "-lutil" "-lrt" "-lpthread" "-lm" "-ldl" "-lc" "-Wl,--eh-frame-hdr" "-Wl,-z,noexecstack" "-L" "/opt/rustwide/rustup-home/toolchains/1.83.0-x86_64-unknown-linux-gnu/lib/rustlib/x86_64-unknown-linux-gnu/lib" "-o" "/tmp/rustdoctestqKZtOm/rust_out" "-Wl,--gc-sections" "-pie" "-Wl,-z,relro,-z,now" "-nodefaultlibs"
[INFO] [stdout]   = note: collect2: fatal error: ld terminated with signal 9 [Killed]
[INFO] [stdout]           compilation terminated.
[INFO] [stdout]           
[INFO] [stdout] 
[INFO] [stdout] error: aborting due to 1 previous error
[INFO] [stdout] 
[INFO] [stdout] Couldn't compile the test.
[INFO] [stdout] ---- src/txn_ts.rs - txn_ts::as_tz_iso_week (line 503) stdout ----
[INFO] [stdout] error: linking with `cc` failed: exit status: 1
[INFO] [stdout]   |
[INFO] [stdout]   = note: LC_ALL="C" PATH="/opt/rustwide/rustup-home/toolchains/1.83.0-x86_64-unknown-linux-gnu/lib/rustlib/x86_64-unknown-linux-gnu/bin:/opt/rustwide/cargo-home/bin:/usr/local/sbin:/usr/local/bin:/usr/sbin:/usr/bin:/sbin:/bin" VSLANG="1033" "cc" "-m64" "/tmp/rustc2jXpU8/symbols.o" "/tmp/rustdoctest5UFVOO/rust_out.rust_out.cb03291d53e4e161-cgu.0.rcgu.o" "/tmp/rustdoctest5UFVOO/rust_out.1s7umcihpz0t7nkz1uc2ifee9.rcgu.o" "-Wl,--as-needed" "-Wl,-Bstatic" "/opt/rustwide/target/debug/deps/libtackler_api-cc25afd62168e927.rlib" "/opt/rustwide/target/debug/deps/libserde_regex-ca0269b30937d4a3.rlib" "/opt/rustwide/target/debug/deps/libtime_tz-b591d31b5793d493.rlib" "/opt/rustwide/target/debug/deps/libphf-3e2f5ba824183b56.rlib" "/opt/rustwide/target/debug/deps/libphf_shared-f65c24852a10dcd2.rlib" "/opt/rustwide/target/debug/deps/libsiphasher-9a0e888a6230d9ab.rlib" "/opt/rustwide/target/debug/deps/libuuid-003c25a12d6c316b.rlib" "/opt/rustwide/target/debug/deps/libtime-0b25ed345fb5a905.rlib" "/opt/rustwide/target/debug/deps/libtime_core-920e11b901147e65.rlib" "/opt/rustwide/target/debug/deps/libnum_conv-4bd030b5826783c5.rlib" "/opt/rustwide/target/debug/deps/libderanged-e94edbc38c499e66.rlib" "/opt/rustwide/target/debug/deps/libpowerfmt-776ac6678c847955.rlib" "/opt/rustwide/target/debug/deps/librust_decimal-0d3f2ec8377fb6a4.rlib" "/opt/rustwide/target/debug/deps/libserde_json-21137d95c2d14bf8.rlib" "/opt/rustwide/target/debug/deps/libitoa-e8776415c5fe0047.rlib" "/opt/rustwide/target/debug/deps/libryu-bba83beca99dd7c0.rlib" "/opt/rustwide/target/debug/deps/libarrayvec-2c7d15e177211bcd.rlib" "/opt/rustwide/target/debug/deps/libnum_traits-f17a85320d420b17.rlib" "/opt/rustwide/target/debug/deps/libregex-64f88d847001da0c.rlib" "/opt/rustwide/target/debug/deps/libregex_automata-be8c6f0bea44587d.rlib" "/opt/rustwide/target/debug/deps/libaho_corasick-7c62546353774bfd.rlib" "/opt/rustwide/target/debug/deps/libmemchr-6b84ce758acd6c63.rlib" "/opt/rustwide/target/debug/deps/libregex_syntax-155e812807b49638.rlib" "/opt/rustwide/target/debug/deps/libserde-be8dfa5fed1a03c9.rlib" "/opt/rustwide/target/debug/deps/libbase64-1d5853d8a2dd9229.rlib" "/opt/rustwide/rustup-home/toolchains/1.83.0-x86_64-unknown-linux-gnu/lib/rustlib/x86_64-unknown-linux-gnu/lib/libstd-ca74a2d9c5166d9f.rlib" "/opt/rustwide/rustup-home/toolchains/1.83.0-x86_64-unknown-linux-gnu/lib/rustlib/x86_64-unknown-linux-gnu/lib/libpanic_unwind-e31ab23316ed5080.rlib" "/opt/rustwide/rustup-home/toolchains/1.83.0-x86_64-unknown-linux-gnu/lib/rustlib/x86_64-unknown-linux-gnu/lib/libobject-27dc4aa955912662.rlib" "/opt/rustwide/rustup-home/toolchains/1.83.0-x86_64-unknown-linux-gnu/lib/rustlib/x86_64-unknown-linux-gnu/lib/libmemchr-bd0d6cccce077b99.rlib" "/opt/rustwide/rustup-home/toolchains/1.83.0-x86_64-unknown-linux-gnu/lib/rustlib/x86_64-unknown-linux-gnu/lib/libaddr2line-8d001680935b5e3c.rlib" "/opt/rustwide/rustup-home/toolchains/1.83.0-x86_64-unknown-linux-gnu/lib/rustlib/x86_64-unknown-linux-gnu/lib/libgimli-ba8ce71964f984f4.rlib" "/opt/rustwide/rustup-home/toolchains/1.83.0-x86_64-unknown-linux-gnu/lib/rustlib/x86_64-unknown-linux-gnu/lib/librustc_demangle-99a73526abcec14b.rlib" "/opt/rustwide/rustup-home/toolchains/1.83.0-x86_64-unknown-linux-gnu/lib/rustlib/x86_64-unknown-linux-gnu/lib/libstd_detect-63ac0d22cff92579.rlib" "/opt/rustwide/rustup-home/toolchains/1.83.0-x86_64-unknown-linux-gnu/lib/rustlib/x86_64-unknown-linux-gnu/lib/libhashbrown-9057355c92c922d5.rlib" "/opt/rustwide/rustup-home/toolchains/1.83.0-x86_64-unknown-linux-gnu/lib/rustlib/x86_64-unknown-linux-gnu/lib/librustc_std_workspace_alloc-358be9bc1f6bab04.rlib" "/opt/rustwide/rustup-home/toolchains/1.83.0-x86_64-unknown-linux-gnu/lib/rustlib/x86_64-unknown-linux-gnu/lib/libminiz_oxide-aca15549d5bff974.rlib" "/opt/rustwide/rustup-home/toolchains/1.83.0-x86_64-unknown-linux-gnu/lib/rustlib/x86_64-unknown-linux-gnu/lib/libadler-8251d2cef7072448.rlib" "/opt/rustwide/rustup-home/toolchains/1.83.0-x86_64-unknown-linux-gnu/lib/rustlib/x86_64-unknown-linux-gnu/lib/libunwind-7d50b86011c66411.rlib" "/opt/rustwide/rustup-home/toolchains/1.83.0-x86_64-unknown-linux-gnu/lib/rustlib/x86_64-unknown-linux-gnu/lib/libcfg_if-51ea098fce5006bf.rlib" "/opt/rustwide/rustup-home/toolchains/1.83.0-x86_64-unknown-linux-gnu/lib/rustlib/x86_64-unknown-linux-gnu/lib/liblibc-5a14e0d0b712e731.rlib" "/opt/rustwide/rustup-home/toolchains/1.83.0-x86_64-unknown-linux-gnu/lib/rustlib/x86_64-unknown-linux-gnu/lib/liballoc-8b83dbf3a7b8f999.rlib" "/opt/rustwide/rustup-home/toolchains/1.83.0-x86_64-unknown-linux-gnu/lib/rustlib/x86_64-unknown-linux-gnu/lib/librustc_std_workspace_core-c6fd227bdc7b39ff.rlib" "/opt/rustwide/rustup-home/toolchains/1.83.0-x86_64-unknown-linux-gnu/lib/rustlib/x86_64-unknown-linux-gnu/lib/libcore-959d3389fa3da8a5.rlib" "/opt/rustwide/rustup-home/toolchains/1.83.0-x86_64-unknown-linux-gnu/lib/rustlib/x86_64-unknown-linux-gnu/lib/libcompiler_builtins-abe05db089cc2c62.rlib" "-Wl,-Bdynamic" "-lgcc_s" "-lutil" "-lrt" "-lpthread" "-lm" "-ldl" "-lc" "-Wl,--eh-frame-hdr" "-Wl,-z,noexecstack" "-L" "/opt/rustwide/rustup-home/toolchains/1.83.0-x86_64-unknown-linux-gnu/lib/rustlib/x86_64-unknown-linux-gnu/lib" "-o" "/tmp/rustdoctest5UFVOO/rust_out" "-Wl,--gc-sections" "-pie" "-Wl,-z,relro,-z,now" "-nodefaultlibs"
[INFO] [stdout]   = note: collect2: fatal error: ld terminated with signal 9 [Killed]
[INFO] [stdout]           compilation terminated.
[INFO] [stdout]           
[INFO] [stdout] 
[INFO] [stdout] error: aborting due to 1 previous error
[INFO] [stdout] 
[INFO] [stdout] Couldn't compile the test.
[INFO] [stdout] ---- src/txn_ts.rs - txn_ts::as_tz_seconds (line 371) stdout ----
[INFO] [stdout] error: linking with `cc` failed: exit status: 1
[INFO] [stdout]   |
[INFO] [stdout]   = note: LC_ALL="C" PATH="/opt/rustwide/rustup-home/toolchains/1.83.0-x86_64-unknown-linux-gnu/lib/rustlib/x86_64-unknown-linux-gnu/bin:/opt/rustwide/cargo-home/bin:/usr/local/sbin:/usr/local/bin:/usr/sbin:/usr/bin:/sbin:/bin" VSLANG="1033" "cc" "-m64" "/tmp/rustclsp3kB/symbols.o" "/tmp/rustdoctestFWzTJh/rust_out.rust_out.cb03291d53e4e161-cgu.0.rcgu.o" "/tmp/rustdoctestFWzTJh/rust_out.1s7umcihpz0t7nkz1uc2ifee9.rcgu.o" "-Wl,--as-needed" "-Wl,-Bstatic" "/opt/rustwide/target/debug/deps/libtackler_api-cc25afd62168e927.rlib" "/opt/rustwide/target/debug/deps/libserde_regex-ca0269b30937d4a3.rlib" "/opt/rustwide/target/debug/deps/libtime_tz-b591d31b5793d493.rlib" "/opt/rustwide/target/debug/deps/libphf-3e2f5ba824183b56.rlib" "/opt/rustwide/target/debug/deps/libphf_shared-f65c24852a10dcd2.rlib" "/opt/rustwide/target/debug/deps/libsiphasher-9a0e888a6230d9ab.rlib" "/opt/rustwide/target/debug/deps/libuuid-003c25a12d6c316b.rlib" "/opt/rustwide/target/debug/deps/libtime-0b25ed345fb5a905.rlib" "/opt/rustwide/target/debug/deps/libtime_core-920e11b901147e65.rlib" "/opt/rustwide/target/debug/deps/libnum_conv-4bd030b5826783c5.rlib" "/opt/rustwide/target/debug/deps/libderanged-e94edbc38c499e66.rlib" "/opt/rustwide/target/debug/deps/libpowerfmt-776ac6678c847955.rlib" "/opt/rustwide/target/debug/deps/librust_decimal-0d3f2ec8377fb6a4.rlib" "/opt/rustwide/target/debug/deps/libserde_json-21137d95c2d14bf8.rlib" "/opt/rustwide/target/debug/deps/libitoa-e8776415c5fe0047.rlib" "/opt/rustwide/target/debug/deps/libryu-bba83beca99dd7c0.rlib" "/opt/rustwide/target/debug/deps/libarrayvec-2c7d15e177211bcd.rlib" "/opt/rustwide/target/debug/deps/libnum_traits-f17a85320d420b17.rlib" "/opt/rustwide/target/debug/deps/libregex-64f88d847001da0c.rlib" "/opt/rustwide/target/debug/deps/libregex_automata-be8c6f0bea44587d.rlib" "/opt/rustwide/target/debug/deps/libaho_corasick-7c62546353774bfd.rlib" "/opt/rustwide/target/debug/deps/libmemchr-6b84ce758acd6c63.rlib" "/opt/rustwide/target/debug/deps/libregex_syntax-155e812807b49638.rlib" "/opt/rustwide/target/debug/deps/libserde-be8dfa5fed1a03c9.rlib" "/opt/rustwide/target/debug/deps/libbase64-1d5853d8a2dd9229.rlib" "/opt/rustwide/rustup-home/toolchains/1.83.0-x86_64-unknown-linux-gnu/lib/rustlib/x86_64-unknown-linux-gnu/lib/libstd-ca74a2d9c5166d9f.rlib" "/opt/rustwide/rustup-home/toolchains/1.83.0-x86_64-unknown-linux-gnu/lib/rustlib/x86_64-unknown-linux-gnu/lib/libpanic_unwind-e31ab23316ed5080.rlib" "/opt/rustwide/rustup-home/toolchains/1.83.0-x86_64-unknown-linux-gnu/lib/rustlib/x86_64-unknown-linux-gnu/lib/libobject-27dc4aa955912662.rlib" "/opt/rustwide/rustup-home/toolchains/1.83.0-x86_64-unknown-linux-gnu/lib/rustlib/x86_64-unknown-linux-gnu/lib/libmemchr-bd0d6cccce077b99.rlib" "/opt/rustwide/rustup-home/toolchains/1.83.0-x86_64-unknown-linux-gnu/lib/rustlib/x86_64-unknown-linux-gnu/lib/libaddr2line-8d001680935b5e3c.rlib" "/opt/rustwide/rustup-home/toolchains/1.83.0-x86_64-unknown-linux-gnu/lib/rustlib/x86_64-unknown-linux-gnu/lib/libgimli-ba8ce71964f984f4.rlib" "/opt/rustwide/rustup-home/toolchains/1.83.0-x86_64-unknown-linux-gnu/lib/rustlib/x86_64-unknown-linux-gnu/lib/librustc_demangle-99a73526abcec14b.rlib" "/opt/rustwide/rustup-home/toolchains/1.83.0-x86_64-unknown-linux-gnu/lib/rustlib/x86_64-unknown-linux-gnu/lib/libstd_detect-63ac0d22cff92579.rlib" "/opt/rustwide/rustup-home/toolchains/1.83.0-x86_64-unknown-linux-gnu/lib/rustlib/x86_64-unknown-linux-gnu/lib/libhashbrown-9057355c92c922d5.rlib" "/opt/rustwide/rustup-home/toolchains/1.83.0-x86_64-unknown-linux-gnu/lib/rustlib/x86_64-unknown-linux-gnu/lib/librustc_std_workspace_alloc-358be9bc1f6bab04.rlib" "/opt/rustwide/rustup-home/toolchains/1.83.0-x86_64-unknown-linux-gnu/lib/rustlib/x86_64-unknown-linux-gnu/lib/libminiz_oxide-aca15549d5bff974.rlib" "/opt/rustwide/rustup-home/toolchains/1.83.0-x86_64-unknown-linux-gnu/lib/rustlib/x86_64-unknown-linux-gnu/lib/libadler-8251d2cef7072448.rlib" "/opt/rustwide/rustup-home/toolchains/1.83.0-x86_64-unknown-linux-gnu/lib/rustlib/x86_64-unknown-linux-gnu/lib/libunwind-7d50b86011c66411.rlib" "/opt/rustwide/rustup-home/toolchains/1.83.0-x86_64-unknown-linux-gnu/lib/rustlib/x86_64-unknown-linux-gnu/lib/libcfg_if-51ea098fce5006bf.rlib" "/opt/rustwide/rustup-home/toolchains/1.83.0-x86_64-unknown-linux-gnu/lib/rustlib/x86_64-unknown-linux-gnu/lib/liblibc-5a14e0d0b712e731.rlib" "/opt/rustwide/rustup-home/toolchains/1.83.0-x86_64-unknown-linux-gnu/lib/rustlib/x86_64-unknown-linux-gnu/lib/liballoc-8b83dbf3a7b8f999.rlib" "/opt/rustwide/rustup-home/toolchains/1.83.0-x86_64-unknown-linux-gnu/lib/rustlib/x86_64-unknown-linux-gnu/lib/librustc_std_workspace_core-c6fd227bdc7b39ff.rlib" "/opt/rustwide/rustup-home/toolchains/1.83.0-x86_64-unknown-linux-gnu/lib/rustlib/x86_64-unknown-linux-gnu/lib/libcore-959d3389fa3da8a5.rlib" "/opt/rustwide/rustup-home/toolchains/1.83.0-x86_64-unknown-linux-gnu/lib/rustlib/x86_64-unknown-linux-gnu/lib/libcompiler_builtins-abe05db089cc2c62.rlib" "-Wl,-Bdynamic" "-lgcc_s" "-lutil" "-lrt" "-lpthread" "-lm" "-ldl" "-lc" "-Wl,--eh-frame-hdr" "-Wl,-z,noexecstack" "-L" "/opt/rustwide/rustup-home/toolchains/1.83.0-x86_64-unknown-linux-gnu/lib/rustlib/x86_64-unknown-linux-gnu/lib" "-o" "/tmp/rustdoctestFWzTJh/rust_out" "-Wl,--gc-sections" "-pie" "-Wl,-z,relro,-z,now" "-nodefaultlibs"
[INFO] [stdout]   = note: collect2: fatal error: ld terminated with signal 9 [Killed]
[INFO] [stdout]           compilation terminated.
[INFO] [stdout]           
[INFO] [stdout] 
[INFO] [stdout] error: aborting due to 1 previous error
[INFO] [stdout] 
[INFO] [stdout] Couldn't compile the test.
[INFO] [stdout] 
[INFO] [stdout] failures:
[INFO] [stdout]     src/filters/filter_definition.rs - filters::filter_definition::FilterDefinition::from_json_str (line 62)
[INFO] [stdout]     src/txn_ts.rs - txn_ts::as_tz_date (line 425)
[INFO] [stdout]     src/txn_ts.rs - txn_ts::as_tz_full (line 398)
[INFO] [stdout]     src/txn_ts.rs - txn_ts::as_tz_iso_week (line 503)
[INFO] [stdout]     src/txn_ts.rs - txn_ts::as_tz_month (line 452)
[INFO] [stdout]     src/txn_ts.rs - txn_ts::as_tz_seconds (line 371)
[INFO] [stdout]     src/txn_ts.rs - txn_ts::as_tz_year (line 479)
[INFO] [stderr] error: doctest failed, to rerun pass `--doc`
[INFO] [stdout]     src/txn_ts.rs - txn_ts::rfc_3339 (line 126)
[INFO] [stdout] 
[INFO] [stdout] test result: FAILED. 12 passed; 8 failed; 0 ignored; 0 measured; 0 filtered out; finished in 7.49s
[INFO] [stdout] 
[INFO] running `Command { std: "docker" "inspect" "8b8a51ae4c2598a957d34c8d295ab3f39c163b05f6b63a84192703c29c24af85", kill_on_drop: false }`
[INFO] running `Command { std: "docker" "rm" "-f" "8b8a51ae4c2598a957d34c8d295ab3f39c163b05f6b63a84192703c29c24af85", kill_on_drop: false }`
[INFO] [stdout] 8b8a51ae4c2598a957d34c8d295ab3f39c163b05f6b63a84192703c29c24af85
