[INFO] fetching crate tack 0.1.1-alpha...
[INFO] testing tack-0.1.1-alpha against 1.83.0 for beta-1.84.0-4-retry
[INFO] extracting crate tack 0.1.1-alpha into /workspace/builds/worker-4-tc1/source
[INFO] validating manifest of crates.io crate tack 0.1.1-alpha on toolchain 1.83.0
[INFO] running `Command { std: CARGO_HOME="/workspace/cargo-home" RUSTUP_HOME="/workspace/rustup-home" "/workspace/cargo-home/bin/cargo" "+1.83.0" "metadata" "--manifest-path" "Cargo.toml" "--no-deps", kill_on_drop: false }`
[INFO] started tweaking crates.io crate tack 0.1.1-alpha
[INFO] finished tweaking crates.io crate tack 0.1.1-alpha
[INFO] tweaked toml for crates.io crate tack 0.1.1-alpha written to /workspace/builds/worker-4-tc1/source/Cargo.toml
[INFO] running `Command { std: CARGO_HOME="/workspace/cargo-home" RUSTUP_HOME="/workspace/rustup-home" "/workspace/cargo-home/bin/cargo" "+1.83.0" "generate-lockfile" "--manifest-path" "Cargo.toml", kill_on_drop: false }`
[INFO] running `Command { std: CARGO_HOME="/workspace/cargo-home" RUSTUP_HOME="/workspace/rustup-home" "/workspace/cargo-home/bin/cargo" "+1.83.0" "fetch" "--manifest-path" "Cargo.toml", kill_on_drop: false }`
[INFO] [stderr]     Blocking waiting for file lock on package cache
[INFO] [stderr]     Blocking waiting for file lock on package cache
[INFO] running `Command { std: "docker" "create" "-v" "/var/lib/crater-agent-workspace/builds/worker-4-tc1/target:/opt/rustwide/target:rw,Z" "-v" "/var/lib/crater-agent-workspace/builds/worker-4-tc1/source:/opt/rustwide/workdir:ro,Z" "-v" "/var/lib/crater-agent-workspace/cargo-home:/opt/rustwide/cargo-home:ro,Z" "-v" "/var/lib/crater-agent-workspace/rustup-home:/opt/rustwide/rustup-home:ro,Z" "-e" "SOURCE_DIR=/opt/rustwide/workdir" "-e" "CARGO_TARGET_DIR=/opt/rustwide/target" "-e" "CARGO_HOME=/opt/rustwide/cargo-home" "-e" "RUSTUP_HOME=/opt/rustwide/rustup-home" "-w" "/opt/rustwide/workdir" "-m" "1610612736" "--user" "0:0" "--network" "none" "ghcr.io/rust-lang/crates-build-env/linux@sha256:f3a9d4ad9d972b27faf3965f35b62e55ba32bbce8f20bc8fe909558a86702fde" "/opt/rustwide/cargo-home/bin/cargo" "+1.83.0" "metadata" "--no-deps" "--format-version=1", kill_on_drop: false }`
[INFO] [stdout] 94e7644ad2c9269fcf1b31ca5f90b0a392f3388bdb4da3198ef005ded07db674
[INFO] running `Command { std: "docker" "start" "-a" "94e7644ad2c9269fcf1b31ca5f90b0a392f3388bdb4da3198ef005ded07db674", kill_on_drop: false }`
[INFO] running `Command { std: "docker" "inspect" "94e7644ad2c9269fcf1b31ca5f90b0a392f3388bdb4da3198ef005ded07db674", kill_on_drop: false }`
[INFO] running `Command { std: "docker" "rm" "-f" "94e7644ad2c9269fcf1b31ca5f90b0a392f3388bdb4da3198ef005ded07db674", kill_on_drop: false }`
[INFO] [stdout] 94e7644ad2c9269fcf1b31ca5f90b0a392f3388bdb4da3198ef005ded07db674
[INFO] running `Command { std: "docker" "create" "-v" "/var/lib/crater-agent-workspace/builds/worker-4-tc1/target:/opt/rustwide/target:rw,Z" "-v" "/var/lib/crater-agent-workspace/builds/worker-4-tc1/source:/opt/rustwide/workdir:ro,Z" "-v" "/var/lib/crater-agent-workspace/cargo-home:/opt/rustwide/cargo-home:ro,Z" "-v" "/var/lib/crater-agent-workspace/rustup-home:/opt/rustwide/rustup-home:ro,Z" "-e" "SOURCE_DIR=/opt/rustwide/workdir" "-e" "CARGO_TARGET_DIR=/opt/rustwide/target" "-e" "CARGO_INCREMENTAL=0" "-e" "RUST_BACKTRACE=full" "-e" "RUSTFLAGS=--cap-lints=warn" "-e" "RUSTDOCFLAGS=--cap-lints=warn" "-e" "CARGO_HOME=/opt/rustwide/cargo-home" "-e" "RUSTUP_HOME=/opt/rustwide/rustup-home" "-w" "/opt/rustwide/workdir" "-m" "1610612736" "--user" "0:0" "--network" "none" "ghcr.io/rust-lang/crates-build-env/linux@sha256:f3a9d4ad9d972b27faf3965f35b62e55ba32bbce8f20bc8fe909558a86702fde" "/opt/rustwide/cargo-home/bin/cargo" "+1.83.0" "build" "--frozen" "--message-format=json", kill_on_drop: false }`
[INFO] [stdout] 159b539c3b08e8ce2dd6806923958c292007d46cc1adf311c49f61a4ef918b36
[INFO] running `Command { std: "docker" "start" "-a" "159b539c3b08e8ce2dd6806923958c292007d46cc1adf311c49f61a4ef918b36", kill_on_drop: false }`
[INFO] [stderr]    Compiling tack v0.1.1-alpha (/opt/rustwide/workdir)
[INFO] [stdout] warning: function `valid_braces` is never used
[INFO] [stdout]   --> src/lib.rs:79:4
[INFO] [stdout]    |
[INFO] [stdout] 79 | fn valid_braces<'a>(s: &'a str) -> bool {
[INFO] [stdout]    |    ^^^^^^^^^^^^
[INFO] [stdout]    |
[INFO] [stdout]    = note: `#[warn(dead_code)]` on by default
[INFO] [stdout] 
[INFO] [stdout] 
[INFO] [stderr]     Finished `dev` profile [unoptimized + debuginfo] target(s) in 0.22s
[INFO] running `Command { std: "docker" "inspect" "159b539c3b08e8ce2dd6806923958c292007d46cc1adf311c49f61a4ef918b36", kill_on_drop: false }`
[INFO] running `Command { std: "docker" "rm" "-f" "159b539c3b08e8ce2dd6806923958c292007d46cc1adf311c49f61a4ef918b36", kill_on_drop: false }`
[INFO] [stdout] 159b539c3b08e8ce2dd6806923958c292007d46cc1adf311c49f61a4ef918b36
[INFO] running `Command { std: "docker" "create" "-v" "/var/lib/crater-agent-workspace/builds/worker-4-tc1/target:/opt/rustwide/target:rw,Z" "-v" "/var/lib/crater-agent-workspace/builds/worker-4-tc1/source:/opt/rustwide/workdir:ro,Z" "-v" "/var/lib/crater-agent-workspace/cargo-home:/opt/rustwide/cargo-home:ro,Z" "-v" "/var/lib/crater-agent-workspace/rustup-home:/opt/rustwide/rustup-home:ro,Z" "-e" "SOURCE_DIR=/opt/rustwide/workdir" "-e" "CARGO_TARGET_DIR=/opt/rustwide/target" "-e" "CARGO_INCREMENTAL=0" "-e" "RUST_BACKTRACE=full" "-e" "RUSTFLAGS=--cap-lints=warn" "-e" "RUSTDOCFLAGS=--cap-lints=warn" "-e" "CARGO_HOME=/opt/rustwide/cargo-home" "-e" "RUSTUP_HOME=/opt/rustwide/rustup-home" "-w" "/opt/rustwide/workdir" "-m" "1610612736" "--user" "0:0" "--network" "none" "ghcr.io/rust-lang/crates-build-env/linux@sha256:f3a9d4ad9d972b27faf3965f35b62e55ba32bbce8f20bc8fe909558a86702fde" "/opt/rustwide/cargo-home/bin/cargo" "+1.83.0" "test" "--frozen" "--no-run" "--message-format=json", kill_on_drop: false }`
[INFO] [stdout] 3fc4467c81a222754a41d0f917e27f128758ee0cfbbb4865c43d83d2cc882203
[INFO] running `Command { std: "docker" "start" "-a" "3fc4467c81a222754a41d0f917e27f128758ee0cfbbb4865c43d83d2cc882203", kill_on_drop: false }`
[INFO] [stdout] warning: function `valid_braces` is never used
[INFO] [stdout]   --> src/lib.rs:79:4
[INFO] [stdout]    |
[INFO] [stdout] 79 | fn valid_braces<'a>(s: &'a str) -> bool {
[INFO] [stdout]    |    ^^^^^^^^^^^^
[INFO] [stdout]    |
[INFO] [stdout]    = note: `#[warn(dead_code)]` on by default
[INFO] [stdout] 
[INFO] [stdout] 
[INFO] [stderr]    Compiling tack v0.1.1-alpha (/opt/rustwide/workdir)
[INFO] [stderr]     Finished `test` profile [unoptimized + debuginfo] target(s) in 0.47s
[INFO] running `Command { std: "docker" "inspect" "3fc4467c81a222754a41d0f917e27f128758ee0cfbbb4865c43d83d2cc882203", kill_on_drop: false }`
[INFO] running `Command { std: "docker" "rm" "-f" "3fc4467c81a222754a41d0f917e27f128758ee0cfbbb4865c43d83d2cc882203", kill_on_drop: false }`
[INFO] [stdout] 3fc4467c81a222754a41d0f917e27f128758ee0cfbbb4865c43d83d2cc882203
[INFO] running `Command { std: "docker" "create" "-v" "/var/lib/crater-agent-workspace/builds/worker-4-tc1/target:/opt/rustwide/target:rw,Z" "-v" "/var/lib/crater-agent-workspace/builds/worker-4-tc1/source:/opt/rustwide/workdir:ro,Z" "-v" "/var/lib/crater-agent-workspace/cargo-home:/opt/rustwide/cargo-home:ro,Z" "-v" "/var/lib/crater-agent-workspace/rustup-home:/opt/rustwide/rustup-home:ro,Z" "-e" "SOURCE_DIR=/opt/rustwide/workdir" "-e" "CARGO_TARGET_DIR=/opt/rustwide/target" "-e" "CARGO_INCREMENTAL=0" "-e" "RUST_BACKTRACE=full" "-e" "RUSTFLAGS=--cap-lints=warn" "-e" "RUSTDOCFLAGS=--cap-lints=warn" "-e" "CARGO_HOME=/opt/rustwide/cargo-home" "-e" "RUSTUP_HOME=/opt/rustwide/rustup-home" "-w" "/opt/rustwide/workdir" "-m" "1610612736" "--user" "0:0" "--network" "none" "ghcr.io/rust-lang/crates-build-env/linux@sha256:f3a9d4ad9d972b27faf3965f35b62e55ba32bbce8f20bc8fe909558a86702fde" "/opt/rustwide/cargo-home/bin/cargo" "+1.83.0" "test" "--frozen", kill_on_drop: false }`
[INFO] [stdout] 177b427e4b1e9331722939d3f2621e72d04d2b5e697b360ccbe9fe7b9c5f9db1
[INFO] running `Command { std: "docker" "start" "-a" "177b427e4b1e9331722939d3f2621e72d04d2b5e697b360ccbe9fe7b9c5f9db1", kill_on_drop: false }`
[INFO] [stderr] warning: function `valid_braces` is never used
[INFO] [stderr]   --> src/lib.rs:79:4
[INFO] [stderr]    |
[INFO] [stderr] 79 | fn valid_braces<'a>(s: &'a str) -> bool {
[INFO] [stderr]    |    ^^^^^^^^^^^^
[INFO] [stderr]    |
[INFO] [stderr]    = note: `#[warn(dead_code)]` on by default
[INFO] [stderr] 
[INFO] [stderr] warning: `tack` (lib) generated 1 warning
[INFO] [stderr]     Finished `test` profile [unoptimized + debuginfo] target(s) in 0.01s
[INFO] [stderr]      Running unittests src/lib.rs (/opt/rustwide/target/debug/deps/tack-eac1d7a979bd7c8e)
[INFO] [stdout] 
[INFO] [stdout] running 13 tests
[INFO] [stdout] test tests::html_html_tag ... ok
[INFO] [stdout] test tests::one_brace_pair ... ok
[INFO] [stdout] test tests::html_main_tag ... ok
[INFO] [stdout] test tests::one_brace_pair_with_word ... ok
[INFO] [stdout] test tests::html_value_pct ... ok
[INFO] [stdout] test tests::two_brace_pairs ... ok
[INFO] [stdout] test tests::two_closed_braces ... ok
[INFO] [stdout] test tests::two_open_braces ... ok
[INFO] [stdout] test tests::html_value_flex ... ok
[INFO] [stderr]    Doc-tests tack
[INFO] [stdout] test tests::html_value_int ... ok
[INFO] [stdout] test tests::one_open_brace ... ok
[INFO] [stdout] test tests::html_body_tag ... ok
[INFO] [stdout] test tests::one_closed_brace ... ok
[INFO] [stdout] 
[INFO] [stdout] test result: ok. 13 passed; 0 failed; 0 ignored; 0 measured; 0 filtered out; finished in 0.00s
[INFO] [stdout] 
[INFO] [stdout] 
[INFO] [stdout] running 1 test
[INFO] [stdout] test src/lib.rs - coloured_html (line 10) ... FAILED
[INFO] [stdout] 
[INFO] [stdout] failures:
[INFO] [stdout] 
[INFO] [stdout] ---- src/lib.rs - coloured_html (line 10) stdout ----
[INFO] [stdout] error: expected expression, found `let` statement
[INFO] [stdout]  --> src/lib.rs:11:10
[INFO] [stdout]   |
[INFO] [stdout] 3 | let s =  let a = "
[INFO] [stdout]   |          ^^^
[INFO] [stdout]   |
[INFO] [stdout]   = note: only supported directly in conditions of `if` and `while` expressions
[INFO] [stdout] 
[INFO] [stdout] error[E0425]: cannot find function `coloured_html` in this scope
[INFO] [stdout]  --> src/lib.rs:16:1
[INFO] [stdout]   |
[INFO] [stdout] 8 | coloured_html(s);
[INFO] [stdout]   | ^^^^^^^^^^^^^ not found in this scope
[INFO] [stdout]   |
[INFO] [stdout] help: consider importing this function
[INFO] [stdout]   |
[INFO] [stdout] 2 + use tack::coloured_html;
[INFO] [stdout]   |
[INFO] [stdout] 
[INFO] [stdout] error: aborting due to 2 previous errors
[INFO] [stdout] 
[INFO] [stdout] For more information about this error, try `rustc --explain E0425`.
[INFO] [stdout] Couldn't compile the test.
[INFO] [stdout] 
[INFO] [stdout] failures:
[INFO] [stdout]     src/lib.rs - coloured_html (line 10)
[INFO] [stdout] 
[INFO] [stdout] test result: FAILED. 0 passed; 1 failed; 0 ignored; 0 measured; 0 filtered out; finished in 0.06s
[INFO] [stdout] 
[INFO] [stderr] error: doctest failed, to rerun pass `--doc`
[INFO] running `Command { std: "docker" "inspect" "177b427e4b1e9331722939d3f2621e72d04d2b5e697b360ccbe9fe7b9c5f9db1", kill_on_drop: false }`
[INFO] running `Command { std: "docker" "rm" "-f" "177b427e4b1e9331722939d3f2621e72d04d2b5e697b360ccbe9fe7b9c5f9db1", kill_on_drop: false }`
[INFO] [stdout] 177b427e4b1e9331722939d3f2621e72d04d2b5e697b360ccbe9fe7b9c5f9db1
