[INFO] fetching crate taap 0.1.4...
[INFO] testing taap-0.1.4 against beta-2024-12-08 for beta-1.84.0-4-retry
[INFO] extracting crate taap 0.1.4 into /workspace/builds/worker-1-tc2/source
[INFO] validating manifest of crates.io crate taap 0.1.4 on toolchain beta-2024-12-08
[INFO] running `Command { std: CARGO_HOME="/workspace/cargo-home" RUSTUP_HOME="/workspace/rustup-home" "/workspace/cargo-home/bin/cargo" "+beta-2024-12-08" "metadata" "--manifest-path" "Cargo.toml" "--no-deps", kill_on_drop: false }`
[INFO] started tweaking crates.io crate taap 0.1.4
[INFO] finished tweaking crates.io crate taap 0.1.4
[INFO] tweaked toml for crates.io crate taap 0.1.4 written to /workspace/builds/worker-1-tc2/source/Cargo.toml
[INFO] crate crates.io crate taap 0.1.4 already has a lockfile, it will not be regenerated
[INFO] running `Command { std: CARGO_HOME="/workspace/cargo-home" RUSTUP_HOME="/workspace/rustup-home" "/workspace/cargo-home/bin/cargo" "+beta-2024-12-08" "fetch" "--manifest-path" "Cargo.toml", kill_on_drop: false }`
[INFO] running `Command { std: "docker" "create" "-v" "/var/lib/crater-agent-workspace/builds/worker-1-tc2/target:/opt/rustwide/target:rw,Z" "-v" "/var/lib/crater-agent-workspace/builds/worker-1-tc2/source:/opt/rustwide/workdir:ro,Z" "-v" "/var/lib/crater-agent-workspace/cargo-home:/opt/rustwide/cargo-home:ro,Z" "-v" "/var/lib/crater-agent-workspace/rustup-home:/opt/rustwide/rustup-home:ro,Z" "-e" "SOURCE_DIR=/opt/rustwide/workdir" "-e" "CARGO_TARGET_DIR=/opt/rustwide/target" "-e" "CARGO_HOME=/opt/rustwide/cargo-home" "-e" "RUSTUP_HOME=/opt/rustwide/rustup-home" "-w" "/opt/rustwide/workdir" "-m" "1610612736" "--user" "0:0" "--network" "none" "ghcr.io/rust-lang/crates-build-env/linux@sha256:f3a9d4ad9d972b27faf3965f35b62e55ba32bbce8f20bc8fe909558a86702fde" "/opt/rustwide/cargo-home/bin/cargo" "+beta-2024-12-08" "metadata" "--no-deps" "--format-version=1", kill_on_drop: false }`
[INFO] [stdout] c239ab558abfbdf482f9b08f382b6416598a062489b5bfd17259243e3963b384
[INFO] running `Command { std: "docker" "start" "-a" "c239ab558abfbdf482f9b08f382b6416598a062489b5bfd17259243e3963b384", kill_on_drop: false }`
[INFO] running `Command { std: "docker" "inspect" "c239ab558abfbdf482f9b08f382b6416598a062489b5bfd17259243e3963b384", kill_on_drop: false }`
[INFO] running `Command { std: "docker" "rm" "-f" "c239ab558abfbdf482f9b08f382b6416598a062489b5bfd17259243e3963b384", kill_on_drop: false }`
[INFO] [stdout] c239ab558abfbdf482f9b08f382b6416598a062489b5bfd17259243e3963b384
[INFO] running `Command { std: "docker" "create" "-v" "/var/lib/crater-agent-workspace/builds/worker-1-tc2/target:/opt/rustwide/target:rw,Z" "-v" "/var/lib/crater-agent-workspace/builds/worker-1-tc2/source:/opt/rustwide/workdir:ro,Z" "-v" "/var/lib/crater-agent-workspace/cargo-home:/opt/rustwide/cargo-home:ro,Z" "-v" "/var/lib/crater-agent-workspace/rustup-home:/opt/rustwide/rustup-home:ro,Z" "-e" "SOURCE_DIR=/opt/rustwide/workdir" "-e" "CARGO_TARGET_DIR=/opt/rustwide/target" "-e" "CARGO_INCREMENTAL=0" "-e" "RUST_BACKTRACE=full" "-e" "RUSTFLAGS=--cap-lints=warn" "-e" "RUSTDOCFLAGS=--cap-lints=warn" "-e" "CARGO_HOME=/opt/rustwide/cargo-home" "-e" "RUSTUP_HOME=/opt/rustwide/rustup-home" "-w" "/opt/rustwide/workdir" "-m" "1610612736" "--user" "0:0" "--network" "none" "ghcr.io/rust-lang/crates-build-env/linux@sha256:f3a9d4ad9d972b27faf3965f35b62e55ba32bbce8f20bc8fe909558a86702fde" "/opt/rustwide/cargo-home/bin/cargo" "+beta-2024-12-08" "build" "--frozen" "--message-format=json", kill_on_drop: false }`
[INFO] [stdout] 5cc137bdbf393448ee103bad1223588ab05df0e100055a71b6e93ef34bb483b0
[INFO] running `Command { std: "docker" "start" "-a" "5cc137bdbf393448ee103bad1223588ab05df0e100055a71b6e93ef34bb483b0", kill_on_drop: false }`
[INFO] [stderr]    Compiling taap v0.1.4 (/opt/rustwide/workdir)
[INFO] [stderr]     Finished `dev` profile [unoptimized + debuginfo] target(s) in 0.83s
[INFO] running `Command { std: "docker" "inspect" "5cc137bdbf393448ee103bad1223588ab05df0e100055a71b6e93ef34bb483b0", kill_on_drop: false }`
[INFO] running `Command { std: "docker" "rm" "-f" "5cc137bdbf393448ee103bad1223588ab05df0e100055a71b6e93ef34bb483b0", kill_on_drop: false }`
[INFO] [stdout] 5cc137bdbf393448ee103bad1223588ab05df0e100055a71b6e93ef34bb483b0
[INFO] running `Command { std: "docker" "create" "-v" "/var/lib/crater-agent-workspace/builds/worker-1-tc2/target:/opt/rustwide/target:rw,Z" "-v" "/var/lib/crater-agent-workspace/builds/worker-1-tc2/source:/opt/rustwide/workdir:ro,Z" "-v" "/var/lib/crater-agent-workspace/cargo-home:/opt/rustwide/cargo-home:ro,Z" "-v" "/var/lib/crater-agent-workspace/rustup-home:/opt/rustwide/rustup-home:ro,Z" "-e" "SOURCE_DIR=/opt/rustwide/workdir" "-e" "CARGO_TARGET_DIR=/opt/rustwide/target" "-e" "CARGO_INCREMENTAL=0" "-e" "RUST_BACKTRACE=full" "-e" "RUSTFLAGS=--cap-lints=warn" "-e" "RUSTDOCFLAGS=--cap-lints=warn" "-e" "CARGO_HOME=/opt/rustwide/cargo-home" "-e" "RUSTUP_HOME=/opt/rustwide/rustup-home" "-w" "/opt/rustwide/workdir" "-m" "1610612736" "--user" "0:0" "--network" "none" "ghcr.io/rust-lang/crates-build-env/linux@sha256:f3a9d4ad9d972b27faf3965f35b62e55ba32bbce8f20bc8fe909558a86702fde" "/opt/rustwide/cargo-home/bin/cargo" "+beta-2024-12-08" "test" "--frozen" "--no-run" "--message-format=json", kill_on_drop: false }`
[INFO] [stdout] 6e08a450d6c8482f87048c48647e64ba677fedd1df596e14121ec9322170e3a5
[INFO] running `Command { std: "docker" "start" "-a" "6e08a450d6c8482f87048c48647e64ba677fedd1df596e14121ec9322170e3a5", kill_on_drop: false }`
[INFO] [stderr]    Compiling taap v0.1.4 (/opt/rustwide/workdir)
[INFO] [stderr]     Finished `test` profile [unoptimized + debuginfo] target(s) in 0.40s
[INFO] running `Command { std: "docker" "inspect" "6e08a450d6c8482f87048c48647e64ba677fedd1df596e14121ec9322170e3a5", kill_on_drop: false }`
[INFO] running `Command { std: "docker" "rm" "-f" "6e08a450d6c8482f87048c48647e64ba677fedd1df596e14121ec9322170e3a5", kill_on_drop: false }`
[INFO] [stdout] 6e08a450d6c8482f87048c48647e64ba677fedd1df596e14121ec9322170e3a5
[INFO] running `Command { std: "docker" "create" "-v" "/var/lib/crater-agent-workspace/builds/worker-1-tc2/target:/opt/rustwide/target:rw,Z" "-v" "/var/lib/crater-agent-workspace/builds/worker-1-tc2/source:/opt/rustwide/workdir:ro,Z" "-v" "/var/lib/crater-agent-workspace/cargo-home:/opt/rustwide/cargo-home:ro,Z" "-v" "/var/lib/crater-agent-workspace/rustup-home:/opt/rustwide/rustup-home:ro,Z" "-e" "SOURCE_DIR=/opt/rustwide/workdir" "-e" "CARGO_TARGET_DIR=/opt/rustwide/target" "-e" "CARGO_INCREMENTAL=0" "-e" "RUST_BACKTRACE=full" "-e" "RUSTFLAGS=--cap-lints=warn" "-e" "RUSTDOCFLAGS=--cap-lints=warn" "-e" "CARGO_HOME=/opt/rustwide/cargo-home" "-e" "RUSTUP_HOME=/opt/rustwide/rustup-home" "-w" "/opt/rustwide/workdir" "-m" "1610612736" "--user" "0:0" "--network" "none" "ghcr.io/rust-lang/crates-build-env/linux@sha256:f3a9d4ad9d972b27faf3965f35b62e55ba32bbce8f20bc8fe909558a86702fde" "/opt/rustwide/cargo-home/bin/cargo" "+beta-2024-12-08" "test" "--frozen", kill_on_drop: false }`
[INFO] [stdout] e04588e735ceacf4f7e5723a9fee18af40415f21c4f5d2501331bbacef4282c5
[INFO] running `Command { std: "docker" "start" "-a" "e04588e735ceacf4f7e5723a9fee18af40415f21c4f5d2501331bbacef4282c5", kill_on_drop: false }`
[INFO] [stderr]     Finished `test` profile [unoptimized + debuginfo] target(s) in 0.02s
[INFO] [stderr]      Running unittests src/lib.rs (/opt/rustwide/target/debug/deps/taap-234ee16a14906855)
[INFO] [stdout] 
[INFO] [stderr]    Doc-tests taap
[INFO] [stdout] running 0 tests
[INFO] [stdout] 
[INFO] [stdout] test result: ok. 0 passed; 0 failed; 0 ignored; 0 measured; 0 filtered out; finished in 0.00s
[INFO] [stdout] 
[INFO] [stdout] 
[INFO] [stdout] running 9 tests
[INFO] [stdout] test src/lib.rs - Argument::add_option (line 202) ... FAILED
[INFO] [stdout] test src/lib.rs - (line 18) ... FAILED
[INFO] [stdout] test src/lib.rs - Argument::parse_args (line 412) ... FAILED
[INFO] [stdout] test src/lib.rs - (line 33) ... FAILED
[INFO] [stdout] test src/lib.rs - Argument::print_help (line 270) ... FAILED
[INFO] [stdout] test src/lib.rs - Argument::add_arg (line 145) ... FAILED
[INFO] [stdout] test src/lib.rs - Argument (line 19) ... ok
[INFO] [stdout] test src/lib.rs - Argument::add_exit_status (line 111) ... ok
[INFO] [stdout] test src/lib.rs - Argument::new (line 63) ... ok
[INFO] [stdout] 
[INFO] [stdout] failures:
[INFO] [stdout] 
[INFO] [stdout] ---- src/lib.rs - Argument::add_option (line 202) stdout ----
[INFO] [stdout] error: expected one of `!` or `[`, found `}`
[INFO] [stdout]   --> src/lib.rs:212:2
[INFO] [stdout]    |
[INFO] [stdout] 12 | #}
[INFO] [stdout]    |  ^ expected one of `!` or `[`
[INFO] [stdout] 
[INFO] [stdout] error: aborting due to 1 previous error
[INFO] [stdout] 
[INFO] [stdout] Couldn't compile the test.
[INFO] [stdout] ---- src/lib.rs - (line 18) stdout ----
[INFO] [stdout] error: expected one of `!`, `.`, `::`, `;`, `?`, `{`, `}`, or an operator, found `add`
[INFO] [stdout]  --> src/lib.rs:20:7
[INFO] [stdout]   |
[INFO] [stdout] 5 | cargo add taap
[INFO] [stdout]   |       ^^^ expected one of 8 possible tokens
[INFO] [stdout] 
[INFO] [stdout] error: aborting due to 1 previous error
[INFO] [stdout] 
[INFO] [stdout] Couldn't compile the test.
[INFO] [stdout] ---- src/lib.rs - Argument::parse_args (line 412) stdout ----
[INFO] [stdout] error: expected one of `!` or `[`, found `}`
[INFO] [stdout]   --> src/lib.rs:430:2
[INFO] [stdout]    |
[INFO] [stdout] 20 | #}
[INFO] [stdout]    |  ^ expected one of `!` or `[`
[INFO] [stdout] 
[INFO] [stdout] error: aborting due to 1 previous error
[INFO] [stdout] 
[INFO] [stdout] Couldn't compile the test.
[INFO] [stdout] ---- src/lib.rs - (line 33) stdout ----
[INFO] [stdout] error[E0254]: the name `taap` is defined multiple times
[INFO] [stdout]  --> src/lib.rs:36:5
[INFO] [stdout]   |
[INFO] [stdout] 4 | extern crate r#taap;
[INFO] [stdout]   | -------------------- previous import of the extern crate `taap` here
[INFO] [stdout] 5 | use taap;
[INFO] [stdout]   |     ^^^^ `taap` reimported here
[INFO] [stdout]   |
[INFO] [stdout]   = note: `taap` must be defined only once in the type namespace of this module
[INFO] [stdout] 
[INFO] [stdout] error: aborting due to 1 previous error
[INFO] [stdout] 
[INFO] [stdout] For more information about this error, try `rustc --explain E0254`.
[INFO] [stdout] Couldn't compile the test.
[INFO] [stdout] ---- src/lib.rs - Argument::print_help (line 270) stdout ----
[INFO] [stdout] error: expected one of `!` or `[`, found `}`
[INFO] [stdout]   --> src/lib.rs:283:2
[INFO] [stdout]    |
[INFO] [stdout] 15 | #}
[INFO] [stdout]    |  ^ expected one of `!` or `[`
[INFO] [stdout] 
[INFO] [stdout] error: aborting due to 1 previous error
[INFO] [stdout] 
[INFO] [stdout] Couldn't compile the test.
[INFO] [stdout] ---- src/lib.rs - Argument::add_arg (line 145) stdout ----
[INFO] [stdout] error: expected one of `!` or `[`, found `}`
[INFO] [stdout]   --> src/lib.rs:155:2
[INFO] [stdout]    |
[INFO] [stdout] 12 | #}
[INFO] [stdout]    |  ^ expected one of `!` or `[`
[INFO] [stdout] 
[INFO] [stdout] error[E0433]: failed to resolve: use of undeclared crate or module `arguments`
[INFO] [stdout]  --> src/lib.rs:151:1
[INFO] [stdout]   |
[INFO] [stdout] 8 | arguments::add_arg("BAR", "1", Some("Some Help"));
[INFO] [stdout]   | ^^^^^^^^^ use of undeclared crate or module `arguments`
[INFO] [stdout]   |
[INFO] [stdout] help: you may have meant to call an instance method
[INFO] [stdout]   |
[INFO] [stdout] 8 | arguments.add_arg("BAR", "1", Some("Some Help"));
[INFO] [stdout]   |          ~
[INFO] [stdout] 
[INFO] [stdout] error[E0433]: failed to resolve: use of undeclared crate or module `arguments`
[INFO] [stdout]   --> src/lib.rs:153:1
[INFO] [stdout]    |
[INFO] [stdout] 10 | arguments::add_arg("FOO", "+", None);
[INFO] [stdout]    | ^^^^^^^^^ use of undeclared crate or module `arguments`
[INFO] [stdout]    |
[INFO] [stdout] help: you may have meant to call an instance method
[INFO] [stdout]    |
[INFO] [stdout] 10 | arguments.add_arg("FOO", "+", None);
[INFO] [stdout]    |          ~
[INFO] [stdout] 
[INFO] [stdout] error: aborting due to 3 previous errors
[INFO] [stdout] 
[INFO] [stdout] For more information about this error, try `rustc --explain E0433`.
[INFO] [stdout] Couldn't compile the test.
[INFO] [stdout] 
[INFO] [stdout] failures:
[INFO] [stdout]     src/lib.rs - (line 18)
[INFO] [stdout]     src/lib.rs - (line 33)
[INFO] [stdout]     src/lib.rs - Argument::add_arg (line 145)
[INFO] [stdout]     src/lib.rs - Argument::add_option (line 202)
[INFO] [stdout]     src/lib.rs - Argument::parse_args (line 412)
[INFO] [stdout]     src/lib.rs - Argument::print_help (line 270)
[INFO] [stdout] 
[INFO] [stdout] test result: FAILED. 3 passed; 6 failed; 0 ignored; 0 measured; 0 filtered out; finished in 0.87s
[INFO] [stdout] 
[INFO] [stderr] error: doctest failed, to rerun pass `--doc`
[INFO] running `Command { std: "docker" "inspect" "e04588e735ceacf4f7e5723a9fee18af40415f21c4f5d2501331bbacef4282c5", kill_on_drop: false }`
[INFO] running `Command { std: "docker" "rm" "-f" "e04588e735ceacf4f7e5723a9fee18af40415f21c4f5d2501331bbacef4282c5", kill_on_drop: false }`
[INFO] [stdout] e04588e735ceacf4f7e5723a9fee18af40415f21c4f5d2501331bbacef4282c5
