[INFO] fetching crate t_cargo 0.1.0...
[INFO] testing t_cargo-0.1.0 against beta-2024-12-08 for beta-1.84.0-4-retry
[INFO] extracting crate t_cargo 0.1.0 into /workspace/builds/worker-4-tc2/source
[INFO] validating manifest of crates.io crate t_cargo 0.1.0 on toolchain beta-2024-12-08
[INFO] running `Command { std: CARGO_HOME="/workspace/cargo-home" RUSTUP_HOME="/workspace/rustup-home" "/workspace/cargo-home/bin/cargo" "+beta-2024-12-08" "metadata" "--manifest-path" "Cargo.toml" "--no-deps", kill_on_drop: false }`
[INFO] started tweaking crates.io crate t_cargo 0.1.0
[INFO] finished tweaking crates.io crate t_cargo 0.1.0
[INFO] tweaked toml for crates.io crate t_cargo 0.1.0 written to /workspace/builds/worker-4-tc2/source/Cargo.toml
[INFO] crate crates.io crate t_cargo 0.1.0 already has a lockfile, it will not be regenerated
[INFO] running `Command { std: CARGO_HOME="/workspace/cargo-home" RUSTUP_HOME="/workspace/rustup-home" "/workspace/cargo-home/bin/cargo" "+beta-2024-12-08" "fetch" "--manifest-path" "Cargo.toml", kill_on_drop: false }`
[INFO] running `Command { std: "docker" "create" "-v" "/var/lib/crater-agent-workspace/builds/worker-4-tc2/target:/opt/rustwide/target:rw,Z" "-v" "/var/lib/crater-agent-workspace/builds/worker-4-tc2/source:/opt/rustwide/workdir:ro,Z" "-v" "/var/lib/crater-agent-workspace/cargo-home:/opt/rustwide/cargo-home:ro,Z" "-v" "/var/lib/crater-agent-workspace/rustup-home:/opt/rustwide/rustup-home:ro,Z" "-e" "SOURCE_DIR=/opt/rustwide/workdir" "-e" "CARGO_TARGET_DIR=/opt/rustwide/target" "-e" "CARGO_HOME=/opt/rustwide/cargo-home" "-e" "RUSTUP_HOME=/opt/rustwide/rustup-home" "-w" "/opt/rustwide/workdir" "-m" "1610612736" "--user" "0:0" "--network" "none" "ghcr.io/rust-lang/crates-build-env/linux@sha256:f3a9d4ad9d972b27faf3965f35b62e55ba32bbce8f20bc8fe909558a86702fde" "/opt/rustwide/cargo-home/bin/cargo" "+beta-2024-12-08" "metadata" "--no-deps" "--format-version=1", kill_on_drop: false }`
[INFO] [stdout] fc7c737fcd91ed4c9f41b32e8b7ea091edc556c0de9ae18eaca131a9934c520b
[INFO] running `Command { std: "docker" "start" "-a" "fc7c737fcd91ed4c9f41b32e8b7ea091edc556c0de9ae18eaca131a9934c520b", kill_on_drop: false }`
[INFO] running `Command { std: "docker" "inspect" "fc7c737fcd91ed4c9f41b32e8b7ea091edc556c0de9ae18eaca131a9934c520b", kill_on_drop: false }`
[INFO] running `Command { std: "docker" "rm" "-f" "fc7c737fcd91ed4c9f41b32e8b7ea091edc556c0de9ae18eaca131a9934c520b", kill_on_drop: false }`
[INFO] [stdout] fc7c737fcd91ed4c9f41b32e8b7ea091edc556c0de9ae18eaca131a9934c520b
[INFO] running `Command { std: "docker" "create" "-v" "/var/lib/crater-agent-workspace/builds/worker-4-tc2/target:/opt/rustwide/target:rw,Z" "-v" "/var/lib/crater-agent-workspace/builds/worker-4-tc2/source:/opt/rustwide/workdir:ro,Z" "-v" "/var/lib/crater-agent-workspace/cargo-home:/opt/rustwide/cargo-home:ro,Z" "-v" "/var/lib/crater-agent-workspace/rustup-home:/opt/rustwide/rustup-home:ro,Z" "-e" "SOURCE_DIR=/opt/rustwide/workdir" "-e" "CARGO_TARGET_DIR=/opt/rustwide/target" "-e" "CARGO_INCREMENTAL=0" "-e" "RUST_BACKTRACE=full" "-e" "RUSTFLAGS=--cap-lints=warn" "-e" "RUSTDOCFLAGS=--cap-lints=warn" "-e" "CARGO_HOME=/opt/rustwide/cargo-home" "-e" "RUSTUP_HOME=/opt/rustwide/rustup-home" "-w" "/opt/rustwide/workdir" "-m" "1610612736" "--user" "0:0" "--network" "none" "ghcr.io/rust-lang/crates-build-env/linux@sha256:f3a9d4ad9d972b27faf3965f35b62e55ba32bbce8f20bc8fe909558a86702fde" "/opt/rustwide/cargo-home/bin/cargo" "+beta-2024-12-08" "build" "--frozen" "--message-format=json", kill_on_drop: false }`
[INFO] [stdout] f5160edf18139a7c880c60e823f0861300f0ebee3bfd9298da94e521fb5f457e
[INFO] running `Command { std: "docker" "start" "-a" "f5160edf18139a7c880c60e823f0861300f0ebee3bfd9298da94e521fb5f457e", kill_on_drop: false }`
[INFO] [stderr]    Compiling t_cargo v0.1.0 (/opt/rustwide/workdir)
[INFO] [stderr]     Finished `dev` profile [optimized + debuginfo] target(s) in 0.33s
[INFO] running `Command { std: "docker" "inspect" "f5160edf18139a7c880c60e823f0861300f0ebee3bfd9298da94e521fb5f457e", kill_on_drop: false }`
[INFO] running `Command { std: "docker" "rm" "-f" "f5160edf18139a7c880c60e823f0861300f0ebee3bfd9298da94e521fb5f457e", kill_on_drop: false }`
[INFO] [stdout] f5160edf18139a7c880c60e823f0861300f0ebee3bfd9298da94e521fb5f457e
[INFO] running `Command { std: "docker" "create" "-v" "/var/lib/crater-agent-workspace/builds/worker-4-tc2/target:/opt/rustwide/target:rw,Z" "-v" "/var/lib/crater-agent-workspace/builds/worker-4-tc2/source:/opt/rustwide/workdir:ro,Z" "-v" "/var/lib/crater-agent-workspace/cargo-home:/opt/rustwide/cargo-home:ro,Z" "-v" "/var/lib/crater-agent-workspace/rustup-home:/opt/rustwide/rustup-home:ro,Z" "-e" "SOURCE_DIR=/opt/rustwide/workdir" "-e" "CARGO_TARGET_DIR=/opt/rustwide/target" "-e" "CARGO_INCREMENTAL=0" "-e" "RUST_BACKTRACE=full" "-e" "RUSTFLAGS=--cap-lints=warn" "-e" "RUSTDOCFLAGS=--cap-lints=warn" "-e" "CARGO_HOME=/opt/rustwide/cargo-home" "-e" "RUSTUP_HOME=/opt/rustwide/rustup-home" "-w" "/opt/rustwide/workdir" "-m" "1610612736" "--user" "0:0" "--network" "none" "ghcr.io/rust-lang/crates-build-env/linux@sha256:f3a9d4ad9d972b27faf3965f35b62e55ba32bbce8f20bc8fe909558a86702fde" "/opt/rustwide/cargo-home/bin/cargo" "+beta-2024-12-08" "test" "--frozen" "--no-run" "--message-format=json", kill_on_drop: false }`
[INFO] [stdout] b08ab38714d24e56ea1183c13e1fbdd3cc708c5508d4b68db5822606c73b195d
[INFO] running `Command { std: "docker" "start" "-a" "b08ab38714d24e56ea1183c13e1fbdd3cc708c5508d4b68db5822606c73b195d", kill_on_drop: false }`
[INFO] [stderr]    Compiling t_cargo v0.1.0 (/opt/rustwide/workdir)
[INFO] [stderr]     Finished `test` profile [optimized + debuginfo] target(s) in 0.33s
[INFO] running `Command { std: "docker" "inspect" "b08ab38714d24e56ea1183c13e1fbdd3cc708c5508d4b68db5822606c73b195d", kill_on_drop: false }`
[INFO] running `Command { std: "docker" "rm" "-f" "b08ab38714d24e56ea1183c13e1fbdd3cc708c5508d4b68db5822606c73b195d", kill_on_drop: false }`
[INFO] [stdout] b08ab38714d24e56ea1183c13e1fbdd3cc708c5508d4b68db5822606c73b195d
[INFO] running `Command { std: "docker" "create" "-v" "/var/lib/crater-agent-workspace/builds/worker-4-tc2/target:/opt/rustwide/target:rw,Z" "-v" "/var/lib/crater-agent-workspace/builds/worker-4-tc2/source:/opt/rustwide/workdir:ro,Z" "-v" "/var/lib/crater-agent-workspace/cargo-home:/opt/rustwide/cargo-home:ro,Z" "-v" "/var/lib/crater-agent-workspace/rustup-home:/opt/rustwide/rustup-home:ro,Z" "-e" "SOURCE_DIR=/opt/rustwide/workdir" "-e" "CARGO_TARGET_DIR=/opt/rustwide/target" "-e" "CARGO_INCREMENTAL=0" "-e" "RUST_BACKTRACE=full" "-e" "RUSTFLAGS=--cap-lints=warn" "-e" "RUSTDOCFLAGS=--cap-lints=warn" "-e" "CARGO_HOME=/opt/rustwide/cargo-home" "-e" "RUSTUP_HOME=/opt/rustwide/rustup-home" "-w" "/opt/rustwide/workdir" "-m" "1610612736" "--user" "0:0" "--network" "none" "ghcr.io/rust-lang/crates-build-env/linux@sha256:f3a9d4ad9d972b27faf3965f35b62e55ba32bbce8f20bc8fe909558a86702fde" "/opt/rustwide/cargo-home/bin/cargo" "+beta-2024-12-08" "test" "--frozen", kill_on_drop: false }`
[INFO] [stdout] e38b21447fd76735fd710f30af92a43faaa230d1610c46fc1b26857f2906f40d
[INFO] running `Command { std: "docker" "start" "-a" "e38b21447fd76735fd710f30af92a43faaa230d1610c46fc1b26857f2906f40d", kill_on_drop: false }`
[INFO] [stderr]     Finished `test` profile [optimized + debuginfo] target(s) in 0.02s
[INFO] [stderr]      Running unittests src/lib.rs (/opt/rustwide/target/debug/deps/t_cargo-5091d162ce4502f8)
[INFO] [stdout] 
[INFO] [stdout] running 0 tests
[INFO] [stdout] 
[INFO] [stdout] test result: ok. 0 passed; 0 failed; 0 ignored; 0 measured; 0 filtered out; finished in 0.00s
[INFO] [stdout] 
[INFO] [stderr]      Running unittests src/main.rs (/opt/rustwide/target/debug/deps/t_cargo-b03a0519ff89cd5a)
[INFO] [stdout] 
[INFO] [stdout] running 0 tests
[INFO] [stdout] 
[INFO] [stdout] test result: ok. 0 passed; 0 failed; 0 ignored; 0 measured; 0 filtered out; finished in 0.00s
[INFO] [stdout] 
[INFO] [stderr]    Doc-tests t_cargo
[INFO] [stdout] 
[INFO] [stdout] running 2 tests
[INFO] [stdout] test src/lib.rs - add_one (line 21) ... FAILED
[INFO] [stdout] test src/lib.rs - add_two (line 32) ... FAILED
[INFO] [stdout] 
[INFO] [stdout] failures:
[INFO] [stdout] 
[INFO] [stdout] ---- src/lib.rs - add_one (line 21) stdout ----
[INFO] [stdout] error[E0433]: failed to resolve: use of undeclared crate or module `my_crate`
[INFO] [stdout]  --> src/lib.rs:24:15
[INFO] [stdout]   |
[INFO] [stdout] 5 | assert_eq!(6, my_crate::add_one(5));
[INFO] [stdout]   |               ^^^^^^^^ use of undeclared crate or module `my_crate`
[INFO] [stdout] 
[INFO] [stdout] error: aborting due to 1 previous error
[INFO] [stdout] 
[INFO] [stdout] For more information about this error, try `rustc --explain E0433`.
[INFO] [stdout] Couldn't compile the test.
[INFO] [stdout] ---- src/lib.rs - add_two (line 32) stdout ----
[INFO] [stdout] error[E0433]: failed to resolve: use of undeclared crate or module `my_gg`
[INFO] [stdout]  --> src/lib.rs:35:15
[INFO] [stdout]   |
[INFO] [stdout] 5 | assert_eq!(7, my_gg::add_one(5));
[INFO] [stdout]   |               ^^^^^ use of undeclared crate or module `my_gg`
[INFO] [stdout] 
[INFO] [stdout] error: aborting due to 1 previous error
[INFO] [stdout] 
[INFO] [stdout] For more information about this error, try `rustc --explain E0433`.
[INFO] [stdout] Couldn't compile the test.
[INFO] [stdout] 
[INFO] [stdout] failures:
[INFO] [stdout]     src/lib.rs - add_one (line 21)
[INFO] [stdout]     src/lib.rs - add_two (line 32)
[INFO] [stdout] 
[INFO] [stdout] test result: FAILED. 0 passed; 2 failed; 0 ignored; 0 measured; 0 filtered out; finished in 0.09s
[INFO] [stdout] 
[INFO] [stderr] error: doctest failed, to rerun pass `--doc`
[INFO] running `Command { std: "docker" "inspect" "e38b21447fd76735fd710f30af92a43faaa230d1610c46fc1b26857f2906f40d", kill_on_drop: false }`
[INFO] running `Command { std: "docker" "rm" "-f" "e38b21447fd76735fd710f30af92a43faaa230d1610c46fc1b26857f2906f40d", kill_on_drop: false }`
[INFO] [stdout] e38b21447fd76735fd710f30af92a43faaa230d1610c46fc1b26857f2906f40d
