[INFO] fetching crate sysutil 0.6.1...
[INFO] testing sysutil-0.6.1 against 1.83.0 for beta-1.84.0-4-retry
[INFO] extracting crate sysutil 0.6.1 into /workspace/builds/worker-1-tc1/source
[INFO] validating manifest of crates.io crate sysutil 0.6.1 on toolchain 1.83.0
[INFO] running `Command { std: CARGO_HOME="/workspace/cargo-home" RUSTUP_HOME="/workspace/rustup-home" "/workspace/cargo-home/bin/cargo" "+1.83.0" "metadata" "--manifest-path" "Cargo.toml" "--no-deps", kill_on_drop: false }`
[INFO] started tweaking crates.io crate sysutil 0.6.1
[INFO] finished tweaking crates.io crate sysutil 0.6.1
[INFO] tweaked toml for crates.io crate sysutil 0.6.1 written to /workspace/builds/worker-1-tc1/source/Cargo.toml
[INFO] running `Command { std: CARGO_HOME="/workspace/cargo-home" RUSTUP_HOME="/workspace/rustup-home" "/workspace/cargo-home/bin/cargo" "+1.83.0" "generate-lockfile" "--manifest-path" "Cargo.toml", kill_on_drop: false }`
[INFO] [stderr]     Updating crates.io index
[INFO] [stderr]      Locking 1 package to latest compatible version
[INFO] running `Command { std: CARGO_HOME="/workspace/cargo-home" RUSTUP_HOME="/workspace/rustup-home" "/workspace/cargo-home/bin/cargo" "+1.83.0" "fetch" "--manifest-path" "Cargo.toml", kill_on_drop: false }`
[INFO] [stderr]  Downloading crates ...
[INFO] [stderr]   Downloaded rsjson v0.5.1
[INFO] running `Command { std: "docker" "create" "-v" "/var/lib/crater-agent-workspace/builds/worker-1-tc1/target:/opt/rustwide/target:rw,Z" "-v" "/var/lib/crater-agent-workspace/builds/worker-1-tc1/source:/opt/rustwide/workdir:ro,Z" "-v" "/var/lib/crater-agent-workspace/cargo-home:/opt/rustwide/cargo-home:ro,Z" "-v" "/var/lib/crater-agent-workspace/rustup-home:/opt/rustwide/rustup-home:ro,Z" "-e" "SOURCE_DIR=/opt/rustwide/workdir" "-e" "CARGO_TARGET_DIR=/opt/rustwide/target" "-e" "CARGO_HOME=/opt/rustwide/cargo-home" "-e" "RUSTUP_HOME=/opt/rustwide/rustup-home" "-w" "/opt/rustwide/workdir" "-m" "1610612736" "--user" "0:0" "--network" "none" "ghcr.io/rust-lang/crates-build-env/linux@sha256:f3a9d4ad9d972b27faf3965f35b62e55ba32bbce8f20bc8fe909558a86702fde" "/opt/rustwide/cargo-home/bin/cargo" "+1.83.0" "metadata" "--no-deps" "--format-version=1", kill_on_drop: false }`
[INFO] [stdout] aa7744ad8a8f20002f76e9cf52240d90529cd171c644517e28910ed017574a48
[INFO] running `Command { std: "docker" "start" "-a" "aa7744ad8a8f20002f76e9cf52240d90529cd171c644517e28910ed017574a48", kill_on_drop: false }`
[INFO] running `Command { std: "docker" "inspect" "aa7744ad8a8f20002f76e9cf52240d90529cd171c644517e28910ed017574a48", kill_on_drop: false }`
[INFO] running `Command { std: "docker" "rm" "-f" "aa7744ad8a8f20002f76e9cf52240d90529cd171c644517e28910ed017574a48", kill_on_drop: false }`
[INFO] [stdout] aa7744ad8a8f20002f76e9cf52240d90529cd171c644517e28910ed017574a48
[INFO] running `Command { std: "docker" "create" "-v" "/var/lib/crater-agent-workspace/builds/worker-1-tc1/target:/opt/rustwide/target:rw,Z" "-v" "/var/lib/crater-agent-workspace/builds/worker-1-tc1/source:/opt/rustwide/workdir:ro,Z" "-v" "/var/lib/crater-agent-workspace/cargo-home:/opt/rustwide/cargo-home:ro,Z" "-v" "/var/lib/crater-agent-workspace/rustup-home:/opt/rustwide/rustup-home:ro,Z" "-e" "SOURCE_DIR=/opt/rustwide/workdir" "-e" "CARGO_TARGET_DIR=/opt/rustwide/target" "-e" "CARGO_INCREMENTAL=0" "-e" "RUST_BACKTRACE=full" "-e" "RUSTFLAGS=--cap-lints=warn" "-e" "RUSTDOCFLAGS=--cap-lints=warn" "-e" "CARGO_HOME=/opt/rustwide/cargo-home" "-e" "RUSTUP_HOME=/opt/rustwide/rustup-home" "-w" "/opt/rustwide/workdir" "-m" "1610612736" "--user" "0:0" "--network" "none" "ghcr.io/rust-lang/crates-build-env/linux@sha256:f3a9d4ad9d972b27faf3965f35b62e55ba32bbce8f20bc8fe909558a86702fde" "/opt/rustwide/cargo-home/bin/cargo" "+1.83.0" "build" "--frozen" "--message-format=json", kill_on_drop: false }`
[INFO] [stdout] 1ce92f556765277367e3282ff70e6614ffb7969340bd187b95b50927b9007195
[INFO] running `Command { std: "docker" "start" "-a" "1ce92f556765277367e3282ff70e6614ffb7969340bd187b95b50927b9007195", kill_on_drop: false }`
[INFO] [stderr]    Compiling rsjson v0.5.1
[INFO] [stderr]    Compiling sysutil v0.6.1 (/opt/rustwide/workdir)
[INFO] [stderr]     Finished `dev` profile [unoptimized + debuginfo] target(s) in 1.04s
[INFO] running `Command { std: "docker" "inspect" "1ce92f556765277367e3282ff70e6614ffb7969340bd187b95b50927b9007195", kill_on_drop: false }`
[INFO] running `Command { std: "docker" "rm" "-f" "1ce92f556765277367e3282ff70e6614ffb7969340bd187b95b50927b9007195", kill_on_drop: false }`
[INFO] [stdout] 1ce92f556765277367e3282ff70e6614ffb7969340bd187b95b50927b9007195
[INFO] running `Command { std: "docker" "create" "-v" "/var/lib/crater-agent-workspace/builds/worker-1-tc1/target:/opt/rustwide/target:rw,Z" "-v" "/var/lib/crater-agent-workspace/builds/worker-1-tc1/source:/opt/rustwide/workdir:ro,Z" "-v" "/var/lib/crater-agent-workspace/cargo-home:/opt/rustwide/cargo-home:ro,Z" "-v" "/var/lib/crater-agent-workspace/rustup-home:/opt/rustwide/rustup-home:ro,Z" "-e" "SOURCE_DIR=/opt/rustwide/workdir" "-e" "CARGO_TARGET_DIR=/opt/rustwide/target" "-e" "CARGO_INCREMENTAL=0" "-e" "RUST_BACKTRACE=full" "-e" "RUSTFLAGS=--cap-lints=warn" "-e" "RUSTDOCFLAGS=--cap-lints=warn" "-e" "CARGO_HOME=/opt/rustwide/cargo-home" "-e" "RUSTUP_HOME=/opt/rustwide/rustup-home" "-w" "/opt/rustwide/workdir" "-m" "1610612736" "--user" "0:0" "--network" "none" "ghcr.io/rust-lang/crates-build-env/linux@sha256:f3a9d4ad9d972b27faf3965f35b62e55ba32bbce8f20bc8fe909558a86702fde" "/opt/rustwide/cargo-home/bin/cargo" "+1.83.0" "test" "--frozen" "--no-run" "--message-format=json", kill_on_drop: false }`
[INFO] [stdout] 71988b01d39a6dd1bfd9a18cd9d5d1e4476cb703f4283e96f1f2e1512bb9d268
[INFO] running `Command { std: "docker" "start" "-a" "71988b01d39a6dd1bfd9a18cd9d5d1e4476cb703f4283e96f1f2e1512bb9d268", kill_on_drop: false }`
[INFO] [stderr]    Compiling sysutil v0.6.1 (/opt/rustwide/workdir)
[INFO] [stderr]     Finished `test` profile [unoptimized + debuginfo] target(s) in 0.75s
[INFO] running `Command { std: "docker" "inspect" "71988b01d39a6dd1bfd9a18cd9d5d1e4476cb703f4283e96f1f2e1512bb9d268", kill_on_drop: false }`
[INFO] running `Command { std: "docker" "rm" "-f" "71988b01d39a6dd1bfd9a18cd9d5d1e4476cb703f4283e96f1f2e1512bb9d268", kill_on_drop: false }`
[INFO] [stdout] 71988b01d39a6dd1bfd9a18cd9d5d1e4476cb703f4283e96f1f2e1512bb9d268
[INFO] running `Command { std: "docker" "create" "-v" "/var/lib/crater-agent-workspace/builds/worker-1-tc1/target:/opt/rustwide/target:rw,Z" "-v" "/var/lib/crater-agent-workspace/builds/worker-1-tc1/source:/opt/rustwide/workdir:ro,Z" "-v" "/var/lib/crater-agent-workspace/cargo-home:/opt/rustwide/cargo-home:ro,Z" "-v" "/var/lib/crater-agent-workspace/rustup-home:/opt/rustwide/rustup-home:ro,Z" "-e" "SOURCE_DIR=/opt/rustwide/workdir" "-e" "CARGO_TARGET_DIR=/opt/rustwide/target" "-e" "CARGO_INCREMENTAL=0" "-e" "RUST_BACKTRACE=full" "-e" "RUSTFLAGS=--cap-lints=warn" "-e" "RUSTDOCFLAGS=--cap-lints=warn" "-e" "CARGO_HOME=/opt/rustwide/cargo-home" "-e" "RUSTUP_HOME=/opt/rustwide/rustup-home" "-w" "/opt/rustwide/workdir" "-m" "1610612736" "--user" "0:0" "--network" "none" "ghcr.io/rust-lang/crates-build-env/linux@sha256:f3a9d4ad9d972b27faf3965f35b62e55ba32bbce8f20bc8fe909558a86702fde" "/opt/rustwide/cargo-home/bin/cargo" "+1.83.0" "test" "--frozen", kill_on_drop: false }`
[INFO] [stdout] efb14bf4df550dfb83c46eef57e0d0c68c1971a0c1dc571c63e5a2381950345b
[INFO] running `Command { std: "docker" "start" "-a" "efb14bf4df550dfb83c46eef57e0d0c68c1971a0c1dc571c63e5a2381950345b", kill_on_drop: false }`
[INFO] [stderr]     Finished `test` profile [unoptimized + debuginfo] target(s) in 0.01s
[INFO] [stderr]      Running unittests src/lib.rs (/opt/rustwide/target/debug/deps/sysutil-5c9345d31f06c88b)
[INFO] [stdout] 
[INFO] [stdout] running 1 test
[INFO] [stdout] test tests::test ... ok
[INFO] [stdout] 
[INFO] [stdout] test result: ok. 1 passed; 0 failed; 0 ignored; 0 measured; 0 filtered out; finished in 0.00s
[INFO] [stdout] 
[INFO] [stderr]    Doc-tests sysutil
[INFO] [stdout] 
[INFO] [stdout] running 4 tests
[INFO] [stdout] test src/storage.rs - storage::ByteSize (line 18) ... FAILED
[INFO] [stdout] test src/cpu.rs - cpu::Frequency (line 100) ... FAILED
[INFO] [stdout] test src/cpu.rs - cpu::CPU (line 58) ... FAILED
[INFO] [stdout] test src/lib.rs - (line 15) ... ok
[INFO] [stdout] 
[INFO] [stdout] failures:
[INFO] [stdout] 
[INFO] [stdout] ---- src/storage.rs - storage::ByteSize (line 18) stdout ----
[INFO] [stdout] error: expected expression, found `;`
[INFO] [stdout]  --> src/storage.rs:20:62
[INFO] [stdout]   |
[INFO] [stdout] 5 | let byteSize = /* some sysutil function returning ByteSize */;
[INFO] [stdout]   |                                                              ^ expected expression
[INFO] [stdout] 
[INFO] [stdout] error: aborting due to 1 previous error
[INFO] [stdout] 
[INFO] [stdout] Couldn't compile the test.
[INFO] [stdout] ---- src/cpu.rs - cpu::Frequency (line 100) stdout ----
[INFO] [stdout] error[E0432]: unresolved import `sysutil::cpuFrequency`
[INFO] [stdout]  --> src/cpu.rs:102:5
[INFO] [stdout]   |
[INFO] [stdout] 5 | use sysutil::cpuFrequency;
[INFO] [stdout]   |     ^^^^^^^^^^^^^^^^^^^^^ no `cpuFrequency` in the root
[INFO] [stdout] 
[INFO] [stdout] error: aborting due to 1 previous error
[INFO] [stdout] 
[INFO] [stdout] For more information about this error, try `rustc --explain E0432`.
[INFO] [stdout] Couldn't compile the test.
[INFO] [stdout] ---- src/cpu.rs - cpu::CPU (line 58) stdout ----
[INFO] [stdout] error[E0433]: failed to resolve: could not find `CPU` in `sysutil`
[INFO] [stdout]  --> src/cpu.rs:62:24
[INFO] [stdout]   |
[INFO] [stdout] 7 | let mut cpu = sysutil::CPU::new();
[INFO] [stdout]   |                        ^^^ could not find `CPU` in `sysutil`
[INFO] [stdout]   |
[INFO] [stdout] help: consider importing this struct
[INFO] [stdout]   |
[INFO] [stdout] 2 + use sysutil::cpu::CPU;
[INFO] [stdout]   |
[INFO] [stdout] help: if you import `CPU`, refer to it directly
[INFO] [stdout]   |
[INFO] [stdout] 7 - let mut cpu = sysutil::CPU::new();
[INFO] [stdout] 7 + let mut cpu = CPU::new();
[INFO] [stdout]   |
[INFO] [stdout] 
[INFO] [stdout] error: aborting due to 1 previous error
[INFO] [stdout] 
[INFO] [stdout] For more information about this error, try `rustc --explain E0433`.
[INFO] [stdout] Couldn't compile the test.
[INFO] [stdout] 
[INFO] [stdout] failures:
[INFO] [stdout]     src/cpu.rs - cpu::CPU (line 58)
[INFO] [stdout]     src/cpu.rs - cpu::Frequency (line 100)
[INFO] [stdout]     src/storage.rs - storage::ByteSize (line 18)
[INFO] [stdout] 
[INFO] [stdout] test result: FAILED. 1 passed; 3 failed; 0 ignored; 0 measured; 0 filtered out; finished in 0.24s
[INFO] [stdout] 
[INFO] [stderr] error: doctest failed, to rerun pass `--doc`
[INFO] running `Command { std: "docker" "inspect" "efb14bf4df550dfb83c46eef57e0d0c68c1971a0c1dc571c63e5a2381950345b", kill_on_drop: false }`
[INFO] running `Command { std: "docker" "rm" "-f" "efb14bf4df550dfb83c46eef57e0d0c68c1971a0c1dc571c63e5a2381950345b", kill_on_drop: false }`
[INFO] [stdout] efb14bf4df550dfb83c46eef57e0d0c68c1971a0c1dc571c63e5a2381950345b
