[INFO] fetching crate systrack 0.1.0...
[INFO] testing systrack-0.1.0 against 1.83.0 for beta-1.84.0-4-retry
[INFO] extracting crate systrack 0.1.0 into /workspace/builds/worker-1-tc1/source
[INFO] validating manifest of crates.io crate systrack 0.1.0 on toolchain 1.83.0
[INFO] running `Command { std: CARGO_HOME="/workspace/cargo-home" RUSTUP_HOME="/workspace/rustup-home" "/workspace/cargo-home/bin/cargo" "+1.83.0" "metadata" "--manifest-path" "Cargo.toml" "--no-deps", kill_on_drop: false }`
[INFO] started tweaking crates.io crate systrack 0.1.0
[INFO] finished tweaking crates.io crate systrack 0.1.0
[INFO] tweaked toml for crates.io crate systrack 0.1.0 written to /workspace/builds/worker-1-tc1/source/Cargo.toml
[INFO] crate crates.io crate systrack 0.1.0 already has a lockfile, it will not be regenerated
[INFO] running `Command { std: CARGO_HOME="/workspace/cargo-home" RUSTUP_HOME="/workspace/rustup-home" "/workspace/cargo-home/bin/cargo" "+1.83.0" "fetch" "--manifest-path" "Cargo.toml", kill_on_drop: false }`
[INFO] running `Command { std: "docker" "create" "-v" "/var/lib/crater-agent-workspace/builds/worker-1-tc1/target:/opt/rustwide/target:rw,Z" "-v" "/var/lib/crater-agent-workspace/builds/worker-1-tc1/source:/opt/rustwide/workdir:ro,Z" "-v" "/var/lib/crater-agent-workspace/cargo-home:/opt/rustwide/cargo-home:ro,Z" "-v" "/var/lib/crater-agent-workspace/rustup-home:/opt/rustwide/rustup-home:ro,Z" "-e" "SOURCE_DIR=/opt/rustwide/workdir" "-e" "CARGO_TARGET_DIR=/opt/rustwide/target" "-e" "CARGO_HOME=/opt/rustwide/cargo-home" "-e" "RUSTUP_HOME=/opt/rustwide/rustup-home" "-w" "/opt/rustwide/workdir" "-m" "1610612736" "--user" "0:0" "--network" "none" "ghcr.io/rust-lang/crates-build-env/linux@sha256:f3a9d4ad9d972b27faf3965f35b62e55ba32bbce8f20bc8fe909558a86702fde" "/opt/rustwide/cargo-home/bin/cargo" "+1.83.0" "metadata" "--no-deps" "--format-version=1", kill_on_drop: false }`
[INFO] [stdout] 1fe34c72e73cc8e2af7d3ea834debcf6d51c8bfbecb55866b584dc6cd18aaf89
[INFO] running `Command { std: "docker" "start" "-a" "1fe34c72e73cc8e2af7d3ea834debcf6d51c8bfbecb55866b584dc6cd18aaf89", kill_on_drop: false }`
[INFO] running `Command { std: "docker" "inspect" "1fe34c72e73cc8e2af7d3ea834debcf6d51c8bfbecb55866b584dc6cd18aaf89", kill_on_drop: false }`
[INFO] running `Command { std: "docker" "rm" "-f" "1fe34c72e73cc8e2af7d3ea834debcf6d51c8bfbecb55866b584dc6cd18aaf89", kill_on_drop: false }`
[INFO] [stdout] 1fe34c72e73cc8e2af7d3ea834debcf6d51c8bfbecb55866b584dc6cd18aaf89
[INFO] running `Command { std: "docker" "create" "-v" "/var/lib/crater-agent-workspace/builds/worker-1-tc1/target:/opt/rustwide/target:rw,Z" "-v" "/var/lib/crater-agent-workspace/builds/worker-1-tc1/source:/opt/rustwide/workdir:ro,Z" "-v" "/var/lib/crater-agent-workspace/cargo-home:/opt/rustwide/cargo-home:ro,Z" "-v" "/var/lib/crater-agent-workspace/rustup-home:/opt/rustwide/rustup-home:ro,Z" "-e" "SOURCE_DIR=/opt/rustwide/workdir" "-e" "CARGO_TARGET_DIR=/opt/rustwide/target" "-e" "CARGO_INCREMENTAL=0" "-e" "RUST_BACKTRACE=full" "-e" "RUSTFLAGS=--cap-lints=warn" "-e" "RUSTDOCFLAGS=--cap-lints=warn" "-e" "CARGO_HOME=/opt/rustwide/cargo-home" "-e" "RUSTUP_HOME=/opt/rustwide/rustup-home" "-w" "/opt/rustwide/workdir" "-m" "1610612736" "--user" "0:0" "--network" "none" "ghcr.io/rust-lang/crates-build-env/linux@sha256:f3a9d4ad9d972b27faf3965f35b62e55ba32bbce8f20bc8fe909558a86702fde" "/opt/rustwide/cargo-home/bin/cargo" "+1.83.0" "build" "--frozen" "--message-format=json", kill_on_drop: false }`
[INFO] [stdout] 7da2cf50c7e6bf24e6d2209bf284ca6c5434f40c66513d04695b8247592ad091
[INFO] running `Command { std: "docker" "start" "-a" "7da2cf50c7e6bf24e6d2209bf284ca6c5434f40c66513d04695b8247592ad091", kill_on_drop: false }`
[INFO] [stderr]    Compiling autocfg v1.1.0
[INFO] [stderr]    Compiling crossbeam-utils v0.8.16
[INFO] [stderr]    Compiling cfg-if v1.0.0
[INFO] [stderr]    Compiling scopeguard v1.2.0
[INFO] [stderr]    Compiling rayon-core v1.12.0
[INFO] [stderr]    Compiling libc v0.2.148
[INFO] [stderr]    Compiling either v1.9.0
[INFO] [stderr]    Compiling once_cell v1.18.0
[INFO] [stderr]    Compiling memoffset v0.9.0
[INFO] [stderr]    Compiling crossbeam-epoch v0.9.15
[INFO] [stderr]    Compiling crossbeam-deque v0.8.3
[INFO] [stderr]    Compiling rayon v1.8.0
[INFO] [stderr]    Compiling sysinfo v0.29.10
[INFO] [stderr]    Compiling systrack v0.1.0 (/opt/rustwide/workdir)
[INFO] [stderr]     Finished `dev` profile [unoptimized + debuginfo] target(s) in 5.99s
[INFO] running `Command { std: "docker" "inspect" "7da2cf50c7e6bf24e6d2209bf284ca6c5434f40c66513d04695b8247592ad091", kill_on_drop: false }`
[INFO] running `Command { std: "docker" "rm" "-f" "7da2cf50c7e6bf24e6d2209bf284ca6c5434f40c66513d04695b8247592ad091", kill_on_drop: false }`
[INFO] [stdout] 7da2cf50c7e6bf24e6d2209bf284ca6c5434f40c66513d04695b8247592ad091
[INFO] running `Command { std: "docker" "create" "-v" "/var/lib/crater-agent-workspace/builds/worker-1-tc1/target:/opt/rustwide/target:rw,Z" "-v" "/var/lib/crater-agent-workspace/builds/worker-1-tc1/source:/opt/rustwide/workdir:ro,Z" "-v" "/var/lib/crater-agent-workspace/cargo-home:/opt/rustwide/cargo-home:ro,Z" "-v" "/var/lib/crater-agent-workspace/rustup-home:/opt/rustwide/rustup-home:ro,Z" "-e" "SOURCE_DIR=/opt/rustwide/workdir" "-e" "CARGO_TARGET_DIR=/opt/rustwide/target" "-e" "CARGO_INCREMENTAL=0" "-e" "RUST_BACKTRACE=full" "-e" "RUSTFLAGS=--cap-lints=warn" "-e" "RUSTDOCFLAGS=--cap-lints=warn" "-e" "CARGO_HOME=/opt/rustwide/cargo-home" "-e" "RUSTUP_HOME=/opt/rustwide/rustup-home" "-w" "/opt/rustwide/workdir" "-m" "1610612736" "--user" "0:0" "--network" "none" "ghcr.io/rust-lang/crates-build-env/linux@sha256:f3a9d4ad9d972b27faf3965f35b62e55ba32bbce8f20bc8fe909558a86702fde" "/opt/rustwide/cargo-home/bin/cargo" "+1.83.0" "test" "--frozen" "--no-run" "--message-format=json", kill_on_drop: false }`
[INFO] [stdout] 454185741cfb00945bc2364e3dea4f22910e2e2ed7088f5e84ecaa46369a5cfe
[INFO] running `Command { std: "docker" "start" "-a" "454185741cfb00945bc2364e3dea4f22910e2e2ed7088f5e84ecaa46369a5cfe", kill_on_drop: false }`
[INFO] [stderr]    Compiling systrack v0.1.0 (/opt/rustwide/workdir)
[INFO] [stderr]     Finished `test` profile [unoptimized + debuginfo] target(s) in 0.44s
[INFO] running `Command { std: "docker" "inspect" "454185741cfb00945bc2364e3dea4f22910e2e2ed7088f5e84ecaa46369a5cfe", kill_on_drop: false }`
[INFO] running `Command { std: "docker" "rm" "-f" "454185741cfb00945bc2364e3dea4f22910e2e2ed7088f5e84ecaa46369a5cfe", kill_on_drop: false }`
[INFO] [stdout] 454185741cfb00945bc2364e3dea4f22910e2e2ed7088f5e84ecaa46369a5cfe
[INFO] running `Command { std: "docker" "create" "-v" "/var/lib/crater-agent-workspace/builds/worker-1-tc1/target:/opt/rustwide/target:rw,Z" "-v" "/var/lib/crater-agent-workspace/builds/worker-1-tc1/source:/opt/rustwide/workdir:ro,Z" "-v" "/var/lib/crater-agent-workspace/cargo-home:/opt/rustwide/cargo-home:ro,Z" "-v" "/var/lib/crater-agent-workspace/rustup-home:/opt/rustwide/rustup-home:ro,Z" "-e" "SOURCE_DIR=/opt/rustwide/workdir" "-e" "CARGO_TARGET_DIR=/opt/rustwide/target" "-e" "CARGO_INCREMENTAL=0" "-e" "RUST_BACKTRACE=full" "-e" "RUSTFLAGS=--cap-lints=warn" "-e" "RUSTDOCFLAGS=--cap-lints=warn" "-e" "CARGO_HOME=/opt/rustwide/cargo-home" "-e" "RUSTUP_HOME=/opt/rustwide/rustup-home" "-w" "/opt/rustwide/workdir" "-m" "1610612736" "--user" "0:0" "--network" "none" "ghcr.io/rust-lang/crates-build-env/linux@sha256:f3a9d4ad9d972b27faf3965f35b62e55ba32bbce8f20bc8fe909558a86702fde" "/opt/rustwide/cargo-home/bin/cargo" "+1.83.0" "test" "--frozen", kill_on_drop: false }`
[INFO] [stdout] 04e7a3aa1ecf1e61809e5989b7d96e8336e9e83265c5c70a5b92b05081c6b458
[INFO] running `Command { std: "docker" "start" "-a" "04e7a3aa1ecf1e61809e5989b7d96e8336e9e83265c5c70a5b92b05081c6b458", kill_on_drop: false }`
[INFO] [stderr]     Finished `test` profile [unoptimized + debuginfo] target(s) in 0.02s
[INFO] [stderr]      Running unittests src/lib.rs (/opt/rustwide/target/debug/deps/systrack-f32eefe974c3592a)
[INFO] [stderr]    Doc-tests systrack
[INFO] [stdout] 
[INFO] [stdout] running 0 tests
[INFO] [stdout] 
[INFO] [stdout] test result: ok. 0 passed; 0 failed; 0 ignored; 0 measured; 0 filtered out; finished in 0.00s
[INFO] [stdout] 
[INFO] [stdout] 
[INFO] [stdout] running 4 tests
[INFO] [stdout] test src/lib.rs - SystemTracker::new_mem_tracker (line 56) ... FAILED
[INFO] [stdout] test src/lib.rs - SystemTracker::new_cpu_tracker (line 39) ... FAILED
[INFO] [stdout] test src/lib.rs - SystemTracker::new_cpu_tracker_with_capacity (line 47) ... FAILED
[INFO] [stdout] test src/lib.rs - SystemTracker::new_mem_tracker_with_capacity (line 63) ... FAILED
[INFO] [stdout] 
[INFO] [stderr] error: doctest failed, to rerun pass `--doc`
[INFO] [stdout] failures:
[INFO] [stdout] 
[INFO] [stdout] ---- src/lib.rs - SystemTracker::new_mem_tracker (line 56) stdout ----
[INFO] [stdout] error[E0433]: failed to resolve: use of undeclared type `SystemTracker`
[INFO] [stdout]  --> src/lib.rs:57:23
[INFO] [stdout]   |
[INFO] [stdout] 3 | let mut cpu_tracker = SystemTracker::new_mem_tracker();
[INFO] [stdout]   |                       ^^^^^^^^^^^^^ use of undeclared type `SystemTracker`
[INFO] [stdout]   |
[INFO] [stdout] help: consider importing this struct
[INFO] [stdout]   |
[INFO] [stdout] 2 + use systrack::SystemTracker;
[INFO] [stdout]   |
[INFO] [stdout] 
[INFO] [stdout] error: aborting due to 1 previous error
[INFO] [stdout] 
[INFO] [stdout] For more information about this error, try `rustc --explain E0433`.
[INFO] [stdout] Couldn't compile the test.
[INFO] [stdout] ---- src/lib.rs - SystemTracker::new_cpu_tracker (line 39) stdout ----
[INFO] [stdout] error[E0433]: failed to resolve: use of undeclared type `SystemTracker`
[INFO] [stdout]  --> src/lib.rs:40:23
[INFO] [stdout]   |
[INFO] [stdout] 3 | let mut cpu_tracker = SystemTracker::new_cpu_tracker();
[INFO] [stdout]   |                       ^^^^^^^^^^^^^ use of undeclared type `SystemTracker`
[INFO] [stdout]   |
[INFO] [stdout] help: consider importing this struct
[INFO] [stdout]   |
[INFO] [stdout] 2 + use systrack::SystemTracker;
[INFO] [stdout]   |
[INFO] [stdout] 
[INFO] [stdout] error: aborting due to 1 previous error
[INFO] [stdout] 
[INFO] [stdout] For more information about this error, try `rustc --explain E0433`.
[INFO] [stdout] Couldn't compile the test.
[INFO] [stdout] ---- src/lib.rs - SystemTracker::new_cpu_tracker_with_capacity (line 47) stdout ----
[INFO] [stdout] error[E0433]: failed to resolve: use of undeclared type `SystemTracker`
[INFO] [stdout]  --> src/lib.rs:48:23
[INFO] [stdout]   |
[INFO] [stdout] 3 | let mut cpu_tracker = SystemTracker::new_cpu_tracker_with_capacity(TrackerCapacity::FIVE);
[INFO] [stdout]   |                       ^^^^^^^^^^^^^ use of undeclared type `SystemTracker`
[INFO] [stdout]   |
[INFO] [stdout] help: consider importing this struct
[INFO] [stdout]   |
[INFO] [stdout] 2 + use systrack::SystemTracker;
[INFO] [stdout]   |
[INFO] [stdout] 
[INFO] [stdout] error[E0433]: failed to resolve: use of undeclared type `TrackerCapacity`
[INFO] [stdout]  --> src/lib.rs:48:68
[INFO] [stdout]   |
[INFO] [stdout] 3 | let mut cpu_tracker = SystemTracker::new_cpu_tracker_with_capacity(TrackerCapacity::FIVE);
[INFO] [stdout]   |                                                                    ^^^^^^^^^^^^^^^ use of undeclared type `TrackerCapacity`
[INFO] [stdout]   |
[INFO] [stdout] help: consider importing this enum
[INFO] [stdout]   |
[INFO] [stdout] 2 + use systrack::TrackerCapacity;
[INFO] [stdout]   |
[INFO] [stdout] 
[INFO] [stdout] error[E0433]: failed to resolve: use of undeclared type `SystemTracker`
[INFO] [stdout]  --> src/lib.rs:49:23
[INFO] [stdout]   |
[INFO] [stdout] 4 | let mut cpu_tracker = SystemTracker::new_cpu_tracker_with_capacity(TrackerCapacity::CUSTOM(20));
[INFO] [stdout]   |                       ^^^^^^^^^^^^^ use of undeclared type `SystemTracker`
[INFO] [stdout]   |
[INFO] [stdout] help: consider importing this struct
[INFO] [stdout]   |
[INFO] [stdout] 2 + use systrack::SystemTracker;
[INFO] [stdout]   |
[INFO] [stdout] 
[INFO] [stdout] error[E0433]: failed to resolve: use of undeclared type `TrackerCapacity`
[INFO] [stdout]  --> src/lib.rs:49:68
[INFO] [stdout]   |
[INFO] [stdout] 4 | let mut cpu_tracker = SystemTracker::new_cpu_tracker_with_capacity(TrackerCapacity::CUSTOM(20));
[INFO] [stdout]   |                                                                    ^^^^^^^^^^^^^^^ use of undeclared type `TrackerCapacity`
[INFO] [stdout]   |
[INFO] [stdout] help: consider importing this enum
[INFO] [stdout]   |
[INFO] [stdout] 2 + use systrack::TrackerCapacity;
[INFO] [stdout]   |
[INFO] [stdout] 
[INFO] [stdout] error: aborting due to 4 previous errors
[INFO] [stdout] 
[INFO] [stdout] For more information about this error, try `rustc --explain E0433`.
[INFO] [stdout] Couldn't compile the test.
[INFO] [stdout] ---- src/lib.rs - SystemTracker::new_mem_tracker_with_capacity (line 63) stdout ----
[INFO] [stdout] error[E0433]: failed to resolve: use of undeclared type `SystemTracker`
[INFO] [stdout]  --> src/lib.rs:64:23
[INFO] [stdout]   |
[INFO] [stdout] 3 | let mut mem_tracker = SystemTracker::new_mem_tracker_with_capacity(TrackerCapacity::FIVE);
[INFO] [stdout]   |                       ^^^^^^^^^^^^^ use of undeclared type `SystemTracker`
[INFO] [stdout]   |
[INFO] [stdout] help: consider importing this struct
[INFO] [stdout]   |
[INFO] [stdout] 2 + use systrack::SystemTracker;
[INFO] [stdout]   |
[INFO] [stdout] 
[INFO] [stdout] error[E0433]: failed to resolve: use of undeclared type `TrackerCapacity`
[INFO] [stdout]  --> src/lib.rs:64:68
[INFO] [stdout]   |
[INFO] [stdout] 3 | let mut mem_tracker = SystemTracker::new_mem_tracker_with_capacity(TrackerCapacity::FIVE);
[INFO] [stdout]   |                                                                    ^^^^^^^^^^^^^^^ use of undeclared type `TrackerCapacity`
[INFO] [stdout]   |
[INFO] [stdout] help: consider importing this enum
[INFO] [stdout]   |
[INFO] [stdout] 2 + use systrack::TrackerCapacity;
[INFO] [stdout]   |
[INFO] [stdout] 
[INFO] [stdout] error[E0433]: failed to resolve: use of undeclared type `SystemTracker`
[INFO] [stdout]  --> src/lib.rs:65:23
[INFO] [stdout]   |
[INFO] [stdout] 4 | let mut mem_tracker = SystemTracker::new_mem_tracker_with_capacity(TrackerCapacity::CUSTOM(20));
[INFO] [stdout]   |                       ^^^^^^^^^^^^^ use of undeclared type `SystemTracker`
[INFO] [stdout]   |
[INFO] [stdout] help: consider importing this struct
[INFO] [stdout]   |
[INFO] [stdout] 2 + use systrack::SystemTracker;
[INFO] [stdout]   |
[INFO] [stdout] 
[INFO] [stdout] error[E0433]: failed to resolve: use of undeclared type `TrackerCapacity`
[INFO] [stdout]  --> src/lib.rs:65:68
[INFO] [stdout]   |
[INFO] [stdout] 4 | let mut mem_tracker = SystemTracker::new_mem_tracker_with_capacity(TrackerCapacity::CUSTOM(20));
[INFO] [stdout]   |                                                                    ^^^^^^^^^^^^^^^ use of undeclared type `TrackerCapacity`
[INFO] [stdout]   |
[INFO] [stdout] help: consider importing this enum
[INFO] [stdout]   |
[INFO] [stdout] 2 + use systrack::TrackerCapacity;
[INFO] [stdout]   |
[INFO] [stdout] 
[INFO] [stdout] error: aborting due to 4 previous errors
[INFO] [stdout] 
[INFO] [stdout] For more information about this error, try `rustc --explain E0433`.
[INFO] [stdout] Couldn't compile the test.
[INFO] [stdout] 
[INFO] [stdout] failures:
[INFO] [stdout]     src/lib.rs - SystemTracker::new_cpu_tracker (line 39)
[INFO] [stdout]     src/lib.rs - SystemTracker::new_cpu_tracker_with_capacity (line 47)
[INFO] [stdout]     src/lib.rs - SystemTracker::new_mem_tracker (line 56)
[INFO] [stdout]     src/lib.rs - SystemTracker::new_mem_tracker_with_capacity (line 63)
[INFO] [stdout] 
[INFO] [stdout] test result: FAILED. 0 passed; 4 failed; 0 ignored; 0 measured; 0 filtered out; finished in 0.07s
[INFO] [stdout] 
[INFO] running `Command { std: "docker" "inspect" "04e7a3aa1ecf1e61809e5989b7d96e8336e9e83265c5c70a5b92b05081c6b458", kill_on_drop: false }`
[INFO] running `Command { std: "docker" "rm" "-f" "04e7a3aa1ecf1e61809e5989b7d96e8336e9e83265c5c70a5b92b05081c6b458", kill_on_drop: false }`
[INFO] [stdout] 04e7a3aa1ecf1e61809e5989b7d96e8336e9e83265c5c70a5b92b05081c6b458
