[INFO] fetching crate system_diskinfo 0.2.2...
[INFO] testing system_diskinfo-0.2.2 against 1.83.0 for beta-1.84.0-4-retry
[INFO] extracting crate system_diskinfo 0.2.2 into /workspace/builds/worker-2-tc1/source
[INFO] validating manifest of crates.io crate system_diskinfo 0.2.2 on toolchain 1.83.0
[INFO] running `Command { std: CARGO_HOME="/workspace/cargo-home" RUSTUP_HOME="/workspace/rustup-home" "/workspace/cargo-home/bin/cargo" "+1.83.0" "metadata" "--manifest-path" "Cargo.toml" "--no-deps", kill_on_drop: false }`
[INFO] started tweaking crates.io crate system_diskinfo 0.2.2
[INFO] finished tweaking crates.io crate system_diskinfo 0.2.2
[INFO] tweaked toml for crates.io crate system_diskinfo 0.2.2 written to /workspace/builds/worker-2-tc1/source/Cargo.toml
[INFO] crate crates.io crate system_diskinfo 0.2.2 already has a lockfile, it will not be regenerated
[INFO] running `Command { std: CARGO_HOME="/workspace/cargo-home" RUSTUP_HOME="/workspace/rustup-home" "/workspace/cargo-home/bin/cargo" "+1.83.0" "fetch" "--manifest-path" "Cargo.toml", kill_on_drop: false }`
[INFO] running `Command { std: "docker" "create" "-v" "/var/lib/crater-agent-workspace/builds/worker-2-tc1/target:/opt/rustwide/target:rw,Z" "-v" "/var/lib/crater-agent-workspace/builds/worker-2-tc1/source:/opt/rustwide/workdir:ro,Z" "-v" "/var/lib/crater-agent-workspace/cargo-home:/opt/rustwide/cargo-home:ro,Z" "-v" "/var/lib/crater-agent-workspace/rustup-home:/opt/rustwide/rustup-home:ro,Z" "-e" "SOURCE_DIR=/opt/rustwide/workdir" "-e" "CARGO_TARGET_DIR=/opt/rustwide/target" "-e" "CARGO_HOME=/opt/rustwide/cargo-home" "-e" "RUSTUP_HOME=/opt/rustwide/rustup-home" "-w" "/opt/rustwide/workdir" "-m" "1610612736" "--user" "0:0" "--network" "none" "ghcr.io/rust-lang/crates-build-env/linux@sha256:f3a9d4ad9d972b27faf3965f35b62e55ba32bbce8f20bc8fe909558a86702fde" "/opt/rustwide/cargo-home/bin/cargo" "+1.83.0" "metadata" "--no-deps" "--format-version=1", kill_on_drop: false }`
[INFO] [stdout] 01abbfcda9a56022139c9df745ed4cf39abb71e7101b4a35f289b3c356cbeb32
[INFO] running `Command { std: "docker" "start" "-a" "01abbfcda9a56022139c9df745ed4cf39abb71e7101b4a35f289b3c356cbeb32", kill_on_drop: false }`
[INFO] running `Command { std: "docker" "inspect" "01abbfcda9a56022139c9df745ed4cf39abb71e7101b4a35f289b3c356cbeb32", kill_on_drop: false }`
[INFO] running `Command { std: "docker" "rm" "-f" "01abbfcda9a56022139c9df745ed4cf39abb71e7101b4a35f289b3c356cbeb32", kill_on_drop: false }`
[INFO] [stdout] 01abbfcda9a56022139c9df745ed4cf39abb71e7101b4a35f289b3c356cbeb32
[INFO] running `Command { std: "docker" "create" "-v" "/var/lib/crater-agent-workspace/builds/worker-2-tc1/target:/opt/rustwide/target:rw,Z" "-v" "/var/lib/crater-agent-workspace/builds/worker-2-tc1/source:/opt/rustwide/workdir:ro,Z" "-v" "/var/lib/crater-agent-workspace/cargo-home:/opt/rustwide/cargo-home:ro,Z" "-v" "/var/lib/crater-agent-workspace/rustup-home:/opt/rustwide/rustup-home:ro,Z" "-e" "SOURCE_DIR=/opt/rustwide/workdir" "-e" "CARGO_TARGET_DIR=/opt/rustwide/target" "-e" "CARGO_INCREMENTAL=0" "-e" "RUST_BACKTRACE=full" "-e" "RUSTFLAGS=--cap-lints=warn" "-e" "RUSTDOCFLAGS=--cap-lints=warn" "-e" "CARGO_HOME=/opt/rustwide/cargo-home" "-e" "RUSTUP_HOME=/opt/rustwide/rustup-home" "-w" "/opt/rustwide/workdir" "-m" "1610612736" "--user" "0:0" "--network" "none" "ghcr.io/rust-lang/crates-build-env/linux@sha256:f3a9d4ad9d972b27faf3965f35b62e55ba32bbce8f20bc8fe909558a86702fde" "/opt/rustwide/cargo-home/bin/cargo" "+1.83.0" "build" "--frozen" "--message-format=json", kill_on_drop: false }`
[INFO] [stdout] 3d77881a39f311c305bb4b41ff2e258ab23ecb2ebd47bd2622d348313e4bdb04
[INFO] running `Command { std: "docker" "start" "-a" "3d77881a39f311c305bb4b41ff2e258ab23ecb2ebd47bd2622d348313e4bdb04", kill_on_drop: false }`
[INFO] [stderr]    Compiling system_diskinfo v0.2.2 (/opt/rustwide/workdir)
[INFO] [stderr]     Finished `dev` profile [optimized + debuginfo] target(s) in 1.58s
[INFO] running `Command { std: "docker" "inspect" "3d77881a39f311c305bb4b41ff2e258ab23ecb2ebd47bd2622d348313e4bdb04", kill_on_drop: false }`
[INFO] running `Command { std: "docker" "rm" "-f" "3d77881a39f311c305bb4b41ff2e258ab23ecb2ebd47bd2622d348313e4bdb04", kill_on_drop: false }`
[INFO] [stdout] 3d77881a39f311c305bb4b41ff2e258ab23ecb2ebd47bd2622d348313e4bdb04
[INFO] running `Command { std: "docker" "create" "-v" "/var/lib/crater-agent-workspace/builds/worker-2-tc1/target:/opt/rustwide/target:rw,Z" "-v" "/var/lib/crater-agent-workspace/builds/worker-2-tc1/source:/opt/rustwide/workdir:ro,Z" "-v" "/var/lib/crater-agent-workspace/cargo-home:/opt/rustwide/cargo-home:ro,Z" "-v" "/var/lib/crater-agent-workspace/rustup-home:/opt/rustwide/rustup-home:ro,Z" "-e" "SOURCE_DIR=/opt/rustwide/workdir" "-e" "CARGO_TARGET_DIR=/opt/rustwide/target" "-e" "CARGO_INCREMENTAL=0" "-e" "RUST_BACKTRACE=full" "-e" "RUSTFLAGS=--cap-lints=warn" "-e" "RUSTDOCFLAGS=--cap-lints=warn" "-e" "CARGO_HOME=/opt/rustwide/cargo-home" "-e" "RUSTUP_HOME=/opt/rustwide/rustup-home" "-w" "/opt/rustwide/workdir" "-m" "1610612736" "--user" "0:0" "--network" "none" "ghcr.io/rust-lang/crates-build-env/linux@sha256:f3a9d4ad9d972b27faf3965f35b62e55ba32bbce8f20bc8fe909558a86702fde" "/opt/rustwide/cargo-home/bin/cargo" "+1.83.0" "test" "--frozen" "--no-run" "--message-format=json", kill_on_drop: false }`
[INFO] [stdout] 76a9c71d78336e594140986f14e6356eaee5ed7a9eb39c985bf900982ac51657
[INFO] running `Command { std: "docker" "start" "-a" "76a9c71d78336e594140986f14e6356eaee5ed7a9eb39c985bf900982ac51657", kill_on_drop: false }`
[INFO] [stderr]    Compiling system_diskinfo v0.2.2 (/opt/rustwide/workdir)
[INFO] [stderr]     Finished `test` profile [optimized + debuginfo] target(s) in 0.52s
[INFO] running `Command { std: "docker" "inspect" "76a9c71d78336e594140986f14e6356eaee5ed7a9eb39c985bf900982ac51657", kill_on_drop: false }`
[INFO] running `Command { std: "docker" "rm" "-f" "76a9c71d78336e594140986f14e6356eaee5ed7a9eb39c985bf900982ac51657", kill_on_drop: false }`
[INFO] [stdout] 76a9c71d78336e594140986f14e6356eaee5ed7a9eb39c985bf900982ac51657
[INFO] running `Command { std: "docker" "create" "-v" "/var/lib/crater-agent-workspace/builds/worker-2-tc1/target:/opt/rustwide/target:rw,Z" "-v" "/var/lib/crater-agent-workspace/builds/worker-2-tc1/source:/opt/rustwide/workdir:ro,Z" "-v" "/var/lib/crater-agent-workspace/cargo-home:/opt/rustwide/cargo-home:ro,Z" "-v" "/var/lib/crater-agent-workspace/rustup-home:/opt/rustwide/rustup-home:ro,Z" "-e" "SOURCE_DIR=/opt/rustwide/workdir" "-e" "CARGO_TARGET_DIR=/opt/rustwide/target" "-e" "CARGO_INCREMENTAL=0" "-e" "RUST_BACKTRACE=full" "-e" "RUSTFLAGS=--cap-lints=warn" "-e" "RUSTDOCFLAGS=--cap-lints=warn" "-e" "CARGO_HOME=/opt/rustwide/cargo-home" "-e" "RUSTUP_HOME=/opt/rustwide/rustup-home" "-w" "/opt/rustwide/workdir" "-m" "1610612736" "--user" "0:0" "--network" "none" "ghcr.io/rust-lang/crates-build-env/linux@sha256:f3a9d4ad9d972b27faf3965f35b62e55ba32bbce8f20bc8fe909558a86702fde" "/opt/rustwide/cargo-home/bin/cargo" "+1.83.0" "test" "--frozen", kill_on_drop: false }`
[INFO] [stdout] a46c7b1a370c2088e40900593f444f71d68c2d194d58aa748665f3a89c26351b
[INFO] running `Command { std: "docker" "start" "-a" "a46c7b1a370c2088e40900593f444f71d68c2d194d58aa748665f3a89c26351b", kill_on_drop: false }`
[INFO] [stderr]     Finished `test` profile [optimized + debuginfo] target(s) in 0.01s
[INFO] [stderr]      Running unittests src/lib.rs (/opt/rustwide/target/debug/deps/system_diskinfo-67e3163659860d1d)
[INFO] [stderr]      Running unittests src/main.rs (/opt/rustwide/target/debug/deps/system_diskinfo-f48db1a1e4c3a2f8)
[INFO] [stdout] 
[INFO] [stderr]    Doc-tests system_diskinfo
[INFO] [stdout] running 0 tests
[INFO] [stdout] 
[INFO] [stdout] test result: ok. 0 passed; 0 failed; 0 ignored; 0 measured; 0 filtered out; finished in 0.00s
[INFO] [stdout] 
[INFO] [stdout] 
[INFO] [stdout] running 0 tests
[INFO] [stdout] 
[INFO] [stdout] test result: ok. 0 passed; 0 failed; 0 ignored; 0 measured; 0 filtered out; finished in 0.00s
[INFO] [stdout] 
[INFO] [stdout] 
[INFO] [stdout] running 2 tests
[INFO] [stdout] test src/lib.rs - read_doc (line 17) ... FAILED
[INFO] [stdout] test src/lib.rs - read_doc (line 29) ... FAILED
[INFO] [stdout] 
[INFO] [stdout] failures:
[INFO] [stdout] 
[INFO] [stdout] ---- src/lib.rs - read_doc (line 17) stdout ----
[INFO] [stdout] error: expected expression, found keyword `mod`
[INFO] [stdout]  --> src/lib.rs:22:1
[INFO] [stdout]   |
[INFO] [stdout] 8 | mod system_diskinfo;
[INFO] [stdout]   | ^^^ expected expression
[INFO] [stdout] 
[INFO] [stdout] error: aborting due to 1 previous error
[INFO] [stdout] 
[INFO] [stdout] Couldn't compile the test.
[INFO] [stdout] ---- src/lib.rs - read_doc (line 29) stdout ----
[INFO] [stdout] error: expected one of `!`, `.`, `::`, `;`, `?`, `{`, `}`, or an operator, found `Size`
[INFO] [stdout]  --> src/lib.rs:32:8
[INFO] [stdout]   |
[INFO] [stdout] 5 | **Disk Size 512105932800**
[INFO] [stdout]   |        ^^^^ expected one of 8 possible tokens
[INFO] [stdout] 
[INFO] [stdout] error: aborting due to 1 previous error
[INFO] [stdout] 
[INFO] [stdout] Couldn't compile the test.
[INFO] [stdout] 
[INFO] [stdout] failures:
[INFO] [stdout]     src/lib.rs - read_doc (line 17)
[INFO] [stdout]     src/lib.rs - read_doc (line 29)
[INFO] [stdout] 
[INFO] [stdout] test result: FAILED. 0 passed; 2 failed; 0 ignored; 0 measured; 0 filtered out; finished in 0.06s
[INFO] [stdout] 
[INFO] [stderr] error: doctest failed, to rerun pass `--doc`
[INFO] running `Command { std: "docker" "inspect" "a46c7b1a370c2088e40900593f444f71d68c2d194d58aa748665f3a89c26351b", kill_on_drop: false }`
[INFO] running `Command { std: "docker" "rm" "-f" "a46c7b1a370c2088e40900593f444f71d68c2d194d58aa748665f3a89c26351b", kill_on_drop: false }`
[INFO] [stdout] a46c7b1a370c2088e40900593f444f71d68c2d194d58aa748665f3a89c26351b
