[INFO] fetching crate sysinfo-http 0.0.3...
[INFO] testing sysinfo-http-0.0.3 against 1.83.0 for beta-1.84.0-4-retry
[INFO] extracting crate sysinfo-http 0.0.3 into /workspace/builds/worker-3-tc1/source
[INFO] validating manifest of crates.io crate sysinfo-http 0.0.3 on toolchain 1.83.0
[INFO] running `Command { std: CARGO_HOME="/workspace/cargo-home" RUSTUP_HOME="/workspace/rustup-home" "/workspace/cargo-home/bin/cargo" "+1.83.0" "metadata" "--manifest-path" "Cargo.toml" "--no-deps", kill_on_drop: false }`
[INFO] removed /workspace/builds/worker-3-tc1/source/.cargo/config.toml
[INFO] started tweaking crates.io crate sysinfo-http 0.0.3
[INFO] finished tweaking crates.io crate sysinfo-http 0.0.3
[INFO] tweaked toml for crates.io crate sysinfo-http 0.0.3 written to /workspace/builds/worker-3-tc1/source/Cargo.toml
[INFO] crate crates.io crate sysinfo-http 0.0.3 already has a lockfile, it will not be regenerated
[INFO] running `Command { std: CARGO_HOME="/workspace/cargo-home" RUSTUP_HOME="/workspace/rustup-home" "/workspace/cargo-home/bin/cargo" "+1.83.0" "fetch" "--manifest-path" "Cargo.toml", kill_on_drop: false }`
[INFO] [stderr] warning: only one of `license` or `license-file` is necessary
[INFO] [stderr] `license` should be used if the package license can be expressed with a standard SPDX expression.
[INFO] [stderr] `license-file` should be used if the package uses a non-standard license.
[INFO] [stderr] See https://doc.rust-lang.org/cargo/reference/manifest.html#the-license-and-license-file-fields for more information.
[INFO] [stderr]  Downloading crates ...
[INFO] [stderr]   Downloaded clap v4.3.9
[INFO] [stderr]   Downloaded clap_builder v4.3.9
[INFO] [stderr]   Downloaded toml_edit v0.19.11
[INFO] [stderr]   Downloaded sysinfo v0.29.2
[INFO] [stderr]   Downloaded toml v0.7.5
[INFO] [stderr]   Downloaded tokio v1.29.0
[INFO] [stderr]   Downloaded curl-sys v0.4.63+curl-8.1.2
[INFO] running `Command { std: "docker" "create" "-v" "/var/lib/crater-agent-workspace/builds/worker-3-tc1/target:/opt/rustwide/target:rw,Z" "-v" "/var/lib/crater-agent-workspace/builds/worker-3-tc1/source:/opt/rustwide/workdir:ro,Z" "-v" "/var/lib/crater-agent-workspace/cargo-home:/opt/rustwide/cargo-home:ro,Z" "-v" "/var/lib/crater-agent-workspace/rustup-home:/opt/rustwide/rustup-home:ro,Z" "-e" "SOURCE_DIR=/opt/rustwide/workdir" "-e" "CARGO_TARGET_DIR=/opt/rustwide/target" "-e" "CARGO_HOME=/opt/rustwide/cargo-home" "-e" "RUSTUP_HOME=/opt/rustwide/rustup-home" "-w" "/opt/rustwide/workdir" "-m" "1610612736" "--user" "0:0" "--network" "none" "ghcr.io/rust-lang/crates-build-env/linux@sha256:f3a9d4ad9d972b27faf3965f35b62e55ba32bbce8f20bc8fe909558a86702fde" "/opt/rustwide/cargo-home/bin/cargo" "+1.83.0" "metadata" "--no-deps" "--format-version=1", kill_on_drop: false }`
[INFO] [stdout] fb7d5a2ad2fe682ae2ef846381f30c5a1957508d399dfc14045f3cac13cc169d
[INFO] running `Command { std: "docker" "start" "-a" "fb7d5a2ad2fe682ae2ef846381f30c5a1957508d399dfc14045f3cac13cc169d", kill_on_drop: false }`
[INFO] running `Command { std: "docker" "inspect" "fb7d5a2ad2fe682ae2ef846381f30c5a1957508d399dfc14045f3cac13cc169d", kill_on_drop: false }`
[INFO] running `Command { std: "docker" "rm" "-f" "fb7d5a2ad2fe682ae2ef846381f30c5a1957508d399dfc14045f3cac13cc169d", kill_on_drop: false }`
[INFO] [stdout] fb7d5a2ad2fe682ae2ef846381f30c5a1957508d399dfc14045f3cac13cc169d
[INFO] running `Command { std: "docker" "create" "-v" "/var/lib/crater-agent-workspace/builds/worker-3-tc1/target:/opt/rustwide/target:rw,Z" "-v" "/var/lib/crater-agent-workspace/builds/worker-3-tc1/source:/opt/rustwide/workdir:ro,Z" "-v" "/var/lib/crater-agent-workspace/cargo-home:/opt/rustwide/cargo-home:ro,Z" "-v" "/var/lib/crater-agent-workspace/rustup-home:/opt/rustwide/rustup-home:ro,Z" "-e" "SOURCE_DIR=/opt/rustwide/workdir" "-e" "CARGO_TARGET_DIR=/opt/rustwide/target" "-e" "CARGO_INCREMENTAL=0" "-e" "RUST_BACKTRACE=full" "-e" "RUSTFLAGS=--cap-lints=warn" "-e" "RUSTDOCFLAGS=--cap-lints=warn" "-e" "CARGO_HOME=/opt/rustwide/cargo-home" "-e" "RUSTUP_HOME=/opt/rustwide/rustup-home" "-w" "/opt/rustwide/workdir" "-m" "1610612736" "--user" "0:0" "--network" "none" "ghcr.io/rust-lang/crates-build-env/linux@sha256:f3a9d4ad9d972b27faf3965f35b62e55ba32bbce8f20bc8fe909558a86702fde" "/opt/rustwide/cargo-home/bin/cargo" "+1.83.0" "build" "--frozen" "--message-format=json", kill_on_drop: false }`
[INFO] [stdout] 479fa57e761cf3ea2fbbc96712c909d8eda5cfbda85987df4a6bad3913bb2963
[INFO] running `Command { std: "docker" "start" "-a" "479fa57e761cf3ea2fbbc96712c909d8eda5cfbda85987df4a6bad3913bb2963", kill_on_drop: false }`
[INFO] [stderr] warning: only one of `license` or `license-file` is necessary
[INFO] [stderr] `license` should be used if the package license can be expressed with a standard SPDX expression.
[INFO] [stderr] `license-file` should be used if the package uses a non-standard license.
[INFO] [stderr] See https://doc.rust-lang.org/cargo/reference/manifest.html#the-license-and-license-file-fields for more information.
[INFO] [stderr]    Compiling libc v0.2.147
[INFO] [stderr]    Compiling proc-macro2 v1.0.63
[INFO] [stderr]    Compiling quote v1.0.29
[INFO] [stderr]    Compiling unicode-ident v1.0.9
[INFO] [stderr]    Compiling autocfg v1.1.0
[INFO] [stderr]    Compiling cfg-if v1.0.0
[INFO] [stderr]    Compiling version_check v0.9.4
[INFO] [stderr]    Compiling once_cell v1.18.0
[INFO] [stderr]    Compiling scopeguard v1.1.0
[INFO] [stderr]    Compiling itoa v1.0.6
[INFO] [stderr]    Compiling log v0.4.19
[INFO] [stderr]    Compiling bytes v1.4.0
[INFO] [stderr]    Compiling serde v1.0.164
[INFO] [stderr]    Compiling futures-core v0.3.28
[INFO] [stderr]    Compiling pin-project-lite v0.2.9
[INFO] [stderr]    Compiling cc v1.0.79
[INFO] [stderr]    Compiling futures-task v0.3.28
[INFO] [stderr]    Compiling pkg-config v0.3.27
[INFO] [stderr]    Compiling parking_lot_core v0.9.8
[INFO] [stderr]    Compiling futures-sink v0.3.28
[INFO] [stderr]    Compiling typenum v1.16.0
[INFO] [stderr]    Compiling fnv v1.0.7
[INFO] [stderr]    Compiling futures-util v0.3.28
[INFO] [stderr]    Compiling tracing-core v0.1.31
[INFO] [stderr]    Compiling smallvec v1.10.0
[INFO] [stderr]    Compiling pin-utils v0.1.0
[INFO] [stderr]    Compiling crossbeam-utils v0.8.16
[INFO] [stderr]    Compiling io-lifetimes v1.0.11
[INFO] [stderr]    Compiling rustversion v1.0.12
[INFO] [stderr]    Compiling tinyvec_macros v0.1.1
[INFO] [stderr]    Compiling bitflags v1.3.2
[INFO] [stderr]    Compiling slab v0.4.8
[INFO] [stderr]    Compiling lock_api v0.4.10
[INFO] [stderr]    Compiling tokio v1.29.0
[INFO] [stderr]    Compiling memoffset v0.9.0
[INFO] [stderr]    Compiling generic-array v0.14.7
[INFO] [stderr]    Compiling http v0.2.9
[INFO] [stderr]    Compiling syn v2.0.22
[INFO] [stderr]    Compiling ahash v0.7.6
[INFO] [stderr]    Compiling rustix v0.37.20
[INFO] [stderr]    Compiling httparse v1.8.0
[INFO] [stderr]    Compiling tinyvec v1.6.0
[INFO] [stderr]    Compiling crossbeam-epoch v0.9.15
[INFO] [stderr]    Compiling linux-raw-sys v0.3.8
[INFO] [stderr]    Compiling memchr v2.5.0
[INFO] [stderr]    Compiling percent-encoding v2.3.0
[INFO] [stderr]    Compiling form_urlencoded v1.2.0
[INFO] [stderr]    Compiling indexmap v1.9.3
[INFO] [stderr]    Compiling unicode-bidi v0.3.13
[INFO] [stderr]    Compiling libz-sys v1.1.9
[INFO] [stderr]    Compiling openssl-sys v0.9.90
[INFO] [stderr]    Compiling thiserror v1.0.40
[INFO] [stderr]    Compiling tower-service v0.3.2
[INFO] [stderr]    Compiling ppv-lite86 v0.2.17
[INFO] [stderr]    Compiling curl-sys v0.4.63+curl-8.1.2
[INFO] [stderr]    Compiling getrandom v0.2.10
[INFO] [stderr]    Compiling num_cpus v1.16.0
[INFO] [stderr]    Compiling socket2 v0.4.9
[INFO] [stderr]    Compiling mio v0.8.8
[INFO] [stderr]    Compiling parking_lot v0.12.1
[INFO] [stderr]    Compiling signal-hook-registry v1.4.1
[INFO] [stderr]    Compiling rand_core v0.6.4
[INFO] [stderr]    Compiling http-body v0.4.5
[INFO] [stderr]    Compiling unicase v2.6.0
[INFO] [stderr]    Compiling utf8parse v0.2.1
[INFO] [stderr]    Compiling ryu v1.0.13
[INFO] [stderr]    Compiling rand_chacha v0.3.1
[INFO] [stderr]    Compiling hashbrown v0.12.3
[INFO] [stderr]    Compiling unicode-normalization v0.1.22
[INFO] [stderr]    Compiling async-trait v0.1.68
[INFO] [stderr]    Compiling tower-layer v0.3.2
[INFO] [stderr]    Compiling serde_json v1.0.99
[INFO] [stderr]    Compiling block-buffer v0.10.4
[INFO] [stderr]    Compiling crypto-common v0.1.6
[INFO] [stderr]    Compiling heck v0.4.1
[INFO] [stderr]    Compiling futures-channel v0.3.28
[INFO] [stderr]    Compiling cpufeatures v0.2.8
[INFO] [stderr]    Compiling digest v0.10.7
[INFO] [stderr]    Compiling rayon-core v1.11.0
[INFO] [stderr]    Compiling rand v0.8.5
[INFO] [stderr]    Compiling anstyle-parse v0.2.1
[INFO] [stderr]    Compiling sha1 v0.10.5
[INFO] [stderr]    Compiling crossbeam-deque v0.8.3
[INFO] [stderr]    Compiling axum-core v0.3.4
[INFO] [stderr]    Compiling crossbeam-channel v0.5.8
[INFO] [stderr]    Compiling multer v2.1.0
[INFO] [stderr]    Compiling mime v0.3.17
[INFO] [stderr]    Compiling colorchoice v1.0.0
[INFO] [stderr]    Compiling byteorder v1.4.3
[INFO] [stderr]    Compiling hashbrown v0.14.0
[INFO] [stderr]    Compiling utf-8 v0.7.6
[INFO] [stderr]    Compiling try-lock v0.2.4
[INFO] [stderr]    Compiling anstyle-query v1.0.0
[INFO] [stderr]    Compiling base64 v0.13.1
[INFO] [stderr]    Compiling anstyle v1.0.1
[INFO] [stderr]    Compiling lazy_static v1.4.0
[INFO] [stderr]    Compiling equivalent v1.0.0
[INFO] [stderr]    Compiling is-terminal v0.4.7
[INFO] [stderr]    Compiling terminal_size v0.2.6
[INFO] [stderr]    Compiling want v0.3.1
[INFO] [stderr]    Compiling idna v0.4.0
[INFO] [stderr]    Compiling anstream v0.3.2
[INFO] [stderr]    Compiling axum v0.6.18
[INFO] [stderr]    Compiling encoding_rs v0.8.32
[INFO] [stderr]    Compiling overload v0.1.1
[INFO] [stderr]    Compiling unicode-width v0.1.10
[INFO] [stderr]    Compiling clap_lex v0.5.0
[INFO] [stderr]    Compiling spin v0.9.8
[INFO] [stderr]    Compiling winnow v0.4.7
[INFO] [stderr]    Compiling strsim v0.10.0
[INFO] [stderr]    Compiling curl v0.4.44
[INFO] [stderr]    Compiling httpdate v1.0.2
[INFO] [stderr]    Compiling either v1.8.1
[INFO] [stderr]    Compiling anyhow v1.0.71
[INFO] [stderr]    Compiling indexmap v2.0.0
[INFO] [stderr]    Compiling clap_builder v4.3.9
[INFO] [stderr]    Compiling nu-ansi-term v0.46.0
[INFO] [stderr]    Compiling tracing-log v0.1.3
[INFO] [stderr]    Compiling sharded-slab v0.1.4
[INFO] [stderr]    Compiling aho-corasick v1.0.2
[INFO] [stderr]    Compiling thread_local v1.1.7
[INFO] [stderr]    Compiling url v2.4.0
[INFO] [stderr]    Compiling rayon v1.7.0
[INFO] [stderr]    Compiling sync_wrapper v0.1.2
[INFO] [stderr]    Compiling http-range-header v0.3.0
[INFO] [stderr]    Compiling base64 v0.21.2
[INFO] [stderr]    Compiling matchit v0.7.0
[INFO] [stderr]    Compiling bitflags v2.3.3
[INFO] [stderr]    Compiling openssl-probe v0.1.5
[INFO] [stderr]    Compiling regex-syntax v0.7.2
[INFO] [stderr]    Compiling termcolor v1.2.0
[INFO] [stderr]    Compiling serde_derive v1.0.164
[INFO] [stderr]    Compiling tracing-attributes v0.1.26
[INFO] [stderr]    Compiling tokio-macros v2.1.0
[INFO] [stderr]    Compiling thiserror-impl v1.0.40
[INFO] [stderr]    Compiling pin-project-internal v1.1.0
[INFO] [stderr]    Compiling clap_derive v4.3.2
[INFO] [stderr]    Compiling axum-macros v0.3.7
[INFO] [stderr]    Compiling regex v1.8.4
[INFO] [stderr]    Compiling tracing v0.1.37
[INFO] [stderr]    Compiling tungstenite v0.18.0
[INFO] [stderr]    Compiling tower-http v0.4.1
[INFO] [stderr]    Compiling pin-project v1.1.0
[INFO] [stderr]    Compiling clap v4.3.9
[INFO] [stderr]    Compiling tokio-util v0.7.8
[INFO] [stderr]    Compiling tokio-tungstenite v0.18.0
[INFO] [stderr]    Compiling tower v0.4.13
[INFO] [stderr]    Compiling h2 v0.3.20
[INFO] [stderr]    Compiling serde_spanned v0.6.3
[INFO] [stderr]    Compiling toml_datetime v0.6.3
[INFO] [stderr]    Compiling tracing-serde v0.1.3
[INFO] [stderr]    Compiling serde_urlencoded v0.7.1
[INFO] [stderr]    Compiling serde_path_to_error v0.1.11
[INFO] [stderr]    Compiling sysinfo v0.29.2
[INFO] [stderr]    Compiling toml_edit v0.19.11
[INFO] [stderr]    Compiling tracing-subscriber v0.3.17
[INFO] [stderr]    Compiling toml v0.7.5
[INFO] [stderr]    Compiling hyper v0.14.27
[INFO] [stderr]    Compiling sysinfo-http v0.0.3 (/opt/rustwide/workdir)
[INFO] [stdout] warning: unused import: `NetworkHarvest`
[INFO] [stdout]   --> src/app/controllers/sysinfo_controller.rs:12:42
[INFO] [stdout]    |
[INFO] [stdout] 12 |     network_informer::{get_network_info, NetworkHarvest},
[INFO] [stdout]    |                                          ^^^^^^^^^^^^^^
[INFO] [stdout]    |
[INFO] [stdout]    = note: `#[warn(unused_imports)]` on by default
[INFO] [stdout] 
[INFO] [stdout] 
[INFO] [stdout] warning: variable does not need to be mutable
[INFO] [stdout]   --> src/app/informers/sys_informer.rs:70:9
[INFO] [stdout]    |
[INFO] [stdout] 70 |     let mut sys = System::new_all();
[INFO] [stdout]    |         ----^^^
[INFO] [stdout]    |         |
[INFO] [stdout]    |         help: remove this `mut`
[INFO] [stdout]    |
[INFO] [stdout]    = note: `#[warn(unused_mut)]` on by default
[INFO] [stdout] 
[INFO] [stdout] 
[INFO] [stdout] warning: function `get_cpu_usage_summary` is never used
[INFO] [stdout]   --> src/app/informers/cpu_informer.rs:30:8
[INFO] [stdout]    |
[INFO] [stdout] 30 | pub fn get_cpu_usage_summary() {
[INFO] [stdout]    |        ^^^^^^^^^^^^^^^^^^^^^
[INFO] [stdout]    |
[INFO] [stdout]    = note: `#[warn(dead_code)]` on by default
[INFO] [stdout] 
[INFO] [stdout] 
[INFO] [stdout] warning: function `get_disk_usage_summary` is never used
[INFO] [stdout]   --> src/app/informers/disk_informer.rs:29:8
[INFO] [stdout]    |
[INFO] [stdout] 29 | pub fn get_disk_usage_summary() {
[INFO] [stdout]    |        ^^^^^^^^^^^^^^^^^^^^^^
[INFO] [stdout] 
[INFO] [stdout] 
[INFO] [stdout] warning: function `get_memory_usage_summary` is never used
[INFO] [stdout]   --> src/app/informers/memory_informer.rs:32:8
[INFO] [stdout]    |
[INFO] [stdout] 32 | pub fn get_memory_usage_summary() {
[INFO] [stdout]    |        ^^^^^^^^^^^^^^^^^^^^^^^^
[INFO] [stdout] 
[INFO] [stdout] 
[INFO] [stdout] warning: function `get_network_summary` is never used
[INFO] [stdout]   --> src/app/informers/network_informer.rs:26:8
[INFO] [stdout]    |
[INFO] [stdout] 26 | pub fn get_network_summary() {
[INFO] [stdout]    |        ^^^^^^^^^^^^^^^^^^^
[INFO] [stdout] 
[INFO] [stdout] 
[INFO] [stdout] warning: function `get_all` is never used
[INFO] [stdout]   --> src/app/informers/sys_informer.rs:32:8
[INFO] [stdout]    |
[INFO] [stdout] 32 | pub fn get_all() {
[INFO] [stdout]    |        ^^^^^^^
[INFO] [stdout] 
[INFO] [stdout] 
[INFO] [stdout] warning: function `get_temperature_summary` is never used
[INFO] [stdout]   --> src/app/informers/temperature_informer.rs:25:8
[INFO] [stdout]    |
[INFO] [stdout] 25 | pub fn get_temperature_summary() {
[INFO] [stdout]    |        ^^^^^^^^^^^^^^^^^^^^^^^
[INFO] [stdout] 
[INFO] [stdout] 
[INFO] [stderr]     Finished `dev` profile [unoptimized + debuginfo] target(s) in 1m 13s
[INFO] running `Command { std: "docker" "inspect" "479fa57e761cf3ea2fbbc96712c909d8eda5cfbda85987df4a6bad3913bb2963", kill_on_drop: false }`
[INFO] running `Command { std: "docker" "rm" "-f" "479fa57e761cf3ea2fbbc96712c909d8eda5cfbda85987df4a6bad3913bb2963", kill_on_drop: false }`
[INFO] [stdout] 479fa57e761cf3ea2fbbc96712c909d8eda5cfbda85987df4a6bad3913bb2963
[INFO] running `Command { std: "docker" "create" "-v" "/var/lib/crater-agent-workspace/builds/worker-3-tc1/target:/opt/rustwide/target:rw,Z" "-v" "/var/lib/crater-agent-workspace/builds/worker-3-tc1/source:/opt/rustwide/workdir:ro,Z" "-v" "/var/lib/crater-agent-workspace/cargo-home:/opt/rustwide/cargo-home:ro,Z" "-v" "/var/lib/crater-agent-workspace/rustup-home:/opt/rustwide/rustup-home:ro,Z" "-e" "SOURCE_DIR=/opt/rustwide/workdir" "-e" "CARGO_TARGET_DIR=/opt/rustwide/target" "-e" "CARGO_INCREMENTAL=0" "-e" "RUST_BACKTRACE=full" "-e" "RUSTFLAGS=--cap-lints=warn" "-e" "RUSTDOCFLAGS=--cap-lints=warn" "-e" "CARGO_HOME=/opt/rustwide/cargo-home" "-e" "RUSTUP_HOME=/opt/rustwide/rustup-home" "-w" "/opt/rustwide/workdir" "-m" "1610612736" "--user" "0:0" "--network" "none" "ghcr.io/rust-lang/crates-build-env/linux@sha256:f3a9d4ad9d972b27faf3965f35b62e55ba32bbce8f20bc8fe909558a86702fde" "/opt/rustwide/cargo-home/bin/cargo" "+1.83.0" "test" "--frozen" "--no-run" "--message-format=json", kill_on_drop: false }`
[INFO] [stdout] ff2e843c92088524231bb5a4ea5434aa8611b5c35332b940206afd8883bd81cc
[INFO] running `Command { std: "docker" "start" "-a" "ff2e843c92088524231bb5a4ea5434aa8611b5c35332b940206afd8883bd81cc", kill_on_drop: false }`
[INFO] [stderr] warning: only one of `license` or `license-file` is necessary
[INFO] [stderr] `license` should be used if the package license can be expressed with a standard SPDX expression.
[INFO] [stderr] `license-file` should be used if the package uses a non-standard license.
[INFO] [stderr] See https://doc.rust-lang.org/cargo/reference/manifest.html#the-license-and-license-file-fields for more information.
[INFO] [stderr]    Compiling sysinfo-http v0.0.3 (/opt/rustwide/workdir)
[INFO] [stdout] warning: unused import: `NetworkHarvest`
[INFO] [stdout]   --> src/app/controllers/sysinfo_controller.rs:12:42
[INFO] [stdout]    |
[INFO] [stdout] 12 |     network_informer::{get_network_info, NetworkHarvest},
[INFO] [stdout]    |                                          ^^^^^^^^^^^^^^
[INFO] [stdout]    |
[INFO] [stdout]    = note: `#[warn(unused_imports)]` on by default
[INFO] [stdout] 
[INFO] [stdout] 
[INFO] [stdout] warning: unused import: `super::*`
[INFO] [stdout]   --> src/app/informers/memory_informer.rs:38:9
[INFO] [stdout]    |
[INFO] [stdout] 38 |     use super::*;
[INFO] [stdout]    |         ^^^^^^^^
[INFO] [stdout] 
[INFO] [stdout] 
[INFO] [stdout] warning: variable does not need to be mutable
[INFO] [stdout]   --> src/app/informers/sys_informer.rs:70:9
[INFO] [stdout]    |
[INFO] [stdout] 70 |     let mut sys = System::new_all();
[INFO] [stdout]    |         ----^^^
[INFO] [stdout]    |         |
[INFO] [stdout]    |         help: remove this `mut`
[INFO] [stdout]    |
[INFO] [stdout]    = note: `#[warn(unused_mut)]` on by default
[INFO] [stdout] 
[INFO] [stdout] 
[INFO] [stdout] warning: function `get_cpu_usage_summary` is never used
[INFO] [stdout]   --> src/app/informers/cpu_informer.rs:30:8
[INFO] [stdout]    |
[INFO] [stdout] 30 | pub fn get_cpu_usage_summary() {
[INFO] [stdout]    |        ^^^^^^^^^^^^^^^^^^^^^
[INFO] [stdout]    |
[INFO] [stdout]    = note: `#[warn(dead_code)]` on by default
[INFO] [stdout] 
[INFO] [stdout] 
[INFO] [stdout] warning: function `get_disk_usage_summary` is never used
[INFO] [stdout]   --> src/app/informers/disk_informer.rs:29:8
[INFO] [stdout]    |
[INFO] [stdout] 29 | pub fn get_disk_usage_summary() {
[INFO] [stdout]    |        ^^^^^^^^^^^^^^^^^^^^^^
[INFO] [stdout] 
[INFO] [stdout] 
[INFO] [stdout] warning: function `get_memory_usage_summary` is never used
[INFO] [stdout]   --> src/app/informers/memory_informer.rs:32:8
[INFO] [stdout]    |
[INFO] [stdout] 32 | pub fn get_memory_usage_summary() {
[INFO] [stdout]    |        ^^^^^^^^^^^^^^^^^^^^^^^^
[INFO] [stdout] 
[INFO] [stdout] 
[INFO] [stdout] warning: function `get_network_summary` is never used
[INFO] [stdout]   --> src/app/informers/network_informer.rs:26:8
[INFO] [stdout]    |
[INFO] [stdout] 26 | pub fn get_network_summary() {
[INFO] [stdout]    |        ^^^^^^^^^^^^^^^^^^^
[INFO] [stdout] 
[INFO] [stdout] 
[INFO] [stdout] warning: function `get_all` is never used
[INFO] [stdout]   --> src/app/informers/sys_informer.rs:32:8
[INFO] [stdout]    |
[INFO] [stdout] 32 | pub fn get_all() {
[INFO] [stdout]    |        ^^^^^^^
[INFO] [stdout] 
[INFO] [stdout] 
[INFO] [stdout] warning: function `get_temperature_summary` is never used
[INFO] [stdout]   --> src/app/informers/temperature_informer.rs:25:8
[INFO] [stdout]    |
[INFO] [stdout] 25 | pub fn get_temperature_summary() {
[INFO] [stdout]    |        ^^^^^^^^^^^^^^^^^^^^^^^
[INFO] [stdout] 
[INFO] [stdout] 
[INFO] [stderr]     Finished `test` profile [unoptimized + debuginfo] target(s) in 7.98s
[INFO] running `Command { std: "docker" "inspect" "ff2e843c92088524231bb5a4ea5434aa8611b5c35332b940206afd8883bd81cc", kill_on_drop: false }`
[INFO] running `Command { std: "docker" "rm" "-f" "ff2e843c92088524231bb5a4ea5434aa8611b5c35332b940206afd8883bd81cc", kill_on_drop: false }`
[INFO] [stdout] ff2e843c92088524231bb5a4ea5434aa8611b5c35332b940206afd8883bd81cc
[INFO] running `Command { std: "docker" "create" "-v" "/var/lib/crater-agent-workspace/builds/worker-3-tc1/target:/opt/rustwide/target:rw,Z" "-v" "/var/lib/crater-agent-workspace/builds/worker-3-tc1/source:/opt/rustwide/workdir:ro,Z" "-v" "/var/lib/crater-agent-workspace/cargo-home:/opt/rustwide/cargo-home:ro,Z" "-v" "/var/lib/crater-agent-workspace/rustup-home:/opt/rustwide/rustup-home:ro,Z" "-e" "SOURCE_DIR=/opt/rustwide/workdir" "-e" "CARGO_TARGET_DIR=/opt/rustwide/target" "-e" "CARGO_INCREMENTAL=0" "-e" "RUST_BACKTRACE=full" "-e" "RUSTFLAGS=--cap-lints=warn" "-e" "RUSTDOCFLAGS=--cap-lints=warn" "-e" "CARGO_HOME=/opt/rustwide/cargo-home" "-e" "RUSTUP_HOME=/opt/rustwide/rustup-home" "-w" "/opt/rustwide/workdir" "-m" "1610612736" "--user" "0:0" "--network" "none" "ghcr.io/rust-lang/crates-build-env/linux@sha256:f3a9d4ad9d972b27faf3965f35b62e55ba32bbce8f20bc8fe909558a86702fde" "/opt/rustwide/cargo-home/bin/cargo" "+1.83.0" "test" "--frozen", kill_on_drop: false }`
[INFO] [stdout] 27a753120301eef71ab91beaf2097604c6aa3b21b8f48d9b1a4a9a0a359b0762
[INFO] running `Command { std: "docker" "start" "-a" "27a753120301eef71ab91beaf2097604c6aa3b21b8f48d9b1a4a9a0a359b0762", kill_on_drop: false }`
[INFO] [stderr] warning: only one of `license` or `license-file` is necessary
[INFO] [stderr] `license` should be used if the package license can be expressed with a standard SPDX expression.
[INFO] [stderr] `license-file` should be used if the package uses a non-standard license.
[INFO] [stderr] See https://doc.rust-lang.org/cargo/reference/manifest.html#the-license-and-license-file-fields for more information.
[INFO] [stderr] warning: unused import: `NetworkHarvest`
[INFO] [stderr]   --> src/app/controllers/sysinfo_controller.rs:12:42
[INFO] [stderr]    |
[INFO] [stderr] 12 |     network_informer::{get_network_info, NetworkHarvest},
[INFO] [stderr]    |                                          ^^^^^^^^^^^^^^
[INFO] [stderr]    |
[INFO] [stderr]    = note: `#[warn(unused_imports)]` on by default
[INFO] [stderr] 
[INFO] [stderr] warning: unused import: `super::*`
[INFO] [stderr]   --> src/app/informers/memory_informer.rs:38:9
[INFO] [stderr]    |
[INFO] [stderr] 38 |     use super::*;
[INFO] [stderr]    |         ^^^^^^^^
[INFO] [stderr] 
[INFO] [stderr] warning: variable does not need to be mutable
[INFO] [stderr]   --> src/app/informers/sys_informer.rs:70:9
[INFO] [stderr]    |
[INFO] [stderr] 70 |     let mut sys = System::new_all();
[INFO] [stderr]    |         ----^^^
[INFO] [stderr]    |         |
[INFO] [stderr]    |         help: remove this `mut`
[INFO] [stderr]    |
[INFO] [stderr]    = note: `#[warn(unused_mut)]` on by default
[INFO] [stderr] 
[INFO] [stderr] warning: function `get_cpu_usage_summary` is never used
[INFO] [stderr]   --> src/app/informers/cpu_informer.rs:30:8
[INFO] [stderr]    |
[INFO] [stderr] 30 | pub fn get_cpu_usage_summary() {
[INFO] [stderr]    |        ^^^^^^^^^^^^^^^^^^^^^
[INFO] [stderr]    |
[INFO] [stderr]    = note: `#[warn(dead_code)]` on by default
[INFO] [stderr] 
[INFO] [stderr] warning: function `get_disk_usage_summary` is never used
[INFO] [stderr]   --> src/app/informers/disk_informer.rs:29:8
[INFO] [stderr]    |
[INFO] [stderr] 29 | pub fn get_disk_usage_summary() {
[INFO] [stderr]    |        ^^^^^^^^^^^^^^^^^^^^^^
[INFO] [stderr] 
[INFO] [stderr] warning: function `get_memory_usage_summary` is never used
[INFO] [stderr]   --> src/app/informers/memory_informer.rs:32:8
[INFO] [stderr]    |
[INFO] [stderr] 32 | pub fn get_memory_usage_summary() {
[INFO] [stderr]    |        ^^^^^^^^^^^^^^^^^^^^^^^^
[INFO] [stderr] 
[INFO] [stderr] warning: function `get_network_summary` is never used
[INFO] [stderr]   --> src/app/informers/network_informer.rs:26:8
[INFO] [stderr]    |
[INFO] [stderr] 26 | pub fn get_network_summary() {
[INFO] [stderr]    |        ^^^^^^^^^^^^^^^^^^^
[INFO] [stderr] 
[INFO] [stderr] warning: function `get_all` is never used
[INFO] [stderr]   --> src/app/informers/sys_informer.rs:32:8
[INFO] [stderr]    |
[INFO] [stderr] 32 | pub fn get_all() {
[INFO] [stderr]    |        ^^^^^^^
[INFO] [stderr] 
[INFO] [stderr] warning: function `get_temperature_summary` is never used
[INFO] [stderr]   --> src/app/informers/temperature_informer.rs:25:8
[INFO] [stderr]    |
[INFO] [stderr] 25 | pub fn get_temperature_summary() {
[INFO] [stderr]    |        ^^^^^^^^^^^^^^^^^^^^^^^
[INFO] [stderr] 
[INFO] [stderr] warning: `sysinfo-http` (bin "sysinfo-http" test) generated 9 warnings (run `cargo fix --bin "sysinfo-http" --tests` to apply 3 suggestions)
[INFO] [stderr]     Finished `test` profile [unoptimized + debuginfo] target(s) in 0.20s
[INFO] [stderr]      Running unittests src/main.rs (/opt/rustwide/target/debug/deps/sysinfo_http-889e64cb835958c3)
[INFO] [stdout] 
[INFO] [stdout] running 13 tests
[INFO] [stdout] [0m[30m        
[INFO] [stdout] [0m[31m /$$$$$$$            /$$           /$$                               /$$$$$$$$ /$$                     /$$      
[INFO] [stdout] [0m[31m| $$__  $$          |__/          | $$                              | $$_____/| $$                    | $$      
[INFO] [stdout] [0m[33m| $$  \ $$  /$$$$$$  /$$ /$$$$$$$ | $$$$$$$   /$$$$$$  /$$  /$$  /$$| $$      | $$  /$$$$$$   /$$$$$$$| $$$$$$$ 
[INFO] [stdout] [0m[33m| $$$$$$$/ |____  $$| $$| $$__  $$| $$__  $$ /$$__  $$| $$ | $$ | $$| $$$$$   | $$ /$$__  $$ /$$_____/| $$__  $$
[INFO] [stdout] [0m[32m| $$__  $$  /$$$$$$$| $$| $$  \ $$| $$  \ $$| $$  \ $$| $$ | $$ | $$| $$__/   | $$| $$$$$$$$|  $$$$$$ | $$  \ $$
[INFO] [stdout] [0m[32m| $$  \ $$ /$$__  $$| $$| $$  | $$| $$  | $$| $$  | $$| $$ | $$ | $$| $$      | $$| $$_____/ \____  $$| $$  | $$
[INFO] [stdout] [0m[36m| $$  | $$ | $$$$$$$| $$| $$  | $$| $$$$$$$/|  $$$$$$/|  $$$$$/$$$$/| $$      | $$|  $$$$$$$ /$$$$$$$/| $$  | $$
[INFO] [stdout] [0m[34m|__/  |__/ \_______/|__/|__/  |__/|_______/  \______/  \_____/\___/ |__/      |__/ \_______/|_______/ |__/  |__/
[INFO] [stdout] [0m[35m                                       佛祖保佑 0 error 0 warning
[INFO] [stdout] [0m[37mtest app::informers::sys_informer::tests::test_check_os_is_supported ... ok
[INFO] [stdout] test app::utils::cli_helper::tests::test_handle_args ... ok
[INFO] [stdout] [0m[30m        
[INFO] [stdout] [0m[31m /$$$$$$$            /$$           /$$                               /$$$$$$$$ /$$                     /$$      
[INFO] [stdout] [0m[31m| $$__  $$          |__/          | $$                              | $$_____/| $$                    | $$      
[INFO] [stdout] [0m[33m| $$  \ $$  /$$$$$$  /$$ /$$$$$$$ | $$$$$$$   /$$$$$$  /$$  /$$  /$$| $$      | $$  /$$$$$$   /$$$$$$$| $$$$$$$ 
[INFO] [stdout] [0m[33m| $$$$$$$/ |____  $$| $$| $$__  $$| $$__  $$ /$$__  $$| $$ | $$ | $$| $$$$$   | $$ /$$__  $$ /$$_____/| $$__  $$
[INFO] [stdout] [0m[32m| $$__  $$  /$$$$$$$| $$| $$  \ $$| $$  \ $$| $$  \ $$| $$ | $$ | $$| $$__/   | $$| $$$$$$$$|  $$$$$$ | $$  \ $$
[INFO] [stdout] [0m[32m| $$  \ $$ /$$__  $$| $$| $$  | $$| $$  | $$| $$  | $$| $$ | $$ | $$| $$      | $$| $$_____/ \____  $$| $$  | $$
[INFO] [stdout] [0m[36m| $$  | $$ | $$$$$$$| $$| $$  | $$| $$$$$$$/|  $$$$$$/|  $$$$$/$$$$/| $$      | $$|  $$$$$$$ /$$$$$$$/| $$  | $$
[INFO] [stdout] [0m[34m|__/  |__/ \_______/|__/|__/  |__/|_______/  \______/  \_____/\___/ |__/      |__/ \_______/|_______/ |__/  |__/
[INFO] [stdout] [0m[35m                                       佛祖保佑 0 error 0 warning
[INFO] [stdout] [0m[37mtest app::utils::cli_helper::tests::test_print_credits ... ok
[INFO] [stdout] [0m[30m        
[INFO] [stdout] [0m[31m /$$$$$$$            /$$           /$$                               /$$$$$$$$ /$$                     /$$      
[INFO] [stdout] [0m[31m| $$__  $$          |__/          | $$                              | $$_____/| $$                    | $$      
[INFO] [stdout] [0m[33m| $$  \ $$  /$$$$$$  /$$ /$$$$$$$ | $$$$$$$   /$$$$$$  /$$  /$$  /$$| $$      | $$  /$$$$$$   /$$$$$$$| $$$$$$$ 
[INFO] [stdout] [0m[33m| $$$$$$$/ |____  $$| $$| $$__  $$| $$__  $$ /$$__  $$| $$ | $$ | $$| $$$$$   | $$ /$$__  $$ /$$_____/| $$__  $$
[INFO] [stdout] [0m[32m| $$__  $$  /$$$$$$$| $$| $$  \ $$| $$  \ $$| $$  \ $$| $$ | $$ | $$| $$__/   | $$| $$$$$$$$|  $$$$$$ | $$  \ $$
[INFO] [stdout] [0m[32m| $$  \ $$ /$$__  $$| $$| $$  | $$| $$  | $$| $$  | $$| $$ | $$ | $$| $$      | $$| $$_____/ \____  $$| $$  | $$
[INFO] [stdout] [0m[36m| $$  | $$ | $$$$$$$| $$| $$  | $$| $$$$$$$/|  $$$$$$/|  $$$$$/$$$$/| $$      | $$|  $$$$$$$ /$$$$$$$/| $$  | $$
[INFO] [stdout] [0m[34m|__/  |__/ \_______/|__/|__/  |__/|_______/  \______/  \_____/\___/ |__/      |__/ \_______/|_______/ |__/  |__/
[INFO] [stdout] [0m[35m                                       佛祖保佑 0 error 0 warning
[INFO] [stdout] [0m[37mtest app::informers::temperature_informer::tests::test_get_temperature_info ... ok
[INFO] [stdout] test app::informers::sys_informer::tests::test_get_users ... ok
[INFO] [stdout] test app::informers::sys_informer::tests::test_boot_time ... ok
[INFO] [stdout] test app::informers::sys_informer::tests::test_load_average ... ok
[INFO] [stdout] test app::informers::memory_informer::tests::test_get_memory_info ... FAILED
[INFO] [stdout] test app::informers::sys_informer::tests::test_sysinfo ... ok
[INFO] [stdout] test app::informers::disk_informer::tests::test_get_disk_info ... ok
[INFO] [stdout] test app::informers::network_informer::tests::test_get_network_info ... ok
[INFO] [stdout] test server::tests::test_gracefully_shutdown ... FAILED
[INFO] [stdout] test app::informers::cpu_informer::tests::test_get_cpu_usage ... ok
[INFO] [stdout] 
[INFO] [stdout] failures:
[INFO] [stdout] 
[INFO] [stdout] ---- app::informers::memory_informer::tests::test_get_memory_info stdout ----
[INFO] [stdout] thread 'app::informers::memory_informer::tests::test_get_memory_info' panicked at src/app/informers/memory_informer.rs:41:9:
[INFO] [stdout] not yet implemented: implement
[INFO] [stdout] stack backtrace:
[INFO] [stdout]    0:     0x579df2cd4cda - std::backtrace_rs::backtrace::libunwind::trace::h5a5b8284f2d0c266
[INFO] [stdout]                                at /rustc/90b35a6239c3d8bdabc530a6a0816f7ff89a0aaf/library/std/src/../../backtrace/src/backtrace/libunwind.rs:116:5
[INFO] [stdout]    1:     0x579df2cd4cda - std::backtrace_rs::backtrace::trace_unsynchronized::h76d4f1c9b0b875e3
[INFO] [stdout]                                at /rustc/90b35a6239c3d8bdabc530a6a0816f7ff89a0aaf/library/std/src/../../backtrace/src/backtrace/mod.rs:66:5
[INFO] [stdout]    2:     0x579df2cd4cda - std::sys::backtrace::_print_fmt::hc4546b8364a537c6
[INFO] [stdout]                                at /rustc/90b35a6239c3d8bdabc530a6a0816f7ff89a0aaf/library/std/src/sys/backtrace.rs:66:9
[INFO] [stdout]    3:     0x579df2cd4cda - <std::sys::backtrace::BacktraceLock::print::DisplayBacktrace as core::fmt::Display>::fmt::h5b6bd5631a6d1f6b
[INFO] [stdout]                                at /rustc/90b35a6239c3d8bdabc530a6a0816f7ff89a0aaf/library/std/src/sys/backtrace.rs:39:26
[INFO] [stdout]    4:     0x579df2d00503 - core::fmt::rt::Argument::fmt::h270f6602a2b96f62
[INFO] [stdout]                                at /rustc/90b35a6239c3d8bdabc530a6a0816f7ff89a0aaf/library/core/src/fmt/rt.rs:177:76
[INFO] [stdout]    5:     0x579df2d00503 - core::fmt::write::h7550c97b06c86515
[INFO] [stdout]                                at /rustc/90b35a6239c3d8bdabc530a6a0816f7ff89a0aaf/library/core/src/fmt/mod.rs:1186:21
[INFO] [stdout]    6:     0x579df2cd17d3 - std::io::Write::write_fmt::h509ff860e5956e5e
[INFO] [stdout]                                at /rustc/90b35a6239c3d8bdabc530a6a0816f7ff89a0aaf/library/std/src/io/mod.rs:1839:15
[INFO] [stdout]    7:     0x579df2cd4b22 - std::sys::backtrace::BacktraceLock::print::h2395ccd2c84ba3aa
[INFO] [stdout]                                at /rustc/90b35a6239c3d8bdabc530a6a0816f7ff89a0aaf/library/std/src/sys/backtrace.rs:42:9
[INFO] [stdout]    8:     0x579df2cd613a - std::panicking::default_hook::{{closure}}::he19d4c7230e07961
[INFO] [stdout]                                at /rustc/90b35a6239c3d8bdabc530a6a0816f7ff89a0aaf/library/std/src/panicking.rs:268:22
[INFO] [stdout]    9:     0x579df2cd5f44 - std::panicking::default_hook::hf614597d3c67bbdb
[INFO] [stdout]                                at /rustc/90b35a6239c3d8bdabc530a6a0816f7ff89a0aaf/library/std/src/panicking.rs:292:9
[INFO] [stdout]   10:     0x579df27ea389 - <alloc::boxed::Box<F,A> as core::ops::function::Fn<Args>>::call::h39b51ce4599c23d1
[INFO] [stdout]                                at /rustc/90b35a6239c3d8bdabc530a6a0816f7ff89a0aaf/library/alloc/src/boxed.rs:2468:9
[INFO] [stdout]   11:     0x579df27ea389 - test::test_main::{{closure}}::he977ae839a582784
[INFO] [stdout]                                at /rustc/90b35a6239c3d8bdabc530a6a0816f7ff89a0aaf/library/test/src/lib.rs:133:21
[INFO] [stdout]   12:     0x579df2cd67d8 - <alloc::boxed::Box<F,A> as core::ops::function::Fn<Args>>::call::h9455091b6b06f9fb
[INFO] [stdout]                                at /rustc/90b35a6239c3d8bdabc530a6a0816f7ff89a0aaf/library/alloc/src/boxed.rs:2468:9
[INFO] [stdout]   13:     0x579df2cd67d8 - std::panicking::rust_panic_with_hook::h8942133a8b252070
[INFO] [stdout]                                at /rustc/90b35a6239c3d8bdabc530a6a0816f7ff89a0aaf/library/std/src/panicking.rs:809:13
[INFO] [stdout]   14:     0x579df2cd6566 - std::panicking::begin_panic_handler::{{closure}}::hb5f5963570096b29
[INFO] [stdout]                                at /rustc/90b35a6239c3d8bdabc530a6a0816f7ff89a0aaf/library/std/src/panicking.rs:667:13
[INFO] [stdout]   15:     0x579df2cd51b9 - std::sys::backtrace::__rust_end_short_backtrace::h6208cedc1922feda
[INFO] [stdout]                                at /rustc/90b35a6239c3d8bdabc530a6a0816f7ff89a0aaf/library/std/src/sys/backtrace.rs:170:18
[INFO] [stdout]   16:     0x579df2cd622c - rust_begin_unwind
[INFO] [stdout]                                at /rustc/90b35a6239c3d8bdabc530a6a0816f7ff89a0aaf/library/std/src/panicking.rs:665:5
[INFO] [stdout]   17:     0x579df25b7330 - core::panicking::panic_fmt::h0c3082644d1bf418
[INFO] [stdout]                                at /rustc/90b35a6239c3d8bdabc530a6a0816f7ff89a0aaf/library/core/src/panicking.rs:74:14
[INFO] [stdout]   18:     0x579df2704ed8 - sysinfo_http::app::informers::memory_informer::tests::test_get_memory_info::h732d7b2b23cb27dd
[INFO] [stdout]                                at /opt/rustwide/workdir/src/app/informers/memory_informer.rs:41:9
[INFO] [stdout]   19:     0x579df2704e87 - sysinfo_http::app::informers::memory_informer::tests::test_get_memory_info::{{closure}}::h100a76c5c622c823
[INFO] [stdout]                                at /opt/rustwide/workdir/src/app/informers/memory_informer.rs:40:30
[INFO] [stdout]   20:     0x579df26334e6 - core::ops::function::FnOnce::call_once::h6f227a526e74f9c3
[INFO] [stdout]                                at /rustc/90b35a6239c3d8bdabc530a6a0816f7ff89a0aaf/library/core/src/ops/function.rs:250:5
[INFO] [stdout]   21:     0x579df27eed4b - core::ops::function::FnOnce::call_once::h109cf8051a59b34e
[INFO] [stdout]                                at /rustc/90b35a6239c3d8bdabc530a6a0816f7ff89a0aaf/library/core/src/ops/function.rs:250:5
[INFO] [stdout]   22:     0x579df27eed4b - test::__rust_begin_short_backtrace::hf4fff89d377446ba
[INFO] [stdout]                                at /rustc/90b35a6239c3d8bdabc530a6a0816f7ff89a0aaf/library/test/src/lib.rs:621:18
[INFO] [stdout]   23:     0x579df27ee587 - test::run_test_in_process::{{closure}}::h0e39181dd7ee5a43
[INFO] [stdout]                                at /rustc/90b35a6239c3d8bdabc530a6a0816f7ff89a0aaf/library/test/src/lib.rs:644:60
[INFO] [stdout]   24:     0x579df27ee587 - <core::panic::unwind_safe::AssertUnwindSafe<F> as core::ops::function::FnOnce<()>>::call_once::hc5a66a30f0bdfd1f
[INFO] [stdout]                                at /rustc/90b35a6239c3d8bdabc530a6a0816f7ff89a0aaf/library/core/src/panic/unwind_safe.rs:272:9
[INFO] [stdout]   25:     0x579df27ee587 - std::panicking::try::do_call::h873b7cf639554a5e
[INFO] [stdout]                                at /rustc/90b35a6239c3d8bdabc530a6a0816f7ff89a0aaf/library/std/src/panicking.rs:557:40
[INFO] [stdout]   26:     0x579df27ee587 - std::panicking::try::hdb19862fad9c8bd1
[INFO] [stdout]                                at /rustc/90b35a6239c3d8bdabc530a6a0816f7ff89a0aaf/library/std/src/panicking.rs:520:19
[INFO] [stdout]   27:     0x579df27ee587 - std::panic::catch_unwind::h281fe732d236d260
[INFO] [stdout]                                at /rustc/90b35a6239c3d8bdabc530a6a0816f7ff89a0aaf/library/std/src/panic.rs:358:14
[INFO] [stdout]   28:     0x579df27ee587 - test::run_test_in_process::h949b6df8457ed338
[INFO] [stdout]                                at /rustc/90b35a6239c3d8bdabc530a6a0816f7ff89a0aaf/library/test/src/lib.rs:644:27
[INFO] [stdout]   29:     0x579df27ee587 - test::run_test::{{closure}}::h52c556a6d4740e10
[INFO] [stdout]                                at /rustc/90b35a6239c3d8bdabc530a6a0816f7ff89a0aaf/library/test/src/lib.rs:565:43
[INFO] [stdout]   30:     0x579df27b3864 - test::run_test::{{closure}}::h4237f6381c45ccb9
[INFO] [stdout]                                at /rustc/90b35a6239c3d8bdabc530a6a0816f7ff89a0aaf/library/test/src/lib.rs:595:41
[INFO] [stdout]   31:     0x579df27b3864 - std::sys::backtrace::__rust_begin_short_backtrace::h505c97a579eca628
[INFO] [stdout]                                at /rustc/90b35a6239c3d8bdabc530a6a0816f7ff89a0aaf/library/std/src/sys/backtrace.rs:154:18
[INFO] [stdout]   32:     0x579df27b6f2e - std::thread::Builder::spawn_unchecked_::{{closure}}::{{closure}}::h9e86b2e2bc107ea3
[INFO] [stdout]                                at /rustc/90b35a6239c3d8bdabc530a6a0816f7ff89a0aaf/library/std/src/thread/mod.rs:538:17
[INFO] [stdout]   33:     0x579df27b6f2e - <core::panic::unwind_safe::AssertUnwindSafe<F> as core::ops::function::FnOnce<()>>::call_once::h8b06ddb275ff4a25
[INFO] [stdout]                                at /rustc/90b35a6239c3d8bdabc530a6a0816f7ff89a0aaf/library/core/src/panic/unwind_safe.rs:272:9
[INFO] [stdout]   34:     0x579df27b6f2e - std::panicking::try::do_call::hb26ecd7cd9a9355d
[INFO] [stdout]                                at /rustc/90b35a6239c3d8bdabc530a6a0816f7ff89a0aaf/library/std/src/panicking.rs:557:40
[INFO] [stdout]   35:     0x579df27b6f2e - std::panicking::try::h8ddeca9d705f9069
[INFO] [stdout]                                at /rustc/90b35a6239c3d8bdabc530a6a0816f7ff89a0aaf/library/std/src/panicking.rs:520:19
[INFO] [stdout]   36:     0x579df27b6f2e - std::panic::catch_unwind::h49e1c33078844c46
[INFO] [stdout]                                at /rustc/90b35a6239c3d8bdabc530a6a0816f7ff89a0aaf/library/std/src/panic.rs:358:14
[INFO] [stdout]   37:     0x579df27b6f2e - std::thread::Builder::spawn_unchecked_::{{closure}}::h6073db6ff56ad35d
[INFO] [stdout]                                at /rustc/90b35a6239c3d8bdabc530a6a0816f7ff89a0aaf/library/std/src/thread/mod.rs:537:30
[INFO] [stdout]   38:     0x579df27b6f2e - core::ops::function::FnOnce::call_once{{vtable.shim}}::h2c5a5f3779c774f1
[INFO] [stdout]                                at /rustc/90b35a6239c3d8bdabc530a6a0816f7ff89a0aaf/library/core/src/ops/function.rs:250:5
[INFO] [stdout]   39:     0x579df2cdad4b - <alloc::boxed::Box<F,A> as core::ops::function::FnOnce<Args>>::call_once::hf75717d9f28faebf
[INFO] [stdout]                                at /rustc/90b35a6239c3d8bdabc530a6a0816f7ff89a0aaf/library/alloc/src/boxed.rs:2454:9
[INFO] [stdout]   40:     0x579df2cdad4b - <alloc::boxed::Box<F,A> as core::ops::function::FnOnce<Args>>::call_once::h7bd883a5f3c5f3c1
[INFO] [stdout]                                at /rustc/90b35a6239c3d8bdabc530a6a0816f7ff89a0aaf/library/alloc/src/boxed.rs:2454:9
[INFO] [stdout]   41:     0x579df2cdad4b - std::sys::pal::unix::thread::Thread::new::thread_start::hcc78f3943333fa94
[INFO] [stdout]                                at /rustc/90b35a6239c3d8bdabc530a6a0816f7ff89a0aaf/library/std/src/sys/pal/unix/thread.rs:105:17
[INFO] [stdout]   42:     0x7a9aae19fac3 - <unknown>
[INFO] [stdout]   43:     0x7a9aae230a04 - clone
[INFO] [stdout]   44:                0x0 - <unknown>
[INFO] [stdout] 
[INFO] [stdout] ---- server::tests::test_gracefully_shutdown stdout ----
[INFO] [stdout] thread 'server::tests::test_gracefully_shutdown' panicked at src/server.rs:65:45:
[INFO] [stdout] Unable to create logger: Read-only file system (os error 30)
[INFO] [stdout] stack backtrace:
[INFO] [stdout]    0:     0x579df2cd4cda - std::backtrace_rs::backtrace::libunwind::trace::h5a5b8284f2d0c266
[INFO] [stdout]                                at /rustc/90b35a6239c3d8bdabc530a6a0816f7ff89a0aaf/library/std/src/../../backtrace/src/backtrace/libunwind.rs:116:5
[INFO] [stdout]    1:     0x579df2cd4cda - std::backtrace_rs::backtrace::trace_unsynchronized::h76d4f1c9b0b875e3
[INFO] [stdout]                                at /rustc/90b35a6239c3d8bdabc530a6a0816f7ff89a0aaf/library/std/src/../../backtrace/src/backtrace/mod.rs:66:5
[INFO] [stdout]    2:     0x579df2cd4cda - std::sys::backtrace::_print_fmt::hc4546b8364a537c6
[INFO] [stdout]                                at /rustc/90b35a6239c3d8bdabc530a6a0816f7ff89a0aaf/library/std/src/sys/backtrace.rs:66:9
[INFO] [stdout]    3:     0x579df2cd4cda - <std::sys::backtrace::BacktraceLock::print::DisplayBacktrace as core::fmt::Display>::fmt::h5b6bd5631a6d1f6b
[INFO] [stdout]                                at /rustc/90b35a6239c3d8bdabc530a6a0816f7ff89a0aaf/library/std/src/sys/backtrace.rs:39:26
[INFO] [stdout]    4:     0x579df2d00503 - core::fmt::rt::Argument::fmt::h270f6602a2b96f62
[INFO] [stdout]                                at /rustc/90b35a6239c3d8bdabc530a6a0816f7ff89a0aaf/library/core/src/fmt/rt.rs:177:76
[INFO] [stdout]    5:     0x579df2d00503 - core::fmt::write::h7550c97b06c86515
[INFO] [stdout]                                at /rustc/90b35a6239c3d8bdabc530a6a0816f7ff89a0aaf/library/core/src/fmt/mod.rs:1186:21
[INFO] [stdout]    6:     0x579df2cd17d3 - std::io::Write::write_fmt::h509ff860e5956e5e
[INFO] [stdout]                                at /rustc/90b35a6239c3d8bdabc530a6a0816f7ff89a0aaf/library/std/src/io/mod.rs:1839:15
[INFO] [stdout]    7:     0x579df2cd4b22 - std::sys::backtrace::BacktraceLock::print::h2395ccd2c84ba3aa
[INFO] [stdout]                                at /rustc/90b35a6239c3d8bdabc530a6a0816f7ff89a0aaf/library/std/src/sys/backtrace.rs:42:9
[INFO] [stdout]    8:     0x579df2cd613a - std::panicking::default_hook::{{closure}}::he19d4c7230e07961
[INFO] [stdout]                                at /rustc/90b35a6239c3d8bdabc530a6a0816f7ff89a0aaf/library/std/src/panicking.rs:268:22
[INFO] [stdout]    9:     0x579df2cd5f44 - std::panicking::default_hook::hf614597d3c67bbdb
[INFO] [stdout]                                at /rustc/90b35a6239c3d8bdabc530a6a0816f7ff89a0aaf/library/std/src/panicking.rs:292:9
[INFO] [stdout]   10:     0x579df27ea389 - <alloc::boxed::Box<F,A> as core::ops::function::Fn<Args>>::call::h39b51ce4599c23d1
[INFO] [stdout]                                at /rustc/90b35a6239c3d8bdabc530a6a0816f7ff89a0aaf/library/alloc/src/boxed.rs:2468:9
[INFO] [stdout]   11:     0x579df27ea389 - test::test_main::{{closure}}::he977ae839a582784
[INFO] [stdout]                                at /rustc/90b35a6239c3d8bdabc530a6a0816f7ff89a0aaf/library/test/src/lib.rs:133:21
[INFO] [stdout]   12:     0x579df2cd67d8 - <alloc::boxed::Box<F,A> as core::ops::function::Fn<Args>>::call::h9455091b6b06f9fb
[INFO] [stdout]                                at /rustc/90b35a6239c3d8bdabc530a6a0816f7ff89a0aaf/library/alloc/src/boxed.rs:2468:9
[INFO] [stdout]   13:     0x579df2cd67d8 - std::panicking::rust_panic_with_hook::h8942133a8b252070
[INFO] [stdout]                                at /rustc/90b35a6239c3d8bdabc530a6a0816f7ff89a0aaf/library/std/src/panicking.rs:809:13
[INFO] [stdout]   14:     0x579df2cd659a - std::panicking::begin_panic_handler::{{closure}}::hb5f5963570096b29
[INFO] [stdout]                                at /rustc/90b35a6239c3d8bdabc530a6a0816f7ff89a0aaf/library/std/src/panicking.rs:674:13
[INFO] [stdout]   15:     0x579df2cd51b9 - std::sys::backtrace::__rust_end_short_backtrace::h6208cedc1922feda
[INFO] [stdout]                                at /rustc/90b35a6239c3d8bdabc530a6a0816f7ff89a0aaf/library/std/src/sys/backtrace.rs:170:18
[INFO] [stdout]   16:     0x579df2cd622c - rust_begin_unwind
[INFO] [stdout]                                at /rustc/90b35a6239c3d8bdabc530a6a0816f7ff89a0aaf/library/std/src/panicking.rs:665:5
[INFO] [stdout]   17:     0x579df25b7330 - core::panicking::panic_fmt::h0c3082644d1bf418
[INFO] [stdout]                                at /rustc/90b35a6239c3d8bdabc530a6a0816f7ff89a0aaf/library/core/src/panicking.rs:74:14
[INFO] [stdout]   18:     0x579df25b7816 - core::result::unwrap_failed::hd20b4aa073bda1e2
[INFO] [stdout]                                at /rustc/90b35a6239c3d8bdabc530a6a0816f7ff89a0aaf/library/core/src/result.rs:1700:5
[INFO] [stdout]   19:     0x579df263ee6f - core::result::Result<T,E>::expect::hb86b335d9399efd9
[INFO] [stdout]                                at /rustc/90b35a6239c3d8bdabc530a6a0816f7ff89a0aaf/library/core/src/result.rs:1061:23
[INFO] [stdout]   20:     0x579df278bb81 - sysinfo_http::server::init_server::{{closure}}::h8961b114db5cb669
[INFO] [stdout]                                at /opt/rustwide/workdir/src/server.rs:65:5
[INFO] [stdout]   21:     0x579df2623f93 - sysinfo_http::server::tests::test_gracefully_shutdown::{{closure}}::hda2e89065a37e089
[INFO] [stdout]                                at /opt/rustwide/workdir/src/server.rs:123:44
[INFO] [stdout]   22:     0x579df267be62 - <core::pin::Pin<P> as core::future::future::Future>::poll::hbeeb41d6f386990d
[INFO] [stdout]                                at /rustc/90b35a6239c3d8bdabc530a6a0816f7ff89a0aaf/library/core/src/future/future.rs:123:9
[INFO] [stdout]   23:     0x579df267be1d - <core::pin::Pin<P> as core::future::future::Future>::poll::h80d2826934dd52ce
[INFO] [stdout]                                at /rustc/90b35a6239c3d8bdabc530a6a0816f7ff89a0aaf/library/core/src/future/future.rs:123:9
[INFO] [stdout]   24:     0x579df278443f - tokio::runtime::scheduler::current_thread::CoreGuard::block_on::{{closure}}::{{closure}}::{{closure}}::h934750a97f32a3d4
[INFO] [stdout]                                at /opt/rustwide/cargo-home/registry/src/index.crates.io-6f17d22bba15001f/tokio-1.29.0/src/runtime/scheduler/current_thread.rs:651:57
[INFO] [stdout]   25:     0x579df2784385 - tokio::runtime::coop::with_budget::hc244fce4533f29f6
[INFO] [stdout]                                at /opt/rustwide/cargo-home/registry/src/index.crates.io-6f17d22bba15001f/tokio-1.29.0/src/runtime/coop.rs:107:5
[INFO] [stdout]   26:     0x579df2784385 - tokio::runtime::coop::budget::h422e67614f8e5e77
[INFO] [stdout]                                at /opt/rustwide/cargo-home/registry/src/index.crates.io-6f17d22bba15001f/tokio-1.29.0/src/runtime/coop.rs:73:5
[INFO] [stdout]   27:     0x579df2784385 - tokio::runtime::scheduler::current_thread::CoreGuard::block_on::{{closure}}::{{closure}}::hde9619c98baf4177
[INFO] [stdout]                                at /opt/rustwide/cargo-home/registry/src/index.crates.io-6f17d22bba15001f/tokio-1.29.0/src/runtime/scheduler/current_thread.rs:651:25
[INFO] [stdout]   28:     0x579df2783120 - tokio::runtime::scheduler::current_thread::Context::enter::hbbaa992d189bf02e
[INFO] [stdout]                                at /opt/rustwide/cargo-home/registry/src/index.crates.io-6f17d22bba15001f/tokio-1.29.0/src/runtime/scheduler/current_thread.rs:410:19
[INFO] [stdout]   29:     0x579df2783bde - tokio::runtime::scheduler::current_thread::CoreGuard::block_on::{{closure}}::h9a4d019a55f092a0
[INFO] [stdout]                                at /opt/rustwide/cargo-home/registry/src/index.crates.io-6f17d22bba15001f/tokio-1.29.0/src/runtime/scheduler/current_thread.rs:650:36
[INFO] [stdout]   30:     0x579df2783954 - tokio::runtime::scheduler::current_thread::CoreGuard::enter::{{closure}}::had157c17f0b2e935
[INFO] [stdout]                                at /opt/rustwide/cargo-home/registry/src/index.crates.io-6f17d22bba15001f/tokio-1.29.0/src/runtime/scheduler/current_thread.rs:729:68
[INFO] [stdout]   31:     0x579df2762d5b - tokio::runtime::context::scoped::Scoped<T>::set::h4d10905c284ad703
[INFO] [stdout]                                at /opt/rustwide/cargo-home/registry/src/index.crates.io-6f17d22bba15001f/tokio-1.29.0/src/runtime/context/scoped.rs:40:9
[INFO] [stdout]   32:     0x579df269e519 - tokio::runtime::context::set_scheduler::{{closure}}::h87c6b2b42cb02b9c
[INFO] [stdout]                                at /opt/rustwide/cargo-home/registry/src/index.crates.io-6f17d22bba15001f/tokio-1.29.0/src/runtime/context.rs:176:26
[INFO] [stdout]   33:     0x579df265cfdd - std::thread::local::LocalKey<T>::try_with::h98f78fd0d6ffa10f
[INFO] [stdout]                                at /rustc/90b35a6239c3d8bdabc530a6a0816f7ff89a0aaf/library/std/src/thread/local.rs:283:12
[INFO] [stdout]   34:     0x579df265c59a - std::thread::local::LocalKey<T>::with::h05870e78350ba31d
[INFO] [stdout]                                at /rustc/90b35a6239c3d8bdabc530a6a0816f7ff89a0aaf/library/std/src/thread/local.rs:260:9
[INFO] [stdout]   35:     0x579df269e4cd - tokio::runtime::context::set_scheduler::hde9834897b459a30
[INFO] [stdout]                                at /opt/rustwide/cargo-home/registry/src/index.crates.io-6f17d22bba15001f/tokio-1.29.0/src/runtime/context.rs:176:9
[INFO] [stdout]   36:     0x579df2783700 - tokio::runtime::scheduler::current_thread::CoreGuard::enter::h9702ce863f106d06
[INFO] [stdout]                                at /opt/rustwide/cargo-home/registry/src/index.crates.io-6f17d22bba15001f/tokio-1.29.0/src/runtime/scheduler/current_thread.rs:729:27
[INFO] [stdout]   37:     0x579df2783973 - tokio::runtime::scheduler::current_thread::CoreGuard::block_on::h43de5b730e539c82
[INFO] [stdout]                                at /opt/rustwide/cargo-home/registry/src/index.crates.io-6f17d22bba15001f/tokio-1.29.0/src/runtime/scheduler/current_thread.rs:638:19
[INFO] [stdout]   38:     0x579df2781a3d - tokio::runtime::scheduler::current_thread::CurrentThread::block_on::{{closure}}::h0b261641377c8c17
[INFO] [stdout]                                at /opt/rustwide/cargo-home/registry/src/index.crates.io-6f17d22bba15001f/tokio-1.29.0/src/runtime/scheduler/current_thread.rs:175:28
[INFO] [stdout]   39:     0x579df26d8796 - tokio::runtime::context::runtime::enter_runtime::h027982a877974bff
[INFO] [stdout]                                at /opt/rustwide/cargo-home/registry/src/index.crates.io-6f17d22bba15001f/tokio-1.29.0/src/runtime/context/runtime.rs:65:16
[INFO] [stdout]   40:     0x579df2781951 - tokio::runtime::scheduler::current_thread::CurrentThread::block_on::h5f439ab6ece28fe9
[INFO] [stdout]                                at /opt/rustwide/cargo-home/registry/src/index.crates.io-6f17d22bba15001f/tokio-1.29.0/src/runtime/scheduler/current_thread.rs:167:9
[INFO] [stdout]   41:     0x579df273f85d - tokio::runtime::runtime::Runtime::block_on::h449faa1d75cf2721
[INFO] [stdout]                                at /opt/rustwide/cargo-home/registry/src/index.crates.io-6f17d22bba15001f/tokio-1.29.0/src/runtime/runtime.rs:311:47
[INFO] [stdout]   42:     0x579df2622fe0 - sysinfo_http::server::tests::test_gracefully_shutdown::hb771390efe88e9b9
[INFO] [stdout]                                at /opt/rustwide/workdir/src/server.rs:137:9
[INFO] [stdout]   43:     0x579df2622e87 - sysinfo_http::server::tests::test_gracefully_shutdown::{{closure}}::h2b9448eb45d92870
[INFO] [stdout]                                at /opt/rustwide/workdir/src/server.rs:109:40
[INFO] [stdout]   44:     0x579df2633036 - core::ops::function::FnOnce::call_once::h46126ca8aba4796e
[INFO] [stdout]                                at /rustc/90b35a6239c3d8bdabc530a6a0816f7ff89a0aaf/library/core/src/ops/function.rs:250:5
[INFO] [stdout]   45:     0x579df27eed4b - core::ops::function::FnOnce::call_once::h109cf8051a59b34e
[INFO] [stdout]                                at /rustc/90b35a6239c3d8bdabc530a6a0816f7ff89a0aaf/library/core/src/ops/function.rs:250:5
[INFO] [stdout]   46:     0x579df27eed4b - test::__rust_begin_short_backtrace::hf4fff89d377446ba
[INFO] [stdout]                                at /rustc/90b35a6239c3d8bdabc530a6a0816f7ff89a0aaf/library/test/src/lib.rs:621:18
[INFO] [stdout]   47:     0x579df27ee587 - test::run_test_in_process::{{closure}}::h0e39181dd7ee5a43
[INFO] [stdout]                                at /rustc/90b35a6239c3d8bdabc530a6a0816f7ff89a0aaf/library/test/src/lib.rs:644:60
[INFO] [stdout]   48:     0x579df27ee587 - <core::panic::unwind_safe::AssertUnwindSafe<F> as core::ops::function::FnOnce<()>>::call_once::hc5a66a30f0bdfd1f
[INFO] [stdout]                                at /rustc/90b35a6239c3d8bdabc530a6a0816f7ff89a0aaf/library/core/src/panic/unwind_safe.rs:272:9
[INFO] [stdout]   49:     0x579df27ee587 - std::panicking::try::do_call::h873b7cf639554a5e
[INFO] [stdout]                                at /rustc/90b35a6239c3d8bdabc530a6a0816f7ff89a0aaf/library/std/src/panicking.rs:557:40
[INFO] [stdout]   50:     0x579df27ee587 - std::panicking::try::hdb19862fad9c8bd1
[INFO] [stdout]                                at /rustc/90b35a6239c3d8bdabc530a6a0816f7ff89a0aaf/library/std/src/panicking.rs:520:19
[INFO] [stdout]   51:     0x579df27ee587 - std::panic::catch_unwind::h281fe732d236d260
[INFO] [stdout]                                at /rustc/90b35a6239c3d8bdabc530a6a0816f7ff89a0aaf/library/std/src/panic.rs:358:14
[INFO] [stdout]   52:     0x579df27ee587 - test::run_test_in_process::h949b6df8457ed338
[INFO] [stdout]                                at /rustc/90b35a6239c3d8bdabc530a6a0816f7ff89a0aaf/library/test/src/lib.rs:644:27
[INFO] [stdout]   53:     0x579df27ee587 - test::run_test::{{closure}}::h52c556a6d4740e10
[INFO] [stdout]                                at /rustc/90b35a6239c3d8bdabc530a6a0816f7ff89a0aaf/library/test/src/lib.rs:565:43
[INFO] [stdout]   54:     0x579df27b3864 - test::run_test::{{closure}}::h4237f6381c45ccb9
[INFO] [stdout]                                at /rustc/90b35a6239c3d8bdabc530a6a0816f7ff89a0aaf/library/test/src/lib.rs:595:41
[INFO] [stdout]   55:     0x579df27b3864 - std::sys::backtrace::__rust_begin_short_backtrace::h505c97a579eca628
[INFO] [stdout]                                at /rustc/90b35a6239c3d8bdabc530a6a0816f7ff89a0aaf/library/std/src/sys/backtrace.rs:154:18
[INFO] [stdout]   56:     0x579df27b6f2e - std::thread::Builder::spawn_unchecked_::{{closure}}::{{closure}}::h9e86b2e2bc107ea3
[INFO] [stdout]                                at /rustc/90b35a6239c3d8bdabc530a6a0816f7ff89a0aaf/library/std/src/thread/mod.rs:538:17
[INFO] [stdout]   57:     0x579df27b6f2e - <core::panic::unwind_safe::AssertUnwindSafe<F> as core::ops::function::FnOnce<()>>::call_once::h8b06ddb275ff4a25
[INFO] [stdout]                                at /rustc/90b35a6239c3d8bdabc530a6a0816f7ff89a0aaf/library/core/src/panic/unwind_safe.rs:272:9
[INFO] [stdout]   58:     0x579df27b6f2e - std::panicking::try::do_call::hb26ecd7cd9a9355d
[INFO] [stdout]                                at /rustc/90b35a6239c3d8bdabc530a6a0816f7ff89a0aaf/library/std/src/panicking.rs:557:40
[INFO] [stdout]   59:     0x579df27b6f2e - std::panicking::try::h8ddeca9d705f9069
[INFO] [stdout]                                at /rustc/90b35a6239c3d8bdabc530a6a0816f7ff89a0aaf/library/std/src/panicking.rs:520:19
[INFO] [stdout]   60:     0x579df27b6f2e - std::panic::catch_unwind::h49e1c33078844c46
[INFO] [stdout]                                at /rustc/90b35a6239c3d8bdabc530a6a0816f7ff89a0aaf/library/std/src/panic.rs:358:14
[INFO] [stdout]   61:     0x579df27b6f2e - std::thread::Builder::spawn_unchecked_::{{closure}}::h6073db6ff56ad35d
[INFO] [stdout]                                at /rustc/90b35a6239c3d8bdabc530a6a0816f7ff89a0aaf/library/std/src/thread/mod.rs:537:30
[INFO] [stdout]   62:     0x579df27b6f2e - core::ops::function::FnOnce::call_once{{vtable.shim}}::h2c5a5f3779c774f1
[INFO] [stdout]                                at /rustc/90b35a6239c3d8bdabc530a6a0816f7ff89a0aaf/library/core/src/ops/function.rs:250:5
[INFO] [stdout]   63:     0x579df2cdad4b - <alloc::boxed::Box<F,A> as core::ops::function::FnOnce<Args>>::call_once::hf75717d9f28faebf
[INFO] [stdout]                                at /rustc/90b35a6239c3d8bdabc530a6a0816f7ff89a0aaf/library/alloc/src/boxed.rs:2454:9
[INFO] [stdout]   64:     0x579df2cdad4b - <alloc::boxed::Box<F,A> as core::ops::function::FnOnce<Args>>::call_once::h7bd883a5f3c5f3c1
[INFO] [stdout]                                at /rustc/90b35a6239c3d8bdabc530a6a0816f7ff89a0aaf/library/alloc/src/boxed.rs:2454:9
[INFO] [stdout]   65:     0x579df2cdad4b - std::sys::pal::unix::thread::Thread::new::thread_start::hcc78f3943333fa94
[INFO] [stdout]                                at /rustc/90b35a6239c3d8bdabc530a6a0816f7ff89a0aaf/library/std/src/sys/pal/unix/thread.rs:105:17
[INFO] [stdout]   66:     0x7a9aae19fac3 - <unknown>
[INFO] [stdout]   67:     0x7a9aae230a04 - clone
[INFO] [stdout]   68:                0x0 - <unknown>
[INFO] [stdout] 
[INFO] [stdout] 
[INFO] [stdout] failures:
[INFO] [stdout]     app::informers::memory_informer::tests::test_get_memory_info
[INFO] [stdout]     server::tests::test_gracefully_shutdown
[INFO] [stdout] 
[INFO] [stdout] test result: FAILED. 11 passed; 2 failed; 0 ignored; 0 measured; 0 filtered out; finished in 0.28s
[INFO] [stdout] 
[INFO] [stderr] error: test failed, to rerun pass `--bin sysinfo-http`
[INFO] running `Command { std: "docker" "inspect" "27a753120301eef71ab91beaf2097604c6aa3b21b8f48d9b1a4a9a0a359b0762", kill_on_drop: false }`
[INFO] running `Command { std: "docker" "rm" "-f" "27a753120301eef71ab91beaf2097604c6aa3b21b8f48d9b1a4a9a0a359b0762", kill_on_drop: false }`
[INFO] [stdout] 27a753120301eef71ab91beaf2097604c6aa3b21b8f48d9b1a4a9a0a359b0762
