[INFO] fetching crate syncify 0.1.0...
[INFO] testing syncify-0.1.0 against beta-2024-12-08 for beta-1.84.0-4-retry
[INFO] extracting crate syncify 0.1.0 into /workspace/builds/worker-3-tc2/source
[INFO] validating manifest of crates.io crate syncify 0.1.0 on toolchain beta-2024-12-08
[INFO] running `Command { std: CARGO_HOME="/workspace/cargo-home" RUSTUP_HOME="/workspace/rustup-home" "/workspace/cargo-home/bin/cargo" "+beta-2024-12-08" "metadata" "--manifest-path" "Cargo.toml" "--no-deps", kill_on_drop: false }`
[INFO] started tweaking crates.io crate syncify 0.1.0
[INFO] finished tweaking crates.io crate syncify 0.1.0
[INFO] tweaked toml for crates.io crate syncify 0.1.0 written to /workspace/builds/worker-3-tc2/source/Cargo.toml
[INFO] running `Command { std: CARGO_HOME="/workspace/cargo-home" RUSTUP_HOME="/workspace/rustup-home" "/workspace/cargo-home/bin/cargo" "+beta-2024-12-08" "generate-lockfile" "--manifest-path" "Cargo.toml", kill_on_drop: false }`
[INFO] [stderr]     Updating crates.io index
[INFO] [stderr]      Locking 4 packages to latest compatible versions
[INFO] running `Command { std: CARGO_HOME="/workspace/cargo-home" RUSTUP_HOME="/workspace/rustup-home" "/workspace/cargo-home/bin/cargo" "+beta-2024-12-08" "fetch" "--manifest-path" "Cargo.toml", kill_on_drop: false }`
[INFO] running `Command { std: "docker" "create" "-v" "/var/lib/crater-agent-workspace/builds/worker-3-tc2/target:/opt/rustwide/target:rw,Z" "-v" "/var/lib/crater-agent-workspace/builds/worker-3-tc2/source:/opt/rustwide/workdir:ro,Z" "-v" "/var/lib/crater-agent-workspace/cargo-home:/opt/rustwide/cargo-home:ro,Z" "-v" "/var/lib/crater-agent-workspace/rustup-home:/opt/rustwide/rustup-home:ro,Z" "-e" "SOURCE_DIR=/opt/rustwide/workdir" "-e" "CARGO_TARGET_DIR=/opt/rustwide/target" "-e" "CARGO_HOME=/opt/rustwide/cargo-home" "-e" "RUSTUP_HOME=/opt/rustwide/rustup-home" "-w" "/opt/rustwide/workdir" "-m" "1610612736" "--user" "0:0" "--network" "none" "ghcr.io/rust-lang/crates-build-env/linux@sha256:f3a9d4ad9d972b27faf3965f35b62e55ba32bbce8f20bc8fe909558a86702fde" "/opt/rustwide/cargo-home/bin/cargo" "+beta-2024-12-08" "metadata" "--no-deps" "--format-version=1", kill_on_drop: false }`
[INFO] [stdout] daa6efb5d67aaa015aabb2b086c097ee8fd47f94511a3e46e997fefe0da73f88
[INFO] running `Command { std: "docker" "start" "-a" "daa6efb5d67aaa015aabb2b086c097ee8fd47f94511a3e46e997fefe0da73f88", kill_on_drop: false }`
[INFO] running `Command { std: "docker" "inspect" "daa6efb5d67aaa015aabb2b086c097ee8fd47f94511a3e46e997fefe0da73f88", kill_on_drop: false }`
[INFO] running `Command { std: "docker" "rm" "-f" "daa6efb5d67aaa015aabb2b086c097ee8fd47f94511a3e46e997fefe0da73f88", kill_on_drop: false }`
[INFO] [stdout] daa6efb5d67aaa015aabb2b086c097ee8fd47f94511a3e46e997fefe0da73f88
[INFO] running `Command { std: "docker" "create" "-v" "/var/lib/crater-agent-workspace/builds/worker-3-tc2/target:/opt/rustwide/target:rw,Z" "-v" "/var/lib/crater-agent-workspace/builds/worker-3-tc2/source:/opt/rustwide/workdir:ro,Z" "-v" "/var/lib/crater-agent-workspace/cargo-home:/opt/rustwide/cargo-home:ro,Z" "-v" "/var/lib/crater-agent-workspace/rustup-home:/opt/rustwide/rustup-home:ro,Z" "-e" "SOURCE_DIR=/opt/rustwide/workdir" "-e" "CARGO_TARGET_DIR=/opt/rustwide/target" "-e" "CARGO_INCREMENTAL=0" "-e" "RUST_BACKTRACE=full" "-e" "RUSTFLAGS=--cap-lints=warn" "-e" "RUSTDOCFLAGS=--cap-lints=warn" "-e" "CARGO_HOME=/opt/rustwide/cargo-home" "-e" "RUSTUP_HOME=/opt/rustwide/rustup-home" "-w" "/opt/rustwide/workdir" "-m" "1610612736" "--user" "0:0" "--network" "none" "ghcr.io/rust-lang/crates-build-env/linux@sha256:f3a9d4ad9d972b27faf3965f35b62e55ba32bbce8f20bc8fe909558a86702fde" "/opt/rustwide/cargo-home/bin/cargo" "+beta-2024-12-08" "build" "--frozen" "--message-format=json", kill_on_drop: false }`
[INFO] [stdout] 2c08fd26bde8be908214213790c247d85fe4d5d3c1016728ebe2c249fdd67273
[INFO] running `Command { std: "docker" "start" "-a" "2c08fd26bde8be908214213790c247d85fe4d5d3c1016728ebe2c249fdd67273", kill_on_drop: false }`
[INFO] [stderr]    Compiling proc-macro2 v1.0.92
[INFO] [stderr]    Compiling unicode-ident v1.0.14
[INFO] [stderr]    Compiling quote v1.0.37
[INFO] [stderr]    Compiling syn v2.0.90
[INFO] [stderr]    Compiling syncify v0.1.0 (/opt/rustwide/workdir)
[INFO] [stderr]     Finished `dev` profile [unoptimized + debuginfo] target(s) in 9.00s
[INFO] running `Command { std: "docker" "inspect" "2c08fd26bde8be908214213790c247d85fe4d5d3c1016728ebe2c249fdd67273", kill_on_drop: false }`
[INFO] running `Command { std: "docker" "rm" "-f" "2c08fd26bde8be908214213790c247d85fe4d5d3c1016728ebe2c249fdd67273", kill_on_drop: false }`
[INFO] [stdout] 2c08fd26bde8be908214213790c247d85fe4d5d3c1016728ebe2c249fdd67273
[INFO] running `Command { std: "docker" "create" "-v" "/var/lib/crater-agent-workspace/builds/worker-3-tc2/target:/opt/rustwide/target:rw,Z" "-v" "/var/lib/crater-agent-workspace/builds/worker-3-tc2/source:/opt/rustwide/workdir:ro,Z" "-v" "/var/lib/crater-agent-workspace/cargo-home:/opt/rustwide/cargo-home:ro,Z" "-v" "/var/lib/crater-agent-workspace/rustup-home:/opt/rustwide/rustup-home:ro,Z" "-e" "SOURCE_DIR=/opt/rustwide/workdir" "-e" "CARGO_TARGET_DIR=/opt/rustwide/target" "-e" "CARGO_INCREMENTAL=0" "-e" "RUST_BACKTRACE=full" "-e" "RUSTFLAGS=--cap-lints=warn" "-e" "RUSTDOCFLAGS=--cap-lints=warn" "-e" "CARGO_HOME=/opt/rustwide/cargo-home" "-e" "RUSTUP_HOME=/opt/rustwide/rustup-home" "-w" "/opt/rustwide/workdir" "-m" "1610612736" "--user" "0:0" "--network" "none" "ghcr.io/rust-lang/crates-build-env/linux@sha256:f3a9d4ad9d972b27faf3965f35b62e55ba32bbce8f20bc8fe909558a86702fde" "/opt/rustwide/cargo-home/bin/cargo" "+beta-2024-12-08" "test" "--frozen" "--no-run" "--message-format=json", kill_on_drop: false }`
[INFO] [stdout] 4ecdf3dc3bfb2682bd07507dff89c57e7fec6444a8836b3ec9c4af5722ba95fc
[INFO] running `Command { std: "docker" "start" "-a" "4ecdf3dc3bfb2682bd07507dff89c57e7fec6444a8836b3ec9c4af5722ba95fc", kill_on_drop: false }`
[INFO] [stderr]    Compiling syncify v0.1.0 (/opt/rustwide/workdir)
[INFO] [stderr]     Finished `test` profile [unoptimized + debuginfo] target(s) in 1.10s
[INFO] running `Command { std: "docker" "inspect" "4ecdf3dc3bfb2682bd07507dff89c57e7fec6444a8836b3ec9c4af5722ba95fc", kill_on_drop: false }`
[INFO] running `Command { std: "docker" "rm" "-f" "4ecdf3dc3bfb2682bd07507dff89c57e7fec6444a8836b3ec9c4af5722ba95fc", kill_on_drop: false }`
[INFO] [stdout] 4ecdf3dc3bfb2682bd07507dff89c57e7fec6444a8836b3ec9c4af5722ba95fc
[INFO] running `Command { std: "docker" "create" "-v" "/var/lib/crater-agent-workspace/builds/worker-3-tc2/target:/opt/rustwide/target:rw,Z" "-v" "/var/lib/crater-agent-workspace/builds/worker-3-tc2/source:/opt/rustwide/workdir:ro,Z" "-v" "/var/lib/crater-agent-workspace/cargo-home:/opt/rustwide/cargo-home:ro,Z" "-v" "/var/lib/crater-agent-workspace/rustup-home:/opt/rustwide/rustup-home:ro,Z" "-e" "SOURCE_DIR=/opt/rustwide/workdir" "-e" "CARGO_TARGET_DIR=/opt/rustwide/target" "-e" "CARGO_INCREMENTAL=0" "-e" "RUST_BACKTRACE=full" "-e" "RUSTFLAGS=--cap-lints=warn" "-e" "RUSTDOCFLAGS=--cap-lints=warn" "-e" "CARGO_HOME=/opt/rustwide/cargo-home" "-e" "RUSTUP_HOME=/opt/rustwide/rustup-home" "-w" "/opt/rustwide/workdir" "-m" "1610612736" "--user" "0:0" "--network" "none" "ghcr.io/rust-lang/crates-build-env/linux@sha256:f3a9d4ad9d972b27faf3965f35b62e55ba32bbce8f20bc8fe909558a86702fde" "/opt/rustwide/cargo-home/bin/cargo" "+beta-2024-12-08" "test" "--frozen", kill_on_drop: false }`
[INFO] [stdout] 784558a113fc8562a26493e1757323aa04f0b255ff0d730b3dbf759a68bc2674
[INFO] running `Command { std: "docker" "start" "-a" "784558a113fc8562a26493e1757323aa04f0b255ff0d730b3dbf759a68bc2674", kill_on_drop: false }`
[INFO] [stderr]     Finished `test` profile [unoptimized + debuginfo] target(s) in 0.03s
[INFO] [stderr]      Running unittests src/lib.rs (/opt/rustwide/target/debug/deps/syncify-5b7821d6af551800)
[INFO] [stdout] 
[INFO] [stdout] running 0 tests
[INFO] [stdout] 
[INFO] [stdout] test result: ok. 0 passed; 0 failed; 0 ignored; 0 measured; 0 filtered out; finished in 0.00s
[INFO] [stdout] 
[INFO] [stderr]    Doc-tests syncify
[INFO] [stdout] 
[INFO] [stdout] running 2 tests
[INFO] [stdout] test src/lib.rs - (line 31) ... FAILED
[INFO] [stdout] test src/lib.rs - (line 13) ... FAILED
[INFO] [stdout] 
[INFO] [stdout] failures:
[INFO] [stdout] 
[INFO] [stdout] ---- src/lib.rs - (line 31) stdout ----
[INFO] [stdout] error[E0432]: unresolved import `crate::speaking`
[INFO] [stdout]  --> src/lib.rs:37:16
[INFO] [stdout]   |
[INFO] [stdout] 9 |     use crate::speaking::speak; // An async function for speaking.
[INFO] [stdout]   |                ^^^^^^^^ could not find `speaking` in the crate root
[INFO] [stdout] 
[INFO] [stdout] error[E0432]: unresolved import `crate::speaking_sync`
[INFO] [stdout]   --> src/lib.rs:46:16
[INFO] [stdout]    |
[INFO] [stdout] 18 |     use crate::speaking_sync::speak; // A sync function for speaking.
[INFO] [stdout]    |                ^^^^^^^^^^^^^ could not find `speaking_sync` in the crate root
[INFO] [stdout] 
[INFO] [stdout] error: aborting due to 2 previous errors
[INFO] [stdout] 
[INFO] [stdout] For more information about this error, try `rustc --explain E0432`.
[INFO] [stdout] Couldn't compile the test.
[INFO] [stdout] ---- src/lib.rs - (line 13) stdout ----
[INFO] [stdout] error[E0432]: unresolved import `crate::speaking_sync`
[INFO] [stdout]   --> src/lib.rs:20:34
[INFO] [stdout]    |
[INFO] [stdout] 10 |     #[syncify_replace(use crate::speaking_sync::speak;)] // A sync function for speaking.
[INFO] [stdout]    |                                  ^^^^^^^^^^^^^ could not find `speaking_sync` in the crate root
[INFO] [stdout] 
[INFO] [stdout] error[E0432]: unresolved import `crate::speaking`
[INFO] [stdout]   --> src/lib.rs:21:16
[INFO] [stdout]    |
[INFO] [stdout] 11 |     use crate::speaking::speak; // An async function for speaking.
[INFO] [stdout]    |                ^^^^^^^^ could not find `speaking` in the crate root
[INFO] [stdout] 
[INFO] [stdout] error: cannot find attribute `syncify_replace` in this scope
[INFO] [stdout]   --> src/lib.rs:20:7
[INFO] [stdout]    |
[INFO] [stdout] 10 |     #[syncify_replace(use crate::speaking_sync::speak;)] // A sync function for speaking.
[INFO] [stdout]    |       ^^^^^^^^^^^^^^^
[INFO] [stdout]    |
[INFO] [stdout] help: consider importing this attribute macro
[INFO] [stdout]    |
[INFO] [stdout] 10 +     use syncify::syncify_replace;
[INFO] [stdout]    |
[INFO] [stdout] 
[INFO] [stdout] error: aborting due to 3 previous errors
[INFO] [stdout] 
[INFO] [stdout] For more information about this error, try `rustc --explain E0432`.
[INFO] [stdout] Couldn't compile the test.
[INFO] [stdout] 
[INFO] [stdout] failures:
[INFO] [stdout]     src/lib.rs - (line 13)
[INFO] [stdout]     src/lib.rs - (line 31)
[INFO] [stdout] 
[INFO] [stdout] test result: FAILED. 0 passed; 2 failed; 0 ignored; 0 measured; 0 filtered out; finished in 0.18s
[INFO] [stdout] 
[INFO] [stderr] error: doctest failed, to rerun pass `--doc`
[INFO] running `Command { std: "docker" "inspect" "784558a113fc8562a26493e1757323aa04f0b255ff0d730b3dbf759a68bc2674", kill_on_drop: false }`
[INFO] running `Command { std: "docker" "rm" "-f" "784558a113fc8562a26493e1757323aa04f0b255ff0d730b3dbf759a68bc2674", kill_on_drop: false }`
[INFO] [stdout] 784558a113fc8562a26493e1757323aa04f0b255ff0d730b3dbf759a68bc2674
