[INFO] fetching crate symbolic-ppdb 12.12.3...
[INFO] testing symbolic-ppdb-12.12.3 against 1.83.0 for beta-1.84.0-4-retry
[INFO] extracting crate symbolic-ppdb 12.12.3 into /workspace/builds/worker-0-tc1/source
[INFO] validating manifest of crates.io crate symbolic-ppdb 12.12.3 on toolchain 1.83.0
[INFO] running `Command { std: CARGO_HOME="/workspace/cargo-home" RUSTUP_HOME="/workspace/rustup-home" "/workspace/cargo-home/bin/cargo" "+1.83.0" "metadata" "--manifest-path" "Cargo.toml" "--no-deps", kill_on_drop: false }`
[INFO] started tweaking crates.io crate symbolic-ppdb 12.12.3
[INFO] finished tweaking crates.io crate symbolic-ppdb 12.12.3
[INFO] tweaked toml for crates.io crate symbolic-ppdb 12.12.3 written to /workspace/builds/worker-0-tc1/source/Cargo.toml
[INFO] running `Command { std: CARGO_HOME="/workspace/cargo-home" RUSTUP_HOME="/workspace/rustup-home" "/workspace/cargo-home/bin/cargo" "+1.83.0" "generate-lockfile" "--manifest-path" "Cargo.toml", kill_on_drop: false }`
[INFO] [stderr]     Updating crates.io index
[INFO] [stderr]      Locking 28 packages to latest compatible versions
[INFO] [stderr]       Adding thiserror v1.0.69 (available: v2.0.7)
[INFO] [stderr]       Adding watto v0.1.0 (available: v0.2.0)
[INFO] running `Command { std: CARGO_HOME="/workspace/cargo-home" RUSTUP_HOME="/workspace/rustup-home" "/workspace/cargo-home/bin/cargo" "+1.83.0" "fetch" "--manifest-path" "Cargo.toml", kill_on_drop: false }`
[INFO] [stderr]  Downloading crates ...
[INFO] [stderr]   Downloaded watto v0.1.0
[INFO] running `Command { std: "docker" "create" "-v" "/var/lib/crater-agent-workspace/builds/worker-0-tc1/target:/opt/rustwide/target:rw,Z" "-v" "/var/lib/crater-agent-workspace/builds/worker-0-tc1/source:/opt/rustwide/workdir:ro,Z" "-v" "/var/lib/crater-agent-workspace/cargo-home:/opt/rustwide/cargo-home:ro,Z" "-v" "/var/lib/crater-agent-workspace/rustup-home:/opt/rustwide/rustup-home:ro,Z" "-e" "SOURCE_DIR=/opt/rustwide/workdir" "-e" "CARGO_TARGET_DIR=/opt/rustwide/target" "-e" "CARGO_HOME=/opt/rustwide/cargo-home" "-e" "RUSTUP_HOME=/opt/rustwide/rustup-home" "-w" "/opt/rustwide/workdir" "-m" "1610612736" "--user" "0:0" "--network" "none" "ghcr.io/rust-lang/crates-build-env/linux@sha256:f3a9d4ad9d972b27faf3965f35b62e55ba32bbce8f20bc8fe909558a86702fde" "/opt/rustwide/cargo-home/bin/cargo" "+1.83.0" "metadata" "--no-deps" "--format-version=1", kill_on_drop: false }`
[INFO] [stdout] 203f54076e24781471e5d383a43ebc8e6844459b1310ab286b89131cd5311685
[INFO] running `Command { std: "docker" "start" "-a" "203f54076e24781471e5d383a43ebc8e6844459b1310ab286b89131cd5311685", kill_on_drop: false }`
[INFO] running `Command { std: "docker" "inspect" "203f54076e24781471e5d383a43ebc8e6844459b1310ab286b89131cd5311685", kill_on_drop: false }`
[INFO] running `Command { std: "docker" "rm" "-f" "203f54076e24781471e5d383a43ebc8e6844459b1310ab286b89131cd5311685", kill_on_drop: false }`
[INFO] [stdout] 203f54076e24781471e5d383a43ebc8e6844459b1310ab286b89131cd5311685
[INFO] running `Command { std: "docker" "create" "-v" "/var/lib/crater-agent-workspace/builds/worker-0-tc1/target:/opt/rustwide/target:rw,Z" "-v" "/var/lib/crater-agent-workspace/builds/worker-0-tc1/source:/opt/rustwide/workdir:ro,Z" "-v" "/var/lib/crater-agent-workspace/cargo-home:/opt/rustwide/cargo-home:ro,Z" "-v" "/var/lib/crater-agent-workspace/rustup-home:/opt/rustwide/rustup-home:ro,Z" "-e" "SOURCE_DIR=/opt/rustwide/workdir" "-e" "CARGO_TARGET_DIR=/opt/rustwide/target" "-e" "CARGO_INCREMENTAL=0" "-e" "RUST_BACKTRACE=full" "-e" "RUSTFLAGS=--cap-lints=warn" "-e" "RUSTDOCFLAGS=--cap-lints=warn" "-e" "CARGO_HOME=/opt/rustwide/cargo-home" "-e" "RUSTUP_HOME=/opt/rustwide/rustup-home" "-w" "/opt/rustwide/workdir" "-m" "1610612736" "--user" "0:0" "--network" "none" "ghcr.io/rust-lang/crates-build-env/linux@sha256:f3a9d4ad9d972b27faf3965f35b62e55ba32bbce8f20bc8fe909558a86702fde" "/opt/rustwide/cargo-home/bin/cargo" "+1.83.0" "build" "--frozen" "--message-format=json", kill_on_drop: false }`
[INFO] [stdout] 6b0b17c9cee9a82959c8237d123cfdbec289715141c70e7a124afc1936a0e5cc
[INFO] running `Command { std: "docker" "start" "-a" "6b0b17c9cee9a82959c8237d123cfdbec289715141c70e7a124afc1936a0e5cc", kill_on_drop: false }`
[INFO] [stderr]    Compiling proc-macro2 v1.0.92
[INFO] [stderr]    Compiling unicode-ident v1.0.14
[INFO] [stderr]    Compiling libc v0.2.168
[INFO] [stderr]    Compiling serde v1.0.216
[INFO] [stderr]    Compiling thiserror v1.0.69
[INFO] [stderr]    Compiling uuid v1.11.0
[INFO] [stderr]    Compiling adler2 v2.0.0
[INFO] [stderr]    Compiling cfg-if v1.0.0
[INFO] [stderr]    Compiling serde_json v1.0.133
[INFO] [stderr]    Compiling leb128 v0.2.5
[INFO] [stderr]    Compiling itoa v1.0.14
[INFO] [stderr]    Compiling ryu v1.0.18
[INFO] [stderr]    Compiling memchr v2.7.4
[INFO] [stderr]    Compiling equivalent v1.0.1
[INFO] [stderr]    Compiling stable_deref_trait v1.2.0
[INFO] [stderr]    Compiling hashbrown v0.15.2
[INFO] [stderr]    Compiling miniz_oxide v0.8.0
[INFO] [stderr]    Compiling crc32fast v1.4.2
[INFO] [stderr]    Compiling debugid v0.8.0
[INFO] [stderr]    Compiling flate2 v1.0.35
[INFO] [stderr]    Compiling indexmap v2.7.0
[INFO] [stderr]    Compiling quote v1.0.37
[INFO] [stderr]    Compiling syn v2.0.90
[INFO] [stderr]    Compiling memmap2 v0.9.5
[INFO] [stderr]    Compiling symbolic-common v12.12.3
[INFO] [stderr]    Compiling serde_derive v1.0.216
[INFO] [stderr]    Compiling thiserror-impl v1.0.69
[INFO] [stderr]    Compiling watto v0.1.0
[INFO] [stderr]    Compiling symbolic-ppdb v12.12.3 (/opt/rustwide/workdir)
[INFO] [stdout] warning: elided lifetime has a name
[INFO] [stdout]    --> src/cache/mod.rs:225:31
[INFO] [stdout]     |
[INFO] [stdout] 222 | impl<'slf, 'd: 'slf> AsSelf<'slf> for PortablePdbCache<'d> {
[INFO] [stdout]     |      ---- lifetime `'slf` declared here
[INFO] [stdout] ...
[INFO] [stdout] 225 |     fn as_self(&'slf self) -> &Self::Ref {
[INFO] [stdout]     |                               ^ this elided lifetime gets resolved as `'slf`
[INFO] [stdout]     |
[INFO] [stdout]     = note: `#[warn(elided_named_lifetimes)]` on by default
[INFO] [stdout] 
[INFO] [stdout] 
[INFO] [stderr]     Finished `dev` profile [unoptimized + debuginfo] target(s) in 12.88s
[INFO] running `Command { std: "docker" "inspect" "6b0b17c9cee9a82959c8237d123cfdbec289715141c70e7a124afc1936a0e5cc", kill_on_drop: false }`
[INFO] running `Command { std: "docker" "rm" "-f" "6b0b17c9cee9a82959c8237d123cfdbec289715141c70e7a124afc1936a0e5cc", kill_on_drop: false }`
[INFO] [stdout] 6b0b17c9cee9a82959c8237d123cfdbec289715141c70e7a124afc1936a0e5cc
[INFO] running `Command { std: "docker" "create" "-v" "/var/lib/crater-agent-workspace/builds/worker-0-tc1/target:/opt/rustwide/target:rw,Z" "-v" "/var/lib/crater-agent-workspace/builds/worker-0-tc1/source:/opt/rustwide/workdir:ro,Z" "-v" "/var/lib/crater-agent-workspace/cargo-home:/opt/rustwide/cargo-home:ro,Z" "-v" "/var/lib/crater-agent-workspace/rustup-home:/opt/rustwide/rustup-home:ro,Z" "-e" "SOURCE_DIR=/opt/rustwide/workdir" "-e" "CARGO_TARGET_DIR=/opt/rustwide/target" "-e" "CARGO_INCREMENTAL=0" "-e" "RUST_BACKTRACE=full" "-e" "RUSTFLAGS=--cap-lints=warn" "-e" "RUSTDOCFLAGS=--cap-lints=warn" "-e" "CARGO_HOME=/opt/rustwide/cargo-home" "-e" "RUSTUP_HOME=/opt/rustwide/rustup-home" "-w" "/opt/rustwide/workdir" "-m" "1610612736" "--user" "0:0" "--network" "none" "ghcr.io/rust-lang/crates-build-env/linux@sha256:f3a9d4ad9d972b27faf3965f35b62e55ba32bbce8f20bc8fe909558a86702fde" "/opt/rustwide/cargo-home/bin/cargo" "+1.83.0" "test" "--frozen" "--no-run" "--message-format=json", kill_on_drop: false }`
[INFO] [stdout] 42337c654bada7ba3553325b9499d996983c2e8eeda9aca8748a9954ed28a07d
[INFO] running `Command { std: "docker" "start" "-a" "42337c654bada7ba3553325b9499d996983c2e8eeda9aca8748a9954ed28a07d", kill_on_drop: false }`
[INFO] [stdout] warning: elided lifetime has a name
[INFO] [stdout]    --> src/cache/mod.rs:225:31
[INFO] [stdout]     |
[INFO] [stdout] 222 | impl<'slf, 'd: 'slf> AsSelf<'slf> for PortablePdbCache<'d> {
[INFO] [stdout]     |      ---- lifetime `'slf` declared here
[INFO] [stdout] ...
[INFO] [stdout] 225 |     fn as_self(&'slf self) -> &Self::Ref {
[INFO] [stdout]     |                               ^ this elided lifetime gets resolved as `'slf`
[INFO] [stdout]     |
[INFO] [stdout]     = note: `#[warn(elided_named_lifetimes)]` on by default
[INFO] [stdout] 
[INFO] [stdout] 
[INFO] [stderr]    Compiling symbolic-ppdb v12.12.3 (/opt/rustwide/workdir)
[INFO] [stdout] warning: elided lifetime has a name
[INFO] [stdout]    --> src/cache/mod.rs:225:31
[INFO] [stdout]     |
[INFO] [stdout] 222 | impl<'slf, 'd: 'slf> AsSelf<'slf> for PortablePdbCache<'d> {
[INFO] [stdout]     |      ---- lifetime `'slf` declared here
[INFO] [stdout] ...
[INFO] [stdout] 225 |     fn as_self(&'slf self) -> &Self::Ref {
[INFO] [stdout]     |                               ^ this elided lifetime gets resolved as `'slf`
[INFO] [stdout]     |
[INFO] [stdout]     = note: `#[warn(elided_named_lifetimes)]` on by default
[INFO] [stdout] 
[INFO] [stdout] 
[INFO] [stderr]     Finished `test` profile [unoptimized + debuginfo] target(s) in 0.73s
[INFO] running `Command { std: "docker" "inspect" "42337c654bada7ba3553325b9499d996983c2e8eeda9aca8748a9954ed28a07d", kill_on_drop: false }`
[INFO] running `Command { std: "docker" "rm" "-f" "42337c654bada7ba3553325b9499d996983c2e8eeda9aca8748a9954ed28a07d", kill_on_drop: false }`
[INFO] [stdout] 42337c654bada7ba3553325b9499d996983c2e8eeda9aca8748a9954ed28a07d
[INFO] running `Command { std: "docker" "create" "-v" "/var/lib/crater-agent-workspace/builds/worker-0-tc1/target:/opt/rustwide/target:rw,Z" "-v" "/var/lib/crater-agent-workspace/builds/worker-0-tc1/source:/opt/rustwide/workdir:ro,Z" "-v" "/var/lib/crater-agent-workspace/cargo-home:/opt/rustwide/cargo-home:ro,Z" "-v" "/var/lib/crater-agent-workspace/rustup-home:/opt/rustwide/rustup-home:ro,Z" "-e" "SOURCE_DIR=/opt/rustwide/workdir" "-e" "CARGO_TARGET_DIR=/opt/rustwide/target" "-e" "CARGO_INCREMENTAL=0" "-e" "RUST_BACKTRACE=full" "-e" "RUSTFLAGS=--cap-lints=warn" "-e" "RUSTDOCFLAGS=--cap-lints=warn" "-e" "CARGO_HOME=/opt/rustwide/cargo-home" "-e" "RUSTUP_HOME=/opt/rustwide/rustup-home" "-w" "/opt/rustwide/workdir" "-m" "1610612736" "--user" "0:0" "--network" "none" "ghcr.io/rust-lang/crates-build-env/linux@sha256:f3a9d4ad9d972b27faf3965f35b62e55ba32bbce8f20bc8fe909558a86702fde" "/opt/rustwide/cargo-home/bin/cargo" "+1.83.0" "test" "--frozen", kill_on_drop: false }`
[INFO] [stdout] 691157fd5ba7df106588491d900365662463214da1b5b2d7ae9bcb0572568025
[INFO] running `Command { std: "docker" "start" "-a" "691157fd5ba7df106588491d900365662463214da1b5b2d7ae9bcb0572568025", kill_on_drop: false }`
[INFO] [stderr] warning: elided lifetime has a name
[INFO] [stderr]    --> src/cache/mod.rs:225:31
[INFO] [stderr]     |
[INFO] [stderr] 222 | impl<'slf, 'd: 'slf> AsSelf<'slf> for PortablePdbCache<'d> {
[INFO] [stderr]     |      ---- lifetime `'slf` declared here
[INFO] [stderr] ...
[INFO] [stderr] 225 |     fn as_self(&'slf self) -> &Self::Ref {
[INFO] [stderr]     |                               ^ this elided lifetime gets resolved as `'slf`
[INFO] [stderr]     |
[INFO] [stderr]     = note: `#[warn(elided_named_lifetimes)]` on by default
[INFO] [stderr] 
[INFO] [stderr] warning: `symbolic-ppdb` (lib) generated 1 warning
[INFO] [stderr] warning: `symbolic-ppdb` (lib test) generated 1 warning (1 duplicate)
[INFO] [stderr]     Finished `test` profile [unoptimized + debuginfo] target(s) in 0.02s
[INFO] [stderr]      Running unittests src/lib.rs (/opt/rustwide/target/debug/deps/symbolic_ppdb-73624e701001f9d5)
[INFO] [stdout] 
[INFO] [stdout] running 4 tests
[INFO] [stdout] test format::utils::tests::test_decode_unsigned ... ok
[INFO] [stdout] test format::raw::tests::test_sizeof ... ok
[INFO] [stdout] test cache::raw::tests::test_sizeof ... ok
[INFO] [stdout] test format::utils::tests::test_decode_signed ... ok
[INFO] [stdout] 
[INFO] [stdout] test result: ok. 4 passed; 0 failed; 0 ignored; 0 measured; 0 filtered out; finished in 0.00s
[INFO] [stdout] 
[INFO] [stderr]    Doc-tests symbolic_ppdb
[INFO] [stdout] 
[INFO] [stdout] running 1 test
[INFO] [stdout] test src/lib.rs - (line 19) ... FAILED
[INFO] [stdout] 
[INFO] [stdout] failures:
[INFO] [stdout] 
[INFO] [stdout] ---- src/lib.rs - (line 19) stdout ----
[INFO] [stdout] error[E0432]: unresolved import `symbolic_testutils`
[INFO] [stdout]  --> src/lib.rs:21:5
[INFO] [stdout]   |
[INFO] [stdout] 5 | use symbolic_testutils::fixture;
[INFO] [stdout]   |     ^^^^^^^^^^^^^^^^^^ use of undeclared crate or module `symbolic_testutils`
[INFO] [stdout] 
[INFO] [stdout] error: aborting due to 1 previous error
[INFO] [stdout] 
[INFO] [stdout] For more information about this error, try `rustc --explain E0432`.
[INFO] [stdout] Couldn't compile the test.
[INFO] [stdout] 
[INFO] [stdout] failures:
[INFO] [stdout]     src/lib.rs - (line 19)
[INFO] [stdout] 
[INFO] [stdout] test result: FAILED. 0 passed; 1 failed; 0 ignored; 0 measured; 0 filtered out; finished in 0.04s
[INFO] [stdout] 
[INFO] [stderr] error: doctest failed, to rerun pass `--doc`
[INFO] running `Command { std: "docker" "inspect" "691157fd5ba7df106588491d900365662463214da1b5b2d7ae9bcb0572568025", kill_on_drop: false }`
[INFO] running `Command { std: "docker" "rm" "-f" "691157fd5ba7df106588491d900365662463214da1b5b2d7ae9bcb0572568025", kill_on_drop: false }`
[INFO] [stdout] 691157fd5ba7df106588491d900365662463214da1b5b2d7ae9bcb0572568025
