[INFO] fetching crate syllogism-macro 0.1.1...
[INFO] testing syllogism-macro-0.1.1 against 1.83.0 for beta-1.84.0-4-retry
[INFO] extracting crate syllogism-macro 0.1.1 into /workspace/builds/worker-1-tc1/source
[INFO] validating manifest of crates.io crate syllogism-macro 0.1.1 on toolchain 1.83.0
[INFO] running `Command { std: CARGO_HOME="/workspace/cargo-home" RUSTUP_HOME="/workspace/rustup-home" "/workspace/cargo-home/bin/cargo" "+1.83.0" "metadata" "--manifest-path" "Cargo.toml" "--no-deps", kill_on_drop: false }`
[INFO] started tweaking crates.io crate syllogism-macro 0.1.1
[INFO] finished tweaking crates.io crate syllogism-macro 0.1.1
[INFO] tweaked toml for crates.io crate syllogism-macro 0.1.1 written to /workspace/builds/worker-1-tc1/source/Cargo.toml
[INFO] crate crates.io crate syllogism-macro 0.1.1 already has a lockfile, it will not be regenerated
[INFO] running `Command { std: CARGO_HOME="/workspace/cargo-home" RUSTUP_HOME="/workspace/rustup-home" "/workspace/cargo-home/bin/cargo" "+1.83.0" "fetch" "--manifest-path" "Cargo.toml", kill_on_drop: false }`
[INFO] [stderr]     Updating crates.io index
[INFO] [stderr]  Downloading crates ...
[INFO] [stderr]   Downloaded syllogism v0.1.0
[INFO] running `Command { std: "docker" "create" "-v" "/var/lib/crater-agent-workspace/builds/worker-1-tc1/target:/opt/rustwide/target:rw,Z" "-v" "/var/lib/crater-agent-workspace/builds/worker-1-tc1/source:/opt/rustwide/workdir:ro,Z" "-v" "/var/lib/crater-agent-workspace/cargo-home:/opt/rustwide/cargo-home:ro,Z" "-v" "/var/lib/crater-agent-workspace/rustup-home:/opt/rustwide/rustup-home:ro,Z" "-e" "SOURCE_DIR=/opt/rustwide/workdir" "-e" "CARGO_TARGET_DIR=/opt/rustwide/target" "-e" "CARGO_HOME=/opt/rustwide/cargo-home" "-e" "RUSTUP_HOME=/opt/rustwide/rustup-home" "-w" "/opt/rustwide/workdir" "-m" "1610612736" "--user" "0:0" "--network" "none" "ghcr.io/rust-lang/crates-build-env/linux@sha256:f3a9d4ad9d972b27faf3965f35b62e55ba32bbce8f20bc8fe909558a86702fde" "/opt/rustwide/cargo-home/bin/cargo" "+1.83.0" "metadata" "--no-deps" "--format-version=1", kill_on_drop: false }`
[INFO] [stdout] a82850668164fdfe164679e0251bade093e83841dd23eed26f9c3985dfcbb9a5
[INFO] running `Command { std: "docker" "start" "-a" "a82850668164fdfe164679e0251bade093e83841dd23eed26f9c3985dfcbb9a5", kill_on_drop: false }`
[INFO] running `Command { std: "docker" "inspect" "a82850668164fdfe164679e0251bade093e83841dd23eed26f9c3985dfcbb9a5", kill_on_drop: false }`
[INFO] running `Command { std: "docker" "rm" "-f" "a82850668164fdfe164679e0251bade093e83841dd23eed26f9c3985dfcbb9a5", kill_on_drop: false }`
[INFO] [stdout] a82850668164fdfe164679e0251bade093e83841dd23eed26f9c3985dfcbb9a5
[INFO] running `Command { std: "docker" "create" "-v" "/var/lib/crater-agent-workspace/builds/worker-1-tc1/target:/opt/rustwide/target:rw,Z" "-v" "/var/lib/crater-agent-workspace/builds/worker-1-tc1/source:/opt/rustwide/workdir:ro,Z" "-v" "/var/lib/crater-agent-workspace/cargo-home:/opt/rustwide/cargo-home:ro,Z" "-v" "/var/lib/crater-agent-workspace/rustup-home:/opt/rustwide/rustup-home:ro,Z" "-e" "SOURCE_DIR=/opt/rustwide/workdir" "-e" "CARGO_TARGET_DIR=/opt/rustwide/target" "-e" "CARGO_INCREMENTAL=0" "-e" "RUST_BACKTRACE=full" "-e" "RUSTFLAGS=--cap-lints=warn" "-e" "RUSTDOCFLAGS=--cap-lints=warn" "-e" "CARGO_HOME=/opt/rustwide/cargo-home" "-e" "RUSTUP_HOME=/opt/rustwide/rustup-home" "-w" "/opt/rustwide/workdir" "-m" "1610612736" "--user" "0:0" "--network" "none" "ghcr.io/rust-lang/crates-build-env/linux@sha256:f3a9d4ad9d972b27faf3965f35b62e55ba32bbce8f20bc8fe909558a86702fde" "/opt/rustwide/cargo-home/bin/cargo" "+1.83.0" "build" "--frozen" "--message-format=json", kill_on_drop: false }`
[INFO] [stdout] 51bd58a045d529bab8fa5212204d21b3ef282a4a17f9196ec4b01207290f5f6a
[INFO] running `Command { std: "docker" "start" "-a" "51bd58a045d529bab8fa5212204d21b3ef282a4a17f9196ec4b01207290f5f6a", kill_on_drop: false }`
[INFO] [stderr]    Compiling proc-macro2 v0.4.30
[INFO] [stderr]    Compiling unicode-xid v0.1.0
[INFO] [stderr]    Compiling syn v0.15.34
[INFO] [stderr]    Compiling syllogism v0.1.0
[INFO] [stderr]    Compiling quote v0.6.12
[INFO] [stderr]    Compiling syllogism-macro v0.1.1 (/opt/rustwide/workdir)
[INFO] [stderr]     Finished `dev` profile [unoptimized + debuginfo] target(s) in 5.83s
[INFO] running `Command { std: "docker" "inspect" "51bd58a045d529bab8fa5212204d21b3ef282a4a17f9196ec4b01207290f5f6a", kill_on_drop: false }`
[INFO] running `Command { std: "docker" "rm" "-f" "51bd58a045d529bab8fa5212204d21b3ef282a4a17f9196ec4b01207290f5f6a", kill_on_drop: false }`
[INFO] [stdout] 51bd58a045d529bab8fa5212204d21b3ef282a4a17f9196ec4b01207290f5f6a
[INFO] running `Command { std: "docker" "create" "-v" "/var/lib/crater-agent-workspace/builds/worker-1-tc1/target:/opt/rustwide/target:rw,Z" "-v" "/var/lib/crater-agent-workspace/builds/worker-1-tc1/source:/opt/rustwide/workdir:ro,Z" "-v" "/var/lib/crater-agent-workspace/cargo-home:/opt/rustwide/cargo-home:ro,Z" "-v" "/var/lib/crater-agent-workspace/rustup-home:/opt/rustwide/rustup-home:ro,Z" "-e" "SOURCE_DIR=/opt/rustwide/workdir" "-e" "CARGO_TARGET_DIR=/opt/rustwide/target" "-e" "CARGO_INCREMENTAL=0" "-e" "RUST_BACKTRACE=full" "-e" "RUSTFLAGS=--cap-lints=warn" "-e" "RUSTDOCFLAGS=--cap-lints=warn" "-e" "CARGO_HOME=/opt/rustwide/cargo-home" "-e" "RUSTUP_HOME=/opt/rustwide/rustup-home" "-w" "/opt/rustwide/workdir" "-m" "1610612736" "--user" "0:0" "--network" "none" "ghcr.io/rust-lang/crates-build-env/linux@sha256:f3a9d4ad9d972b27faf3965f35b62e55ba32bbce8f20bc8fe909558a86702fde" "/opt/rustwide/cargo-home/bin/cargo" "+1.83.0" "test" "--frozen" "--no-run" "--message-format=json", kill_on_drop: false }`
[INFO] [stdout] d34a24a0408db4ff969d2f9f51aaa817bfeb62fe4bcf39d2af850177f2761ae8
[INFO] running `Command { std: "docker" "start" "-a" "d34a24a0408db4ff969d2f9f51aaa817bfeb62fe4bcf39d2af850177f2761ae8", kill_on_drop: false }`
[INFO] [stderr]    Compiling proc-macro2 v0.4.30
[INFO] [stderr]    Compiling unicode-xid v0.1.0
[INFO] [stderr]    Compiling syllogism v0.1.0
[INFO] [stderr]    Compiling syn v0.15.34
[INFO] [stderr]    Compiling quote v0.6.12
[INFO] [stderr]    Compiling syllogism-macro v0.1.1 (/opt/rustwide/workdir)
[INFO] [stdout] warning: field `error` is never read
[INFO] [stdout]   --> examples/calculator.rs:24:13
[INFO] [stdout]    |
[INFO] [stdout] 23 |     pub struct InputErrorEvent {
[INFO] [stdout]    |                --------------- field in this struct
[INFO] [stdout] 24 |         pub error: std::io::Error,
[INFO] [stdout]    |             ^^^^^
[INFO] [stdout]    |
[INFO] [stdout]    = note: `#[warn(dead_code)]` on by default
[INFO] [stdout] 
[INFO] [stdout] 
[INFO] [stdout] warning: trait `TestTrait` is never used
[INFO] [stdout]   --> tests/it_works.rs:32:11
[INFO] [stdout]    |
[INFO] [stdout] 32 |     trait TestTrait<T> {}
[INFO] [stdout]    |           ^^^^^^^^^
[INFO] [stdout]    |
[INFO] [stdout]    = note: `#[warn(dead_code)]` on by default
[INFO] [stdout] 
[INFO] [stdout] 
[INFO] [stderr]     Finished `test` profile [unoptimized + debuginfo] target(s) in 6.88s
[INFO] running `Command { std: "docker" "inspect" "d34a24a0408db4ff969d2f9f51aaa817bfeb62fe4bcf39d2af850177f2761ae8", kill_on_drop: false }`
[INFO] running `Command { std: "docker" "rm" "-f" "d34a24a0408db4ff969d2f9f51aaa817bfeb62fe4bcf39d2af850177f2761ae8", kill_on_drop: false }`
[INFO] [stdout] d34a24a0408db4ff969d2f9f51aaa817bfeb62fe4bcf39d2af850177f2761ae8
[INFO] running `Command { std: "docker" "create" "-v" "/var/lib/crater-agent-workspace/builds/worker-1-tc1/target:/opt/rustwide/target:rw,Z" "-v" "/var/lib/crater-agent-workspace/builds/worker-1-tc1/source:/opt/rustwide/workdir:ro,Z" "-v" "/var/lib/crater-agent-workspace/cargo-home:/opt/rustwide/cargo-home:ro,Z" "-v" "/var/lib/crater-agent-workspace/rustup-home:/opt/rustwide/rustup-home:ro,Z" "-e" "SOURCE_DIR=/opt/rustwide/workdir" "-e" "CARGO_TARGET_DIR=/opt/rustwide/target" "-e" "CARGO_INCREMENTAL=0" "-e" "RUST_BACKTRACE=full" "-e" "RUSTFLAGS=--cap-lints=warn" "-e" "RUSTDOCFLAGS=--cap-lints=warn" "-e" "CARGO_HOME=/opt/rustwide/cargo-home" "-e" "RUSTUP_HOME=/opt/rustwide/rustup-home" "-w" "/opt/rustwide/workdir" "-m" "1610612736" "--user" "0:0" "--network" "none" "ghcr.io/rust-lang/crates-build-env/linux@sha256:f3a9d4ad9d972b27faf3965f35b62e55ba32bbce8f20bc8fe909558a86702fde" "/opt/rustwide/cargo-home/bin/cargo" "+1.83.0" "test" "--frozen", kill_on_drop: false }`
[INFO] [stdout] a93bf9901b83f240fba358b6ff58bd6ff45ddfedaf5d81da3ac242cbc191227b
[INFO] running `Command { std: "docker" "start" "-a" "a93bf9901b83f240fba358b6ff58bd6ff45ddfedaf5d81da3ac242cbc191227b", kill_on_drop: false }`
[INFO] [stderr] warning: trait `TestTrait` is never used
[INFO] [stderr]   --> tests/it_works.rs:32:11
[INFO] [stderr]    |
[INFO] [stderr] 32 |     trait TestTrait<T> {}
[INFO] [stderr]    |           ^^^^^^^^^
[INFO] [stderr]    |
[INFO] [stderr]    = note: `#[warn(dead_code)]` on by default
[INFO] [stderr] 
[INFO] [stderr] warning: `syllogism-macro` (test "it_works") generated 1 warning
[INFO] [stderr] warning: field `error` is never read
[INFO] [stderr]   --> examples/calculator.rs:24:13
[INFO] [stderr]    |
[INFO] [stderr] 23 |     pub struct InputErrorEvent {
[INFO] [stderr]    |                --------------- field in this struct
[INFO] [stderr] 24 |         pub error: std::io::Error,
[INFO] [stderr]    |             ^^^^^
[INFO] [stderr]    |
[INFO] [stderr]    = note: `#[warn(dead_code)]` on by default
[INFO] [stderr] 
[INFO] [stderr] warning: `syllogism-macro` (example "calculator") generated 1 warning
[INFO] [stderr]     Finished `test` profile [unoptimized + debuginfo] target(s) in 0.02s
[INFO] [stderr]      Running unittests src/lib.rs (/opt/rustwide/target/debug/deps/syllogism_macro-0ad66fea818d5eb5)
[INFO] [stderr]      Running tests/it_works.rs (/opt/rustwide/target/debug/deps/it_works-fe529fa2a297ecf4)
[INFO] [stdout] 
[INFO] [stdout] running 0 tests
[INFO] [stdout] 
[INFO] [stdout] test result: ok. 0 passed; 0 failed; 0 ignored; 0 measured; 0 filtered out; finished in 0.00s
[INFO] [stdout] 
[INFO] [stdout] 
[INFO] [stdout] running 7 tests
[INFO] [stdout] test impl_isnot_works_for_structs_with_lifetimes ... ok
[INFO] [stdout] test isnot_is_implemented ... ok
[INFO] [stdout] test impl_isnot_works_for_generic_structs ... ok
[INFO] [stdout] test impl_specialize_works_for_generic_structs ... ok
[INFO] [stdout] test isnot_is_implemented_for_structs_in_modules ... ok
[INFO] [stdout] test macro_does_not_implement_isnot_self ... ok
[INFO] [stdout] test specialize_is_implemented ... ok
[INFO] [stdout] 
[INFO] [stdout] test result: ok. 7 passed; 0 failed; 0 ignored; 0 measured; 0 filtered out; finished in 0.01s
[INFO] [stdout] 
[INFO] [stderr]    Doc-tests syllogism_macro
[INFO] [stdout] 
[INFO] [stdout] running 4 tests
[INFO] [stdout] test src/lib.rs - impl_specialization (line 305) ... ignored
[INFO] [stdout] test src/lib.rs - impl_specialization (line 507) ... FAILED
[INFO] [stdout] test src/lib.rs - impl_specialization (line 337) ... FAILED
[INFO] [stdout] test src/lib.rs - impl_specialization (line 398) ... ok
[INFO] [stdout] 
[INFO] [stdout] failures:
[INFO] [stdout] 
[INFO] [stdout] ---- src/lib.rs - impl_specialization (line 507) stdout ----
[INFO] [stdout] error: unexpected closing delimiter: `}`
[INFO] [stdout]  --> src/lib.rs:508:1
[INFO] [stdout]   |
[INFO] [stdout] 1 | }          // HACK! Close the main function.
[INFO] [stdout]   | ^ unexpected closing delimiter
[INFO] [stdout] 
[INFO] [stdout] error: aborting due to 1 previous error
[INFO] [stdout] 
[INFO] [stdout] Couldn't compile the test.
[INFO] [stdout] ---- src/lib.rs - impl_specialization (line 337) stdout ----
[INFO] [stdout] error: unexpected closing delimiter: `}`
[INFO] [stdout]  --> src/lib.rs:338:1
[INFO] [stdout]   |
[INFO] [stdout] 1 | }          // HACK! Close the main function.
[INFO] [stdout]   | ^ unexpected closing delimiter
[INFO] [stdout] 
[INFO] [stdout] error: aborting due to 1 previous error
[INFO] [stdout] 
[INFO] [stdout] Couldn't compile the test.
[INFO] [stdout] 
[INFO] [stdout] failures:
[INFO] [stdout]     src/lib.rs - impl_specialization (line 337)
[INFO] [stdout]     src/lib.rs - impl_specialization (line 507)
[INFO] [stdout] 
[INFO] [stdout] test result: FAILED. 1 passed; 2 failed; 1 ignored; 0 measured; 0 filtered out; finished in 0.44s
[INFO] [stdout] 
[INFO] [stderr] error: doctest failed, to rerun pass `--doc`
[INFO] running `Command { std: "docker" "inspect" "a93bf9901b83f240fba358b6ff58bd6ff45ddfedaf5d81da3ac242cbc191227b", kill_on_drop: false }`
[INFO] running `Command { std: "docker" "rm" "-f" "a93bf9901b83f240fba358b6ff58bd6ff45ddfedaf5d81da3ac242cbc191227b", kill_on_drop: false }`
[INFO] [stdout] a93bf9901b83f240fba358b6ff58bd6ff45ddfedaf5d81da3ac242cbc191227b
