[INFO] fetching crate sycamore-web 0.9.1...
[INFO] testing sycamore-web-0.9.1 against beta-2024-12-08 for beta-1.84.0-4-retry
[INFO] extracting crate sycamore-web 0.9.1 into /workspace/builds/worker-3-tc2/source
[INFO] validating manifest of crates.io crate sycamore-web 0.9.1 on toolchain beta-2024-12-08
[INFO] running `Command { std: CARGO_HOME="/workspace/cargo-home" RUSTUP_HOME="/workspace/rustup-home" "/workspace/cargo-home/bin/cargo" "+beta-2024-12-08" "metadata" "--manifest-path" "Cargo.toml" "--no-deps", kill_on_drop: false }`
[INFO] started tweaking crates.io crate sycamore-web 0.9.1
[INFO] finished tweaking crates.io crate sycamore-web 0.9.1
[INFO] tweaked toml for crates.io crate sycamore-web 0.9.1 written to /workspace/builds/worker-3-tc2/source/Cargo.toml
[INFO] running `Command { std: CARGO_HOME="/workspace/cargo-home" RUSTUP_HOME="/workspace/rustup-home" "/workspace/cargo-home/bin/cargo" "+beta-2024-12-08" "generate-lockfile" "--manifest-path" "Cargo.toml", kill_on_drop: false }`
[INFO] [stderr]     Updating crates.io index
[INFO] [stderr]      Locking 81 packages to latest compatible versions
[INFO] running `Command { std: CARGO_HOME="/workspace/cargo-home" RUSTUP_HOME="/workspace/rustup-home" "/workspace/cargo-home/bin/cargo" "+beta-2024-12-08" "fetch" "--manifest-path" "Cargo.toml", kill_on_drop: false }`
[INFO] running `Command { std: "docker" "create" "-v" "/var/lib/crater-agent-workspace/builds/worker-3-tc2/target:/opt/rustwide/target:rw,Z" "-v" "/var/lib/crater-agent-workspace/builds/worker-3-tc2/source:/opt/rustwide/workdir:ro,Z" "-v" "/var/lib/crater-agent-workspace/cargo-home:/opt/rustwide/cargo-home:ro,Z" "-v" "/var/lib/crater-agent-workspace/rustup-home:/opt/rustwide/rustup-home:ro,Z" "-e" "SOURCE_DIR=/opt/rustwide/workdir" "-e" "CARGO_TARGET_DIR=/opt/rustwide/target" "-e" "CARGO_HOME=/opt/rustwide/cargo-home" "-e" "RUSTUP_HOME=/opt/rustwide/rustup-home" "-w" "/opt/rustwide/workdir" "-m" "1610612736" "--user" "0:0" "--network" "none" "ghcr.io/rust-lang/crates-build-env/linux@sha256:f3a9d4ad9d972b27faf3965f35b62e55ba32bbce8f20bc8fe909558a86702fde" "/opt/rustwide/cargo-home/bin/cargo" "+beta-2024-12-08" "metadata" "--no-deps" "--format-version=1", kill_on_drop: false }`
[INFO] [stdout] f80b0a7ecfc7034e530bd24cb1943c25e761c6635748149734addfbe42a00586
[INFO] running `Command { std: "docker" "start" "-a" "f80b0a7ecfc7034e530bd24cb1943c25e761c6635748149734addfbe42a00586", kill_on_drop: false }`
[INFO] running `Command { std: "docker" "inspect" "f80b0a7ecfc7034e530bd24cb1943c25e761c6635748149734addfbe42a00586", kill_on_drop: false }`
[INFO] running `Command { std: "docker" "rm" "-f" "f80b0a7ecfc7034e530bd24cb1943c25e761c6635748149734addfbe42a00586", kill_on_drop: false }`
[INFO] [stdout] f80b0a7ecfc7034e530bd24cb1943c25e761c6635748149734addfbe42a00586
[INFO] running `Command { std: "docker" "create" "-v" "/var/lib/crater-agent-workspace/builds/worker-3-tc2/target:/opt/rustwide/target:rw,Z" "-v" "/var/lib/crater-agent-workspace/builds/worker-3-tc2/source:/opt/rustwide/workdir:ro,Z" "-v" "/var/lib/crater-agent-workspace/cargo-home:/opt/rustwide/cargo-home:ro,Z" "-v" "/var/lib/crater-agent-workspace/rustup-home:/opt/rustwide/rustup-home:ro,Z" "-e" "SOURCE_DIR=/opt/rustwide/workdir" "-e" "CARGO_TARGET_DIR=/opt/rustwide/target" "-e" "CARGO_INCREMENTAL=0" "-e" "RUST_BACKTRACE=full" "-e" "RUSTFLAGS=--cap-lints=warn" "-e" "RUSTDOCFLAGS=--cap-lints=warn" "-e" "CARGO_HOME=/opt/rustwide/cargo-home" "-e" "RUSTUP_HOME=/opt/rustwide/rustup-home" "-w" "/opt/rustwide/workdir" "-m" "1610612736" "--user" "0:0" "--network" "none" "ghcr.io/rust-lang/crates-build-env/linux@sha256:f3a9d4ad9d972b27faf3965f35b62e55ba32bbce8f20bc8fe909558a86702fde" "/opt/rustwide/cargo-home/bin/cargo" "+beta-2024-12-08" "build" "--frozen" "--message-format=json", kill_on_drop: false }`
[INFO] [stdout] 8b48b9bfa2b02834fcb6b304dcd9f62dbcd0a4a63020ab33fea1741fc6a68d16
[INFO] running `Command { std: "docker" "start" "-a" "8b48b9bfa2b02834fcb6b304dcd9f62dbcd0a4a63020ab33fea1741fc6a68d16", kill_on_drop: false }`
[INFO] [stderr]    Compiling proc-macro2 v1.0.92
[INFO] [stderr]    Compiling unicode-ident v1.0.14
[INFO] [stderr]    Compiling cfg-if v1.0.0
[INFO] [stderr]    Compiling wasm-bindgen-shared v0.2.99
[INFO] [stderr]    Compiling version_check v0.9.5
[INFO] [stderr]    Compiling log v0.4.22
[INFO] [stderr]    Compiling bumpalo v3.16.0
[INFO] [stderr]    Compiling once_cell v1.20.2
[INFO] [stderr]    Compiling libc v0.2.168
[INFO] [stderr]    Compiling wasm-bindgen v0.2.99
[INFO] [stderr]    Compiling byteorder v1.5.0
[INFO] [stderr]    Compiling paste v1.0.15
[INFO] [stderr]    Compiling zerocopy v0.7.35
[INFO] [stderr]    Compiling smallvec v1.13.2
[INFO] [stderr]    Compiling allocator-api2 v0.2.21
[INFO] [stderr]    Compiling utf8-width v0.1.7
[INFO] [stderr]    Compiling html-escape v0.2.13
[INFO] [stderr]    Compiling ahash v0.8.11
[INFO] [stderr]    Compiling slotmap v1.0.7
[INFO] [stderr]    Compiling hashbrown v0.14.5
[INFO] [stderr]    Compiling quote v1.0.37
[INFO] [stderr]    Compiling syn v2.0.90
[INFO] [stderr]    Compiling getrandom v0.2.15
[INFO] [stderr]    Compiling rand_core v0.6.4
[INFO] [stderr]    Compiling wasm-bindgen-backend v0.2.99
[INFO] [stderr]    Compiling sycamore-view-parser v0.9.1
[INFO] [stderr]    Compiling zerocopy-derive v0.7.35
[INFO] [stderr]    Compiling wasm-bindgen-macro-support v0.2.99
[INFO] [stderr]    Compiling wasm-bindgen-macro v0.2.99
[INFO] [stderr]    Compiling ppv-lite86 v0.2.20
[INFO] [stderr]    Compiling rand_chacha v0.3.1
[INFO] [stderr]    Compiling rand v0.8.5
[INFO] [stderr]    Compiling sycamore-macro v0.9.1
[INFO] [stderr]    Compiling js-sys v0.3.76
[INFO] [stderr]    Compiling sycamore-reactive v0.9.1
[INFO] [stderr]    Compiling sycamore-core v0.9.1
[INFO] [stderr]    Compiling web-sys v0.3.76
[INFO] [stderr]    Compiling sycamore-web v0.9.1 (/opt/rustwide/workdir)
[INFO] [stderr]     Finished `dev` profile [unoptimized + debuginfo] target(s) in 28.42s
[INFO] running `Command { std: "docker" "inspect" "8b48b9bfa2b02834fcb6b304dcd9f62dbcd0a4a63020ab33fea1741fc6a68d16", kill_on_drop: false }`
[INFO] running `Command { std: "docker" "rm" "-f" "8b48b9bfa2b02834fcb6b304dcd9f62dbcd0a4a63020ab33fea1741fc6a68d16", kill_on_drop: false }`
[INFO] [stdout] 8b48b9bfa2b02834fcb6b304dcd9f62dbcd0a4a63020ab33fea1741fc6a68d16
[INFO] running `Command { std: "docker" "create" "-v" "/var/lib/crater-agent-workspace/builds/worker-3-tc2/target:/opt/rustwide/target:rw,Z" "-v" "/var/lib/crater-agent-workspace/builds/worker-3-tc2/source:/opt/rustwide/workdir:ro,Z" "-v" "/var/lib/crater-agent-workspace/cargo-home:/opt/rustwide/cargo-home:ro,Z" "-v" "/var/lib/crater-agent-workspace/rustup-home:/opt/rustwide/rustup-home:ro,Z" "-e" "SOURCE_DIR=/opt/rustwide/workdir" "-e" "CARGO_TARGET_DIR=/opt/rustwide/target" "-e" "CARGO_INCREMENTAL=0" "-e" "RUST_BACKTRACE=full" "-e" "RUSTFLAGS=--cap-lints=warn" "-e" "RUSTDOCFLAGS=--cap-lints=warn" "-e" "CARGO_HOME=/opt/rustwide/cargo-home" "-e" "RUSTUP_HOME=/opt/rustwide/rustup-home" "-w" "/opt/rustwide/workdir" "-m" "1610612736" "--user" "0:0" "--network" "none" "ghcr.io/rust-lang/crates-build-env/linux@sha256:f3a9d4ad9d972b27faf3965f35b62e55ba32bbce8f20bc8fe909558a86702fde" "/opt/rustwide/cargo-home/bin/cargo" "+beta-2024-12-08" "test" "--frozen" "--no-run" "--message-format=json", kill_on_drop: false }`
[INFO] [stdout] 2aa3ad4b42c4ad6881250e82dbb1552a0992e97cea611773116f999f8a8b4a35
[INFO] running `Command { std: "docker" "start" "-a" "2aa3ad4b42c4ad6881250e82dbb1552a0992e97cea611773116f999f8a8b4a35", kill_on_drop: false }`
[INFO] [stderr]    Compiling pin-project-lite v0.2.15
[INFO] [stderr]    Compiling futures-core v0.3.31
[INFO] [stderr]    Compiling bytes v1.9.0
[INFO] [stderr]    Compiling dissimilar v1.0.9
[INFO] [stderr]    Compiling tokio-macros v2.4.0
[INFO] [stderr]    Compiling async-stream-impl v0.3.6
[INFO] [stderr]    Compiling expect-test v1.5.0
[INFO] [stderr]    Compiling async-stream v0.3.6
[INFO] [stderr]    Compiling tokio v1.42.0
[INFO] [stderr]    Compiling tokio-stream v0.1.17
[INFO] [stderr]    Compiling tokio-test v0.4.4
[INFO] [stderr]    Compiling sycamore-web v0.9.1 (/opt/rustwide/workdir)
[INFO] [stderr]     Finished `test` profile [unoptimized + debuginfo] target(s) in 7.21s
[INFO] running `Command { std: "docker" "inspect" "2aa3ad4b42c4ad6881250e82dbb1552a0992e97cea611773116f999f8a8b4a35", kill_on_drop: false }`
[INFO] running `Command { std: "docker" "rm" "-f" "2aa3ad4b42c4ad6881250e82dbb1552a0992e97cea611773116f999f8a8b4a35", kill_on_drop: false }`
[INFO] [stdout] 2aa3ad4b42c4ad6881250e82dbb1552a0992e97cea611773116f999f8a8b4a35
[INFO] running `Command { std: "docker" "create" "-v" "/var/lib/crater-agent-workspace/builds/worker-3-tc2/target:/opt/rustwide/target:rw,Z" "-v" "/var/lib/crater-agent-workspace/builds/worker-3-tc2/source:/opt/rustwide/workdir:ro,Z" "-v" "/var/lib/crater-agent-workspace/cargo-home:/opt/rustwide/cargo-home:ro,Z" "-v" "/var/lib/crater-agent-workspace/rustup-home:/opt/rustwide/rustup-home:ro,Z" "-e" "SOURCE_DIR=/opt/rustwide/workdir" "-e" "CARGO_TARGET_DIR=/opt/rustwide/target" "-e" "CARGO_INCREMENTAL=0" "-e" "RUST_BACKTRACE=full" "-e" "RUSTFLAGS=--cap-lints=warn" "-e" "RUSTDOCFLAGS=--cap-lints=warn" "-e" "CARGO_HOME=/opt/rustwide/cargo-home" "-e" "RUSTUP_HOME=/opt/rustwide/rustup-home" "-w" "/opt/rustwide/workdir" "-m" "1610612736" "--user" "0:0" "--network" "none" "ghcr.io/rust-lang/crates-build-env/linux@sha256:f3a9d4ad9d972b27faf3965f35b62e55ba32bbce8f20bc8fe909558a86702fde" "/opt/rustwide/cargo-home/bin/cargo" "+beta-2024-12-08" "test" "--frozen", kill_on_drop: false }`
[INFO] [stdout] af7a0d268bdafca706536b5a93fbf4eee14a308a70cd22493016fc6c67e6e25c
[INFO] running `Command { std: "docker" "start" "-a" "af7a0d268bdafca706536b5a93fbf4eee14a308a70cd22493016fc6c67e6e25c", kill_on_drop: false }`
[INFO] [stderr]     Finished `test` profile [unoptimized + debuginfo] target(s) in 0.09s
[INFO] [stderr]      Running unittests src/lib.rs (/opt/rustwide/target/debug/deps/sycamore_web-20dd032a9e31acb2)
[INFO] [stdout] 
[INFO] [stdout] running 14 tests
[INFO] [stdout] test attributes::tests::attributes_apply_self ... ok
[INFO] [stdout] test node::ssr_node::tests::bind ... ok
[INFO] [stderr]    Doc-tests sycamore_web
[INFO] [stdout] test node::ssr_node::tests::fragments ... ok
[INFO] [stdout] test node::ssr_node::tests::dynamic_text ... ok
[INFO] [stdout] test node::ssr_node::tests::render_escaped_text ... ok
[INFO] [stdout] test node::ssr_node::tests::render_void_element ... ok
[INFO] [stdout] test attributes::tests::attributes_apply_self_macro ... ok
[INFO] [stdout] test node::ssr_node::tests::hello_world ... ok
[INFO] [stdout] test node::ssr_node::tests::indexed ... ok
[INFO] [stdout] test node::ssr_node::tests::render_inner_html ... ok
[INFO] [stdout] test node::tests::display_hydration_key ... ok
[INFO] [stdout] test node::ssr_node::tests::svg_element ... ok
[INFO] [stdout] test node::tests::parse_hydration_key ... ok
[INFO] [stdout] test stable_counter::tests::stable_counter_works ... ok
[INFO] [stdout] 
[INFO] [stdout] test result: ok. 14 passed; 0 failed; 0 ignored; 0 measured; 0 filtered out; finished in 0.01s
[INFO] [stdout] 
[INFO] [stdout] 
[INFO] [stdout] running 8 tests
[INFO] [stdout] test src/noderef.rs - noderef::NodeRef::set (line 78) ... FAILED
[INFO] [stdout] test src/noderef.rs - noderef::NodeRef::get (line 43) ... FAILED
[INFO] [stdout] test src/iter.rs - iter::Indexed (line 162) ... FAILED
[INFO] [stdout] test src/iter.rs - iter::Keyed (line 43) ... FAILED
[INFO] [stdout] test src/noderef.rs - noderef::create_node_ref (line 113) ... FAILED
[INFO] [stdout] test src/noderef.rs - noderef::NodeRef (line 15) ... FAILED
[INFO] [stdout] test src/lib.rs - is_not_ssr (line 126) ... ok
[INFO] [stdout] test src/lib.rs - is_ssr (line 98) ... ok
[INFO] [stdout] 
[INFO] [stdout] failures:
[INFO] [stdout] 
[INFO] [stdout] ---- src/noderef.rs - noderef::NodeRef::set (line 78) stdout ----
[INFO] [stdout] error[E0433]: failed to resolve: use of undeclared crate or module `sycamore`
[INFO] [stdout]  --> src/noderef.rs:79:5
[INFO] [stdout]   |
[INFO] [stdout] 3 | use sycamore::prelude::*;
[INFO] [stdout]   |     ^^^^^^^^ use of undeclared crate or module `sycamore`
[INFO] [stdout] 
[INFO] [stdout] error: cannot find attribute `component` in this scope
[INFO] [stdout]  --> src/noderef.rs:80:3
[INFO] [stdout]   |
[INFO] [stdout] 4 | #[component]
[INFO] [stdout]   |   ^^^^^^^^^
[INFO] [stdout]   |
[INFO] [stdout] help: consider importing this attribute macro
[INFO] [stdout]   |
[INFO] [stdout] 2 + use sycamore_macro::component;
[INFO] [stdout]   |
[INFO] [stdout] 
[INFO] [stdout] error: cannot find macro `view` in this scope
[INFO] [stdout]  --> src/noderef.rs:83:5
[INFO] [stdout]   |
[INFO] [stdout] 7 |     view! {
[INFO] [stdout]   |     ^^^^
[INFO] [stdout]   |
[INFO] [stdout] help: consider importing this macro
[INFO] [stdout]   |
[INFO] [stdout] 2 + use sycamore_macro::view;
[INFO] [stdout]   |
[INFO] [stdout] 
[INFO] [stdout] error[E0412]: cannot find type `View` in this scope
[INFO] [stdout]  --> src/noderef.rs:81:19
[INFO] [stdout]   |
[INFO] [stdout] 5 | fn Component() -> View {
[INFO] [stdout]   |                   ^^^^ not found in this scope
[INFO] [stdout]   |
[INFO] [stdout] help: consider importing this struct
[INFO] [stdout]   |
[INFO] [stdout] 2 + use sycamore_web::View;
[INFO] [stdout]   |
[INFO] [stdout] 
[INFO] [stdout] error[E0425]: cannot find function `create_node_ref` in this scope
[INFO] [stdout]  --> src/noderef.rs:82:19
[INFO] [stdout]   |
[INFO] [stdout] 6 |     let div_ref = create_node_ref();
[INFO] [stdout]   |                   ^^^^^^^^^^^^^^^ not found in this scope
[INFO] [stdout]   |
[INFO] [stdout] help: consider importing this function
[INFO] [stdout]   |
[INFO] [stdout] 2 + use sycamore_web::create_node_ref;
[INFO] [stdout]   |
[INFO] [stdout] 
[INFO] [stdout] error: aborting due to 5 previous errors
[INFO] [stdout] 
[INFO] [stdout] Some errors have detailed explanations: E0412, E0425, E0433.
[INFO] [stdout] For more information about an error, try `rustc --explain E0412`.
[INFO] [stdout] Couldn't compile the test.
[INFO] [stdout] ---- src/noderef.rs - noderef::NodeRef::get (line 43) stdout ----
[INFO] [stdout] error[E0433]: failed to resolve: use of undeclared crate or module `sycamore`
[INFO] [stdout]  --> src/noderef.rs:44:5
[INFO] [stdout]   |
[INFO] [stdout] 3 | use sycamore::prelude::*;
[INFO] [stdout]   |     ^^^^^^^^ use of undeclared crate or module `sycamore`
[INFO] [stdout] 
[INFO] [stdout] error: cannot find macro `view` in this scope
[INFO] [stdout]  --> src/noderef.rs:50:1
[INFO] [stdout]   |
[INFO] [stdout] 9 | view! {
[INFO] [stdout]   | ^^^^
[INFO] [stdout]   |
[INFO] [stdout] help: consider importing this macro
[INFO] [stdout]   |
[INFO] [stdout] 2 + use sycamore_macro::view;
[INFO] [stdout]   |
[INFO] [stdout] 
[INFO] [stdout] error[E0412]: cannot find type `View` in this scope
[INFO] [stdout]  --> src/noderef.rs:45:19
[INFO] [stdout]   |
[INFO] [stdout] 4 | fn Component() -> View {
[INFO] [stdout]   |                   ^^^^ not found in this scope
[INFO] [stdout]   |
[INFO] [stdout] help: consider importing this struct
[INFO] [stdout]   |
[INFO] [stdout] 2 + use sycamore_web::View;
[INFO] [stdout]   |
[INFO] [stdout] 
[INFO] [stdout] error[E0425]: cannot find function `create_node_ref` in this scope
[INFO] [stdout]  --> src/noderef.rs:46:15
[INFO] [stdout]   |
[INFO] [stdout] 5 | let div_ref = create_node_ref();
[INFO] [stdout]   |               ^^^^^^^^^^^^^^^ not found in this scope
[INFO] [stdout]   |
[INFO] [stdout] help: consider importing this function
[INFO] [stdout]   |
[INFO] [stdout] 2 + use sycamore_web::create_node_ref;
[INFO] [stdout]   |
[INFO] [stdout] 
[INFO] [stdout] error[E0425]: cannot find function `on_mount` in this scope
[INFO] [stdout]  --> src/noderef.rs:47:1
[INFO] [stdout]   |
[INFO] [stdout] 6 | on_mount(move || {
[INFO] [stdout]   | ^^^^^^^^ not found in this scope
[INFO] [stdout]   |
[INFO] [stdout] help: consider importing this function
[INFO] [stdout]   |
[INFO] [stdout] 2 + use sycamore_web::on_mount;
[INFO] [stdout]   |
[INFO] [stdout] 
[INFO] [stdout] error: aborting due to 5 previous errors
[INFO] [stdout] 
[INFO] [stdout] Some errors have detailed explanations: E0412, E0425, E0433.
[INFO] [stdout] For more information about an error, try `rustc --explain E0412`.
[INFO] [stdout] Couldn't compile the test.
[INFO] [stdout] ---- src/iter.rs - iter::Indexed (line 162) stdout ----
[INFO] [stdout] error[E0433]: failed to resolve: use of undeclared crate or module `sycamore`
[INFO] [stdout]  --> src/iter.rs:163:5
[INFO] [stdout]   |
[INFO] [stdout] 3 | use sycamore::prelude::*;
[INFO] [stdout]   |     ^^^^^^^^ use of undeclared crate or module `sycamore`
[INFO] [stdout] 
[INFO] [stdout] error: cannot find macro `view` in this scope
[INFO] [stdout]  --> src/iter.rs:166:1
[INFO] [stdout]   |
[INFO] [stdout] 6 | view! {
[INFO] [stdout]   | ^^^^
[INFO] [stdout]   |
[INFO] [stdout] help: consider importing this macro
[INFO] [stdout]   |
[INFO] [stdout] 2 + use sycamore_macro::view;
[INFO] [stdout]   |
[INFO] [stdout] 
[INFO] [stdout] error[E0412]: cannot find type `View` in this scope
[INFO] [stdout]  --> src/iter.rs:164:13
[INFO] [stdout]   |
[INFO] [stdout] 4 | fn App() -> View {
[INFO] [stdout]   |             ^^^^ not found in this scope
[INFO] [stdout]   |
[INFO] [stdout] help: consider importing this struct
[INFO] [stdout]   |
[INFO] [stdout] 2 + use sycamore_web::View;
[INFO] [stdout]   |
[INFO] [stdout] 
[INFO] [stdout] error[E0425]: cannot find function `create_signal` in this scope
[INFO] [stdout]  --> src/iter.rs:165:11
[INFO] [stdout]   |
[INFO] [stdout] 5 | let fib = create_signal(vec![0, 1, 1, 2, 3, 5, 8]);
[INFO] [stdout]   |           ^^^^^^^^^^^^^ not found in this scope
[INFO] [stdout]   |
[INFO] [stdout] help: consider importing this function
[INFO] [stdout]   |
[INFO] [stdout] 2 + use sycamore_reactive::create_signal;
[INFO] [stdout]   |
[INFO] [stdout] 
[INFO] [stdout] error: aborting due to 4 previous errors
[INFO] [stdout] 
[INFO] [stdout] Some errors have detailed explanations: E0412, E0425, E0433.
[INFO] [stdout] For more information about an error, try `rustc --explain E0412`.
[INFO] [stdout] Couldn't compile the test.
[INFO] [stdout] ---- src/iter.rs - iter::Keyed (line 43) stdout ----
[INFO] [stdout] error[E0433]: failed to resolve: use of undeclared crate or module `sycamore`
[INFO] [stdout]  --> src/iter.rs:44:5
[INFO] [stdout]   |
[INFO] [stdout] 3 | use sycamore::prelude::*;
[INFO] [stdout]   |     ^^^^^^^^ use of undeclared crate or module `sycamore`
[INFO] [stdout] 
[INFO] [stdout] error: cannot find macro `view` in this scope
[INFO] [stdout]   --> src/iter.rs:59:1
[INFO] [stdout]    |
[INFO] [stdout] 18 | view! {
[INFO] [stdout]    | ^^^^
[INFO] [stdout]    |
[INFO] [stdout] help: consider importing this macro
[INFO] [stdout]    |
[INFO] [stdout] 2  + use sycamore_macro::view;
[INFO] [stdout]    |
[INFO] [stdout] 
[INFO] [stdout] error[E0412]: cannot find type `View` in this scope
[INFO] [stdout]   --> src/iter.rs:53:13
[INFO] [stdout]    |
[INFO] [stdout] 12 | fn App() -> View {
[INFO] [stdout]    |             ^^^^ not found in this scope
[INFO] [stdout]    |
[INFO] [stdout] help: consider importing this struct
[INFO] [stdout]    |
[INFO] [stdout] 2  + use sycamore_web::View;
[INFO] [stdout]    |
[INFO] [stdout] 
[INFO] [stdout] error[E0425]: cannot find function `create_signal` in this scope
[INFO] [stdout]   --> src/iter.rs:54:15
[INFO] [stdout]    |
[INFO] [stdout] 13 | let animals = create_signal(vec![
[INFO] [stdout]    |               ^^^^^^^^^^^^^ not found in this scope
[INFO] [stdout]    |
[INFO] [stdout] help: consider importing this function
[INFO] [stdout]    |
[INFO] [stdout] 2  + use sycamore_reactive::create_signal;
[INFO] [stdout]    |
[INFO] [stdout] 
[INFO] [stdout] error: aborting due to 4 previous errors
[INFO] [stdout] 
[INFO] [stdout] Some errors have detailed explanations: E0412, E0425, E0433.
[INFO] [stdout] For more information about an error, try `rustc --explain E0412`.
[INFO] [stdout] Couldn't compile the test.
[INFO] [stdout] ---- src/noderef.rs - noderef::create_node_ref (line 113) stdout ----
[INFO] [stdout] error[E0433]: failed to resolve: use of undeclared crate or module `sycamore`
[INFO] [stdout]  --> src/noderef.rs:114:5
[INFO] [stdout]   |
[INFO] [stdout] 3 | use sycamore::prelude::*;
[INFO] [stdout]   |     ^^^^^^^^ use of undeclared crate or module `sycamore`
[INFO] [stdout] 
[INFO] [stdout] error: cannot find macro `view` in this scope
[INFO] [stdout]  --> src/noderef.rs:117:1
[INFO] [stdout]   |
[INFO] [stdout] 6 | view! {}
[INFO] [stdout]   | ^^^^
[INFO] [stdout]   |
[INFO] [stdout] help: consider importing this macro
[INFO] [stdout]   |
[INFO] [stdout] 2 + use sycamore_macro::view;
[INFO] [stdout]   |
[INFO] [stdout] 
[INFO] [stdout] error[E0412]: cannot find type `View` in this scope
[INFO] [stdout]  --> src/noderef.rs:115:19
[INFO] [stdout]   |
[INFO] [stdout] 4 | fn Component() -> View {
[INFO] [stdout]   |                   ^^^^ not found in this scope
[INFO] [stdout]   |
[INFO] [stdout] help: consider importing this struct
[INFO] [stdout]   |
[INFO] [stdout] 2 + use sycamore_web::View;
[INFO] [stdout]   |
[INFO] [stdout] 
[INFO] [stdout] error[E0412]: cannot find type `NodeRef` in this scope
[INFO] [stdout]  --> src/noderef.rs:116:15
[INFO] [stdout]   |
[INFO] [stdout] 5 | let node_ref: NodeRef = create_node_ref();
[INFO] [stdout]   |               ^^^^^^^ not found in this scope
[INFO] [stdout]   |
[INFO] [stdout] help: consider importing this struct
[INFO] [stdout]   |
[INFO] [stdout] 2 + use sycamore_web::NodeRef;
[INFO] [stdout]   |
[INFO] [stdout] 
[INFO] [stdout] error[E0425]: cannot find function `create_node_ref` in this scope
[INFO] [stdout]  --> src/noderef.rs:116:25
[INFO] [stdout]   |
[INFO] [stdout] 5 | let node_ref: NodeRef = create_node_ref();
[INFO] [stdout]   |                         ^^^^^^^^^^^^^^^ not found in this scope
[INFO] [stdout]   |
[INFO] [stdout] help: consider importing this function
[INFO] [stdout]   |
[INFO] [stdout] 2 + use sycamore_web::create_node_ref;
[INFO] [stdout]   |
[INFO] [stdout] 
[INFO] [stdout] error: aborting due to 5 previous errors
[INFO] [stdout] 
[INFO] [stdout] Some errors have detailed explanations: E0412, E0425, E0433.
[INFO] [stdout] For more information about an error, try `rustc --explain E0412`.
[INFO] [stdout] Couldn't compile the test.
[INFO] [stdout] ---- src/noderef.rs - noderef::NodeRef (line 15) stdout ----
[INFO] [stdout] error[E0433]: failed to resolve: use of undeclared crate or module `sycamore`
[INFO] [stdout]  --> src/noderef.rs:16:5
[INFO] [stdout]   |
[INFO] [stdout] 3 | use sycamore::prelude::*;
[INFO] [stdout]   |     ^^^^^^^^ use of undeclared crate or module `sycamore`
[INFO] [stdout] 
[INFO] [stdout] error: cannot find attribute `component` in this scope
[INFO] [stdout]  --> src/noderef.rs:17:3
[INFO] [stdout]   |
[INFO] [stdout] 4 | #[component]
[INFO] [stdout]   |   ^^^^^^^^^
[INFO] [stdout]   |
[INFO] [stdout] help: consider importing this attribute macro
[INFO] [stdout]   |
[INFO] [stdout] 2 + use sycamore_macro::component;
[INFO] [stdout]   |
[INFO] [stdout] 
[INFO] [stdout] error: cannot find macro `view` in this scope
[INFO] [stdout]  --> src/noderef.rs:20:5
[INFO] [stdout]   |
[INFO] [stdout] 7 |     view! {
[INFO] [stdout]   |     ^^^^
[INFO] [stdout]   |
[INFO] [stdout] help: consider importing this macro
[INFO] [stdout]   |
[INFO] [stdout] 2 + use sycamore_macro::view;
[INFO] [stdout]   |
[INFO] [stdout] 
[INFO] [stdout] error[E0412]: cannot find type `View` in this scope
[INFO] [stdout]  --> src/noderef.rs:18:19
[INFO] [stdout]   |
[INFO] [stdout] 5 | fn Component() -> View {
[INFO] [stdout]   |                   ^^^^ not found in this scope
[INFO] [stdout]   |
[INFO] [stdout] help: consider importing this struct
[INFO] [stdout]   |
[INFO] [stdout] 2 + use sycamore_web::View;
[INFO] [stdout]   |
[INFO] [stdout] 
[INFO] [stdout] error[E0425]: cannot find function `create_node_ref` in this scope
[INFO] [stdout]  --> src/noderef.rs:19:19
[INFO] [stdout]   |
[INFO] [stdout] 6 |     let div_ref = create_node_ref();
[INFO] [stdout]   |                   ^^^^^^^^^^^^^^^ not found in this scope
[INFO] [stdout]   |
[INFO] [stdout] help: consider importing this function
[INFO] [stdout]   |
[INFO] [stdout] 2 + use sycamore_web::create_node_ref;
[INFO] [stdout]   |
[INFO] [stdout] 
[INFO] [stdout] error: aborting due to 5 previous errors
[INFO] [stdout] 
[INFO] [stdout] Some errors have detailed explanations: E0412, E0425, E0433.
[INFO] [stdout] For more information about an error, try `rustc --explain E0412`.
[INFO] [stdout] Couldn't compile the test.
[INFO] [stdout] 
[INFO] [stdout] failures:
[INFO] [stdout]     src/iter.rs - iter::Indexed (line 162)
[INFO] [stdout]     src/iter.rs - iter::Keyed (line 43)
[INFO] [stdout]     src/noderef.rs - noderef::NodeRef (line 15)
[INFO] [stdout]     src/noderef.rs - noderef::NodeRef::get (line 43)
[INFO] [stdout]     src/noderef.rs - noderef::NodeRef::set (line 78)
[INFO] [stdout]     src/noderef.rs - noderef::create_node_ref (line 113)
[INFO] [stdout] 
[INFO] [stdout] test result: FAILED. 2 passed; 6 failed; 0 ignored; 0 measured; 0 filtered out; finished in 0.37s
[INFO] [stdout] 
[INFO] [stderr] error: doctest failed, to rerun pass `--doc`
[INFO] running `Command { std: "docker" "inspect" "af7a0d268bdafca706536b5a93fbf4eee14a308a70cd22493016fc6c67e6e25c", kill_on_drop: false }`
[INFO] running `Command { std: "docker" "rm" "-f" "af7a0d268bdafca706536b5a93fbf4eee14a308a70cd22493016fc6c67e6e25c", kill_on_drop: false }`
[INFO] [stdout] af7a0d268bdafca706536b5a93fbf4eee14a308a70cd22493016fc6c67e6e25c
