[INFO] fetching crate sycamore-query 0.1.1...
[INFO] testing sycamore-query-0.1.1 against 1.83.0 for beta-1.84.0-4-retry
[INFO] extracting crate sycamore-query 0.1.1 into /workspace/builds/worker-5-tc1/source
[INFO] validating manifest of crates.io crate sycamore-query 0.1.1 on toolchain 1.83.0
[INFO] running `Command { std: CARGO_HOME="/workspace/cargo-home" RUSTUP_HOME="/workspace/rustup-home" "/workspace/cargo-home/bin/cargo" "+1.83.0" "metadata" "--manifest-path" "Cargo.toml" "--no-deps", kill_on_drop: false }`
[INFO] started tweaking crates.io crate sycamore-query 0.1.1
[INFO] finished tweaking crates.io crate sycamore-query 0.1.1
[INFO] tweaked toml for crates.io crate sycamore-query 0.1.1 written to /workspace/builds/worker-5-tc1/source/Cargo.toml
[INFO] running `Command { std: CARGO_HOME="/workspace/cargo-home" RUSTUP_HOME="/workspace/rustup-home" "/workspace/cargo-home/bin/cargo" "+1.83.0" "generate-lockfile" "--manifest-path" "Cargo.toml", kill_on_drop: false }`
[INFO] [stderr]     Blocking waiting for file lock on package cache
[INFO] [stderr]     Updating crates.io index
[INFO] [stderr]     Blocking waiting for file lock on package cache
[INFO] [stderr]      Locking 79 packages to latest compatible versions
[INFO] [stderr]       Adding sycamore v0.8.2 (available: v0.9.1)
[INFO] running `Command { std: CARGO_HOME="/workspace/cargo-home" RUSTUP_HOME="/workspace/rustup-home" "/workspace/cargo-home/bin/cargo" "+1.83.0" "fetch" "--manifest-path" "Cargo.toml", kill_on_drop: false }`
[INFO] [stderr]     Blocking waiting for file lock on package cache
[INFO] [stderr]     Blocking waiting for file lock on package cache
[INFO] [stderr]  Downloading crates ...
[INFO] [stderr]   Downloaded sycamore-futures v0.8.0
[INFO] [stderr]   Downloaded sycamore-core v0.8.2
[INFO] [stderr]   Downloaded sycamore-macro v0.8.2
[INFO] [stderr]   Downloaded sycamore-web v0.8.2
[INFO] [stderr]   Downloaded sycamore-reactive v0.8.1
[INFO] [stderr]   Downloaded sycamore v0.8.2
[INFO] running `Command { std: "docker" "create" "-v" "/var/lib/crater-agent-workspace/builds/worker-5-tc1/target:/opt/rustwide/target:rw,Z" "-v" "/var/lib/crater-agent-workspace/builds/worker-5-tc1/source:/opt/rustwide/workdir:ro,Z" "-v" "/var/lib/crater-agent-workspace/cargo-home:/opt/rustwide/cargo-home:ro,Z" "-v" "/var/lib/crater-agent-workspace/rustup-home:/opt/rustwide/rustup-home:ro,Z" "-e" "SOURCE_DIR=/opt/rustwide/workdir" "-e" "CARGO_TARGET_DIR=/opt/rustwide/target" "-e" "CARGO_HOME=/opt/rustwide/cargo-home" "-e" "RUSTUP_HOME=/opt/rustwide/rustup-home" "-w" "/opt/rustwide/workdir" "-m" "1610612736" "--user" "0:0" "--network" "none" "ghcr.io/rust-lang/crates-build-env/linux@sha256:f3a9d4ad9d972b27faf3965f35b62e55ba32bbce8f20bc8fe909558a86702fde" "/opt/rustwide/cargo-home/bin/cargo" "+1.83.0" "metadata" "--no-deps" "--format-version=1", kill_on_drop: false }`
[INFO] [stdout] 65d73e2537df6cf018b3fd5a08cc114feab65ab5a1b8c6ba1512b4fd91faaa6a
[INFO] running `Command { std: "docker" "start" "-a" "65d73e2537df6cf018b3fd5a08cc114feab65ab5a1b8c6ba1512b4fd91faaa6a", kill_on_drop: false }`
[INFO] running `Command { std: "docker" "inspect" "65d73e2537df6cf018b3fd5a08cc114feab65ab5a1b8c6ba1512b4fd91faaa6a", kill_on_drop: false }`
[INFO] running `Command { std: "docker" "rm" "-f" "65d73e2537df6cf018b3fd5a08cc114feab65ab5a1b8c6ba1512b4fd91faaa6a", kill_on_drop: false }`
[INFO] [stdout] 65d73e2537df6cf018b3fd5a08cc114feab65ab5a1b8c6ba1512b4fd91faaa6a
[INFO] running `Command { std: "docker" "create" "-v" "/var/lib/crater-agent-workspace/builds/worker-5-tc1/target:/opt/rustwide/target:rw,Z" "-v" "/var/lib/crater-agent-workspace/builds/worker-5-tc1/source:/opt/rustwide/workdir:ro,Z" "-v" "/var/lib/crater-agent-workspace/cargo-home:/opt/rustwide/cargo-home:ro,Z" "-v" "/var/lib/crater-agent-workspace/rustup-home:/opt/rustwide/rustup-home:ro,Z" "-e" "SOURCE_DIR=/opt/rustwide/workdir" "-e" "CARGO_TARGET_DIR=/opt/rustwide/target" "-e" "CARGO_INCREMENTAL=0" "-e" "RUST_BACKTRACE=full" "-e" "RUSTFLAGS=--cap-lints=warn" "-e" "RUSTDOCFLAGS=--cap-lints=warn" "-e" "CARGO_HOME=/opt/rustwide/cargo-home" "-e" "RUSTUP_HOME=/opt/rustwide/rustup-home" "-w" "/opt/rustwide/workdir" "-m" "1610612736" "--user" "0:0" "--network" "none" "ghcr.io/rust-lang/crates-build-env/linux@sha256:f3a9d4ad9d972b27faf3965f35b62e55ba32bbce8f20bc8fe909558a86702fde" "/opt/rustwide/cargo-home/bin/cargo" "+1.83.0" "build" "--frozen" "--message-format=json", kill_on_drop: false }`
[INFO] [stdout] f7480556a69e0bcf1deab0d39de67d8a0d0471930db40697f37a092a4485d778
[INFO] running `Command { std: "docker" "start" "-a" "f7480556a69e0bcf1deab0d39de67d8a0d0471930db40697f37a092a4485d778", kill_on_drop: false }`
[INFO] [stderr]    Compiling proc-macro2 v1.0.92
[INFO] [stderr]    Compiling unicode-ident v1.0.14
[INFO] [stderr]    Compiling autocfg v1.4.0
[INFO] [stderr]    Compiling cfg-if v1.0.0
[INFO] [stderr]    Compiling libc v0.2.168
[INFO] [stderr]    Compiling version_check v0.9.5
[INFO] [stderr]    Compiling wasm-bindgen-shared v0.2.99
[INFO] [stderr]    Compiling once_cell v1.20.2
[INFO] [stderr]    Compiling log v0.4.22
[INFO] [stderr]    Compiling bumpalo v3.16.0
[INFO] [stderr]    Compiling smallvec v1.13.2
[INFO] [stderr]    Compiling futures-core v0.3.31
[INFO] [stderr]    Compiling pin-project-lite v0.2.15
[INFO] [stderr]    Compiling wasm-bindgen v0.2.99
[INFO] [stderr]    Compiling futures-sink v0.3.31
[INFO] [stderr]    Compiling ahash v0.7.8
[INFO] [stderr]    Compiling slotmap v1.0.7
[INFO] [stderr]    Compiling futures-channel v0.3.31
[INFO] [stderr]    Compiling futures-io v0.3.31
[INFO] [stderr]    Compiling memchr v2.7.4
[INFO] [stderr]    Compiling slab v0.4.9
[INFO] [stderr]    Compiling indexmap v1.9.3
[INFO] [stderr]    Compiling pin-utils v0.1.0
[INFO] [stderr]    Compiling futures-task v0.3.31
[INFO] [stderr]    Compiling hashbrown v0.12.3
[INFO] [stderr]    Compiling lock_api v0.4.12
[INFO] [stderr]    Compiling syn v1.0.109
[INFO] [stderr]    Compiling getrandom v0.2.15
[INFO] [stderr]    Compiling parking_lot_core v0.8.6
[INFO] [stderr]    Compiling instant v0.1.13
[INFO] [stderr]    Compiling utf8-width v0.1.7
[INFO] [stderr]    Compiling paste v1.0.15
[INFO] [stderr]    Compiling scopeguard v1.2.0
[INFO] [stderr]    Compiling quote v1.0.37
[INFO] [stderr]    Compiling html-escape v0.2.13
[INFO] [stderr]    Compiling syn v2.0.90
[INFO] [stderr]    Compiling tokio v1.42.0
[INFO] [stderr]    Compiling parking_lot v0.11.2
[INFO] [stderr]    Compiling fnv v1.0.7
[INFO] [stderr]    Compiling weak-table v0.3.2
[INFO] [stderr]    Compiling sycamore-reactive v0.8.1
[INFO] [stderr]    Compiling sycamore-core v0.8.2
[INFO] [stderr]    Compiling wasm-bindgen-backend v0.2.99
[INFO] [stderr]    Compiling sycamore-macro v0.8.2
[INFO] [stderr]    Compiling wasm-bindgen-macro-support v0.2.99
[INFO] [stderr]    Compiling futures-macro v0.3.31
[INFO] [stderr]    Compiling wasm-bindgen-macro v0.2.99
[INFO] [stderr]    Compiling futures-util v0.3.31
[INFO] [stderr]    Compiling js-sys v0.3.76
[INFO] [stderr]    Compiling futures-executor v0.3.31
[INFO] [stderr]    Compiling futures v0.3.31
[INFO] [stderr]    Compiling sycamore-futures v0.8.0
[INFO] [stderr]    Compiling fluvio-wasm-timer v0.2.5
[INFO] [stderr]    Compiling web-sys v0.3.76
[INFO] [stderr]    Compiling wasm-bindgen-futures v0.4.49
[INFO] [stderr]    Compiling sycamore-web v0.8.2
[INFO] [stderr]    Compiling sycamore v0.8.2
[INFO] [stderr]    Compiling sycamore-query v0.1.1 (/opt/rustwide/workdir)
[INFO] [stderr]     Finished `dev` profile [unoptimized + debuginfo] target(s) in 53.07s
[INFO] running `Command { std: "docker" "inspect" "f7480556a69e0bcf1deab0d39de67d8a0d0471930db40697f37a092a4485d778", kill_on_drop: false }`
[INFO] running `Command { std: "docker" "rm" "-f" "f7480556a69e0bcf1deab0d39de67d8a0d0471930db40697f37a092a4485d778", kill_on_drop: false }`
[INFO] [stdout] f7480556a69e0bcf1deab0d39de67d8a0d0471930db40697f37a092a4485d778
[INFO] running `Command { std: "docker" "create" "-v" "/var/lib/crater-agent-workspace/builds/worker-5-tc1/target:/opt/rustwide/target:rw,Z" "-v" "/var/lib/crater-agent-workspace/builds/worker-5-tc1/source:/opt/rustwide/workdir:ro,Z" "-v" "/var/lib/crater-agent-workspace/cargo-home:/opt/rustwide/cargo-home:ro,Z" "-v" "/var/lib/crater-agent-workspace/rustup-home:/opt/rustwide/rustup-home:ro,Z" "-e" "SOURCE_DIR=/opt/rustwide/workdir" "-e" "CARGO_TARGET_DIR=/opt/rustwide/target" "-e" "CARGO_INCREMENTAL=0" "-e" "RUST_BACKTRACE=full" "-e" "RUSTFLAGS=--cap-lints=warn" "-e" "RUSTDOCFLAGS=--cap-lints=warn" "-e" "CARGO_HOME=/opt/rustwide/cargo-home" "-e" "RUSTUP_HOME=/opt/rustwide/rustup-home" "-w" "/opt/rustwide/workdir" "-m" "1610612736" "--user" "0:0" "--network" "none" "ghcr.io/rust-lang/crates-build-env/linux@sha256:f3a9d4ad9d972b27faf3965f35b62e55ba32bbce8f20bc8fe909558a86702fde" "/opt/rustwide/cargo-home/bin/cargo" "+1.83.0" "test" "--frozen" "--no-run" "--message-format=json", kill_on_drop: false }`
[INFO] [stdout] e2b13a38fdcb3b1c07881d9a9e7f289eddd25099744f89aeafb2edbcf8300bf1
[INFO] running `Command { std: "docker" "start" "-a" "e2b13a38fdcb3b1c07881d9a9e7f289eddd25099744f89aeafb2edbcf8300bf1", kill_on_drop: false }`
[INFO] [stderr]    Compiling sycamore-query v0.1.1 (/opt/rustwide/workdir)
[INFO] [stderr]     Finished `test` profile [unoptimized + debuginfo] target(s) in 0.80s
[INFO] running `Command { std: "docker" "inspect" "e2b13a38fdcb3b1c07881d9a9e7f289eddd25099744f89aeafb2edbcf8300bf1", kill_on_drop: false }`
[INFO] running `Command { std: "docker" "rm" "-f" "e2b13a38fdcb3b1c07881d9a9e7f289eddd25099744f89aeafb2edbcf8300bf1", kill_on_drop: false }`
[INFO] [stdout] e2b13a38fdcb3b1c07881d9a9e7f289eddd25099744f89aeafb2edbcf8300bf1
[INFO] running `Command { std: "docker" "create" "-v" "/var/lib/crater-agent-workspace/builds/worker-5-tc1/target:/opt/rustwide/target:rw,Z" "-v" "/var/lib/crater-agent-workspace/builds/worker-5-tc1/source:/opt/rustwide/workdir:ro,Z" "-v" "/var/lib/crater-agent-workspace/cargo-home:/opt/rustwide/cargo-home:ro,Z" "-v" "/var/lib/crater-agent-workspace/rustup-home:/opt/rustwide/rustup-home:ro,Z" "-e" "SOURCE_DIR=/opt/rustwide/workdir" "-e" "CARGO_TARGET_DIR=/opt/rustwide/target" "-e" "CARGO_INCREMENTAL=0" "-e" "RUST_BACKTRACE=full" "-e" "RUSTFLAGS=--cap-lints=warn" "-e" "RUSTDOCFLAGS=--cap-lints=warn" "-e" "CARGO_HOME=/opt/rustwide/cargo-home" "-e" "RUSTUP_HOME=/opt/rustwide/rustup-home" "-w" "/opt/rustwide/workdir" "-m" "1610612736" "--user" "0:0" "--network" "none" "ghcr.io/rust-lang/crates-build-env/linux@sha256:f3a9d4ad9d972b27faf3965f35b62e55ba32bbce8f20bc8fe909558a86702fde" "/opt/rustwide/cargo-home/bin/cargo" "+1.83.0" "test" "--frozen", kill_on_drop: false }`
[INFO] [stdout] a71b53cfb01c4890052de2c667808b1101e3e9e3e3e49193315bfd4fdaa5ec5e
[INFO] running `Command { std: "docker" "start" "-a" "a71b53cfb01c4890052de2c667808b1101e3e9e3e3e49193315bfd4fdaa5ec5e", kill_on_drop: false }`
[INFO] [stderr]     Finished `test` profile [unoptimized + debuginfo] target(s) in 0.13s
[INFO] [stderr]      Running unittests src/lib.rs (/opt/rustwide/target/debug/deps/sycamore_query-37ea249e7ac5bd18)
[INFO] [stderr]    Doc-tests sycamore_query
[INFO] [stdout] 
[INFO] [stdout] running 0 tests
[INFO] [stdout] 
[INFO] [stdout] test result: ok. 0 passed; 0 failed; 0 ignored; 0 measured; 0 filtered out; finished in 0.00s
[INFO] [stdout] 
[INFO] [stdout] 
[INFO] [stdout] running 15 tests
[INFO] [stdout] test src/lib.rs - AsKeySignal (line 330) ... FAILED
[INFO] [stdout] test src/lib.rs - AsRcKeySignal (line 355) ... FAILED
[INFO] [stdout] test src/lib.rs - AsKeys (line 121) ... FAILED
[INFO] [stdout] test src/lib.rs - (line 31) ... ok
[INFO] [stdout] test src/client.rs - client::QueryClient (line 90) ... ok
[INFO] [stdout] test src/lib.rs - (line 16) ... ok
[INFO] [stdout] test src/lib.rs - prelude (line 97) ... ok
[INFO] [stdout] test src/mutation.rs - mutation::Mutation (line 14) ... ok
[INFO] [stdout] test src/lib.rs - QuerySignalExt::get_data (line 284) ... ok
[INFO] [stdout] test src/mutation.rs - mutation::use_mutation (line 87) ... ok
[INFO] [stdout] test src/query.rs - query::Query (line 19) ... ok
[INFO] [stdout] test src/query.rs - query::use_query (line 170) ... ok
[INFO] [stdout] test src/client.rs - client::QueryClient::invalidate_queries (line 139) ... ok
[INFO] [stdout] test src/client.rs - client::QueryClient::new (line 121) ... ok
[INFO] [stdout] test src/lib.rs - keys (line 251) ... ok
[INFO] [stdout] 
[INFO] [stdout] failures:
[INFO] [stdout] 
[INFO] [stdout] ---- src/lib.rs - AsKeySignal (line 330) stdout ----
[INFO] [stdout] error: mismatched closing delimiter: `}`
[INFO] [stdout]   --> src/lib.rs:340:10
[INFO] [stdout]    |
[INFO] [stdout] 4  | pub fn App<G: Html>(cx: Scope) -> View<G> {
[INFO] [stdout]    |                                           - closing delimiter possibly meant for this
[INFO] [stdout] ...
[INFO] [stdout] 10 | use_query(cx, ("hello", signal.key()), move || hello(signal.get().to_string());
[INFO] [stdout]    |          ^ unclosed delimiter
[INFO] [stdout] 11 | }
[INFO] [stdout]    | ^ mismatched closing delimiter
[INFO] [stdout] 
[INFO] [stdout] error: aborting due to 1 previous error
[INFO] [stdout] 
[INFO] [stdout] Couldn't compile the test.
[INFO] [stdout] ---- src/lib.rs - AsRcKeySignal (line 355) stdout ----
[INFO] [stdout] error: mismatched closing delimiter: `}`
[INFO] [stdout]   --> src/lib.rs:365:10
[INFO] [stdout]    |
[INFO] [stdout] 4  | pub fn App<G: Html>(cx: Scope) -> View<G> {
[INFO] [stdout]    |                                           - closing delimiter possibly meant for this
[INFO] [stdout] ...
[INFO] [stdout] 10 | use_query(cx, ("hello", signal.clone().rc_key()), move || hello(signal.get().to_string());
[INFO] [stdout]    |          ^ unclosed delimiter
[INFO] [stdout] 11 | }
[INFO] [stdout]    | ^ mismatched closing delimiter
[INFO] [stdout] 
[INFO] [stdout] error: aborting due to 1 previous error
[INFO] [stdout] 
[INFO] [stdout] Couldn't compile the test.
[INFO] [stdout] ---- src/lib.rs - AsKeys (line 121) stdout ----
[INFO] [stdout] error[E0432]: unresolved import `sycamore_query::AsKey`
[INFO] [stdout]  --> src/lib.rs:123:5
[INFO] [stdout]   |
[INFO] [stdout] 5 | use sycamore_query::AsKey;
[INFO] [stdout]   |     ^^^^^^^^^^^^^^^^-----
[INFO] [stdout]   |     |               |
[INFO] [stdout]   |     |               help: a similar name exists in the module: `AsKeys`
[INFO] [stdout]   |     no `AsKey` in the root
[INFO] [stdout] 
[INFO] [stdout] error: aborting due to 1 previous error
[INFO] [stdout] 
[INFO] [stdout] For more information about this error, try `rustc --explain E0432`.
[INFO] [stdout] Couldn't compile the test.
[INFO] [stdout] 
[INFO] [stdout] failures:
[INFO] [stdout]     src/lib.rs - AsKeySignal (line 330)
[INFO] [stdout]     src/lib.rs - AsKeys (line 121)
[INFO] [stdout]     src/lib.rs - AsRcKeySignal (line 355)
[INFO] [stdout] 
[INFO] [stdout] test result: FAILED. 12 passed; 3 failed; 0 ignored; 0 measured; 0 filtered out; finished in 3.63s
[INFO] [stdout] 
[INFO] [stderr] error: doctest failed, to rerun pass `--doc`
[INFO] running `Command { std: "docker" "inspect" "a71b53cfb01c4890052de2c667808b1101e3e9e3e3e49193315bfd4fdaa5ec5e", kill_on_drop: false }`
[INFO] running `Command { std: "docker" "rm" "-f" "a71b53cfb01c4890052de2c667808b1101e3e9e3e3e49193315bfd4fdaa5ec5e", kill_on_drop: false }`
[INFO] [stdout] a71b53cfb01c4890052de2c667808b1101e3e9e3e3e49193315bfd4fdaa5ec5e
