[INFO] fetching crate swift-rs-hatter-fork 1.0.6...
[INFO] testing swift-rs-hatter-fork-1.0.6 against 1.83.0 for beta-1.84.0-4-retry
[INFO] extracting crate swift-rs-hatter-fork 1.0.6 into /workspace/builds/worker-5-tc1/source
[INFO] validating manifest of crates.io crate swift-rs-hatter-fork 1.0.6 on toolchain 1.83.0
[INFO] running `Command { std: CARGO_HOME="/workspace/cargo-home" RUSTUP_HOME="/workspace/rustup-home" "/workspace/cargo-home/bin/cargo" "+1.83.0" "metadata" "--manifest-path" "Cargo.toml" "--no-deps", kill_on_drop: false }`
[INFO] started tweaking crates.io crate swift-rs-hatter-fork 1.0.6
[INFO] finished tweaking crates.io crate swift-rs-hatter-fork 1.0.6
[INFO] tweaked toml for crates.io crate swift-rs-hatter-fork 1.0.6 written to /workspace/builds/worker-5-tc1/source/Cargo.toml
[INFO] running `Command { std: CARGO_HOME="/workspace/cargo-home" RUSTUP_HOME="/workspace/rustup-home" "/workspace/cargo-home/bin/cargo" "+1.83.0" "generate-lockfile" "--manifest-path" "Cargo.toml", kill_on_drop: false }`
[INFO] [stderr]     Updating crates.io index
[INFO] [stderr]      Locking 49 packages to latest compatible versions
[INFO] [stderr]       Adding serial_test v0.10.0 (available: v3.2.0)
[INFO] running `Command { std: CARGO_HOME="/workspace/cargo-home" RUSTUP_HOME="/workspace/rustup-home" "/workspace/cargo-home/bin/cargo" "+1.83.0" "fetch" "--manifest-path" "Cargo.toml", kill_on_drop: false }`
[INFO] [stderr]  Downloading crates ...
[INFO] [stderr]   Downloaded serial_test v0.10.0
[INFO] [stderr]   Downloaded serial_test_derive v0.10.0
[INFO] running `Command { std: "docker" "create" "-v" "/var/lib/crater-agent-workspace/builds/worker-5-tc1/target:/opt/rustwide/target:rw,Z" "-v" "/var/lib/crater-agent-workspace/builds/worker-5-tc1/source:/opt/rustwide/workdir:ro,Z" "-v" "/var/lib/crater-agent-workspace/cargo-home:/opt/rustwide/cargo-home:ro,Z" "-v" "/var/lib/crater-agent-workspace/rustup-home:/opt/rustwide/rustup-home:ro,Z" "-e" "SOURCE_DIR=/opt/rustwide/workdir" "-e" "CARGO_TARGET_DIR=/opt/rustwide/target" "-e" "CARGO_HOME=/opt/rustwide/cargo-home" "-e" "RUSTUP_HOME=/opt/rustwide/rustup-home" "-w" "/opt/rustwide/workdir" "-m" "1610612736" "--user" "0:0" "--network" "none" "ghcr.io/rust-lang/crates-build-env/linux@sha256:f3a9d4ad9d972b27faf3965f35b62e55ba32bbce8f20bc8fe909558a86702fde" "/opt/rustwide/cargo-home/bin/cargo" "+1.83.0" "metadata" "--no-deps" "--format-version=1", kill_on_drop: false }`
[INFO] [stdout] 7be57d9124c315e05597af8f3842f1384a861cfc940272e68bc00b8fa150e0ad
[INFO] running `Command { std: "docker" "start" "-a" "7be57d9124c315e05597af8f3842f1384a861cfc940272e68bc00b8fa150e0ad", kill_on_drop: false }`
[INFO] running `Command { std: "docker" "inspect" "7be57d9124c315e05597af8f3842f1384a861cfc940272e68bc00b8fa150e0ad", kill_on_drop: false }`
[INFO] running `Command { std: "docker" "rm" "-f" "7be57d9124c315e05597af8f3842f1384a861cfc940272e68bc00b8fa150e0ad", kill_on_drop: false }`
[INFO] [stdout] 7be57d9124c315e05597af8f3842f1384a861cfc940272e68bc00b8fa150e0ad
[INFO] running `Command { std: "docker" "create" "-v" "/var/lib/crater-agent-workspace/builds/worker-5-tc1/target:/opt/rustwide/target:rw,Z" "-v" "/var/lib/crater-agent-workspace/builds/worker-5-tc1/source:/opt/rustwide/workdir:ro,Z" "-v" "/var/lib/crater-agent-workspace/cargo-home:/opt/rustwide/cargo-home:ro,Z" "-v" "/var/lib/crater-agent-workspace/rustup-home:/opt/rustwide/rustup-home:ro,Z" "-e" "SOURCE_DIR=/opt/rustwide/workdir" "-e" "CARGO_TARGET_DIR=/opt/rustwide/target" "-e" "CARGO_INCREMENTAL=0" "-e" "RUST_BACKTRACE=full" "-e" "RUSTFLAGS=--cap-lints=warn" "-e" "RUSTDOCFLAGS=--cap-lints=warn" "-e" "CARGO_HOME=/opt/rustwide/cargo-home" "-e" "RUSTUP_HOME=/opt/rustwide/rustup-home" "-w" "/opt/rustwide/workdir" "-m" "1610612736" "--user" "0:0" "--network" "none" "ghcr.io/rust-lang/crates-build-env/linux@sha256:f3a9d4ad9d972b27faf3965f35b62e55ba32bbce8f20bc8fe909558a86702fde" "/opt/rustwide/cargo-home/bin/cargo" "+1.83.0" "build" "--frozen" "--message-format=json", kill_on_drop: false }`
[INFO] [stdout] ba5c3b9cbf76d71abb1c468e643a42299889df273ad73af86805699ee85876a0
[INFO] running `Command { std: "docker" "start" "-a" "ba5c3b9cbf76d71abb1c468e643a42299889df273ad73af86805699ee85876a0", kill_on_drop: false }`
[INFO] [stderr]    Compiling proc-macro2 v1.0.92
[INFO] [stderr]    Compiling unicode-ident v1.0.14
[INFO] [stderr]    Compiling serde v1.0.216
[INFO] [stderr]    Compiling serde_json v1.0.133
[INFO] [stderr]    Compiling memchr v2.7.4
[INFO] [stderr]    Compiling ryu v1.0.18
[INFO] [stderr]    Compiling itoa v1.0.14
[INFO] [stderr]    Compiling base64 v0.22.1
[INFO] [stderr]    Compiling quote v1.0.37
[INFO] [stderr]    Compiling syn v2.0.90
[INFO] [stderr]    Compiling serde_derive v1.0.216
[INFO] [stderr]    Compiling swift-rs-hatter-fork v1.0.6 (/opt/rustwide/workdir)
[INFO] [stderr]     Finished `dev` profile [unoptimized + debuginfo] target(s) in 12.57s
[INFO] running `Command { std: "docker" "inspect" "ba5c3b9cbf76d71abb1c468e643a42299889df273ad73af86805699ee85876a0", kill_on_drop: false }`
[INFO] running `Command { std: "docker" "rm" "-f" "ba5c3b9cbf76d71abb1c468e643a42299889df273ad73af86805699ee85876a0", kill_on_drop: false }`
[INFO] [stdout] ba5c3b9cbf76d71abb1c468e643a42299889df273ad73af86805699ee85876a0
[INFO] running `Command { std: "docker" "create" "-v" "/var/lib/crater-agent-workspace/builds/worker-5-tc1/target:/opt/rustwide/target:rw,Z" "-v" "/var/lib/crater-agent-workspace/builds/worker-5-tc1/source:/opt/rustwide/workdir:ro,Z" "-v" "/var/lib/crater-agent-workspace/cargo-home:/opt/rustwide/cargo-home:ro,Z" "-v" "/var/lib/crater-agent-workspace/rustup-home:/opt/rustwide/rustup-home:ro,Z" "-e" "SOURCE_DIR=/opt/rustwide/workdir" "-e" "CARGO_TARGET_DIR=/opt/rustwide/target" "-e" "CARGO_INCREMENTAL=0" "-e" "RUST_BACKTRACE=full" "-e" "RUSTFLAGS=--cap-lints=warn" "-e" "RUSTDOCFLAGS=--cap-lints=warn" "-e" "CARGO_HOME=/opt/rustwide/cargo-home" "-e" "RUSTUP_HOME=/opt/rustwide/rustup-home" "-w" "/opt/rustwide/workdir" "-m" "1610612736" "--user" "0:0" "--network" "none" "ghcr.io/rust-lang/crates-build-env/linux@sha256:f3a9d4ad9d972b27faf3965f35b62e55ba32bbce8f20bc8fe909558a86702fde" "/opt/rustwide/cargo-home/bin/cargo" "+1.83.0" "test" "--frozen" "--no-run" "--message-format=json", kill_on_drop: false }`
[INFO] [stdout] 22a1fbaae1c40f5a0aa3f852d1547017731e1c8d641c161a55b34cd606fba5c3
[INFO] running `Command { std: "docker" "start" "-a" "22a1fbaae1c40f5a0aa3f852d1547017731e1c8d641c161a55b34cd606fba5c3", kill_on_drop: false }`
[INFO] [stderr]    Compiling proc-macro2 v1.0.92
[INFO] [stderr]    Compiling autocfg v1.4.0
[INFO] [stderr]    Compiling libc v0.2.168
[INFO] [stderr]    Compiling parking_lot_core v0.9.10
[INFO] [stderr]    Compiling futures-sink v0.3.31
[INFO] [stderr]    Compiling futures-core v0.3.31
[INFO] [stderr]    Compiling pin-utils v0.1.0
[INFO] [stderr]    Compiling memchr v2.7.4
[INFO] [stderr]    Compiling pin-project-lite v0.2.15
[INFO] [stderr]    Compiling futures-io v0.3.31
[INFO] [stderr]    Compiling cfg-if v1.0.0
[INFO] [stderr]    Compiling syn v1.0.109
[INFO] [stderr]    Compiling smallvec v1.13.2
[INFO] [stderr]    Compiling scopeguard v1.2.0
[INFO] [stderr]    Compiling futures-task v0.3.31
[INFO] [stderr]    Compiling once_cell v1.20.2
[INFO] [stderr]    Compiling hashbrown v0.14.5
[INFO] [stderr]    Compiling lazy_static v1.5.0
[INFO] [stderr]    Compiling log v0.4.22
[INFO] [stderr]    Compiling futures-channel v0.3.31
[INFO] [stderr]    Compiling slab v0.4.9
[INFO] [stderr]    Compiling lock_api v0.4.12
[INFO] [stderr]    Compiling futures-util v0.3.31
[INFO] [stderr]    Compiling quote v1.0.37
[INFO] [stderr]    Compiling syn v2.0.90
[INFO] [stderr]    Compiling parking_lot v0.12.3
[INFO] [stderr]    Compiling dashmap v5.5.3
[INFO] [stderr]    Compiling serde_derive v1.0.216
[INFO] [stderr]    Compiling futures-executor v0.3.31
[INFO] [stderr]    Compiling futures v0.3.31
[INFO] [stderr]    Compiling serial_test_derive v0.10.0
[INFO] [stderr]    Compiling serial_test v0.10.0
[INFO] [stderr]    Compiling serde v1.0.216
[INFO] [stderr]    Compiling serde_json v1.0.133
[INFO] [stderr]    Compiling swift-rs-hatter-fork v1.0.6 (/opt/rustwide/workdir)
[INFO] [stderr]     Finished `test` profile [unoptimized + debuginfo] target(s) in 13.56s
[INFO] running `Command { std: "docker" "inspect" "22a1fbaae1c40f5a0aa3f852d1547017731e1c8d641c161a55b34cd606fba5c3", kill_on_drop: false }`
[INFO] running `Command { std: "docker" "rm" "-f" "22a1fbaae1c40f5a0aa3f852d1547017731e1c8d641c161a55b34cd606fba5c3", kill_on_drop: false }`
[INFO] [stdout] 22a1fbaae1c40f5a0aa3f852d1547017731e1c8d641c161a55b34cd606fba5c3
[INFO] running `Command { std: "docker" "create" "-v" "/var/lib/crater-agent-workspace/builds/worker-5-tc1/target:/opt/rustwide/target:rw,Z" "-v" "/var/lib/crater-agent-workspace/builds/worker-5-tc1/source:/opt/rustwide/workdir:ro,Z" "-v" "/var/lib/crater-agent-workspace/cargo-home:/opt/rustwide/cargo-home:ro,Z" "-v" "/var/lib/crater-agent-workspace/rustup-home:/opt/rustwide/rustup-home:ro,Z" "-e" "SOURCE_DIR=/opt/rustwide/workdir" "-e" "CARGO_TARGET_DIR=/opt/rustwide/target" "-e" "CARGO_INCREMENTAL=0" "-e" "RUST_BACKTRACE=full" "-e" "RUSTFLAGS=--cap-lints=warn" "-e" "RUSTDOCFLAGS=--cap-lints=warn" "-e" "CARGO_HOME=/opt/rustwide/cargo-home" "-e" "RUSTUP_HOME=/opt/rustwide/rustup-home" "-w" "/opt/rustwide/workdir" "-m" "1610612736" "--user" "0:0" "--network" "none" "ghcr.io/rust-lang/crates-build-env/linux@sha256:f3a9d4ad9d972b27faf3965f35b62e55ba32bbce8f20bc8fe909558a86702fde" "/opt/rustwide/cargo-home/bin/cargo" "+1.83.0" "test" "--frozen", kill_on_drop: false }`
[INFO] [stdout] 6ef33e2ba551405ef32ab206c84098400a894d92c0a537aca85fdbe9f2bcaf86
[INFO] running `Command { std: "docker" "start" "-a" "6ef33e2ba551405ef32ab206c84098400a894d92c0a537aca85fdbe9f2bcaf86", kill_on_drop: false }`
[INFO] [stderr]     Finished `test` profile [unoptimized + debuginfo] target(s) in 0.07s
[INFO] [stderr]      Running unittests src-rs/lib.rs (/opt/rustwide/target/debug/deps/swift_rs_hatter_fork-011436fb63d37b3d)
[INFO] [stdout] 
[INFO] [stdout] running 0 tests
[INFO] [stderr]    Doc-tests swift_rs_hatter_fork
[INFO] [stdout] 
[INFO] [stdout] test result: ok. 0 passed; 0 failed; 0 ignored; 0 measured; 0 filtered out; finished in 0.00s
[INFO] [stdout] 
[INFO] [stdout] 
[INFO] [stdout] running 7 tests
[INFO] [stdout] test src-rs/autorelease.rs - autorelease::autoreleasepool (line 6) - compile ... FAILED
[INFO] [stdout] test src-rs/types/string.rs - types::string::SRString (line 13) ... FAILED
[INFO] [stdout] test src-rs/types/object.rs - types::object::SRObject (line 17) ... FAILED
[INFO] [stdout] test src-rs/types/data.rs - types::data::SRData (line 15) ... FAILED
[INFO] [stdout] test src-rs/types/array.rs - types::array::SRArray (line 47) ... FAILED
[INFO] [stdout] test src-rs/swift.rs - swift::swift (line 65) ... FAILED
[INFO] [stdout] test src-rs/types/array.rs - types::array::SRArray (line 29) ... FAILED
[INFO] [stdout] 
[INFO] [stdout] failures:
[INFO] [stdout] 
[INFO] [stdout] ---- src-rs/autorelease.rs - autorelease::autoreleasepool (line 6) stdout ----
[INFO] [stdout] error[E0432]: unresolved import `swift_rs`
[INFO] [stdout]  --> src-rs/autorelease.rs:7:5
[INFO] [stdout]   |
[INFO] [stdout] 3 | use swift_rs::autoreleasepool;
[INFO] [stdout]   |     ^^^^^^^^ use of undeclared crate or module `swift_rs`
[INFO] [stdout] 
[INFO] [stdout] error: aborting due to 1 previous error
[INFO] [stdout] 
[INFO] [stdout] For more information about this error, try `rustc --explain E0432`.
[INFO] [stdout] Couldn't compile the test.
[INFO] [stdout] ---- src-rs/types/string.rs - types::string::SRString (line 13) stdout ----
[INFO] [stdout] error[E0432]: unresolved import `swift_rs`
[INFO] [stdout]  --> src-rs/types/string.rs:14:5
[INFO] [stdout]   |
[INFO] [stdout] 3 | use swift_rs::{swift, SRString};
[INFO] [stdout]   |     ^^^^^^^^ use of undeclared crate or module `swift_rs`
[INFO] [stdout] 
[INFO] [stdout] error[E0425]: cannot find function `get_greeting` in this scope
[INFO] [stdout]  --> src-rs/types/string.rs:18:25
[INFO] [stdout]   |
[INFO] [stdout] 7 | let greeting = unsafe { get_greeting(&"Brendan".into()) };
[INFO] [stdout]   |                         ^^^^^^^^^^^^ not found in this scope
[INFO] [stdout] 
[INFO] [stdout] error: aborting due to 2 previous errors
[INFO] [stdout] 
[INFO] [stdout] Some errors have detailed explanations: E0425, E0432.
[INFO] [stdout] For more information about an error, try `rustc --explain E0425`.
[INFO] [stdout] Couldn't compile the test.
[INFO] [stdout] ---- src-rs/types/object.rs - types::object::SRObject (line 17) stdout ----
[INFO] [stdout] error[E0432]: unresolved import `swift_rs`
[INFO] [stdout]  --> src-rs/types/object.rs:18:5
[INFO] [stdout]   |
[INFO] [stdout] 3 | use swift_rs::{swift, SRObject, Int, Bool};
[INFO] [stdout]   |     ^^^^^^^^ use of undeclared crate or module `swift_rs`
[INFO] [stdout] 
[INFO] [stdout] error[E0425]: cannot find function `get_custom_object` in this scope
[INFO] [stdout]   --> src-rs/types/object.rs:28:22
[INFO] [stdout]    |
[INFO] [stdout] 13 | let value = unsafe { get_custom_object() };
[INFO] [stdout]    |                      ^^^^^^^^^^^^^^^^^ not found in this scope
[INFO] [stdout] 
[INFO] [stdout] error: aborting due to 2 previous errors
[INFO] [stdout] 
[INFO] [stdout] Some errors have detailed explanations: E0425, E0432.
[INFO] [stdout] For more information about an error, try `rustc --explain E0425`.
[INFO] [stdout] Couldn't compile the test.
[INFO] [stdout] ---- src-rs/types/data.rs - types::data::SRData (line 15) stdout ----
[INFO] [stdout] error[E0432]: unresolved import `swift_rs`
[INFO] [stdout]  --> src-rs/types/data.rs:16:5
[INFO] [stdout]   |
[INFO] [stdout] 3 | use swift_rs::{swift, SRData};
[INFO] [stdout]   |     ^^^^^^^^ use of undeclared crate or module `swift_rs`
[INFO] [stdout] 
[INFO] [stdout] error[E0425]: cannot find function `get_data` in this scope
[INFO] [stdout]  --> src-rs/types/data.rs:20:21
[INFO] [stdout]   |
[INFO] [stdout] 7 | let data = unsafe { get_data() };
[INFO] [stdout]   |                     ^^^^^^^^ not found in this scope
[INFO] [stdout] 
[INFO] [stdout] error: aborting due to 2 previous errors
[INFO] [stdout] 
[INFO] [stdout] Some errors have detailed explanations: E0425, E0432.
[INFO] [stdout] For more information about an error, try `rustc --explain E0425`.
[INFO] [stdout] Couldn't compile the test.
[INFO] [stdout] ---- src-rs/types/array.rs - types::array::SRArray (line 47) stdout ----
[INFO] [stdout] error[E0432]: unresolved import `swift_rs`
[INFO] [stdout]  --> src-rs/types/array.rs:48:5
[INFO] [stdout]   |
[INFO] [stdout] 3 | use swift_rs::{swift, SRArray, SRObject, Int};
[INFO] [stdout]   |     ^^^^^^^^ use of undeclared crate or module `swift_rs`
[INFO] [stdout] 
[INFO] [stdout] error[E0425]: cannot find function `get_array_struct` in this scope
[INFO] [stdout]   --> src-rs/types/array.rs:57:21
[INFO] [stdout]    |
[INFO] [stdout] 12 | let data = unsafe { get_array_struct() };
[INFO] [stdout]    |                     ^^^^^^^^^^^^^^^^ not found in this scope
[INFO] [stdout] 
[INFO] [stdout] error: aborting due to 2 previous errors
[INFO] [stdout] 
[INFO] [stdout] Some errors have detailed explanations: E0425, E0432.
[INFO] [stdout] For more information about an error, try `rustc --explain E0425`.
[INFO] [stdout] Couldn't compile the test.
[INFO] [stdout] ---- src-rs/swift.rs - swift::swift (line 65) stdout ----
[INFO] [stdout] error[E0432]: unresolved import `swift_rs`
[INFO] [stdout]  --> src-rs/swift.rs:66:5
[INFO] [stdout]   |
[INFO] [stdout] 3 | use swift_rs::*;
[INFO] [stdout]   |     ^^^^^^^^ use of undeclared crate or module `swift_rs`
[INFO] [stdout] 
[INFO] [stdout] error: cannot find macro `swift` in this scope
[INFO] [stdout]  --> src-rs/swift.rs:68:1
[INFO] [stdout]   |
[INFO] [stdout] 5 | swift!(fn echo(string: &SRString) -> SRString);
[INFO] [stdout]   | ^^^^^
[INFO] [stdout]   |
[INFO] [stdout] help: consider importing this macro
[INFO] [stdout]   |
[INFO] [stdout] 2 + use swift_rs_hatter_fork::swift;
[INFO] [stdout]   |
[INFO] [stdout] 
[INFO] [stdout] error: aborting due to 2 previous errors
[INFO] [stdout] 
[INFO] [stdout] For more information about this error, try `rustc --explain E0432`.
[INFO] [stdout] Couldn't compile the test.
[INFO] [stdout] ---- src-rs/types/array.rs - types::array::SRArray (line 29) stdout ----
[INFO] [stdout] error[E0432]: unresolved import `swift_rs`
[INFO] [stdout]  --> src-rs/types/array.rs:30:5
[INFO] [stdout]   |
[INFO] [stdout] 3 | use swift_rs::{swift, SRArray, SRObject, Int};
[INFO] [stdout]   |     ^^^^^^^^ use of undeclared crate or module `swift_rs`
[INFO] [stdout] 
[INFO] [stdout] error[E0425]: cannot find function `get_int_array` in this scope
[INFO] [stdout]  --> src-rs/types/array.rs:34:22
[INFO] [stdout]   |
[INFO] [stdout] 7 | let array = unsafe { get_int_array() };
[INFO] [stdout]   |                      ^^^^^^^^^^^^^ not found in this scope
[INFO] [stdout] 
[INFO] [stdout] error: aborting due to 2 previous errors
[INFO] [stdout] 
[INFO] [stdout] Some errors have detailed explanations: E0425, E0432.
[INFO] [stdout] For more information about an error, try `rustc --explain E0425`.
[INFO] [stdout] Couldn't compile the test.
[INFO] [stdout] 
[INFO] [stdout] failures:
[INFO] [stdout]     src-rs/autorelease.rs - autorelease::autoreleasepool (line 6)
[INFO] [stdout]     src-rs/swift.rs - swift::swift (line 65)
[INFO] [stdout]     src-rs/types/array.rs - types::array::SRArray (line 29)
[INFO] [stdout]     src-rs/types/array.rs - types::array::SRArray (line 47)
[INFO] [stdout]     src-rs/types/data.rs - types::data::SRData (line 15)
[INFO] [stdout]     src-rs/types/object.rs - types::object::SRObject (line 17)
[INFO] [stdout]     src-rs/types/string.rs - types::string::SRString (line 13)
[INFO] [stdout] 
[INFO] [stdout] test result: FAILED. 0 passed; 7 failed; 0 ignored; 0 measured; 0 filtered out; finished in 0.24s
[INFO] [stdout] 
[INFO] [stderr] error: doctest failed, to rerun pass `--doc`
[INFO] running `Command { std: "docker" "inspect" "6ef33e2ba551405ef32ab206c84098400a894d92c0a537aca85fdbe9f2bcaf86", kill_on_drop: false }`
[INFO] running `Command { std: "docker" "rm" "-f" "6ef33e2ba551405ef32ab206c84098400a894d92c0a537aca85fdbe9f2bcaf86", kill_on_drop: false }`
[INFO] [stdout] 6ef33e2ba551405ef32ab206c84098400a894d92c0a537aca85fdbe9f2bcaf86
