[INFO] fetching crate swift-bridge-macro 0.1.57...
[INFO] testing swift-bridge-macro-0.1.57 against beta-2024-12-08 for beta-1.84.0-4-retry
[INFO] extracting crate swift-bridge-macro 0.1.57 into /workspace/builds/worker-2-tc2/source
[INFO] validating manifest of crates.io crate swift-bridge-macro 0.1.57 on toolchain beta-2024-12-08
[INFO] running `Command { std: CARGO_HOME="/workspace/cargo-home" RUSTUP_HOME="/workspace/rustup-home" "/workspace/cargo-home/bin/cargo" "+beta-2024-12-08" "metadata" "--manifest-path" "Cargo.toml" "--no-deps", kill_on_drop: false }`
[INFO] started tweaking crates.io crate swift-bridge-macro 0.1.57
[INFO] finished tweaking crates.io crate swift-bridge-macro 0.1.57
[INFO] tweaked toml for crates.io crate swift-bridge-macro 0.1.57 written to /workspace/builds/worker-2-tc2/source/Cargo.toml
[INFO] running `Command { std: CARGO_HOME="/workspace/cargo-home" RUSTUP_HOME="/workspace/rustup-home" "/workspace/cargo-home/bin/cargo" "+beta-2024-12-08" "generate-lockfile" "--manifest-path" "Cargo.toml", kill_on_drop: false }`
[INFO] [stderr]     Blocking waiting for file lock on package cache
[INFO] [stderr]     Updating crates.io index
[INFO] [stderr]     Blocking waiting for file lock on package cache
[INFO] [stderr]      Locking 35 packages to latest compatible versions
[INFO] [stderr]       Adding syn v1.0.109 (available: v2.0.90)
[INFO] running `Command { std: CARGO_HOME="/workspace/cargo-home" RUSTUP_HOME="/workspace/rustup-home" "/workspace/cargo-home/bin/cargo" "+beta-2024-12-08" "fetch" "--manifest-path" "Cargo.toml", kill_on_drop: false }`
[INFO] [stderr]     Blocking waiting for file lock on package cache
[INFO] running `Command { std: "docker" "create" "-v" "/var/lib/crater-agent-workspace/builds/worker-2-tc2/target:/opt/rustwide/target:rw,Z" "-v" "/var/lib/crater-agent-workspace/builds/worker-2-tc2/source:/opt/rustwide/workdir:ro,Z" "-v" "/var/lib/crater-agent-workspace/cargo-home:/opt/rustwide/cargo-home:ro,Z" "-v" "/var/lib/crater-agent-workspace/rustup-home:/opt/rustwide/rustup-home:ro,Z" "-e" "SOURCE_DIR=/opt/rustwide/workdir" "-e" "CARGO_TARGET_DIR=/opt/rustwide/target" "-e" "CARGO_HOME=/opt/rustwide/cargo-home" "-e" "RUSTUP_HOME=/opt/rustwide/rustup-home" "-w" "/opt/rustwide/workdir" "-m" "1610612736" "--user" "0:0" "--network" "none" "ghcr.io/rust-lang/crates-build-env/linux@sha256:f3a9d4ad9d972b27faf3965f35b62e55ba32bbce8f20bc8fe909558a86702fde" "/opt/rustwide/cargo-home/bin/cargo" "+beta-2024-12-08" "metadata" "--no-deps" "--format-version=1", kill_on_drop: false }`
[INFO] [stdout] d9de496b0267287f39d554c0723fa2d34f4b9589f27c5122221872124ba44526
[INFO] running `Command { std: "docker" "start" "-a" "d9de496b0267287f39d554c0723fa2d34f4b9589f27c5122221872124ba44526", kill_on_drop: false }`
[INFO] running `Command { std: "docker" "inspect" "d9de496b0267287f39d554c0723fa2d34f4b9589f27c5122221872124ba44526", kill_on_drop: false }`
[INFO] running `Command { std: "docker" "rm" "-f" "d9de496b0267287f39d554c0723fa2d34f4b9589f27c5122221872124ba44526", kill_on_drop: false }`
[INFO] [stdout] d9de496b0267287f39d554c0723fa2d34f4b9589f27c5122221872124ba44526
[INFO] running `Command { std: "docker" "create" "-v" "/var/lib/crater-agent-workspace/builds/worker-2-tc2/target:/opt/rustwide/target:rw,Z" "-v" "/var/lib/crater-agent-workspace/builds/worker-2-tc2/source:/opt/rustwide/workdir:ro,Z" "-v" "/var/lib/crater-agent-workspace/cargo-home:/opt/rustwide/cargo-home:ro,Z" "-v" "/var/lib/crater-agent-workspace/rustup-home:/opt/rustwide/rustup-home:ro,Z" "-e" "SOURCE_DIR=/opt/rustwide/workdir" "-e" "CARGO_TARGET_DIR=/opt/rustwide/target" "-e" "CARGO_INCREMENTAL=0" "-e" "RUST_BACKTRACE=full" "-e" "RUSTFLAGS=--cap-lints=warn" "-e" "RUSTDOCFLAGS=--cap-lints=warn" "-e" "CARGO_HOME=/opt/rustwide/cargo-home" "-e" "RUSTUP_HOME=/opt/rustwide/rustup-home" "-w" "/opt/rustwide/workdir" "-m" "1610612736" "--user" "0:0" "--network" "none" "ghcr.io/rust-lang/crates-build-env/linux@sha256:f3a9d4ad9d972b27faf3965f35b62e55ba32bbce8f20bc8fe909558a86702fde" "/opt/rustwide/cargo-home/bin/cargo" "+beta-2024-12-08" "build" "--frozen" "--message-format=json", kill_on_drop: false }`
[INFO] [stdout] 34aaa32f39388fd8dad5d97e6a8c85c1c78b9bfff83dda26fcb3aee65bd996a8
[INFO] running `Command { std: "docker" "start" "-a" "34aaa32f39388fd8dad5d97e6a8c85c1c78b9bfff83dda26fcb3aee65bd996a8", kill_on_drop: false }`
[INFO] [stderr]    Compiling proc-macro2 v1.0.92
[INFO] [stderr]    Compiling unicode-ident v1.0.14
[INFO] [stderr]    Compiling syn v1.0.109
[INFO] [stderr]    Compiling quote v1.0.37
[INFO] [stderr]    Compiling swift-bridge-ir v0.1.57
[INFO] [stderr]    Compiling swift-bridge-macro v0.1.57 (/opt/rustwide/workdir)
[INFO] [stderr]     Finished `dev` profile [unoptimized + debuginfo] target(s) in 7.60s
[INFO] running `Command { std: "docker" "inspect" "34aaa32f39388fd8dad5d97e6a8c85c1c78b9bfff83dda26fcb3aee65bd996a8", kill_on_drop: false }`
[INFO] running `Command { std: "docker" "rm" "-f" "34aaa32f39388fd8dad5d97e6a8c85c1c78b9bfff83dda26fcb3aee65bd996a8", kill_on_drop: false }`
[INFO] [stdout] 34aaa32f39388fd8dad5d97e6a8c85c1c78b9bfff83dda26fcb3aee65bd996a8
[INFO] running `Command { std: "docker" "create" "-v" "/var/lib/crater-agent-workspace/builds/worker-2-tc2/target:/opt/rustwide/target:rw,Z" "-v" "/var/lib/crater-agent-workspace/builds/worker-2-tc2/source:/opt/rustwide/workdir:ro,Z" "-v" "/var/lib/crater-agent-workspace/cargo-home:/opt/rustwide/cargo-home:ro,Z" "-v" "/var/lib/crater-agent-workspace/rustup-home:/opt/rustwide/rustup-home:ro,Z" "-e" "SOURCE_DIR=/opt/rustwide/workdir" "-e" "CARGO_TARGET_DIR=/opt/rustwide/target" "-e" "CARGO_INCREMENTAL=0" "-e" "RUST_BACKTRACE=full" "-e" "RUSTFLAGS=--cap-lints=warn" "-e" "RUSTDOCFLAGS=--cap-lints=warn" "-e" "CARGO_HOME=/opt/rustwide/cargo-home" "-e" "RUSTUP_HOME=/opt/rustwide/rustup-home" "-w" "/opt/rustwide/workdir" "-m" "1610612736" "--user" "0:0" "--network" "none" "ghcr.io/rust-lang/crates-build-env/linux@sha256:f3a9d4ad9d972b27faf3965f35b62e55ba32bbce8f20bc8fe909558a86702fde" "/opt/rustwide/cargo-home/bin/cargo" "+beta-2024-12-08" "test" "--frozen" "--no-run" "--message-format=json", kill_on_drop: false }`
[INFO] [stdout] 8d8d5ad615f66e5041c19b76e11f3b2111392c3dfd1db6a0c975959952eb7eb3
[INFO] running `Command { std: "docker" "start" "-a" "8d8d5ad615f66e5041c19b76e11f3b2111392c3dfd1db6a0c975959952eb7eb3", kill_on_drop: false }`
[INFO] [stderr]    Compiling serde v1.0.216
[INFO] [stderr]    Compiling hashbrown v0.15.2
[INFO] [stderr]    Compiling equivalent v1.0.1
[INFO] [stderr]    Compiling serde_json v1.0.133
[INFO] [stderr]    Compiling winnow v0.6.20
[INFO] [stderr]    Compiling target-triple v0.1.3
[INFO] [stderr]    Compiling ryu v1.0.18
[INFO] [stderr]    Compiling itoa v1.0.14
[INFO] [stderr]    Compiling memchr v2.7.4
[INFO] [stderr]    Compiling termcolor v1.4.1
[INFO] [stderr]    Compiling glob v0.3.1
[INFO] [stderr]    Compiling syn v2.0.90
[INFO] [stderr]    Compiling swift-bridge-macro v0.1.57 (/opt/rustwide/workdir)
[INFO] [stderr]    Compiling indexmap v2.7.0
[INFO] [stderr]    Compiling serde_derive v1.0.216
[INFO] [stderr]    Compiling serde_spanned v0.6.8
[INFO] [stderr]    Compiling toml_datetime v0.6.8
[INFO] [stderr]    Compiling toml_edit v0.22.22
[INFO] [stderr]    Compiling toml v0.8.19
[INFO] [stderr]    Compiling trybuild v1.0.101
[INFO] [stderr]     Finished `test` profile [unoptimized + debuginfo] target(s) in 8.15s
[INFO] running `Command { std: "docker" "inspect" "8d8d5ad615f66e5041c19b76e11f3b2111392c3dfd1db6a0c975959952eb7eb3", kill_on_drop: false }`
[INFO] running `Command { std: "docker" "rm" "-f" "8d8d5ad615f66e5041c19b76e11f3b2111392c3dfd1db6a0c975959952eb7eb3", kill_on_drop: false }`
[INFO] [stdout] 8d8d5ad615f66e5041c19b76e11f3b2111392c3dfd1db6a0c975959952eb7eb3
[INFO] running `Command { std: "docker" "create" "-v" "/var/lib/crater-agent-workspace/builds/worker-2-tc2/target:/opt/rustwide/target:rw,Z" "-v" "/var/lib/crater-agent-workspace/builds/worker-2-tc2/source:/opt/rustwide/workdir:ro,Z" "-v" "/var/lib/crater-agent-workspace/cargo-home:/opt/rustwide/cargo-home:ro,Z" "-v" "/var/lib/crater-agent-workspace/rustup-home:/opt/rustwide/rustup-home:ro,Z" "-e" "SOURCE_DIR=/opt/rustwide/workdir" "-e" "CARGO_TARGET_DIR=/opt/rustwide/target" "-e" "CARGO_INCREMENTAL=0" "-e" "RUST_BACKTRACE=full" "-e" "RUSTFLAGS=--cap-lints=warn" "-e" "RUSTDOCFLAGS=--cap-lints=warn" "-e" "CARGO_HOME=/opt/rustwide/cargo-home" "-e" "RUSTUP_HOME=/opt/rustwide/rustup-home" "-w" "/opt/rustwide/workdir" "-m" "1610612736" "--user" "0:0" "--network" "none" "ghcr.io/rust-lang/crates-build-env/linux@sha256:f3a9d4ad9d972b27faf3965f35b62e55ba32bbce8f20bc8fe909558a86702fde" "/opt/rustwide/cargo-home/bin/cargo" "+beta-2024-12-08" "test" "--frozen", kill_on_drop: false }`
[INFO] [stdout] 65d8b27f1ef131a64cce74f96fecb45093d74970544ae0b421f4e37265ebe120
[INFO] running `Command { std: "docker" "start" "-a" "65d8b27f1ef131a64cce74f96fecb45093d74970544ae0b421f4e37265ebe120", kill_on_drop: false }`
[INFO] [stderr]     Finished `test` profile [unoptimized + debuginfo] target(s) in 0.04s
[INFO] [stderr]      Running unittests src/lib.rs (/opt/rustwide/target/debug/deps/swift_bridge_macro-d7b32b6afbeb6093)
[INFO] [stdout] 
[INFO] [stdout] running 1 test
[INFO] [stderr]    Compiling proc-macro2 v1.0.92
[INFO] [stderr]    Compiling syn v1.0.109
[INFO] [stderr]    Compiling unicode-ident v1.0.14
[INFO] [stderr]     Checking quote v1.0.37
[INFO] [stderr]     Checking swift-bridge-ir v0.1.57
[INFO] [stderr]    Compiling swift-bridge-macro v0.1.57 (/opt/rustwide/workdir)
[INFO] [stderr]     Checking swift-bridge-macro-tests v0.0.0 (/opt/rustwide/target/tests/trybuild/swift-bridge-macro)
[INFO] [stderr]     Finished `dev` profile [unoptimized + debuginfo] target(s) in 10.12s
[INFO] [stderr] 
[INFO] [stderr] 
[INFO] [stderr] test tests/ui/args-into-argument-not-found.rs ... mismatch
[INFO] [stderr] 
[INFO] [stderr] EXPECTED:
[INFO] [stderr] ┈┈┈┈┈┈┈┈┈┈┈┈┈┈┈┈┈┈┈┈┈┈┈┈┈┈┈┈┈┈┈┈┈┈┈┈┈┈┈┈┈┈┈┈┈┈┈┈┈┈┈┈┈┈┈┈┈┈┈┈
[INFO] [stderr] error: Argument "arg_typo" was not found in "fn some_function(..)"
[INFO] [stderr]  --> tests/ui/args-into-argument-not-found.rs:7:42
[INFO] [stderr]   |
[INFO] [stderr] 7 |         #[swift_bridge(args_into = (arg, arg_typo))]
[INFO] [stderr]   |                                          ^^^^^^^^
[INFO] [stderr] 
[INFO] [stderr] error: Argument "bar" was not found in "fn some_method(..)"
[INFO] [stderr]   --> tests/ui/args-into-argument-not-found.rs:13:42
[INFO] [stderr]    |
[INFO] [stderr] 13 |         #[swift_bridge(args_into = (foo, bar))]
[INFO] [stderr]    |                                          ^^^
[INFO] [stderr] ┈┈┈┈┈┈┈┈┈┈┈┈┈┈┈┈┈┈┈┈┈┈┈┈┈┈┈┈┈┈┈┈┈┈┈┈┈┈┈┈┈┈┈┈┈┈┈┈┈┈┈┈┈┈┈┈┈┈┈┈
[INFO] [stderr] 
[INFO] [stderr] ACTUAL OUTPUT:
[INFO] [stderr] ┈┈┈┈┈┈┈┈┈┈┈┈┈┈┈┈┈┈┈┈┈┈┈┈┈┈┈┈┈┈┈┈┈┈┈┈┈┈┈┈┈┈┈┈┈┈┈┈┈┈┈┈┈┈┈┈┈┈┈┈
[INFO] [stderr] error: `self` parameter is only allowed in associated functions
[INFO] [stderr]   --> tests/ui/args-into-argument-not-found.rs:14:24
[INFO] [stderr]    |
[INFO] [stderr] 14 |         fn some_method(&self, foo: u8);
[INFO] [stderr]    |                        ^^^^^ not semantically valid as function parameter
[INFO] [stderr]    |
[INFO] [stderr]    = note: associated functions are those in `impl` or `trait` definitions
[INFO] [stderr] 
[INFO] [stderr] error[E0433]: failed to resolve: use of undeclared crate or module `swift_bridge`
[INFO] [stderr]  --> tests/ui/args-into-argument-not-found.rs:4:3
[INFO] [stderr]   |
[INFO] [stderr] 4 | #[swift_bridge::bridge]
[INFO] [stderr]   |   ^^^^^^^^^^^^ use of undeclared crate or module `swift_bridge`
[INFO] [stderr] 
[INFO] [stderr] error: cannot find attribute `swift_bridge` in this scope
[INFO] [stderr]  --> tests/ui/args-into-argument-not-found.rs:7:11
[INFO] [stderr]   |
[INFO] [stderr] 7 |         #[swift_bridge(args_into = (arg, arg_typo))]
[INFO] [stderr]   |           ^^^^^^^^^^^^
[INFO] [stderr] 
[INFO] [stderr] error: cannot find attribute `swift_bridge` in this scope
[INFO] [stderr]   --> tests/ui/args-into-argument-not-found.rs:13:11
[INFO] [stderr]    |
[INFO] [stderr] 13 |         #[swift_bridge(args_into = (foo, bar))]
[INFO] [stderr]    |           ^^^^^^^^^^^^
[INFO] [stderr] 
[INFO] [stderr] error[E0658]: extern types are experimental
[INFO] [stderr]   --> tests/ui/args-into-argument-not-found.rs:11:9
[INFO] [stderr]    |
[INFO] [stderr] 11 |         type SomeType;
[INFO] [stderr]    |         ^^^^^^^^^^^^^^
[INFO] [stderr]    |
[INFO] [stderr]    = note: see issue #43467 <https://github.com/rust-lang/rust/issues/43467> for more information
[INFO] [stderr] ┈┈┈┈┈┈┈┈┈┈┈┈┈┈┈┈┈┈┈┈┈┈┈┈┈┈┈┈┈┈┈┈┈┈┈┈┈┈┈┈┈┈┈┈┈┈┈┈┈┈┈┈┈┈┈┈┈┈┈┈
[INFO] [stderr] note: If the actual output is the correct output you can bless it by rerunning
[INFO] [stderr]       your test with the environment variable TRYBUILD=overwrite
[INFO] [stderr] 
[INFO] [stderr] test tests/ui/incorrect-argument-type.rs ... mismatch
[INFO] [stderr] 
[INFO] [stderr] EXPECTED:
[INFO] [stderr] ┈┈┈┈┈┈┈┈┈┈┈┈┈┈┈┈┈┈┈┈┈┈┈┈┈┈┈┈┈┈┈┈┈┈┈┈┈┈┈┈┈┈┈┈┈┈┈┈┈┈┈┈┈┈┈┈┈┈┈┈
[INFO] [stderr] error[E0308]: mismatched types
[INFO] [stderr]   --> tests/ui/incorrect-argument-type.rs:15:16
[INFO] [stderr]    |
[INFO] [stderr] 10 | #[swift_bridge::bridge]
[INFO] [stderr]    | ----------------------- arguments to this function are incorrect
[INFO] [stderr] ...
[INFO] [stderr] 15 |         fn fn1(arg: &str);
[INFO] [stderr]    |                ^^^^^^ expected `u16`, found `&str`
[INFO] [stderr]    |
[INFO] [stderr] note: function defined here
[INFO] [stderr]   --> tests/ui/incorrect-argument-type.rs:24:4
[INFO] [stderr]    |
[INFO] [stderr] 24 | fn some_function(_arg: u16) {}
[INFO] [stderr]    |    ^^^^^^^^^^^^^ ---------
[INFO] [stderr] ┈┈┈┈┈┈┈┈┈┈┈┈┈┈┈┈┈┈┈┈┈┈┈┈┈┈┈┈┈┈┈┈┈┈┈┈┈┈┈┈┈┈┈┈┈┈┈┈┈┈┈┈┈┈┈┈┈┈┈┈
[INFO] [stderr] 
[INFO] [stderr] ACTUAL OUTPUT:
[INFO] [stderr] ┈┈┈┈┈┈┈┈┈┈┈┈┈┈┈┈┈┈┈┈┈┈┈┈┈┈┈┈┈┈┈┈┈┈┈┈┈┈┈┈┈┈┈┈┈┈┈┈┈┈┈┈┈┈┈┈┈┈┈┈
[INFO] [stderr] error[E0433]: failed to resolve: use of undeclared crate or module `swift_bridge`
[INFO] [stderr]   --> tests/ui/incorrect-argument-type.rs:10:3
[INFO] [stderr]    |
[INFO] [stderr] 10 | #[swift_bridge::bridge]
[INFO] [stderr]    |   ^^^^^^^^^^^^ use of undeclared crate or module `swift_bridge`
[INFO] [stderr] 
[INFO] [stderr] error: cannot find attribute `swift_bridge` in this scope
[INFO] [stderr]   --> tests/ui/incorrect-argument-type.rs:14:11
[INFO] [stderr]    |
[INFO] [stderr] 14 |         #[swift_bridge(rust_name = "some_function")]
[INFO] [stderr]    |           ^^^^^^^^^^^^
[INFO] [stderr] ┈┈┈┈┈┈┈┈┈┈┈┈┈┈┈┈┈┈┈┈┈┈┈┈┈┈┈┈┈┈┈┈┈┈┈┈┈┈┈┈┈┈┈┈┈┈┈┈┈┈┈┈┈┈┈┈┈┈┈┈
[INFO] [stderr] note: If the actual output is the correct output you can bless it by rerunning
[INFO] [stderr]       your test with the environment variable TRYBUILD=overwrite
[INFO] [stderr] 
[INFO] [stderr] test tests/ui/incorrect-return-type.rs ... mismatch
[INFO] [stderr] 
[INFO] [stderr] EXPECTED:
[INFO] [stderr] ┈┈┈┈┈┈┈┈┈┈┈┈┈┈┈┈┈┈┈┈┈┈┈┈┈┈┈┈┈┈┈┈┈┈┈┈┈┈┈┈┈┈┈┈┈┈┈┈┈┈┈┈┈┈┈┈┈┈┈┈
[INFO] [stderr] error[E0308]: mismatched types
[INFO] [stderr]   --> tests/ui/incorrect-return-type.rs:6:1
[INFO] [stderr]    |
[INFO] [stderr] 6  |   #[swift_bridge::bridge]
[INFO] [stderr]    |   ^^^^^^^^^^^^^^^^^^^^^^^ expected `SomeType`, found `&SomeType`
[INFO] [stderr] ...
[INFO] [stderr] 9  |           type SomeType;
[INFO] [stderr]    |  ______________-
[INFO] [stderr] 10 | |
[INFO] [stderr] 11 | |         #[swift_bridge(rust_name = "some_function")]
[INFO] [stderr]    | |_________- expected due to this
[INFO] [stderr]    |
[INFO] [stderr]    = note: this error originates in the attribute macro `swift_bridge::bridge` (in Nightly builds, run with -Z macro-backtrace for more info)
[INFO] [stderr] 
[INFO] [stderr] error[E0308]: mismatched types
[INFO] [stderr]   --> tests/ui/incorrect-return-type.rs:6:1
[INFO] [stderr]    |
[INFO] [stderr] 6  |   #[swift_bridge::bridge]
[INFO] [stderr]    |   ^^^^^^^^^^^^^^^^^^^^^^^ expected `SomeType`, found `Option<SomeType>`
[INFO] [stderr] ...
[INFO] [stderr] 9  |           type SomeType;
[INFO] [stderr]    |  ______________-
[INFO] [stderr] 10 | |
[INFO] [stderr] 11 | |         #[swift_bridge(rust_name = "some_function")]
[INFO] [stderr] 12 | |         fn fn1() -> SomeType;
[INFO] [stderr] 13 | |         #[swift_bridge(rust_name = "another_function")]
[INFO] [stderr]    | |_________- expected due to this
[INFO] [stderr]    |
[INFO] [stderr]    = note: expected struct `SomeType`
[INFO] [stderr]                 found enum `Option<SomeType>`
[INFO] [stderr]    = note: this error originates in the attribute macro `swift_bridge::bridge` (in Nightly builds, run with -Z macro-backtrace for more info)
[INFO] [stderr] help: consider using `Option::expect` to unwrap the `Option<SomeType>` value, panicking if the value is an `Option::None`
[INFO] [stderr]    |
[INFO] [stderr] 6  | #[swift_bridge::bridge].expect("REASON")
[INFO] [stderr]    |                        +++++++++++++++++
[INFO] [stderr] ┈┈┈┈┈┈┈┈┈┈┈┈┈┈┈┈┈┈┈┈┈┈┈┈┈┈┈┈┈┈┈┈┈┈┈┈┈┈┈┈┈┈┈┈┈┈┈┈┈┈┈┈┈┈┈┈┈┈┈┈
[INFO] [stderr] 
[INFO] [stderr] ACTUAL OUTPUT:
[INFO] [stderr] ┈┈┈┈┈┈┈┈┈┈┈┈┈┈┈┈┈┈┈┈┈┈┈┈┈┈┈┈┈┈┈┈┈┈┈┈┈┈┈┈┈┈┈┈┈┈┈┈┈┈┈┈┈┈┈┈┈┈┈┈
[INFO] [stderr] error[E0433]: failed to resolve: use of undeclared crate or module `swift_bridge`
[INFO] [stderr]  --> tests/ui/incorrect-return-type.rs:6:3
[INFO] [stderr]   |
[INFO] [stderr] 6 | #[swift_bridge::bridge]
[INFO] [stderr]   |   ^^^^^^^^^^^^ use of undeclared crate or module `swift_bridge`
[INFO] [stderr] 
[INFO] [stderr] error: cannot find attribute `swift_bridge` in this scope
[INFO] [stderr]   --> tests/ui/incorrect-return-type.rs:11:11
[INFO] [stderr]    |
[INFO] [stderr] 11 |         #[swift_bridge(rust_name = "some_function")]
[INFO] [stderr]    |           ^^^^^^^^^^^^
[INFO] [stderr] 
[INFO] [stderr] error: cannot find attribute `swift_bridge` in this scope
[INFO] [stderr]   --> tests/ui/incorrect-return-type.rs:13:11
[INFO] [stderr]    |
[INFO] [stderr] 13 |         #[swift_bridge(rust_name = "another_function")]
[INFO] [stderr]    |           ^^^^^^^^^^^^
[INFO] [stderr] 
[INFO] [stderr] error[E0658]: extern types are experimental
[INFO] [stderr]  --> tests/ui/incorrect-return-type.rs:9:9
[INFO] [stderr]   |
[INFO] [stderr] 9 |         type SomeType;
[INFO] [stderr]   |         ^^^^^^^^^^^^^^
[INFO] [stderr]   |
[INFO] [stderr]   = note: see issue #43467 <https://github.com/rust-lang/rust/issues/43467> for more information
[INFO] [stderr] ┈┈┈┈┈┈┈┈┈┈┈┈┈┈┈┈┈┈┈┈┈┈┈┈┈┈┈┈┈┈┈┈┈┈┈┈┈┈┈┈┈┈┈┈┈┈┈┈┈┈┈┈┈┈┈┈┈┈┈┈
[INFO] [stderr] note: If the actual output is the correct output you can bless it by rerunning
[INFO] [stderr]       your test with the environment variable TRYBUILD=overwrite
[INFO] [stderr] 
[INFO] [stderr] test tests/ui/invalid-associated-to-attribute.rs ... mismatch
[INFO] [stderr] 
[INFO] [stderr] EXPECTED:
[INFO] [stderr] ┈┈┈┈┈┈┈┈┈┈┈┈┈┈┈┈┈┈┈┈┈┈┈┈┈┈┈┈┈┈┈┈┈┈┈┈┈┈┈┈┈┈┈┈┈┈┈┈┈┈┈┈┈┈┈┈┈┈┈┈
[INFO] [stderr] error: The associated_to attribute can only be used on static methods.
[INFO] [stderr]   --> tests/ui/invalid-associated-to-attribute.rs:10:29
[INFO] [stderr]    |
[INFO] [stderr] 10 |         fn immutable_method(&self);
[INFO] [stderr]    |                             ^^^^^
[INFO] [stderr] 
[INFO] [stderr] error: The associated_to attribute can only be used on static methods.
[INFO] [stderr]   --> tests/ui/invalid-associated-to-attribute.rs:13:27
[INFO] [stderr]    |
[INFO] [stderr] 13 |         fn mutable_method(&mut self);
[INFO] [stderr]    |                           ^^^^^^^^^
[INFO] [stderr] 
[INFO] [stderr] error: The associated_to attribute can only be used on static methods.
[INFO] [stderr]   --> tests/ui/invalid-associated-to-attribute.rs:16:25
[INFO] [stderr]    |
[INFO] [stderr] 16 |         fn owned_method(self);
[INFO] [stderr]    |                         ^^^^
[INFO] [stderr] ┈┈┈┈┈┈┈┈┈┈┈┈┈┈┈┈┈┈┈┈┈┈┈┈┈┈┈┈┈┈┈┈┈┈┈┈┈┈┈┈┈┈┈┈┈┈┈┈┈┈┈┈┈┈┈┈┈┈┈┈
[INFO] [stderr] 
[INFO] [stderr] ACTUAL OUTPUT:
[INFO] [stderr] ┈┈┈┈┈┈┈┈┈┈┈┈┈┈┈┈┈┈┈┈┈┈┈┈┈┈┈┈┈┈┈┈┈┈┈┈┈┈┈┈┈┈┈┈┈┈┈┈┈┈┈┈┈┈┈┈┈┈┈┈
[INFO] [stderr] error: `self` parameter is only allowed in associated functions
[INFO] [stderr]   --> tests/ui/invalid-associated-to-attribute.rs:10:29
[INFO] [stderr]    |
[INFO] [stderr] 10 |         fn immutable_method(&self);
[INFO] [stderr]    |                             ^^^^^ not semantically valid as function parameter
[INFO] [stderr]    |
[INFO] [stderr]    = note: associated functions are those in `impl` or `trait` definitions
[INFO] [stderr] 
[INFO] [stderr] error: `self` parameter is only allowed in associated functions
[INFO] [stderr]   --> tests/ui/invalid-associated-to-attribute.rs:13:27
[INFO] [stderr]    |
[INFO] [stderr] 13 |         fn mutable_method(&mut self);
[INFO] [stderr]    |                           ^^^^^^^^^ not semantically valid as function parameter
[INFO] [stderr]    |
[INFO] [stderr]    = note: associated functions are those in `impl` or `trait` definitions
[INFO] [stderr] 
[INFO] [stderr] error: `self` parameter is only allowed in associated functions
[INFO] [stderr]   --> tests/ui/invalid-associated-to-attribute.rs:16:25
[INFO] [stderr]    |
[INFO] [stderr] 16 |         fn owned_method(self);
[INFO] [stderr]    |                         ^^^^ not semantically valid as function parameter
[INFO] [stderr]    |
[INFO] [stderr]    = note: associated functions are those in `impl` or `trait` definitions
[INFO] [stderr] 
[INFO] [stderr] error[E0433]: failed to resolve: use of undeclared crate or module `swift_bridge`
[INFO] [stderr]  --> tests/ui/invalid-associated-to-attribute.rs:4:3
[INFO] [stderr]   |
[INFO] [stderr] 4 | #[swift_bridge::bridge]
[INFO] [stderr]   |   ^^^^^^^^^^^^ use of undeclared crate or module `swift_bridge`
[INFO] [stderr] 
[INFO] [stderr] error: cannot find attribute `swift_bridge` in this scope
[INFO] [stderr]  --> tests/ui/invalid-associated-to-attribute.rs:9:11
[INFO] [stderr]   |
[INFO] [stderr] 9 |         #[swift_bridge(associated_to = SomeType)]
[INFO] [stderr]   |           ^^^^^^^^^^^^
[INFO] [stderr] 
[INFO] [stderr] error: cannot find attribute `swift_bridge` in this scope
[INFO] [stderr]   --> tests/ui/invalid-associated-to-attribute.rs:12:11
[INFO] [stderr]    |
[INFO] [stderr] 12 |         #[swift_bridge(associated_to = SomeType)]
[INFO] [stderr]    |           ^^^^^^^^^^^^
[INFO] [stderr] 
[INFO] [stderr] error: cannot find attribute `swift_bridge` in this scope
[INFO] [stderr]   --> tests/ui/invalid-associated-to-attribute.rs:15:11
[INFO] [stderr]    |
[INFO] [stderr] 15 |         #[swift_bridge(associated_to = SomeType)]
[INFO] [stderr]    |           ^^^^^^^^^^^^
[INFO] [stderr] 
[INFO] [stderr] error[E0658]: extern types are experimental
[INFO] [stderr]  --> tests/ui/invalid-associated-to-attribute.rs:7:9
[INFO] [stderr]   |
[INFO] [stderr] 7 |         type SomeType;
[INFO] [stderr]   |         ^^^^^^^^^^^^^^
[INFO] [stderr]   |
[INFO] [stderr]   = note: see issue #43467 <https://github.com/rust-lang/rust/issues/43467> for more information
[INFO] [stderr] ┈┈┈┈┈┈┈┈┈┈┈┈┈┈┈┈┈┈┈┈┈┈┈┈┈┈┈┈┈┈┈┈┈┈┈┈┈┈┈┈┈┈┈┈┈┈┈┈┈┈┈┈┈┈┈┈┈┈┈┈
[INFO] [stderr] note: If the actual output is the correct output you can bless it by rerunning
[INFO] [stderr]       your test with the environment variable TRYBUILD=overwrite
[INFO] [stderr] 
[INFO] [stderr] test tests/ui/invalid-copy-attribute.rs ... mismatch
[INFO] [stderr] 
[INFO] [stderr] EXPECTED:
[INFO] [stderr] ┈┈┈┈┈┈┈┈┈┈┈┈┈┈┈┈┈┈┈┈┈┈┈┈┈┈┈┈┈┈┈┈┈┈┈┈┈┈┈┈┈┈┈┈┈┈┈┈┈┈┈┈┈┈┈┈┈┈┈┈
[INFO] [stderr] error[E0308]: mismatched types
[INFO] [stderr]   --> tests/ui/invalid-copy-attribute.rs:11:14
[INFO] [stderr]    |
[INFO] [stderr] 11 |         type IncorrectCopySize;
[INFO] [stderr]    |              ^^^^^^^^^^^^^^^^^
[INFO] [stderr]    |              |
[INFO] [stderr]    |              expected an array with a fixed size of 9 elements, found one with 10 elements
[INFO] [stderr]    |              expected due to this
[INFO] [stderr] 
[INFO] [stderr] error[E0512]: cannot transmute between types of different sizes, or dependently-sized types
[INFO] [stderr]  --> tests/ui/invalid-copy-attribute.rs:4:1
[INFO] [stderr]   |
[INFO] [stderr] 4 | #[swift_bridge::bridge]
[INFO] [stderr]   | ^^^^^^^^^^^^^^^^^^^^^^^
[INFO] [stderr]   |
[INFO] [stderr]   = note: source type: `__swift_bridge__IncorrectCopySize` (80 bits)
[INFO] [stderr]   = note: target type: `IncorrectCopySize` (72 bits)
[INFO] [stderr]   = note: this error originates in the attribute macro `swift_bridge::bridge` (in Nightly builds, run with -Z macro-backtrace for more info)
[INFO] [stderr] 
[INFO] [stderr] error[E0512]: cannot transmute between types of different sizes, or dependently-sized types
[INFO] [stderr]  --> tests/ui/invalid-copy-attribute.rs:4:1
[INFO] [stderr]   |
[INFO] [stderr] 4 | #[swift_bridge::bridge]
[INFO] [stderr]   | ^^^^^^^^^^^^^^^^^^^^^^^
[INFO] [stderr]   |
[INFO] [stderr]   = note: source type: `IncorrectCopySize` (72 bits)
[INFO] [stderr]   = note: target type: `__swift_bridge__IncorrectCopySize` (80 bits)
[INFO] [stderr]   = note: this error originates in the attribute macro `swift_bridge::bridge` (in Nightly builds, run with -Z macro-backtrace for more info)
[INFO] [stderr] 
[INFO] [stderr] error[E0277]: the trait bound `DoesNotImplementCopy: Copy` is not satisfied
[INFO] [stderr]  --> tests/ui/invalid-copy-attribute.rs:8:14
[INFO] [stderr]   |
[INFO] [stderr] 8 |         type DoesNotImplementCopy;
[INFO] [stderr]   |              ^^^^^^^^^^^^^^^^^^^^ the trait `Copy` is not implemented for `DoesNotImplementCopy`
[INFO] [stderr]   |
[INFO] [stderr] note: required by a bound in `assert_copy`
[INFO] [stderr]  --> $WORKSPACE/src/copy_support.rs
[INFO] [stderr]   |
[INFO] [stderr]   | pub fn assert_copy<T: Copy>() {}
[INFO] [stderr]   |                       ^^^^ required by this bound in `assert_copy`
[INFO] [stderr] help: consider annotating `DoesNotImplementCopy` with `#[derive(Copy)]`
[INFO] [stderr]   |
[INFO] [stderr] 15+ #[derive(Copy)]
[INFO] [stderr] 16| pub struct DoesNotImplementCopy(u8);
[INFO] [stderr]   |
[INFO] [stderr] ┈┈┈┈┈┈┈┈┈┈┈┈┈┈┈┈┈┈┈┈┈┈┈┈┈┈┈┈┈┈┈┈┈┈┈┈┈┈┈┈┈┈┈┈┈┈┈┈┈┈┈┈┈┈┈┈┈┈┈┈
[INFO] [stderr] 
[INFO] [stderr] ACTUAL OUTPUT:
[INFO] [stderr] ┈┈┈┈┈┈┈┈┈┈┈┈┈┈┈┈┈┈┈┈┈┈┈┈┈┈┈┈┈┈┈┈┈┈┈┈┈┈┈┈┈┈┈┈┈┈┈┈┈┈┈┈┈┈┈┈┈┈┈┈
[INFO] [stderr] error[E0433]: failed to resolve: use of undeclared crate or module `swift_bridge`
[INFO] [stderr]  --> tests/ui/invalid-copy-attribute.rs:4:3
[INFO] [stderr]   |
[INFO] [stderr] 4 | #[swift_bridge::bridge]
[INFO] [stderr]   |   ^^^^^^^^^^^^ use of undeclared crate or module `swift_bridge`
[INFO] [stderr] 
[INFO] [stderr] error: cannot find attribute `swift_bridge` in this scope
[INFO] [stderr]  --> tests/ui/invalid-copy-attribute.rs:7:11
[INFO] [stderr]   |
[INFO] [stderr] 7 |         #[swift_bridge(Copy(1))]
[INFO] [stderr]   |           ^^^^^^^^^^^^
[INFO] [stderr] 
[INFO] [stderr] error: cannot find attribute `swift_bridge` in this scope
[INFO] [stderr]   --> tests/ui/invalid-copy-attribute.rs:10:11
[INFO] [stderr]    |
[INFO] [stderr] 10 |         #[swift_bridge(Copy(10))]
[INFO] [stderr]    |           ^^^^^^^^^^^^
[INFO] [stderr] 
[INFO] [stderr] error[E0658]: extern types are experimental
[INFO] [stderr]  --> tests/ui/invalid-copy-attribute.rs:8:9
[INFO] [stderr]   |
[INFO] [stderr] 8 |         type DoesNotImplementCopy;
[INFO] [stderr]   |         ^^^^^^^^^^^^^^^^^^^^^^^^^^
[INFO] [stderr]   |
[INFO] [stderr]   = note: see issue #43467 <https://github.com/rust-lang/rust/issues/43467> for more information
[INFO] [stderr] 
[INFO] [stderr] error[E0658]: extern types are experimental
[INFO] [stderr]   --> tests/ui/invalid-copy-attribute.rs:11:9
[INFO] [stderr]    |
[INFO] [stderr] 11 |         type IncorrectCopySize;
[INFO] [stderr]    |         ^^^^^^^^^^^^^^^^^^^^^^^
[INFO] [stderr]    |
[INFO] [stderr]    = note: see issue #43467 <https://github.com/rust-lang/rust/issues/43467> for more information
[INFO] [stderr] ┈┈┈┈┈┈┈┈┈┈┈┈┈┈┈┈┈┈┈┈┈┈┈┈┈┈┈┈┈┈┈┈┈┈┈┈┈┈┈┈┈┈┈┈┈┈┈┈┈┈┈┈┈┈┈┈┈┈┈┈
[INFO] [stderr] note: If the actual output is the correct output you can bless it by rerunning
[INFO] [stderr]       your test with the environment variable TRYBUILD=overwrite
[INFO] [stderr] 
[INFO] [stderr] test tests/ui/invalid-module-item.rs ... mismatch
[INFO] [stderr] 
[INFO] [stderr] EXPECTED:
[INFO] [stderr] ┈┈┈┈┈┈┈┈┈┈┈┈┈┈┈┈┈┈┈┈┈┈┈┈┈┈┈┈┈┈┈┈┈┈┈┈┈┈┈┈┈┈┈┈┈┈┈┈┈┈┈┈┈┈┈┈┈┈┈┈
[INFO] [stderr] error: Only `extern` blocks, structs and enums are supported.
[INFO] [stderr]  --> tests/ui/invalid-module-item.rs:6:5
[INFO] [stderr]   |
[INFO] [stderr] 6 |     use std;
[INFO] [stderr]   |     ^^^^^^^^
[INFO] [stderr] 
[INFO] [stderr] error: Only `extern` blocks, structs and enums are supported.
[INFO] [stderr]  --> tests/ui/invalid-module-item.rs:7:5
[INFO] [stderr]   |
[INFO] [stderr] 7 |     fn foo() {}
[INFO] [stderr]   |     ^^^^^^^^^^^
[INFO] [stderr] ┈┈┈┈┈┈┈┈┈┈┈┈┈┈┈┈┈┈┈┈┈┈┈┈┈┈┈┈┈┈┈┈┈┈┈┈┈┈┈┈┈┈┈┈┈┈┈┈┈┈┈┈┈┈┈┈┈┈┈┈
[INFO] [stderr] 
[INFO] [stderr] ACTUAL OUTPUT:
[INFO] [stderr] ┈┈┈┈┈┈┈┈┈┈┈┈┈┈┈┈┈┈┈┈┈┈┈┈┈┈┈┈┈┈┈┈┈┈┈┈┈┈┈┈┈┈┈┈┈┈┈┈┈┈┈┈┈┈┈┈┈┈┈┈
[INFO] [stderr] error[E0433]: failed to resolve: use of undeclared crate or module `swift_bridge`
[INFO] [stderr]  --> tests/ui/invalid-module-item.rs:4:3
[INFO] [stderr]   |
[INFO] [stderr] 4 | #[swift_bridge::bridge]
[INFO] [stderr]   |   ^^^^^^^^^^^^ use of undeclared crate or module `swift_bridge`
[INFO] [stderr] 
[INFO] [stderr] warning: unused import: `std`
[INFO] [stderr]  --> tests/ui/invalid-module-item.rs:6:9
[INFO] [stderr]   |
[INFO] [stderr] 6 |     use std;
[INFO] [stderr]   |         ^^^
[INFO] [stderr]   |
[INFO] [stderr]   = note: `#[warn(unused_imports)]` on by default
[INFO] [stderr] ┈┈┈┈┈┈┈┈┈┈┈┈┈┈┈┈┈┈┈┈┈┈┈┈┈┈┈┈┈┈┈┈┈┈┈┈┈┈┈┈┈┈┈┈┈┈┈┈┈┈┈┈┈┈┈┈┈┈┈┈
[INFO] [stderr] note: If the actual output is the correct output you can bless it by rerunning
[INFO] [stderr]       your test with the environment variable TRYBUILD=overwrite
[INFO] [stderr] 
[INFO] [stderr] test tests/ui/opaque-copy-type-mut-ref.rs ... mismatch
[INFO] [stderr] 
[INFO] [stderr] EXPECTED:
[INFO] [stderr] ┈┈┈┈┈┈┈┈┈┈┈┈┈┈┈┈┈┈┈┈┈┈┈┈┈┈┈┈┈┈┈┈┈┈┈┈┈┈┈┈┈┈┈┈┈┈┈┈┈┈┈┈┈┈┈┈┈┈┈┈
[INFO] [stderr] error: Mutable references to opaque Copy types are not yet supported.
[INFO] [stderr]   --> tests/ui/opaque-copy-type-mut-ref.rs:14:24
[INFO] [stderr]    |
[INFO] [stderr] 14 |         fn some_method(&mut self);
[INFO] [stderr]    |                        ^^^^^^^^^
[INFO] [stderr] 
[INFO] [stderr] error: Mutable references to opaque Copy types are not yet supported.
[INFO] [stderr]   --> tests/ui/opaque-copy-type-mut-ref.rs:16:25
[INFO] [stderr]    |
[INFO] [stderr] 16 |         fn some_method2(self: &mut SomeType);
[INFO] [stderr]    |                         ^^^^^^^^^^^^^^^^^^^
[INFO] [stderr] 
[INFO] [stderr] error: Mutable references to opaque Copy types are not yet supported.
[INFO] [stderr]   --> tests/ui/opaque-copy-type-mut-ref.rs:18:26
[INFO] [stderr]    |
[INFO] [stderr] 18 |         fn some_function(arg: &mut SomeType);
[INFO] [stderr]    |                          ^^^^^^^^^^^^^^^^^^
[INFO] [stderr] ┈┈┈┈┈┈┈┈┈┈┈┈┈┈┈┈┈┈┈┈┈┈┈┈┈┈┈┈┈┈┈┈┈┈┈┈┈┈┈┈┈┈┈┈┈┈┈┈┈┈┈┈┈┈┈┈┈┈┈┈
[INFO] [stderr] 
[INFO] [stderr] ACTUAL OUTPUT:
[INFO] [stderr] ┈┈┈┈┈┈┈┈┈┈┈┈┈┈┈┈┈┈┈┈┈┈┈┈┈┈┈┈┈┈┈┈┈┈┈┈┈┈┈┈┈┈┈┈┈┈┈┈┈┈┈┈┈┈┈┈┈┈┈┈
[INFO] [stderr] error: `self` parameter is only allowed in associated functions
[INFO] [stderr]   --> tests/ui/opaque-copy-type-mut-ref.rs:14:24
[INFO] [stderr]    |
[INFO] [stderr] 14 |         fn some_method(&mut self);
[INFO] [stderr]    |                        ^^^^^^^^^ not semantically valid as function parameter
[INFO] [stderr]    |
[INFO] [stderr]    = note: associated functions are those in `impl` or `trait` definitions
[INFO] [stderr] 
[INFO] [stderr] error: `self` parameter is only allowed in associated functions
[INFO] [stderr]   --> tests/ui/opaque-copy-type-mut-ref.rs:16:25
[INFO] [stderr]    |
[INFO] [stderr] 16 |         fn some_method2(self: &mut SomeType);
[INFO] [stderr]    |                         ^^^^ not semantically valid as function parameter
[INFO] [stderr]    |
[INFO] [stderr]    = note: associated functions are those in `impl` or `trait` definitions
[INFO] [stderr] 
[INFO] [stderr] error[E0433]: failed to resolve: use of undeclared crate or module `swift_bridge`
[INFO] [stderr]  --> tests/ui/opaque-copy-type-mut-ref.rs:8:3
[INFO] [stderr]   |
[INFO] [stderr] 8 | #[swift_bridge::bridge]
[INFO] [stderr]   |   ^^^^^^^^^^^^ use of undeclared crate or module `swift_bridge`
[INFO] [stderr] 
[INFO] [stderr] error: cannot find attribute `swift_bridge` in this scope
[INFO] [stderr]   --> tests/ui/opaque-copy-type-mut-ref.rs:11:11
[INFO] [stderr]    |
[INFO] [stderr] 11 |         #[swift_bridge(Copy(1))]
[INFO] [stderr]    |           ^^^^^^^^^^^^
[INFO] [stderr] 
[INFO] [stderr] error: cannot find attribute `swift_bridge` in this scope
[INFO] [stderr]   --> tests/ui/opaque-copy-type-mut-ref.rs:15:11
[INFO] [stderr]    |
[INFO] [stderr] 15 |         #[swift_bridge(rust_name = "some_method")]
[INFO] [stderr]    |           ^^^^^^^^^^^^
[INFO] [stderr] 
[INFO] [stderr] error[E0658]: extern types are experimental
[INFO] [stderr]   --> tests/ui/opaque-copy-type-mut-ref.rs:12:9
[INFO] [stderr]    |
[INFO] [stderr] 12 |         type SomeType;
[INFO] [stderr]    |         ^^^^^^^^^^^^^^
[INFO] [stderr]    |
[INFO] [stderr]    = note: see issue #43467 <https://github.com/rust-lang/rust/issues/43467> for more information
[INFO] [stderr] ┈┈┈┈┈┈┈┈┈┈┈┈┈┈┈┈┈┈┈┈┈┈┈┈┈┈┈┈┈┈┈┈┈┈┈┈┈┈┈┈┈┈┈┈┈┈┈┈┈┈┈┈┈┈┈┈┈┈┈┈
[INFO] [stderr] note: If the actual output is the correct output you can bless it by rerunning
[INFO] [stderr]       your test with the environment variable TRYBUILD=overwrite
[INFO] [stderr] 
[INFO] [stderr] test tests/ui/unrecognized-argument-attribute.rs ... mismatch
[INFO] [stderr] 
[INFO] [stderr] EXPECTED:
[INFO] [stderr] ┈┈┈┈┈┈┈┈┈┈┈┈┈┈┈┈┈┈┈┈┈┈┈┈┈┈┈┈┈┈┈┈┈┈┈┈┈┈┈┈┈┈┈┈┈┈┈┈┈┈┈┈┈┈┈┈┈┈┈┈
[INFO] [stderr] error: Unrecognized attribute "InvalidArgumentAttribute".
[INFO] [stderr]  --> tests/ui/unrecognized-argument-attribute.rs:8:28
[INFO] [stderr]   |
[INFO] [stderr] 8 |             #[swift_bridge(InvalidArgumentAttribute)] some_value: isize
[INFO] [stderr]   |                            ^^^^^^^^^^^^^^^^^^^^^^^^
[INFO] [stderr] ┈┈┈┈┈┈┈┈┈┈┈┈┈┈┈┈┈┈┈┈┈┈┈┈┈┈┈┈┈┈┈┈┈┈┈┈┈┈┈┈┈┈┈┈┈┈┈┈┈┈┈┈┈┈┈┈┈┈┈┈
[INFO] [stderr] 
[INFO] [stderr] ACTUAL OUTPUT:
[INFO] [stderr] ┈┈┈┈┈┈┈┈┈┈┈┈┈┈┈┈┈┈┈┈┈┈┈┈┈┈┈┈┈┈┈┈┈┈┈┈┈┈┈┈┈┈┈┈┈┈┈┈┈┈┈┈┈┈┈┈┈┈┈┈
[INFO] [stderr] error[E0433]: failed to resolve: use of undeclared crate or module `swift_bridge`
[INFO] [stderr]  --> tests/ui/unrecognized-argument-attribute.rs:4:3
[INFO] [stderr]   |
[INFO] [stderr] 4 | #[swift_bridge::bridge]
[INFO] [stderr]   |   ^^^^^^^^^^^^ use of undeclared crate or module `swift_bridge`
[INFO] [stderr] 
[INFO] [stderr] error: cannot find attribute `swift_bridge` in this scope
[INFO] [stderr]  --> tests/ui/unrecognized-argument-attribute.rs:8:15
[INFO] [stderr]   |
[INFO] [stderr] 8 |             #[swift_bridge(InvalidArgumentAttribute)] some_value: isize
[INFO] [stderr]   |               ^^^^^^^^^^^^
[INFO] [stderr] ┈┈┈┈┈┈┈┈┈┈┈┈┈┈┈┈┈┈┈┈┈┈┈┈┈┈┈┈┈┈┈┈┈┈┈┈┈┈┈┈┈┈┈┈┈┈┈┈┈┈┈┈┈┈┈┈┈┈┈┈
[INFO] [stderr] note: If the actual output is the correct output you can bless it by rerunning
[INFO] [stderr]       your test with the environment variable TRYBUILD=overwrite
[INFO] [stderr] 
[INFO] [stderr] test tests/ui/unrecognized-enum-attribute.rs ... mismatch
[INFO] [stderr] 
[INFO] [stderr] EXPECTED:
[INFO] [stderr] ┈┈┈┈┈┈┈┈┈┈┈┈┈┈┈┈┈┈┈┈┈┈┈┈┈┈┈┈┈┈┈┈┈┈┈┈┈┈┈┈┈┈┈┈┈┈┈┈┈┈┈┈┈┈┈┈┈┈┈┈
[INFO] [stderr] error: Did not recognize enum attribute "InvalidAttribute".
[INFO] [stderr]  --> tests/ui/unrecognized-enum-attribute.rs:7:20
[INFO] [stderr]   |
[INFO] [stderr] 7 |     #[swift_bridge(InvalidAttribute)]
[INFO] [stderr]   |                    ^^^^^^^^^^^^^^^^
[INFO] [stderr] ┈┈┈┈┈┈┈┈┈┈┈┈┈┈┈┈┈┈┈┈┈┈┈┈┈┈┈┈┈┈┈┈┈┈┈┈┈┈┈┈┈┈┈┈┈┈┈┈┈┈┈┈┈┈┈┈┈┈┈┈
[INFO] [stderr] 
[INFO] [stderr] ACTUAL OUTPUT:
[INFO] [stderr] ┈┈┈┈┈┈┈┈┈┈┈┈┈┈┈┈┈┈┈┈┈┈┈┈┈┈┈┈┈┈┈┈┈┈┈┈┈┈┈┈┈┈┈┈┈┈┈┈┈┈┈┈┈┈┈┈┈┈┈┈
[INFO] [stderr] error[E0433]: failed to resolve: use of undeclared crate or module `swift_bridge`
[INFO] [stderr]  --> tests/ui/unrecognized-enum-attribute.rs:5:3
[INFO] [stderr]   |
[INFO] [stderr] 5 | #[swift_bridge::bridge]
[INFO] [stderr]   |   ^^^^^^^^^^^^ use of undeclared crate or module `swift_bridge`
[INFO] [stderr] 
[INFO] [stderr] error: cannot find attribute `swift_bridge` in this scope
[INFO] [stderr]  --> tests/ui/unrecognized-enum-attribute.rs:7:7
[INFO] [stderr]   |
[INFO] [stderr] 7 |     #[swift_bridge(InvalidAttribute)]
[INFO] [stderr]   |       ^^^^^^^^^^^^
[INFO] [stderr] ┈┈┈┈┈┈┈┈┈┈┈┈┈┈┈┈┈┈┈┈┈┈┈┈┈┈┈┈┈┈┈┈┈┈┈┈┈┈┈┈┈┈┈┈┈┈┈┈┈┈┈┈┈┈┈┈┈┈┈┈
[INFO] [stderr] note: If the actual output is the correct output you can bless it by rerunning
[INFO] [stderr]       your test with the environment variable TRYBUILD=overwrite
[INFO] [stderr] 
[INFO] [stderr] test tests/ui/unrecognized-function-attribute.rs ... mismatch
[INFO] [stderr] 
[INFO] [stderr] EXPECTED:
[INFO] [stderr] ┈┈┈┈┈┈┈┈┈┈┈┈┈┈┈┈┈┈┈┈┈┈┈┈┈┈┈┈┈┈┈┈┈┈┈┈┈┈┈┈┈┈┈┈┈┈┈┈┈┈┈┈┈┈┈┈┈┈┈┈
[INFO] [stderr] error: Unrecognized attribute "InvalidAttribute".
[INFO] [stderr]  --> tests/ui/unrecognized-function-attribute.rs:7:24
[INFO] [stderr]   |
[INFO] [stderr] 7 |         #[swift_bridge(InvalidAttribute)]
[INFO] [stderr]   |                        ^^^^^^^^^^^^^^^^
[INFO] [stderr] ┈┈┈┈┈┈┈┈┈┈┈┈┈┈┈┈┈┈┈┈┈┈┈┈┈┈┈┈┈┈┈┈┈┈┈┈┈┈┈┈┈┈┈┈┈┈┈┈┈┈┈┈┈┈┈┈┈┈┈┈
[INFO] [stderr] 
[INFO] [stderr] ACTUAL OUTPUT:
[INFO] [stderr] ┈┈┈┈┈┈┈┈┈┈┈┈┈┈┈┈┈┈┈┈┈┈┈┈┈┈┈┈┈┈┈┈┈┈┈┈┈┈┈┈┈┈┈┈┈┈┈┈┈┈┈┈┈┈┈┈┈┈┈┈
[INFO] [stderr] error[E0433]: failed to resolve: use of undeclared crate or module `swift_bridge`
[INFO] [stderr]  --> tests/ui/unrecognized-function-attribute.rs:4:3
[INFO] [stderr]   |
[INFO] [stderr] 4 | #[swift_bridge::bridge]
[INFO] [stderr]   |   ^^^^^^^^^^^^ use of undeclared crate or module `swift_bridge`
[INFO] [stderr] 
[INFO] [stderr] error: cannot find attribute `swift_bridge` in this scope
[INFO] [stderr]  --> tests/ui/unrecognized-function-attribute.rs:7:11
[INFO] [stderr]   |
[INFO] [stderr] 7 |         #[swift_bridge(InvalidAttribute)]
[INFO] [stderr]   |           ^^^^^^^^^^^^
[INFO] [stderr] ┈┈┈┈┈┈┈┈┈┈┈┈┈┈┈┈┈┈┈┈┈┈┈┈┈┈┈┈┈┈┈┈┈┈┈┈┈┈┈┈┈┈┈┈┈┈┈┈┈┈┈┈┈┈┈┈┈┈┈┈
[INFO] [stderr] note: If the actual output is the correct output you can bless it by rerunning
[INFO] [stderr]       your test with the environment variable TRYBUILD=overwrite
[INFO] [stderr] 
[INFO] [stderr] test tests/ui/unrecognized-opaque-type-attribute.rs ... mismatch
[INFO] [stderr] 
[INFO] [stderr] EXPECTED:
[INFO] [stderr] ┈┈┈┈┈┈┈┈┈┈┈┈┈┈┈┈┈┈┈┈┈┈┈┈┈┈┈┈┈┈┈┈┈┈┈┈┈┈┈┈┈┈┈┈┈┈┈┈┈┈┈┈┈┈┈┈┈┈┈┈
[INFO] [stderr] error: Unrecognized attribute "InvalidAttribute".
[INFO] [stderr]  --> tests/ui/unrecognized-opaque-type-attribute.rs:8:24
[INFO] [stderr]   |
[INFO] [stderr] 8 |         #[swift_bridge(InvalidAttribute)]
[INFO] [stderr]   |                        ^^^^^^^^^^^^^^^^
[INFO] [stderr] ┈┈┈┈┈┈┈┈┈┈┈┈┈┈┈┈┈┈┈┈┈┈┈┈┈┈┈┈┈┈┈┈┈┈┈┈┈┈┈┈┈┈┈┈┈┈┈┈┈┈┈┈┈┈┈┈┈┈┈┈
[INFO] [stderr] 
[INFO] [stderr] ACTUAL OUTPUT:
[INFO] [stderr] ┈┈┈┈┈┈┈┈┈┈┈┈┈┈┈┈┈┈┈┈┈┈┈┈┈┈┈┈┈┈┈┈┈┈┈┈┈┈┈┈┈┈┈┈┈┈┈┈┈┈┈┈┈┈┈┈┈┈┈┈
[INFO] [stderr] error[E0433]: failed to resolve: use of undeclared crate or module `swift_bridge`
[INFO] [stderr]  --> tests/ui/unrecognized-opaque-type-attribute.rs:5:3
[INFO] [stderr]   |
[INFO] [stderr] 5 | #[swift_bridge::bridge]
[INFO] [stderr]   |   ^^^^^^^^^^^^ use of undeclared crate or module `swift_bridge`
[INFO] [stderr] 
[INFO] [stderr] error: cannot find attribute `swift_bridge` in this scope
[INFO] [stderr]  --> tests/ui/unrecognized-opaque-type-attribute.rs:8:11
[INFO] [stderr]   |
[INFO] [stderr] 8 |         #[swift_bridge(InvalidAttribute)]
[INFO] [stderr]   |           ^^^^^^^^^^^^
[INFO] [stderr] 
[INFO] [stderr] error[E0658]: extern types are experimental
[INFO] [stderr]  --> tests/ui/unrecognized-opaque-type-attribute.rs:9:9
[INFO] [stderr]   |
[INFO] [stderr] 9 |         type SomeType;
[INFO] [stderr]   |         ^^^^^^^^^^^^^^
[INFO] [stderr]   |
[INFO] [stderr]   = note: see issue #43467 <https://github.com/rust-lang/rust/issues/43467> for more information
[INFO] [stderr] ┈┈┈┈┈┈┈┈┈┈┈┈┈┈┈┈┈┈┈┈┈┈┈┈┈┈┈┈┈┈┈┈┈┈┈┈┈┈┈┈┈┈┈┈┈┈┈┈┈┈┈┈┈┈┈┈┈┈┈┈
[INFO] [stderr] note: If the actual output is the correct output you can bless it by rerunning
[INFO] [stderr]       your test with the environment variable TRYBUILD=overwrite
[INFO] [stderr] 
[INFO] [stderr] 
[INFO] [stderr] 
[INFO] [stdout] test ui_tests::ui ... FAILED
[INFO] [stdout] 
[INFO] [stdout] failures:
[INFO] [stdout] 
[INFO] [stdout] ---- ui_tests::ui stdout ----
[INFO] [stdout] thread 'ui_tests::ui' panicked at /opt/rustwide/cargo-home/registry/src/index.crates.io-6f17d22bba15001f/trybuild-1.0.101/src/run.rs:101:13:
[INFO] [stdout] 11 of 11 tests failed
[INFO] [stdout] stack backtrace:
[INFO] [stdout]    0:     0x7b18b64a35aa - std::backtrace_rs::backtrace::libunwind::trace::h8810477743020387
[INFO] [stdout]                                at /rustc/202008a1b8de96d2e5b6bc02d379db03a877d34d/library/std/src/../../backtrace/src/backtrace/libunwind.rs:116:5
[INFO] [stdout]    1:     0x7b18b64a35aa - std::backtrace_rs::backtrace::trace_unsynchronized::h3aa55355dd6c54a6
[INFO] [stdout]                                at /rustc/202008a1b8de96d2e5b6bc02d379db03a877d34d/library/std/src/../../backtrace/src/backtrace/mod.rs:66:5
[INFO] [stdout]    2:     0x7b18b64a35aa - std::sys::backtrace::_print_fmt::h8588b0f62410823f
[INFO] [stdout]                                at /rustc/202008a1b8de96d2e5b6bc02d379db03a877d34d/library/std/src/sys/backtrace.rs:66:9
[INFO] [stdout]    3:     0x7b18b64a35aa - <std::sys::backtrace::BacktraceLock::print::DisplayBacktrace as core::fmt::Display>::fmt::h98c26ac25ffe89bb
[INFO] [stdout]                                at /rustc/202008a1b8de96d2e5b6bc02d379db03a877d34d/library/std/src/sys/backtrace.rs:39:26
[INFO] [stdout]    4:     0x7b18b64f4173 - core::fmt::rt::Argument::fmt::hf95377f4aebd453b
[INFO] [stdout]                                at /rustc/202008a1b8de96d2e5b6bc02d379db03a877d34d/library/core/src/fmt/rt.rs:177:76
[INFO] [stdout]    5:     0x7b18b64f4173 - core::fmt::write::h0dd5f6e2238c7982
[INFO] [stdout]                                at /rustc/202008a1b8de96d2e5b6bc02d379db03a877d34d/library/core/src/fmt/mod.rs:1189:21
[INFO] [stdout]    6:     0x7b18b6496eb3 - std::io::Write::write_fmt::h03bb0ca26e6faf8c
[INFO] [stdout]                                at /rustc/202008a1b8de96d2e5b6bc02d379db03a877d34d/library/std/src/io/mod.rs:1884:15
[INFO] [stdout]    7:     0x7b18b64a33f2 - std::sys::backtrace::BacktraceLock::print::h5c19c1c038ee186d
[INFO] [stdout]                                at /rustc/202008a1b8de96d2e5b6bc02d379db03a877d34d/library/std/src/sys/backtrace.rs:42:9
[INFO] [stdout]    8:     0x7b18b64a5a1d - std::panicking::default_hook::{{closure}}::h77172f079a1fcb13
[INFO] [stdout]                                at /rustc/202008a1b8de96d2e5b6bc02d379db03a877d34d/library/std/src/panicking.rs:268:22
[INFO] [stdout]    9:     0x7b18b64a5827 - std::panicking::default_hook::he5f8e3b203ccddba
[INFO] [stdout]                                at /rustc/202008a1b8de96d2e5b6bc02d379db03a877d34d/library/std/src/panicking.rs:292:9
[INFO] [stdout]   10:     0x5f7f82c01607 - <alloc::boxed::Box<F,A> as core::ops::function::Fn<Args>>::call::h7a3c7b4a1ae77f2f
[INFO] [stdout]                                at /rustc/202008a1b8de96d2e5b6bc02d379db03a877d34d/library/alloc/src/boxed.rs:1986:9
[INFO] [stdout]   11:     0x5f7f82c01607 - test::test_main::{{closure}}::hf0d3b69ae9b353d1
[INFO] [stdout]                                at /rustc/202008a1b8de96d2e5b6bc02d379db03a877d34d/library/test/src/lib.rs:134:21
[INFO] [stdout]   12:     0x7b18b64a6198 - <alloc::boxed::Box<F,A> as core::ops::function::Fn<Args>>::call::h6332e82e7b189abd
[INFO] [stdout]                                at /rustc/202008a1b8de96d2e5b6bc02d379db03a877d34d/library/alloc/src/boxed.rs:1986:9
[INFO] [stdout]   13:     0x7b18b64a6198 - std::panicking::rust_panic_with_hook::h53863d4e9018df39
[INFO] [stdout]                                at /rustc/202008a1b8de96d2e5b6bc02d379db03a877d34d/library/std/src/panicking.rs:809:13
[INFO] [stdout]   14:     0x7b18b64a5f5a - std::panicking::begin_panic_handler::{{closure}}::h67280e6fa0757873
[INFO] [stdout]                                at /rustc/202008a1b8de96d2e5b6bc02d379db03a877d34d/library/std/src/panicking.rs:674:13
[INFO] [stdout]   15:     0x7b18b64a3a89 - std::sys::backtrace::__rust_end_short_backtrace::h1dac3f54d6fbbeb2
[INFO] [stdout]                                at /rustc/202008a1b8de96d2e5b6bc02d379db03a877d34d/library/std/src/sys/backtrace.rs:170:18
[INFO] [stdout]   16:     0x7b18b64a5bec - rust_begin_unwind
[INFO] [stdout]                                at /rustc/202008a1b8de96d2e5b6bc02d379db03a877d34d/library/std/src/panicking.rs:665:5
[INFO] [stdout]   17:     0x7b18b64f0580 - core::panicking::panic_fmt::h6792bd1b2bf01041
[INFO] [stdout]                                at /rustc/202008a1b8de96d2e5b6bc02d379db03a877d34d/library/core/src/panicking.rs:76:14
[INFO] [stdout]   18:     0x5f7f829c3387 - trybuild::run::<impl trybuild::Runner>::run::h42506464194fd14d
[INFO] [stdout]   19:     0x5f7f829c85d5 - <trybuild::TestCases as core::ops::drop::Drop>::drop::hb085c9b9d9f107f3
[INFO] [stdout]   20:     0x5f7f82977537 - core::ptr::drop_in_place<trybuild::TestCases>::h264f3f85676c6dcc
[INFO] [stdout]                                at /rustc/202008a1b8de96d2e5b6bc02d379db03a877d34d/library/core/src/ptr/mod.rs:521:1
[INFO] [stdout]   21:     0x5f7f82977c83 - swift_bridge_macro::ui_tests::ui::h6a373945dfb9c8c2
[INFO] [stdout]                                at /opt/rustwide/workdir/src/lib.rs:34:5
[INFO] [stdout]   22:     0x5f7f82977c17 - swift_bridge_macro::ui_tests::ui::{{closure}}::h3d179fe0ed59307a
[INFO] [stdout]                                at /opt/rustwide/workdir/src/lib.rs:31:12
[INFO] [stdout]   23:     0x5f7f829774a6 - core::ops::function::FnOnce::call_once::h5836bb1e6229eda1
[INFO] [stdout]                                at /rustc/202008a1b8de96d2e5b6bc02d379db03a877d34d/library/core/src/ops/function.rs:250:5
[INFO] [stdout]   24:     0x5f7f82c0612b - core::ops::function::FnOnce::call_once::h871bf86719ec9aa4
[INFO] [stdout]                                at /rustc/202008a1b8de96d2e5b6bc02d379db03a877d34d/library/core/src/ops/function.rs:250:5
[INFO] [stdout]   25:     0x5f7f82c0612b - test::__rust_begin_short_backtrace::h2167df1e2b7d76fd
[INFO] [stdout]                                at /rustc/202008a1b8de96d2e5b6bc02d379db03a877d34d/library/test/src/lib.rs:632:18
[INFO] [stdout]   26:     0x5f7f82c05b18 - test::run_test_in_process::{{closure}}::h15d92f75a3adfb79
[INFO] [stdout]                                at /rustc/202008a1b8de96d2e5b6bc02d379db03a877d34d/library/test/src/lib.rs:655:60
[INFO] [stdout]   27:     0x5f7f82c05b18 - <core::panic::unwind_safe::AssertUnwindSafe<F> as core::ops::function::FnOnce<()>>::call_once::hb6c8955835a8dbbb
[INFO] [stdout]                                at /rustc/202008a1b8de96d2e5b6bc02d379db03a877d34d/library/core/src/panic/unwind_safe.rs:272:9
[INFO] [stdout]   28:     0x5f7f82c05b18 - std::panicking::try::do_call::hc79d0fc888a0bd30
[INFO] [stdout]                                at /rustc/202008a1b8de96d2e5b6bc02d379db03a877d34d/library/std/src/panicking.rs:557:40
[INFO] [stdout]   29:     0x5f7f82c05b18 - std::panicking::try::hb8a7878e3a8589d6
[INFO] [stdout]                                at /rustc/202008a1b8de96d2e5b6bc02d379db03a877d34d/library/std/src/panicking.rs:520:19
[INFO] [stdout]   30:     0x5f7f82c05b18 - std::panic::catch_unwind::hb8e4600ff0ff5cfa
[INFO] [stdout]                                at /rustc/202008a1b8de96d2e5b6bc02d379db03a877d34d/library/std/src/panic.rs:358:14
[INFO] [stdout]   31:     0x5f7f82c05b18 - test::run_test_in_process::hc2900b0b18688dd6
[INFO] [stdout]                                at /rustc/202008a1b8de96d2e5b6bc02d379db03a877d34d/library/test/src/lib.rs:655:27
[INFO] [stdout]   32:     0x5f7f82c05b18 - test::run_test::{{closure}}::hac2a9cb07be3d48d
[INFO] [stdout]                                at /rustc/202008a1b8de96d2e5b6bc02d379db03a877d34d/library/test/src/lib.rs:576:43
[INFO] [stdout]   33:     0x5f7f82bc95ba - test::run_test::{{closure}}::h4a5b729e66a38cd8
[INFO] [stdout]                                at /rustc/202008a1b8de96d2e5b6bc02d379db03a877d34d/library/test/src/lib.rs:606:41
[INFO] [stdout]   34:     0x5f7f82bc95ba - std::sys::backtrace::__rust_begin_short_backtrace::h0496fb742492f573
[INFO] [stdout]                                at /rustc/202008a1b8de96d2e5b6bc02d379db03a877d34d/library/std/src/sys/backtrace.rs:154:18
[INFO] [stdout]   35:     0x5f7f82bccf34 - std::thread::Builder::spawn_unchecked_::{{closure}}::{{closure}}::hbb6d257c550a54bd
[INFO] [stdout]                                at /rustc/202008a1b8de96d2e5b6bc02d379db03a877d34d/library/std/src/thread/mod.rs:561:17
[INFO] [stdout]   36:     0x5f7f82bccf34 - <core::panic::unwind_safe::AssertUnwindSafe<F> as core::ops::function::FnOnce<()>>::call_once::h46696fe4a6832328
[INFO] [stdout]                                at /rustc/202008a1b8de96d2e5b6bc02d379db03a877d34d/library/core/src/panic/unwind_safe.rs:272:9
[INFO] [stdout]   37:     0x5f7f82bccf34 - std::panicking::try::do_call::h2625a51b667bfb64
[INFO] [stdout]                                at /rustc/202008a1b8de96d2e5b6bc02d379db03a877d34d/library/std/src/panicking.rs:557:40
[INFO] [stdout]   38:     0x5f7f82bccf34 - std::panicking::try::hb956a59a1973aa4c
[INFO] [stdout]                                at /rustc/202008a1b8de96d2e5b6bc02d379db03a877d34d/library/std/src/panicking.rs:520:19
[INFO] [stdout]   39:     0x5f7f82bccf34 - std::panic::catch_unwind::h64f3b9d1067ef6a0
[INFO] [stdout]                                at /rustc/202008a1b8de96d2e5b6bc02d379db03a877d34d/library/std/src/panic.rs:358:14
[INFO] [stdout]   40:     0x5f7f82bccf34 - std::thread::Builder::spawn_unchecked_::{{closure}}::h42b2841295b6c0b2
[INFO] [stdout]                                at /rustc/202008a1b8de96d2e5b6bc02d379db03a877d34d/library/std/src/thread/mod.rs:559:30
[INFO] [stdout]   41:     0x5f7f82bccf34 - core::ops::function::FnOnce::call_once{{vtable.shim}}::h6127de71b8124639
[INFO] [stdout]                                at /rustc/202008a1b8de96d2e5b6bc02d379db03a877d34d/library/core/src/ops/function.rs:250:5
[INFO] [stdout]   42:     0x7b18b64afe8b - <alloc::boxed::Box<F,A> as core::ops::function::FnOnce<Args>>::call_once::h42f0ba71002a1b2c
[INFO] [stdout]                                at /rustc/202008a1b8de96d2e5b6bc02d379db03a877d34d/library/alloc/src/boxed.rs:1972:9
[INFO] [stdout]   43:     0x7b18b64afe8b - <alloc::boxed::Box<F,A> as core::ops::function::FnOnce<Args>>::call_once::had9e47d7a3dcecb8
[INFO] [stdout]                                at /rustc/202008a1b8de96d2e5b6bc02d379db03a877d34d/library/alloc/src/boxed.rs:1972:9
[INFO] [stdout]   44:     0x7b18b64afe8b - std::sys::pal::unix::thread::Thread::new::thread_start::h48cf765408f6f5f2
[INFO] [stdout]                                at /rustc/202008a1b8de96d2e5b6bc02d379db03a877d34d/library/std/src/sys/pal/unix/thread.rs:105:17
[INFO] [stdout]   45:     0x7b18b6121ac3 - <unknown>
[INFO] [stdout]   46:     0x7b18b61b2a04 - clone
[INFO] [stdout]   47:                0x0 - <unknown>
[INFO] [stdout] 
[INFO] [stdout] 
[INFO] [stdout] failures:
[INFO] [stdout]     ui_tests::ui
[INFO] [stdout] 
[INFO] [stdout] test result: FAILED. 0 passed; 1 failed; 0 ignored; 0 measured; 0 filtered out; finished in 10.83s
[INFO] [stdout] 
[INFO] [stderr] error: test failed, to rerun pass `--lib`
[INFO] running `Command { std: "docker" "inspect" "65d8b27f1ef131a64cce74f96fecb45093d74970544ae0b421f4e37265ebe120", kill_on_drop: false }`
[INFO] running `Command { std: "docker" "rm" "-f" "65d8b27f1ef131a64cce74f96fecb45093d74970544ae0b421f4e37265ebe120", kill_on_drop: false }`
[INFO] [stdout] 65d8b27f1ef131a64cce74f96fecb45093d74970544ae0b421f4e37265ebe120
