[INFO] fetching crate swash 0.1.19...
[INFO] testing swash-0.1.19 against 1.83.0 for beta-1.84.0-4-retry
[INFO] extracting crate swash 0.1.19 into /workspace/builds/worker-1-tc1/source
[INFO] validating manifest of crates.io crate swash 0.1.19 on toolchain 1.83.0
[INFO] running `Command { std: CARGO_HOME="/workspace/cargo-home" RUSTUP_HOME="/workspace/rustup-home" "/workspace/cargo-home/bin/cargo" "+1.83.0" "metadata" "--manifest-path" "Cargo.toml" "--no-deps", kill_on_drop: false }`
[INFO] started tweaking crates.io crate swash 0.1.19
[INFO] finished tweaking crates.io crate swash 0.1.19
[INFO] tweaked toml for crates.io crate swash 0.1.19 written to /workspace/builds/worker-1-tc1/source/Cargo.toml
[INFO] running `Command { std: CARGO_HOME="/workspace/cargo-home" RUSTUP_HOME="/workspace/rustup-home" "/workspace/cargo-home/bin/cargo" "+1.83.0" "generate-lockfile" "--manifest-path" "Cargo.toml", kill_on_drop: false }`
[INFO] [stderr]     Updating crates.io index
[INFO] [stderr]      Locking 11 packages to latest compatible versions
[INFO] [stderr]       Adding skrifa v0.22.3 (available: v0.26.2)
[INFO] [stderr]       Adding yazi v0.1.6 (available: v0.2.0)
[INFO] [stderr]       Adding zeno v0.2.3 (available: v0.3.1)
[INFO] running `Command { std: CARGO_HOME="/workspace/cargo-home" RUSTUP_HOME="/workspace/rustup-home" "/workspace/cargo-home/bin/cargo" "+1.83.0" "fetch" "--manifest-path" "Cargo.toml", kill_on_drop: false }`
[INFO] running `Command { std: "docker" "create" "-v" "/var/lib/crater-agent-workspace/builds/worker-1-tc1/target:/opt/rustwide/target:rw,Z" "-v" "/var/lib/crater-agent-workspace/builds/worker-1-tc1/source:/opt/rustwide/workdir:ro,Z" "-v" "/var/lib/crater-agent-workspace/cargo-home:/opt/rustwide/cargo-home:ro,Z" "-v" "/var/lib/crater-agent-workspace/rustup-home:/opt/rustwide/rustup-home:ro,Z" "-e" "SOURCE_DIR=/opt/rustwide/workdir" "-e" "CARGO_TARGET_DIR=/opt/rustwide/target" "-e" "CARGO_HOME=/opt/rustwide/cargo-home" "-e" "RUSTUP_HOME=/opt/rustwide/rustup-home" "-w" "/opt/rustwide/workdir" "-m" "1610612736" "--user" "0:0" "--network" "none" "ghcr.io/rust-lang/crates-build-env/linux@sha256:f3a9d4ad9d972b27faf3965f35b62e55ba32bbce8f20bc8fe909558a86702fde" "/opt/rustwide/cargo-home/bin/cargo" "+1.83.0" "metadata" "--no-deps" "--format-version=1", kill_on_drop: false }`
[INFO] [stdout] 12eb5897e918f2f719911d874df5ae83930c1f73486aaf36d85c337bb2d6c256
[INFO] running `Command { std: "docker" "start" "-a" "12eb5897e918f2f719911d874df5ae83930c1f73486aaf36d85c337bb2d6c256", kill_on_drop: false }`
[INFO] running `Command { std: "docker" "inspect" "12eb5897e918f2f719911d874df5ae83930c1f73486aaf36d85c337bb2d6c256", kill_on_drop: false }`
[INFO] running `Command { std: "docker" "rm" "-f" "12eb5897e918f2f719911d874df5ae83930c1f73486aaf36d85c337bb2d6c256", kill_on_drop: false }`
[INFO] [stdout] 12eb5897e918f2f719911d874df5ae83930c1f73486aaf36d85c337bb2d6c256
[INFO] running `Command { std: "docker" "create" "-v" "/var/lib/crater-agent-workspace/builds/worker-1-tc1/target:/opt/rustwide/target:rw,Z" "-v" "/var/lib/crater-agent-workspace/builds/worker-1-tc1/source:/opt/rustwide/workdir:ro,Z" "-v" "/var/lib/crater-agent-workspace/cargo-home:/opt/rustwide/cargo-home:ro,Z" "-v" "/var/lib/crater-agent-workspace/rustup-home:/opt/rustwide/rustup-home:ro,Z" "-e" "SOURCE_DIR=/opt/rustwide/workdir" "-e" "CARGO_TARGET_DIR=/opt/rustwide/target" "-e" "CARGO_INCREMENTAL=0" "-e" "RUST_BACKTRACE=full" "-e" "RUSTFLAGS=--cap-lints=warn" "-e" "RUSTDOCFLAGS=--cap-lints=warn" "-e" "CARGO_HOME=/opt/rustwide/cargo-home" "-e" "RUSTUP_HOME=/opt/rustwide/rustup-home" "-w" "/opt/rustwide/workdir" "-m" "1610612736" "--user" "0:0" "--network" "none" "ghcr.io/rust-lang/crates-build-env/linux@sha256:f3a9d4ad9d972b27faf3965f35b62e55ba32bbce8f20bc8fe909558a86702fde" "/opt/rustwide/cargo-home/bin/cargo" "+1.83.0" "build" "--frozen" "--message-format=json", kill_on_drop: false }`
[INFO] [stdout] 7d1f65a806037aedd943322539ff102fa3df37e0c835a3fb0503f91c96c1aab6
[INFO] running `Command { std: "docker" "start" "-a" "7d1f65a806037aedd943322539ff102fa3df37e0c835a3fb0503f91c96c1aab6", kill_on_drop: false }`
[INFO] [stderr]    Compiling proc-macro2 v1.0.92
[INFO] [stderr]    Compiling unicode-ident v1.0.14
[INFO] [stderr]    Compiling yazi v0.1.6
[INFO] [stderr]    Compiling zeno v0.2.3
[INFO] [stderr]    Compiling quote v1.0.37
[INFO] [stderr]    Compiling syn v2.0.90
[INFO] [stderr]    Compiling bytemuck_derive v1.8.0
[INFO] [stderr]    Compiling bytemuck v1.20.0
[INFO] [stderr]    Compiling font-types v0.7.3
[INFO] [stderr]    Compiling read-fonts v0.22.7
[INFO] [stderr]    Compiling skrifa v0.22.3
[INFO] [stderr]    Compiling swash v0.1.19 (/opt/rustwide/workdir)
[INFO] [stdout] warning: fields `id` and `advance` are never read
[INFO] [stdout]    --> src/strike.rs:324:9
[INFO] [stdout]     |
[INFO] [stdout] 322 | pub struct Bitmap<'a> {
[INFO] [stdout]     |            ------ fields in this struct
[INFO] [stdout] 323 |     pub format: BitmapFormat,
[INFO] [stdout] 324 |     pub id: u16,
[INFO] [stdout]     |         ^^
[INFO] [stdout] ...
[INFO] [stdout] 330 |     pub advance: u32,
[INFO] [stdout]     |         ^^^^^^^
[INFO] [stdout]     |
[INFO] [stdout]     = note: `Bitmap` has a derived impl for the trait `Clone`, but this is intentionally ignored during dead code analysis
[INFO] [stdout]     = note: `#[warn(dead_code)]` on by default
[INFO] [stdout] 
[INFO] [stdout] 
[INFO] [stdout] warning: fields `indices` and `ids` are never read
[INFO] [stdout]   --> src/shape/buffer.rs:75:9
[INFO] [stdout]    |
[INFO] [stdout] 63 | pub struct Buffer {
[INFO] [stdout]    |            ------ fields in this struct
[INFO] [stdout] ...
[INFO] [stdout] 75 |     pub indices: Vec<usize>,
[INFO] [stdout]    |         ^^^^^^^
[INFO] [stdout] 76 |     pub ids: Vec<u16>,
[INFO] [stdout]    |         ^^^
[INFO] [stdout]    |
[INFO] [stdout]    = note: `Buffer` has a derived impl for the trait `Clone`, but this is intentionally ignored during dead code analysis
[INFO] [stdout] 
[INFO] [stdout] 
[INFO] [stdout] warning: fields `ltag`, `lang`, and `use_aat` are never read
[INFO] [stdout]   --> src/shape/engine.rs:18:9
[INFO] [stdout]    |
[INFO] [stdout] 12 | pub struct Engine<'a> {
[INFO] [stdout]    |            ------ fields in this struct
[INFO] [stdout] ...
[INFO] [stdout] 18 |     pub ltag: u32,
[INFO] [stdout]    |         ^^^^
[INFO] [stdout] ...
[INFO] [stdout] 25 |     pub lang: Option<Language>,
[INFO] [stdout]    |         ^^^^
[INFO] [stdout] ...
[INFO] [stdout] 30 |     pub use_aat: bool,
[INFO] [stdout]    |         ^^^^^^^
[INFO] [stdout] 
[INFO] [stdout] 
[INFO] [stderr]     Finished `dev` profile [unoptimized + debuginfo] target(s) in 22.94s
[INFO] running `Command { std: "docker" "inspect" "7d1f65a806037aedd943322539ff102fa3df37e0c835a3fb0503f91c96c1aab6", kill_on_drop: false }`
[INFO] running `Command { std: "docker" "rm" "-f" "7d1f65a806037aedd943322539ff102fa3df37e0c835a3fb0503f91c96c1aab6", kill_on_drop: false }`
[INFO] [stdout] 7d1f65a806037aedd943322539ff102fa3df37e0c835a3fb0503f91c96c1aab6
[INFO] running `Command { std: "docker" "create" "-v" "/var/lib/crater-agent-workspace/builds/worker-1-tc1/target:/opt/rustwide/target:rw,Z" "-v" "/var/lib/crater-agent-workspace/builds/worker-1-tc1/source:/opt/rustwide/workdir:ro,Z" "-v" "/var/lib/crater-agent-workspace/cargo-home:/opt/rustwide/cargo-home:ro,Z" "-v" "/var/lib/crater-agent-workspace/rustup-home:/opt/rustwide/rustup-home:ro,Z" "-e" "SOURCE_DIR=/opt/rustwide/workdir" "-e" "CARGO_TARGET_DIR=/opt/rustwide/target" "-e" "CARGO_INCREMENTAL=0" "-e" "RUST_BACKTRACE=full" "-e" "RUSTFLAGS=--cap-lints=warn" "-e" "RUSTDOCFLAGS=--cap-lints=warn" "-e" "CARGO_HOME=/opt/rustwide/cargo-home" "-e" "RUSTUP_HOME=/opt/rustwide/rustup-home" "-w" "/opt/rustwide/workdir" "-m" "1610612736" "--user" "0:0" "--network" "none" "ghcr.io/rust-lang/crates-build-env/linux@sha256:f3a9d4ad9d972b27faf3965f35b62e55ba32bbce8f20bc8fe909558a86702fde" "/opt/rustwide/cargo-home/bin/cargo" "+1.83.0" "test" "--frozen" "--no-run" "--message-format=json", kill_on_drop: false }`
[INFO] [stdout] 6f40aafd98658c2d99826ceaa80c302b35d6567603f90a7e9409ab98ebf2d091
[INFO] running `Command { std: "docker" "start" "-a" "6f40aafd98658c2d99826ceaa80c302b35d6567603f90a7e9409ab98ebf2d091", kill_on_drop: false }`
[INFO] [stderr]    Compiling swash v0.1.19 (/opt/rustwide/workdir)
[INFO] [stdout] warning: fields `id` and `advance` are never read
[INFO] [stdout]    --> src/strike.rs:324:9
[INFO] [stdout]     |
[INFO] [stdout] 322 | pub struct Bitmap<'a> {
[INFO] [stdout]     |            ------ fields in this struct
[INFO] [stdout] 323 |     pub format: BitmapFormat,
[INFO] [stdout] 324 |     pub id: u16,
[INFO] [stdout]     |         ^^
[INFO] [stdout] ...
[INFO] [stdout] 330 |     pub advance: u32,
[INFO] [stdout]     |         ^^^^^^^
[INFO] [stdout]     |
[INFO] [stdout]     = note: `Bitmap` has a derived impl for the trait `Clone`, but this is intentionally ignored during dead code analysis
[INFO] [stdout]     = note: `#[warn(dead_code)]` on by default
[INFO] [stdout] 
[INFO] [stdout] 
[INFO] [stdout] warning: fields `indices` and `ids` are never read
[INFO] [stdout]   --> src/shape/buffer.rs:75:9
[INFO] [stdout]    |
[INFO] [stdout] 63 | pub struct Buffer {
[INFO] [stdout]    |            ------ fields in this struct
[INFO] [stdout] ...
[INFO] [stdout] 75 |     pub indices: Vec<usize>,
[INFO] [stdout]    |         ^^^^^^^
[INFO] [stdout] 76 |     pub ids: Vec<u16>,
[INFO] [stdout]    |         ^^^
[INFO] [stdout]    |
[INFO] [stdout]    = note: `Buffer` has a derived impl for the trait `Clone`, but this is intentionally ignored during dead code analysis
[INFO] [stdout] 
[INFO] [stdout] 
[INFO] [stdout] warning: fields `ltag`, `lang`, and `use_aat` are never read
[INFO] [stdout]   --> src/shape/engine.rs:18:9
[INFO] [stdout]    |
[INFO] [stdout] 12 | pub struct Engine<'a> {
[INFO] [stdout]    |            ------ fields in this struct
[INFO] [stdout] ...
[INFO] [stdout] 18 |     pub ltag: u32,
[INFO] [stdout]    |         ^^^^
[INFO] [stdout] ...
[INFO] [stdout] 25 |     pub lang: Option<Language>,
[INFO] [stdout]    |         ^^^^
[INFO] [stdout] ...
[INFO] [stdout] 30 |     pub use_aat: bool,
[INFO] [stdout]    |         ^^^^^^^
[INFO] [stdout] 
[INFO] [stdout] 
[INFO] [stdout] warning: fields `id` and `advance` are never read
[INFO] [stdout]    --> src/strike.rs:324:9
[INFO] [stdout]     |
[INFO] [stdout] 322 | pub struct Bitmap<'a> {
[INFO] [stdout]     |            ------ fields in this struct
[INFO] [stdout] 323 |     pub format: BitmapFormat,
[INFO] [stdout] 324 |     pub id: u16,
[INFO] [stdout]     |         ^^
[INFO] [stdout] ...
[INFO] [stdout] 330 |     pub advance: u32,
[INFO] [stdout]     |         ^^^^^^^
[INFO] [stdout]     |
[INFO] [stdout]     = note: `Bitmap` has a derived impl for the trait `Clone`, but this is intentionally ignored during dead code analysis
[INFO] [stdout]     = note: `#[warn(dead_code)]` on by default
[INFO] [stdout] 
[INFO] [stdout] 
[INFO] [stdout] warning: fields `indices` and `ids` are never read
[INFO] [stdout]   --> src/shape/buffer.rs:75:9
[INFO] [stdout]    |
[INFO] [stdout] 63 | pub struct Buffer {
[INFO] [stdout]    |            ------ fields in this struct
[INFO] [stdout] ...
[INFO] [stdout] 75 |     pub indices: Vec<usize>,
[INFO] [stdout]    |         ^^^^^^^
[INFO] [stdout] 76 |     pub ids: Vec<u16>,
[INFO] [stdout]    |         ^^^
[INFO] [stdout]    |
[INFO] [stdout]    = note: `Buffer` has a derived impl for the trait `Clone`, but this is intentionally ignored during dead code analysis
[INFO] [stdout] 
[INFO] [stdout] 
[INFO] [stdout] warning: fields `ltag`, `lang`, and `use_aat` are never read
[INFO] [stdout]   --> src/shape/engine.rs:18:9
[INFO] [stdout]    |
[INFO] [stdout] 12 | pub struct Engine<'a> {
[INFO] [stdout]    |            ------ fields in this struct
[INFO] [stdout] ...
[INFO] [stdout] 18 |     pub ltag: u32,
[INFO] [stdout]    |         ^^^^
[INFO] [stdout] ...
[INFO] [stdout] 25 |     pub lang: Option<Language>,
[INFO] [stdout]    |         ^^^^
[INFO] [stdout] ...
[INFO] [stdout] 30 |     pub use_aat: bool,
[INFO] [stdout]    |         ^^^^^^^
[INFO] [stdout] 
[INFO] [stdout] 
[INFO] [stderr]     Finished `test` profile [unoptimized + debuginfo] target(s) in 3.75s
[INFO] running `Command { std: "docker" "inspect" "6f40aafd98658c2d99826ceaa80c302b35d6567603f90a7e9409ab98ebf2d091", kill_on_drop: false }`
[INFO] running `Command { std: "docker" "rm" "-f" "6f40aafd98658c2d99826ceaa80c302b35d6567603f90a7e9409ab98ebf2d091", kill_on_drop: false }`
[INFO] [stdout] 6f40aafd98658c2d99826ceaa80c302b35d6567603f90a7e9409ab98ebf2d091
[INFO] running `Command { std: "docker" "create" "-v" "/var/lib/crater-agent-workspace/builds/worker-1-tc1/target:/opt/rustwide/target:rw,Z" "-v" "/var/lib/crater-agent-workspace/builds/worker-1-tc1/source:/opt/rustwide/workdir:ro,Z" "-v" "/var/lib/crater-agent-workspace/cargo-home:/opt/rustwide/cargo-home:ro,Z" "-v" "/var/lib/crater-agent-workspace/rustup-home:/opt/rustwide/rustup-home:ro,Z" "-e" "SOURCE_DIR=/opt/rustwide/workdir" "-e" "CARGO_TARGET_DIR=/opt/rustwide/target" "-e" "CARGO_INCREMENTAL=0" "-e" "RUST_BACKTRACE=full" "-e" "RUSTFLAGS=--cap-lints=warn" "-e" "RUSTDOCFLAGS=--cap-lints=warn" "-e" "CARGO_HOME=/opt/rustwide/cargo-home" "-e" "RUSTUP_HOME=/opt/rustwide/rustup-home" "-w" "/opt/rustwide/workdir" "-m" "1610612736" "--user" "0:0" "--network" "none" "ghcr.io/rust-lang/crates-build-env/linux@sha256:f3a9d4ad9d972b27faf3965f35b62e55ba32bbce8f20bc8fe909558a86702fde" "/opt/rustwide/cargo-home/bin/cargo" "+1.83.0" "test" "--frozen", kill_on_drop: false }`
[INFO] [stdout] 2c39ecbd030ed7715de329f7ab429efc2fc193502b4fe67a3c066fd5aaa0d883
[INFO] running `Command { std: "docker" "start" "-a" "2c39ecbd030ed7715de329f7ab429efc2fc193502b4fe67a3c066fd5aaa0d883", kill_on_drop: false }`
[INFO] [stderr] warning: fields `id` and `advance` are never read
[INFO] [stderr]    --> src/strike.rs:324:9
[INFO] [stderr]     |
[INFO] [stderr] 322 | pub struct Bitmap<'a> {
[INFO] [stderr]     |            ------ fields in this struct
[INFO] [stderr] 323 |     pub format: BitmapFormat,
[INFO] [stderr] 324 |     pub id: u16,
[INFO] [stderr]     |         ^^
[INFO] [stderr] ...
[INFO] [stderr] 330 |     pub advance: u32,
[INFO] [stderr]     |         ^^^^^^^
[INFO] [stderr]     |
[INFO] [stderr]     = note: `Bitmap` has a derived impl for the trait `Clone`, but this is intentionally ignored during dead code analysis
[INFO] [stderr]     = note: `#[warn(dead_code)]` on by default
[INFO] [stderr] 
[INFO] [stderr] warning: fields `indices` and `ids` are never read
[INFO] [stderr]   --> src/shape/buffer.rs:75:9
[INFO] [stderr]    |
[INFO] [stderr] 63 | pub struct Buffer {
[INFO] [stderr]    |            ------ fields in this struct
[INFO] [stderr] ...
[INFO] [stderr] 75 |     pub indices: Vec<usize>,
[INFO] [stderr]    |         ^^^^^^^
[INFO] [stderr] 76 |     pub ids: Vec<u16>,
[INFO] [stderr]    |         ^^^
[INFO] [stderr]    |
[INFO] [stderr]    = note: `Buffer` has a derived impl for the trait `Clone`, but this is intentionally ignored during dead code analysis
[INFO] [stderr] 
[INFO] [stderr] warning: fields `ltag`, `lang`, and `use_aat` are never read
[INFO] [stderr]   --> src/shape/engine.rs:18:9
[INFO] [stderr]    |
[INFO] [stderr] 12 | pub struct Engine<'a> {
[INFO] [stderr]    |            ------ fields in this struct
[INFO] [stderr] ...
[INFO] [stderr] 18 |     pub ltag: u32,
[INFO] [stderr]    |         ^^^^
[INFO] [stderr] ...
[INFO] [stderr] 25 |     pub lang: Option<Language>,
[INFO] [stderr]    |         ^^^^
[INFO] [stderr] ...
[INFO] [stderr] 30 |     pub use_aat: bool,
[INFO] [stderr]    |         ^^^^^^^
[INFO] [stderr] 
[INFO] [stderr] warning: `swash` (lib) generated 3 warnings
[INFO] [stderr] warning: `swash` (lib test) generated 3 warnings (3 duplicates)
[INFO] [stderr]     Finished `test` profile [unoptimized + debuginfo] target(s) in 0.02s
[INFO] [stderr]      Running unittests src/lib.rs (/opt/rustwide/target/debug/deps/swash-b89d943c6707cb6e)
[INFO] [stdout] 
[INFO] [stdout] running 0 tests
[INFO] [stdout] 
[INFO] [stdout] test result: ok. 0 passed; 0 failed; 0 ignored; 0 measured; 0 filtered out; finished in 0.00s
[INFO] [stdout] 
[INFO] [stderr]    Doc-tests swash
[INFO] [stdout] 
[INFO] [stdout] running 17 tests
[INFO] [stdout] test src/scale/mod.rs - scale (line 176) ... ok
[INFO] [stdout] test src/font.rs - font::FontRef (line 77) ... ok
[INFO] [stdout] test src/shape/mod.rs - shape (line 195) ... ok
[INFO] [stdout] test src/font.rs - font::FontRef (line 103) ... ok
[INFO] [stdout] test src/scale/mod.rs - scale (line 42) ... FAILED
[INFO] [stdout] test src/scale/mod.rs - scale (line 155) ... FAILED
[INFO] [stdout] test src/shape/mod.rs - shape (line 44) ... ok
[INFO] [stdout] test src/shape/mod.rs - shape (line 84) ... ok
[INFO] [stdout] test src/shape/mod.rs - shape (line 28) ... ok
[INFO] [stdout] test src/shape/mod.rs - shape (line 169) ... ok
[INFO] [stdout] test src/shape/mod.rs - shape (line 65) ... ok
[INFO] [stdout] test src/shape/mod.rs - shape (line 115) ... ok
[INFO] [stdout] test src/scale/mod.rs - scale (line 27) ... ok
[INFO] [stdout] test src/scale/mod.rs - scale (line 116) ... ok
[INFO] [stdout] test src/scale/mod.rs - scale (line 74) ... ok
[INFO] [stdout] test src/scale/mod.rs - scale (line 127) ... ok
[INFO] [stdout] test src/scale/mod.rs - scale (line 85) ... ok
[INFO] [stdout] 
[INFO] [stdout] failures:
[INFO] [stdout] 
[INFO] [stdout] ---- src/scale/mod.rs - scale (line 42) stdout ----
[INFO] [stdout] error: linking with `cc` failed: exit status: 1
[INFO] [stdout]   |
[INFO] [stdout]   = note: LC_ALL="C" PATH="/opt/rustwide/rustup-home/toolchains/1.83.0-x86_64-unknown-linux-gnu/lib/rustlib/x86_64-unknown-linux-gnu/bin:/opt/rustwide/cargo-home/bin:/usr/local/sbin:/usr/local/bin:/usr/sbin:/usr/bin:/sbin:/bin" VSLANG="1033" "cc" "-m64" "/tmp/rustcxzcKIP/symbols.o" "/tmp/rustdoctest4dXR98/rust_out.rust_out.cb03291d53e4e161-cgu.0.rcgu.o" "/tmp/rustdoctest4dXR98/rust_out.1s7umcihpz0t7nkz1uc2ifee9.rcgu.o" "-Wl,--as-needed" "-Wl,-Bstatic" "/opt/rustwide/target/debug/deps/libswash-57c161480b0a7469.rlib" "/opt/rustwide/target/debug/deps/libyazi-f71d9961659ce705.rlib" "/opt/rustwide/target/debug/deps/libskrifa-71a80033b631df98.rlib" "/opt/rustwide/target/debug/deps/libread_fonts-f07f9c91ba370bc1.rlib" "/opt/rustwide/target/debug/deps/libfont_types-6c1958f34e44afd1.rlib" "/opt/rustwide/target/debug/deps/libbytemuck-09c0ff426b0bfbdf.rlib" "/opt/rustwide/target/debug/deps/libzeno-bb4645d85221c376.rlib" "/opt/rustwide/rustup-home/toolchains/1.83.0-x86_64-unknown-linux-gnu/lib/rustlib/x86_64-unknown-linux-gnu/lib/libstd-ca74a2d9c5166d9f.rlib" "/opt/rustwide/rustup-home/toolchains/1.83.0-x86_64-unknown-linux-gnu/lib/rustlib/x86_64-unknown-linux-gnu/lib/libpanic_unwind-e31ab23316ed5080.rlib" "/opt/rustwide/rustup-home/toolchains/1.83.0-x86_64-unknown-linux-gnu/lib/rustlib/x86_64-unknown-linux-gnu/lib/libobject-27dc4aa955912662.rlib" "/opt/rustwide/rustup-home/toolchains/1.83.0-x86_64-unknown-linux-gnu/lib/rustlib/x86_64-unknown-linux-gnu/lib/libmemchr-bd0d6cccce077b99.rlib" "/opt/rustwide/rustup-home/toolchains/1.83.0-x86_64-unknown-linux-gnu/lib/rustlib/x86_64-unknown-linux-gnu/lib/libaddr2line-8d001680935b5e3c.rlib" "/opt/rustwide/rustup-home/toolchains/1.83.0-x86_64-unknown-linux-gnu/lib/rustlib/x86_64-unknown-linux-gnu/lib/libgimli-ba8ce71964f984f4.rlib" "/opt/rustwide/rustup-home/toolchains/1.83.0-x86_64-unknown-linux-gnu/lib/rustlib/x86_64-unknown-linux-gnu/lib/librustc_demangle-99a73526abcec14b.rlib" "/opt/rustwide/rustup-home/toolchains/1.83.0-x86_64-unknown-linux-gnu/lib/rustlib/x86_64-unknown-linux-gnu/lib/libstd_detect-63ac0d22cff92579.rlib" "/opt/rustwide/rustup-home/toolchains/1.83.0-x86_64-unknown-linux-gnu/lib/rustlib/x86_64-unknown-linux-gnu/lib/libhashbrown-9057355c92c922d5.rlib" "/opt/rustwide/rustup-home/toolchains/1.83.0-x86_64-unknown-linux-gnu/lib/rustlib/x86_64-unknown-linux-gnu/lib/librustc_std_workspace_alloc-358be9bc1f6bab04.rlib" "/opt/rustwide/rustup-home/toolchains/1.83.0-x86_64-unknown-linux-gnu/lib/rustlib/x86_64-unknown-linux-gnu/lib/libminiz_oxide-aca15549d5bff974.rlib" "/opt/rustwide/rustup-home/toolchains/1.83.0-x86_64-unknown-linux-gnu/lib/rustlib/x86_64-unknown-linux-gnu/lib/libadler-8251d2cef7072448.rlib" "/opt/rustwide/rustup-home/toolchains/1.83.0-x86_64-unknown-linux-gnu/lib/rustlib/x86_64-unknown-linux-gnu/lib/libunwind-7d50b86011c66411.rlib" "/opt/rustwide/rustup-home/toolchains/1.83.0-x86_64-unknown-linux-gnu/lib/rustlib/x86_64-unknown-linux-gnu/lib/libcfg_if-51ea098fce5006bf.rlib" "/opt/rustwide/rustup-home/toolchains/1.83.0-x86_64-unknown-linux-gnu/lib/rustlib/x86_64-unknown-linux-gnu/lib/liblibc-5a14e0d0b712e731.rlib" "/opt/rustwide/rustup-home/toolchains/1.83.0-x86_64-unknown-linux-gnu/lib/rustlib/x86_64-unknown-linux-gnu/lib/liballoc-8b83dbf3a7b8f999.rlib" "/opt/rustwide/rustup-home/toolchains/1.83.0-x86_64-unknown-linux-gnu/lib/rustlib/x86_64-unknown-linux-gnu/lib/librustc_std_workspace_core-c6fd227bdc7b39ff.rlib" "/opt/rustwide/rustup-home/toolchains/1.83.0-x86_64-unknown-linux-gnu/lib/rustlib/x86_64-unknown-linux-gnu/lib/libcore-959d3389fa3da8a5.rlib" "/opt/rustwide/rustup-home/toolchains/1.83.0-x86_64-unknown-linux-gnu/lib/rustlib/x86_64-unknown-linux-gnu/lib/libcompiler_builtins-abe05db089cc2c62.rlib" "-Wl,-Bdynamic" "-lgcc_s" "-lutil" "-lrt" "-lpthread" "-lm" "-ldl" "-lc" "-Wl,--eh-frame-hdr" "-Wl,-z,noexecstack" "-L" "/opt/rustwide/rustup-home/toolchains/1.83.0-x86_64-unknown-linux-gnu/lib/rustlib/x86_64-unknown-linux-gnu/lib" "-o" "/tmp/rustdoctest4dXR98/rust_out" "-Wl,--gc-sections" "-pie" "-Wl,-z,relro,-z,now" "-nodefaultlibs"
[INFO] [stdout]   = note: collect2: fatal error: ld terminated with signal 9 [Killed]
[INFO] [stdout]           compilation terminated.
[INFO] [stdout]           
[INFO] [stdout] 
[INFO] [stdout] error: aborting due to 1 previous error
[INFO] [stdout] 
[INFO] [stdout] Couldn't compile the test.
[INFO] [stdout] ---- src/scale/mod.rs - scale (line 155) stdout ----
[INFO] [stdout] error: linking with `cc` failed: exit status: 1
[INFO] [stdout]   |
[INFO] [stdout]   = note: LC_ALL="C" PATH="/opt/rustwide/rustup-home/toolchains/1.83.0-x86_64-unknown-linux-gnu/lib/rustlib/x86_64-unknown-linux-gnu/bin:/opt/rustwide/cargo-home/bin:/usr/local/sbin:/usr/local/bin:/usr/sbin:/usr/bin:/sbin:/bin" VSLANG="1033" "cc" "-m64" "/tmp/rustcyvqddo/symbols.o" "/tmp/rustdoctestVIs52c/rust_out.rust_out.cb03291d53e4e161-cgu.0.rcgu.o" "/tmp/rustdoctestVIs52c/rust_out.1s7umcihpz0t7nkz1uc2ifee9.rcgu.o" "-Wl,--as-needed" "-Wl,-Bstatic" "/opt/rustwide/target/debug/deps/libswash-57c161480b0a7469.rlib" "/opt/rustwide/target/debug/deps/libyazi-f71d9961659ce705.rlib" "/opt/rustwide/target/debug/deps/libskrifa-71a80033b631df98.rlib" "/opt/rustwide/target/debug/deps/libread_fonts-f07f9c91ba370bc1.rlib" "/opt/rustwide/target/debug/deps/libfont_types-6c1958f34e44afd1.rlib" "/opt/rustwide/target/debug/deps/libbytemuck-09c0ff426b0bfbdf.rlib" "/opt/rustwide/target/debug/deps/libzeno-bb4645d85221c376.rlib" "/opt/rustwide/rustup-home/toolchains/1.83.0-x86_64-unknown-linux-gnu/lib/rustlib/x86_64-unknown-linux-gnu/lib/libstd-ca74a2d9c5166d9f.rlib" "/opt/rustwide/rustup-home/toolchains/1.83.0-x86_64-unknown-linux-gnu/lib/rustlib/x86_64-unknown-linux-gnu/lib/libpanic_unwind-e31ab23316ed5080.rlib" "/opt/rustwide/rustup-home/toolchains/1.83.0-x86_64-unknown-linux-gnu/lib/rustlib/x86_64-unknown-linux-gnu/lib/libobject-27dc4aa955912662.rlib" "/opt/rustwide/rustup-home/toolchains/1.83.0-x86_64-unknown-linux-gnu/lib/rustlib/x86_64-unknown-linux-gnu/lib/libmemchr-bd0d6cccce077b99.rlib" "/opt/rustwide/rustup-home/toolchains/1.83.0-x86_64-unknown-linux-gnu/lib/rustlib/x86_64-unknown-linux-gnu/lib/libaddr2line-8d001680935b5e3c.rlib" "/opt/rustwide/rustup-home/toolchains/1.83.0-x86_64-unknown-linux-gnu/lib/rustlib/x86_64-unknown-linux-gnu/lib/libgimli-ba8ce71964f984f4.rlib" "/opt/rustwide/rustup-home/toolchains/1.83.0-x86_64-unknown-linux-gnu/lib/rustlib/x86_64-unknown-linux-gnu/lib/librustc_demangle-99a73526abcec14b.rlib" "/opt/rustwide/rustup-home/toolchains/1.83.0-x86_64-unknown-linux-gnu/lib/rustlib/x86_64-unknown-linux-gnu/lib/libstd_detect-63ac0d22cff92579.rlib" "/opt/rustwide/rustup-home/toolchains/1.83.0-x86_64-unknown-linux-gnu/lib/rustlib/x86_64-unknown-linux-gnu/lib/libhashbrown-9057355c92c922d5.rlib" "/opt/rustwide/rustup-home/toolchains/1.83.0-x86_64-unknown-linux-gnu/lib/rustlib/x86_64-unknown-linux-gnu/lib/librustc_std_workspace_alloc-358be9bc1f6bab04.rlib" "/opt/rustwide/rustup-home/toolchains/1.83.0-x86_64-unknown-linux-gnu/lib/rustlib/x86_64-unknown-linux-gnu/lib/libminiz_oxide-aca15549d5bff974.rlib" "/opt/rustwide/rustup-home/toolchains/1.83.0-x86_64-unknown-linux-gnu/lib/rustlib/x86_64-unknown-linux-gnu/lib/libadler-8251d2cef7072448.rlib" "/opt/rustwide/rustup-home/toolchains/1.83.0-x86_64-unknown-linux-gnu/lib/rustlib/x86_64-unknown-linux-gnu/lib/libunwind-7d50b86011c66411.rlib" "/opt/rustwide/rustup-home/toolchains/1.83.0-x86_64-unknown-linux-gnu/lib/rustlib/x86_64-unknown-linux-gnu/lib/libcfg_if-51ea098fce5006bf.rlib" "/opt/rustwide/rustup-home/toolchains/1.83.0-x86_64-unknown-linux-gnu/lib/rustlib/x86_64-unknown-linux-gnu/lib/liblibc-5a14e0d0b712e731.rlib" "/opt/rustwide/rustup-home/toolchains/1.83.0-x86_64-unknown-linux-gnu/lib/rustlib/x86_64-unknown-linux-gnu/lib/liballoc-8b83dbf3a7b8f999.rlib" "/opt/rustwide/rustup-home/toolchains/1.83.0-x86_64-unknown-linux-gnu/lib/rustlib/x86_64-unknown-linux-gnu/lib/librustc_std_workspace_core-c6fd227bdc7b39ff.rlib" "/opt/rustwide/rustup-home/toolchains/1.83.0-x86_64-unknown-linux-gnu/lib/rustlib/x86_64-unknown-linux-gnu/lib/libcore-959d3389fa3da8a5.rlib" "/opt/rustwide/rustup-home/toolchains/1.83.0-x86_64-unknown-linux-gnu/lib/rustlib/x86_64-unknown-linux-gnu/lib/libcompiler_builtins-abe05db089cc2c62.rlib" "-Wl,-Bdynamic" "-lgcc_s" "-lutil" "-lrt" "-lpthread" "-lm" "-ldl" "-lc" "-Wl,--eh-frame-hdr" "-Wl,-z,noexecstack" "-L" "/opt/rustwide/rustup-home/toolchains/1.83.0-x86_64-unknown-linux-gnu/lib/rustlib/x86_64-unknown-linux-gnu/lib" "-o" "/tmp/rustdoctestVIs52c/rust_out" "-Wl,--gc-sections" "-pie" "-Wl,-z,relro,-z,now" "-nodefaultlibs"
[INFO] [stdout]   = note: collect2: fatal error: ld terminated with signal 9 [Killed]
[INFO] [stdout]           compilation terminated.
[INFO] [stdout]           
[INFO] [stdout] 
[INFO] [stdout] error: aborting due to 1 previous error
[INFO] [stdout] 
[INFO] [stdout] Couldn't compile the test.
[INFO] [stdout] 
[INFO] [stdout] failures:
[INFO] [stdout]     src/scale/mod.rs - scale (line 155)
[INFO] [stdout]     src/scale/mod.rs - scale (line 42)
[INFO] [stdout] 
[INFO] [stdout] test result: FAILED. 15 passed; 2 failed; 0 ignored; 0 measured; 0 filtered out; finished in 7.73s
[INFO] [stdout] 
[INFO] [stderr] error: doctest failed, to rerun pass `--doc`
[INFO] running `Command { std: "docker" "inspect" "2c39ecbd030ed7715de329f7ab429efc2fc193502b4fe67a3c066fd5aaa0d883", kill_on_drop: false }`
[INFO] running `Command { std: "docker" "rm" "-f" "2c39ecbd030ed7715de329f7ab429efc2fc193502b4fe67a3c066fd5aaa0d883", kill_on_drop: false }`
[INFO] [stdout] 2c39ecbd030ed7715de329f7ab429efc2fc193502b4fe67a3c066fd5aaa0d883
