[INFO] fetching crate swagger-ui-dist 5.18.2...
[INFO] testing swagger-ui-dist-5.18.2 against 1.83.0 for beta-1.84.0-4-retry
[INFO] extracting crate swagger-ui-dist 5.18.2 into /workspace/builds/worker-4-tc1/source
[INFO] validating manifest of crates.io crate swagger-ui-dist 5.18.2 on toolchain 1.83.0
[INFO] running `Command { std: CARGO_HOME="/workspace/cargo-home" RUSTUP_HOME="/workspace/rustup-home" "/workspace/cargo-home/bin/cargo" "+1.83.0" "metadata" "--manifest-path" "Cargo.toml" "--no-deps", kill_on_drop: false }`
[INFO] started tweaking crates.io crate swagger-ui-dist 5.18.2
[INFO] removed 0 missing examples
[INFO] finished tweaking crates.io crate swagger-ui-dist 5.18.2
[INFO] tweaked toml for crates.io crate swagger-ui-dist 5.18.2 written to /workspace/builds/worker-4-tc1/source/Cargo.toml
[INFO] crate crates.io crate swagger-ui-dist 5.18.2 already has a lockfile, it will not be regenerated
[INFO] running `Command { std: CARGO_HOME="/workspace/cargo-home" RUSTUP_HOME="/workspace/rustup-home" "/workspace/cargo-home/bin/cargo" "+1.83.0" "fetch" "--manifest-path" "Cargo.toml", kill_on_drop: false }`
[INFO] running `Command { std: "docker" "create" "-v" "/var/lib/crater-agent-workspace/builds/worker-4-tc1/target:/opt/rustwide/target:rw,Z" "-v" "/var/lib/crater-agent-workspace/builds/worker-4-tc1/source:/opt/rustwide/workdir:ro,Z" "-v" "/var/lib/crater-agent-workspace/cargo-home:/opt/rustwide/cargo-home:ro,Z" "-v" "/var/lib/crater-agent-workspace/rustup-home:/opt/rustwide/rustup-home:ro,Z" "-e" "SOURCE_DIR=/opt/rustwide/workdir" "-e" "CARGO_TARGET_DIR=/opt/rustwide/target" "-e" "CARGO_HOME=/opt/rustwide/cargo-home" "-e" "RUSTUP_HOME=/opt/rustwide/rustup-home" "-w" "/opt/rustwide/workdir" "-m" "1610612736" "--user" "0:0" "--network" "none" "ghcr.io/rust-lang/crates-build-env/linux@sha256:f3a9d4ad9d972b27faf3965f35b62e55ba32bbce8f20bc8fe909558a86702fde" "/opt/rustwide/cargo-home/bin/cargo" "+1.83.0" "metadata" "--no-deps" "--format-version=1", kill_on_drop: false }`
[INFO] [stdout] 83845537fcdaeb712e7013dc76bc14242f33971080d71ca516a39ddceb0768cc
[INFO] running `Command { std: "docker" "start" "-a" "83845537fcdaeb712e7013dc76bc14242f33971080d71ca516a39ddceb0768cc", kill_on_drop: false }`
[INFO] running `Command { std: "docker" "inspect" "83845537fcdaeb712e7013dc76bc14242f33971080d71ca516a39ddceb0768cc", kill_on_drop: false }`
[INFO] running `Command { std: "docker" "rm" "-f" "83845537fcdaeb712e7013dc76bc14242f33971080d71ca516a39ddceb0768cc", kill_on_drop: false }`
[INFO] [stdout] 83845537fcdaeb712e7013dc76bc14242f33971080d71ca516a39ddceb0768cc
[INFO] running `Command { std: "docker" "create" "-v" "/var/lib/crater-agent-workspace/builds/worker-4-tc1/target:/opt/rustwide/target:rw,Z" "-v" "/var/lib/crater-agent-workspace/builds/worker-4-tc1/source:/opt/rustwide/workdir:ro,Z" "-v" "/var/lib/crater-agent-workspace/cargo-home:/opt/rustwide/cargo-home:ro,Z" "-v" "/var/lib/crater-agent-workspace/rustup-home:/opt/rustwide/rustup-home:ro,Z" "-e" "SOURCE_DIR=/opt/rustwide/workdir" "-e" "CARGO_TARGET_DIR=/opt/rustwide/target" "-e" "CARGO_INCREMENTAL=0" "-e" "RUST_BACKTRACE=full" "-e" "RUSTFLAGS=--cap-lints=warn" "-e" "RUSTDOCFLAGS=--cap-lints=warn" "-e" "CARGO_HOME=/opt/rustwide/cargo-home" "-e" "RUSTUP_HOME=/opt/rustwide/rustup-home" "-w" "/opt/rustwide/workdir" "-m" "1610612736" "--user" "0:0" "--network" "none" "ghcr.io/rust-lang/crates-build-env/linux@sha256:f3a9d4ad9d972b27faf3965f35b62e55ba32bbce8f20bc8fe909558a86702fde" "/opt/rustwide/cargo-home/bin/cargo" "+1.83.0" "build" "--frozen" "--message-format=json", kill_on_drop: false }`
[INFO] [stdout] 92023c66782aa2ec24c286eb8abf248bdef6fa955e083a3d42f6864aedc7f105
[INFO] running `Command { std: "docker" "start" "-a" "92023c66782aa2ec24c286eb8abf248bdef6fa955e083a3d42f6864aedc7f105", kill_on_drop: false }`
[INFO] [stderr]    Compiling proc-macro2 v1.0.92
[INFO] [stderr]    Compiling unicode-ident v1.0.14
[INFO] [stderr]    Compiling itoa v1.0.14
[INFO] [stderr]    Compiling pin-project-lite v0.2.15
[INFO] [stderr]    Compiling libc v0.2.167
[INFO] [stderr]    Compiling futures-core v0.3.31
[INFO] [stderr]    Compiling futures-task v0.3.31
[INFO] [stderr]    Compiling bytes v1.9.0
[INFO] [stderr]    Compiling fnv v1.0.7
[INFO] [stderr]    Compiling pin-utils v0.1.0
[INFO] [stderr]    Compiling serde v1.0.215
[INFO] [stderr]    Compiling once_cell v1.20.2
[INFO] [stderr]    Compiling httparse v1.9.5
[INFO] [stderr]    Compiling http v1.2.0
[INFO] [stderr]    Compiling futures-util v0.3.31
[INFO] [stderr]    Compiling tracing-core v0.1.33
[INFO] [stderr]    Compiling tower-service v0.3.3
[INFO] [stderr]    Compiling rustversion v1.0.18
[INFO] [stderr]    Compiling log v0.4.22
[INFO] [stderr]    Compiling socket2 v0.5.8
[INFO] [stderr]    Compiling quote v1.0.37
[INFO] [stderr]    Compiling mio v1.0.3
[INFO] [stderr]    Compiling syn v2.0.90
[INFO] [stderr]    Compiling tracing v0.1.41
[INFO] [stderr]    Compiling http-body v1.0.1
[INFO] [stderr]    Compiling futures-channel v0.3.31
[INFO] [stderr]    Compiling ryu v1.0.18
[INFO] [stderr]    Compiling httpdate v1.0.3
[INFO] [stderr]    Compiling percent-encoding v2.3.1
[INFO] [stderr]    Compiling smallvec v1.13.2
[INFO] [stderr]    Compiling tower-layer v0.3.3
[INFO] [stderr]    Compiling serde_json v1.0.133
[INFO] [stderr]    Compiling form_urlencoded v1.2.1
[INFO] [stderr]    Compiling http-body-util v0.1.2
[INFO] [stderr]    Compiling mime v0.3.17
[INFO] [stderr]    Compiling memchr v2.7.4
[INFO] [stderr]    Compiling sync_wrapper v1.0.2
[INFO] [stderr]    Compiling sync_wrapper v0.1.2
[INFO] [stderr]    Compiling matchit v0.7.3
[INFO] [stderr]    Compiling serde_path_to_error v0.1.16
[INFO] [stderr]    Compiling serde_urlencoded v0.7.1
[INFO] [stderr]    Compiling tokio-macros v2.4.0
[INFO] [stderr]    Compiling async-trait v0.1.83
[INFO] [stderr]    Compiling tokio v1.42.0
[INFO] [stderr]    Compiling axum-core v0.4.5
[INFO] [stderr]    Compiling hyper v1.5.1
[INFO] [stderr]    Compiling tower v0.5.1
[INFO] [stderr]    Compiling hyper-util v0.1.10
[INFO] [stderr]    Compiling axum v0.7.9
[INFO] [stderr]    Compiling swagger-ui-dist v5.18.2 (/opt/rustwide/workdir)
[INFO] [stderr]     Finished `dev` profile [unoptimized + debuginfo] target(s) in 43.91s
[INFO] running `Command { std: "docker" "inspect" "92023c66782aa2ec24c286eb8abf248bdef6fa955e083a3d42f6864aedc7f105", kill_on_drop: false }`
[INFO] running `Command { std: "docker" "rm" "-f" "92023c66782aa2ec24c286eb8abf248bdef6fa955e083a3d42f6864aedc7f105", kill_on_drop: false }`
[INFO] [stdout] 92023c66782aa2ec24c286eb8abf248bdef6fa955e083a3d42f6864aedc7f105
[INFO] running `Command { std: "docker" "create" "-v" "/var/lib/crater-agent-workspace/builds/worker-4-tc1/target:/opt/rustwide/target:rw,Z" "-v" "/var/lib/crater-agent-workspace/builds/worker-4-tc1/source:/opt/rustwide/workdir:ro,Z" "-v" "/var/lib/crater-agent-workspace/cargo-home:/opt/rustwide/cargo-home:ro,Z" "-v" "/var/lib/crater-agent-workspace/rustup-home:/opt/rustwide/rustup-home:ro,Z" "-e" "SOURCE_DIR=/opt/rustwide/workdir" "-e" "CARGO_TARGET_DIR=/opt/rustwide/target" "-e" "CARGO_INCREMENTAL=0" "-e" "RUST_BACKTRACE=full" "-e" "RUSTFLAGS=--cap-lints=warn" "-e" "RUSTDOCFLAGS=--cap-lints=warn" "-e" "CARGO_HOME=/opt/rustwide/cargo-home" "-e" "RUSTUP_HOME=/opt/rustwide/rustup-home" "-w" "/opt/rustwide/workdir" "-m" "1610612736" "--user" "0:0" "--network" "none" "ghcr.io/rust-lang/crates-build-env/linux@sha256:f3a9d4ad9d972b27faf3965f35b62e55ba32bbce8f20bc8fe909558a86702fde" "/opt/rustwide/cargo-home/bin/cargo" "+1.83.0" "test" "--frozen" "--no-run" "--message-format=json", kill_on_drop: false }`
[INFO] [stdout] 6cad816529808611ce858926e7f7496aa602706adca612b5013649ada2ae2674
[INFO] running `Command { std: "docker" "start" "-a" "6cad816529808611ce858926e7f7496aa602706adca612b5013649ada2ae2674", kill_on_drop: false }`
[INFO] [stderr]    Compiling autocfg v1.4.0
[INFO] [stderr]    Compiling cfg-if v1.0.0
[INFO] [stderr]    Compiling parking_lot_core v0.9.10
[INFO] [stderr]    Compiling syn v2.0.90
[INFO] [stderr]    Compiling stable_deref_trait v1.2.0
[INFO] [stderr]    Compiling scopeguard v1.2.0
[INFO] [stderr]    Compiling signal-hook-registry v1.4.2
[INFO] [stderr]    Compiling shlex v1.3.0
[INFO] [stderr]    Compiling vcpkg v0.2.15
[INFO] [stderr]    Compiling pkg-config v0.3.31
[INFO] [stderr]    Compiling writeable v0.5.5
[INFO] [stderr]    Compiling cc v1.2.2
[INFO] [stderr]    Compiling litemap v0.7.4
[INFO] [stderr]    Compiling lock_api v0.4.12
[INFO] [stderr]    Compiling slab v0.4.9
[INFO] [stderr]    Compiling futures-sink v0.3.31
[INFO] [stderr]    Compiling hashbrown v0.15.2
[INFO] [stderr]    Compiling equivalent v1.0.1
[INFO] [stderr]    Compiling try-lock v0.2.5
[INFO] [stderr]    Compiling icu_locid_transform_data v1.5.0
[INFO] [stderr]    Compiling atomic-waker v1.1.2
[INFO] [stderr]    Compiling want v0.3.1
[INFO] [stderr]    Compiling openssl v0.10.68
[INFO] [stderr]    Compiling icu_properties_data v1.5.0
[INFO] [stderr]    Compiling foreign-types-shared v0.1.1
[INFO] [stderr]    Compiling utf8_iter v1.0.4
[INFO] [stderr]    Compiling foreign-types v0.3.2
[INFO] [stderr]    Compiling bitflags v2.6.0
[INFO] [stderr]    Compiling parking_lot v0.12.3
[INFO] [stderr]    Compiling write16 v1.0.0
[INFO] [stderr]    Compiling icu_normalizer_data v1.5.0
[INFO] [stderr]    Compiling native-tls v0.2.12
[INFO] [stderr]    Compiling utf16_iter v1.0.5
[INFO] [stderr]    Compiling sync_wrapper v1.0.2
[INFO] [stderr]    Compiling openssl-probe v0.1.5
[INFO] [stderr]    Compiling rustls-pki-types v1.10.0
[INFO] [stderr]    Compiling encoding_rs v0.8.35
[INFO] [stderr]    Compiling ipnet v2.10.1
[INFO] [stderr]    Compiling indexmap v2.7.0
[INFO] [stderr]    Compiling base64 v0.22.1
[INFO] [stderr]    Compiling rustls-pemfile v2.2.0
[INFO] [stderr]    Compiling openssl-sys v0.9.104
[INFO] [stderr]    Compiling synstructure v0.13.1
[INFO] [stderr]    Compiling zerofrom-derive v0.1.5
[INFO] [stderr]    Compiling yoke-derive v0.7.5
[INFO] [stderr]    Compiling zerovec-derive v0.10.3
[INFO] [stderr]    Compiling tokio-macros v2.4.0
[INFO] [stderr]    Compiling displaydoc v0.2.5
[INFO] [stderr]    Compiling icu_provider_macros v1.5.0
[INFO] [stderr]    Compiling openssl-macros v0.1.1
[INFO] [stderr]    Compiling async-trait v0.1.83
[INFO] [stderr]    Compiling tokio v1.42.0
[INFO] [stderr]    Compiling axum-core v0.4.5
[INFO] [stderr]    Compiling zerofrom v0.1.5
[INFO] [stderr]    Compiling yoke v0.7.5
[INFO] [stderr]    Compiling zerovec v0.10.4
[INFO] [stderr]    Compiling tinystr v0.7.6
[INFO] [stderr]    Compiling icu_collections v1.5.0
[INFO] [stderr]    Compiling icu_locid v1.5.0
[INFO] [stderr]    Compiling icu_provider v1.5.0
[INFO] [stderr]    Compiling icu_locid_transform v1.5.0
[INFO] [stderr]    Compiling tokio-util v0.7.13
[INFO] [stderr]    Compiling tower v0.5.1
[INFO] [stderr]    Compiling tokio-native-tls v0.3.1
[INFO] [stderr]    Compiling icu_properties v1.5.1
[INFO] [stderr]    Compiling h2 v0.4.7
[INFO] [stderr]    Compiling icu_normalizer v1.5.0
[INFO] [stderr]    Compiling idna_adapter v1.2.0
[INFO] [stderr]    Compiling idna v1.0.3
[INFO] [stderr]    Compiling url v2.5.4
[INFO] [stderr]    Compiling hyper v1.5.1
[INFO] [stderr]    Compiling hyper-util v0.1.10
[INFO] [stderr]    Compiling axum v0.7.9
[INFO] [stderr]    Compiling hyper-tls v0.6.0
[INFO] [stderr]    Compiling reqwest v0.12.9
[INFO] [stderr]    Compiling swagger-ui-dist v5.18.2 (/opt/rustwide/workdir)
[INFO] [stderr]     Finished `test` profile [unoptimized + debuginfo] target(s) in 1m 26s
[INFO] running `Command { std: "docker" "inspect" "6cad816529808611ce858926e7f7496aa602706adca612b5013649ada2ae2674", kill_on_drop: false }`
[INFO] running `Command { std: "docker" "rm" "-f" "6cad816529808611ce858926e7f7496aa602706adca612b5013649ada2ae2674", kill_on_drop: false }`
[INFO] [stdout] 6cad816529808611ce858926e7f7496aa602706adca612b5013649ada2ae2674
[INFO] running `Command { std: "docker" "create" "-v" "/var/lib/crater-agent-workspace/builds/worker-4-tc1/target:/opt/rustwide/target:rw,Z" "-v" "/var/lib/crater-agent-workspace/builds/worker-4-tc1/source:/opt/rustwide/workdir:ro,Z" "-v" "/var/lib/crater-agent-workspace/cargo-home:/opt/rustwide/cargo-home:ro,Z" "-v" "/var/lib/crater-agent-workspace/rustup-home:/opt/rustwide/rustup-home:ro,Z" "-e" "SOURCE_DIR=/opt/rustwide/workdir" "-e" "CARGO_TARGET_DIR=/opt/rustwide/target" "-e" "CARGO_INCREMENTAL=0" "-e" "RUST_BACKTRACE=full" "-e" "RUSTFLAGS=--cap-lints=warn" "-e" "RUSTDOCFLAGS=--cap-lints=warn" "-e" "CARGO_HOME=/opt/rustwide/cargo-home" "-e" "RUSTUP_HOME=/opt/rustwide/rustup-home" "-w" "/opt/rustwide/workdir" "-m" "1610612736" "--user" "0:0" "--network" "none" "ghcr.io/rust-lang/crates-build-env/linux@sha256:f3a9d4ad9d972b27faf3965f35b62e55ba32bbce8f20bc8fe909558a86702fde" "/opt/rustwide/cargo-home/bin/cargo" "+1.83.0" "test" "--frozen", kill_on_drop: false }`
[INFO] [stdout] abbdc4177d2c28dac6d9ee435a920c22838439f23040812e127641e358b9ced1
[INFO] running `Command { std: "docker" "start" "-a" "abbdc4177d2c28dac6d9ee435a920c22838439f23040812e127641e358b9ced1", kill_on_drop: false }`
[INFO] [stderr]     Finished `test` profile [unoptimized + debuginfo] target(s) in 0.29s
[INFO] [stderr]      Running unittests src/lib.rs (/opt/rustwide/target/debug/deps/swagger_ui_dist-a041cdf5439046b1)
[INFO] [stdout] 
[INFO] [stdout] running 0 tests
[INFO] [stdout] 
[INFO] [stdout] test result: ok. 0 passed; 0 failed; 0 ignored; 0 measured; 0 filtered out; finished in 0.00s
[INFO] [stderr]    Doc-tests swagger_ui_dist
[INFO] [stdout] 
[INFO] [stdout] 
[INFO] [stdout] running 1 test
[INFO] [stdout] test src/lib.rs - (line 7) ... FAILED
[INFO] [stdout] 
[INFO] [stdout] failures:
[INFO] [stdout] 
[INFO] [stdout] ---- src/lib.rs - (line 7) stdout ----
[INFO] [stdout] error: couldn't read `src/petstore.yaml`: No such file or directory (os error 2)
[INFO] [stdout]  --> src/lib.rs:11:41
[INFO] [stdout]   |
[INFO] [stdout] 7 |   api_definition: OpenApiSource::Inline(include_str!("petstore.yaml")),
[INFO] [stdout]   |                                         ^^^^^^^^^^^^^^^^^^^^^^^^^^^^^
[INFO] [stdout]   |
[INFO] [stdout]   = note: this error originates in the macro `include_str` (in Nightly builds, run with -Z macro-backtrace for more info)
[INFO] [stdout] 
[INFO] [stdout] error[E0422]: cannot find struct, variant or union type `ApiDefinition` in this scope
[INFO] [stdout]  --> src/lib.rs:9:15
[INFO] [stdout]   |
[INFO] [stdout] 5 | let api_def = ApiDefinition {
[INFO] [stdout]   |               ^^^^^^^^^^^^^ not found in this scope
[INFO] [stdout]   |
[INFO] [stdout] help: consider importing this struct
[INFO] [stdout]   |
[INFO] [stdout] 2 + use swagger_ui_dist::ApiDefinition;
[INFO] [stdout]   |
[INFO] [stdout] 
[INFO] [stdout] error[E0433]: failed to resolve: use of undeclared type `OpenApiSource`
[INFO] [stdout]  --> src/lib.rs:11:19
[INFO] [stdout]   |
[INFO] [stdout] 7 |   api_definition: OpenApiSource::Inline(include_str!("petstore.yaml")),
[INFO] [stdout]   |                   ^^^^^^^^^^^^^ use of undeclared type `OpenApiSource`
[INFO] [stdout]   |
[INFO] [stdout] help: consider importing this enum
[INFO] [stdout]   |
[INFO] [stdout] 2 + use swagger_ui_dist::OpenApiSource;
[INFO] [stdout]   |
[INFO] [stdout] 
[INFO] [stdout] error[E0433]: failed to resolve: use of undeclared type `Router`
[INFO] [stdout]   --> src/lib.rs:14:11
[INFO] [stdout]    |
[INFO] [stdout] 10 | let app = Router::new().merge(swagger_ui_dist::generate_routes(api_def));
[INFO] [stdout]    |           ^^^^^^ use of undeclared type `Router`
[INFO] [stdout]    |
[INFO] [stdout] help: consider importing this struct
[INFO] [stdout]    |
[INFO] [stdout] 2  + use axum::Router;
[INFO] [stdout]    |
[INFO] [stdout] 
[INFO] [stdout] error[E0728]: `await` is only allowed inside `async` functions and blocks
[INFO] [stdout]   --> src/lib.rs:15:62
[INFO] [stdout]    |
[INFO] [stdout] 4  | fn main() { #[allow(non_snake_case)] fn _doctest_main_src_lib_rs_7_0() {
[INFO] [stdout]    |                                      --------------------------------- this is not `async`
[INFO] [stdout] ...
[INFO] [stdout] 11 | let listener = tokio::net::TcpListener::bind("0.0.0.0:3000").await.unwrap();
[INFO] [stdout]    |                                                              ^^^^^ only allowed inside `async` functions and blocks
[INFO] [stdout] 
[INFO] [stdout] error[E0728]: `await` is only allowed inside `async` functions and blocks
[INFO] [stdout]   --> src/lib.rs:17:28
[INFO] [stdout]    |
[INFO] [stdout] 4  | fn main() { #[allow(non_snake_case)] fn _doctest_main_src_lib_rs_7_0() {
[INFO] [stdout]    |                                      --------------------------------- this is not `async`
[INFO] [stdout] ...
[INFO] [stdout] 13 | axum::serve(listener, app).await.unwrap();
[INFO] [stdout]    |                            ^^^^^ only allowed inside `async` functions and blocks
[INFO] [stdout] 
[INFO] [stdout] error: aborting due to 6 previous errors
[INFO] [stdout] 
[INFO] [stdout] Some errors have detailed explanations: E0422, E0433, E0728.
[INFO] [stdout] For more information about an error, try `rustc --explain E0422`.
[INFO] [stdout] Couldn't compile the test.
[INFO] [stdout] 
[INFO] [stdout] failures:
[INFO] [stdout]     src/lib.rs - (line 7)
[INFO] [stdout] 
[INFO] [stdout] test result: FAILED. 0 passed; 1 failed; 0 ignored; 0 measured; 0 filtered out; finished in 0.16s
[INFO] [stdout] 
[INFO] [stderr] error: doctest failed, to rerun pass `--doc`
[INFO] running `Command { std: "docker" "inspect" "abbdc4177d2c28dac6d9ee435a920c22838439f23040812e127641e358b9ced1", kill_on_drop: false }`
[INFO] running `Command { std: "docker" "rm" "-f" "abbdc4177d2c28dac6d9ee435a920c22838439f23040812e127641e358b9ced1", kill_on_drop: false }`
[INFO] [stdout] abbdc4177d2c28dac6d9ee435a920c22838439f23040812e127641e358b9ced1
